[INFO] cloning repository https://github.com/heat1q/anyhow-http
[INFO] running `Command { std: "git" "-c" "credential.helper=" "-c" "credential.helper=/workspace/cargo-home/bin/git-credential-null" "clone" "--bare" "https://github.com/heat1q/anyhow-http" "/workspace/cache/git-repos/https%3A%2F%2Fgithub.com%2Fheat1q%2Fanyhow-http", kill_on_drop: false }`
[INFO] [stderr] Cloning into bare repository '/workspace/cache/git-repos/https%3A%2F%2Fgithub.com%2Fheat1q%2Fanyhow-http'...
[INFO] running `Command { std: "git" "rev-parse" "HEAD", kill_on_drop: false }`
[INFO] [stdout] 3ba57058aa86600c951fa37faaa1bd4f32cc6eb9
[INFO] testing heat1q/anyhow-http against 1.75.0 for beta-1.76-1
[INFO] running `Command { std: "git" "clone" "/workspace/cache/git-repos/https%3A%2F%2Fgithub.com%2Fheat1q%2Fanyhow-http" "/workspace/builds/worker-1-tc1/source", kill_on_drop: false }`
[INFO] [stderr] Cloning into '/workspace/builds/worker-1-tc1/source'...
[INFO] [stderr] done.
[INFO] validating manifest of git repo https://github.com/heat1q/anyhow-http on toolchain 1.75.0
[INFO] running `Command { std: CARGO_HOME="/workspace/cargo-home" RUSTUP_HOME="/workspace/rustup-home" "/workspace/cargo-home/bin/cargo" "+1.75.0" "metadata" "--manifest-path" "Cargo.toml" "--no-deps", kill_on_drop: false }`
[INFO] started tweaking git repo https://github.com/heat1q/anyhow-http
[INFO] finished tweaking git repo https://github.com/heat1q/anyhow-http
[INFO] tweaked toml for git repo https://github.com/heat1q/anyhow-http written to /workspace/builds/worker-1-tc1/source/Cargo.toml
[INFO] crate git repo https://github.com/heat1q/anyhow-http already has a lockfile, it will not be regenerated
[INFO] running `Command { std: CARGO_HOME="/workspace/cargo-home" RUSTUP_HOME="/workspace/rustup-home" "/workspace/cargo-home/bin/cargo" "+1.75.0" "fetch" "--manifest-path" "Cargo.toml", kill_on_drop: false }`
[INFO] running `Command { std: "docker" "create" "-v" "/var/lib/crater-agent-workspace/builds/worker-1-tc1/target:/opt/rustwide/target:rw,Z" "-v" "/var/lib/crater-agent-workspace/builds/worker-1-tc1/source:/opt/rustwide/workdir:ro,Z" "-v" "/var/lib/crater-agent-workspace/cargo-home:/opt/rustwide/cargo-home:ro,Z" "-v" "/var/lib/crater-agent-workspace/rustup-home:/opt/rustwide/rustup-home:ro,Z" "-e" "SOURCE_DIR=/opt/rustwide/workdir" "-e" "CARGO_TARGET_DIR=/opt/rustwide/target" "-e" "CARGO_HOME=/opt/rustwide/cargo-home" "-e" "RUSTUP_HOME=/opt/rustwide/rustup-home" "-w" "/opt/rustwide/workdir" "-m" "1610612736" "--user" "0:0" "--network" "none" "ghcr.io/rust-lang/crates-build-env/linux@sha256:2788e3201cd34a07e3172128adcd8b3090168a8e3bcc40d7c032b9dda1df7d1c" "/opt/rustwide/cargo-home/bin/cargo" "+1.75.0" "metadata" "--no-deps" "--format-version=1", kill_on_drop: false }`
[INFO] [stdout] a8443c3da9a26ef032a8808590ec5ddc2c7a61ea64ae861d4824ed97d82adec0
[INFO] running `Command { std: "docker" "start" "-a" "a8443c3da9a26ef032a8808590ec5ddc2c7a61ea64ae861d4824ed97d82adec0", kill_on_drop: false }`
[INFO] running `Command { std: "docker" "inspect" "a8443c3da9a26ef032a8808590ec5ddc2c7a61ea64ae861d4824ed97d82adec0", kill_on_drop: false }`
[INFO] running `Command { std: "docker" "rm" "-f" "a8443c3da9a26ef032a8808590ec5ddc2c7a61ea64ae861d4824ed97d82adec0", kill_on_drop: false }`
[INFO] [stdout] a8443c3da9a26ef032a8808590ec5ddc2c7a61ea64ae861d4824ed97d82adec0
[INFO] running `Command { std: "docker" "create" "-v" "/var/lib/crater-agent-workspace/builds/worker-1-tc1/target:/opt/rustwide/target:rw,Z" "-v" "/var/lib/crater-agent-workspace/builds/worker-1-tc1/source:/opt/rustwide/workdir:ro,Z" "-v" "/var/lib/crater-agent-workspace/cargo-home:/opt/rustwide/cargo-home:ro,Z" "-v" "/var/lib/crater-agent-workspace/rustup-home:/opt/rustwide/rustup-home:ro,Z" "-e" "SOURCE_DIR=/opt/rustwide/workdir" "-e" "CARGO_TARGET_DIR=/opt/rustwide/target" "-e" "CARGO_INCREMENTAL=0" "-e" "RUST_BACKTRACE=full" "-e" "RUSTFLAGS=--cap-lints=warn" "-e" "RUSTDOCFLAGS=--cap-lints=warn" "-e" "CARGO_HOME=/opt/rustwide/cargo-home" "-e" "RUSTUP_HOME=/opt/rustwide/rustup-home" "-w" "/opt/rustwide/workdir" "-m" "1610612736" "--user" "0:0" "--network" "none" "ghcr.io/rust-lang/crates-build-env/linux@sha256:2788e3201cd34a07e3172128adcd8b3090168a8e3bcc40d7c032b9dda1df7d1c" "/opt/rustwide/cargo-home/bin/cargo" "+1.75.0" "build" "--frozen" "--message-format=json", kill_on_drop: false }`
[INFO] [stdout] 87925172ab9999c02f786b4a4a43182ba879dc5b57a98017494e1522dffddcf5
[INFO] running `Command { std: "docker" "start" "-a" "87925172ab9999c02f786b4a4a43182ba879dc5b57a98017494e1522dffddcf5", kill_on_drop: false }`
[INFO] [stderr]    Compiling proc-macro2 v1.0.69
[INFO] [stderr]    Compiling unicode-ident v1.0.12
[INFO] [stderr]    Compiling serde v1.0.193
[INFO] [stderr]    Compiling anyhow v1.0.75
[INFO] [stderr]    Compiling itoa v1.0.9
[INFO] [stderr]    Compiling serde_json v1.0.108
[INFO] [stderr]    Compiling ryu v1.0.15
[INFO] [stderr]    Compiling bytes v1.5.0
[INFO] [stderr]    Compiling fnv v1.0.7
[INFO] [stderr]    Compiling mime v0.3.17
[INFO] [stderr]    Compiling http v1.0.0
[INFO] [stderr]    Compiling quote v1.0.33
[INFO] [stderr]    Compiling syn v2.0.39
[INFO] [stderr]    Compiling serde_derive v1.0.193
[INFO] [stderr]    Compiling anyhow-http v0.2.0 (/opt/rustwide/workdir)
[INFO] [stderr]     Finished dev [unoptimized + debuginfo] target(s) in 6.05s
[INFO] running `Command { std: "docker" "inspect" "87925172ab9999c02f786b4a4a43182ba879dc5b57a98017494e1522dffddcf5", kill_on_drop: false }`
[INFO] running `Command { std: "docker" "rm" "-f" "87925172ab9999c02f786b4a4a43182ba879dc5b57a98017494e1522dffddcf5", kill_on_drop: false }`
[INFO] [stdout] 87925172ab9999c02f786b4a4a43182ba879dc5b57a98017494e1522dffddcf5
[INFO] running `Command { std: "docker" "create" "-v" "/var/lib/crater-agent-workspace/builds/worker-1-tc1/target:/opt/rustwide/target:rw,Z" "-v" "/var/lib/crater-agent-workspace/builds/worker-1-tc1/source:/opt/rustwide/workdir:ro,Z" "-v" "/var/lib/crater-agent-workspace/cargo-home:/opt/rustwide/cargo-home:ro,Z" "-v" "/var/lib/crater-agent-workspace/rustup-home:/opt/rustwide/rustup-home:ro,Z" "-e" "SOURCE_DIR=/opt/rustwide/workdir" "-e" "CARGO_TARGET_DIR=/opt/rustwide/target" "-e" "CARGO_INCREMENTAL=0" "-e" "RUST_BACKTRACE=full" "-e" "RUSTFLAGS=--cap-lints=warn" "-e" "RUSTDOCFLAGS=--cap-lints=warn" "-e" "CARGO_HOME=/opt/rustwide/cargo-home" "-e" "RUSTUP_HOME=/opt/rustwide/rustup-home" "-w" "/opt/rustwide/workdir" "-m" "1610612736" "--user" "0:0" "--network" "none" "ghcr.io/rust-lang/crates-build-env/linux@sha256:2788e3201cd34a07e3172128adcd8b3090168a8e3bcc40d7c032b9dda1df7d1c" "/opt/rustwide/cargo-home/bin/cargo" "+1.75.0" "test" "--frozen" "--no-run" "--message-format=json", kill_on_drop: false }`
[INFO] [stdout] c5cbd1ce38f21a667fc2f1ab672ab49d51a1f784cd92c5cbcd37a270a8711e5d
[INFO] running `Command { std: "docker" "start" "-a" "c5cbd1ce38f21a667fc2f1ab672ab49d51a1f784cd92c5cbcd37a270a8711e5d", kill_on_drop: false }`
[INFO] [stderr]    Compiling libc v0.2.150
[INFO] [stderr]    Compiling autocfg v1.1.0
[INFO] [stderr]    Compiling futures-core v0.3.29
[INFO] [stderr]    Compiling pin-project-lite v0.2.13
[INFO] [stderr]    Compiling parking_lot_core v0.9.9
[INFO] [stderr]    Compiling futures-task v0.3.29
[INFO] [stderr]    Compiling smallvec v1.11.2
[INFO] [stderr]    Compiling futures-util v0.3.29
[INFO] [stderr]    Compiling once_cell v1.18.0
[INFO] [stderr]    Compiling scopeguard v1.2.0
[INFO] [stderr]    Compiling pin-utils v0.1.0
[INFO] [stderr]    Compiling log v0.4.20
[INFO] [stderr]    Compiling rustversion v1.0.14
[INFO] [stderr]    Compiling syn v2.0.39
[INFO] [stderr]    Compiling http-body v1.0.0
[INFO] [stderr]    Compiling httparse v1.8.0
[INFO] [stderr]    Compiling futures-channel v0.3.29
[INFO] [stderr]    Compiling futures-sink v0.3.30
[INFO] [stderr]    Compiling equivalent v1.0.1
[INFO] [stderr]    Compiling hashbrown v0.14.3
[INFO] [stderr]    Compiling async-trait v0.1.74
[INFO] [stderr]    Compiling serde_json v1.0.108
[INFO] [stderr]    Compiling tracing-core v0.1.32
[INFO] [stderr]    Compiling percent-encoding v2.3.1
[INFO] [stderr]    Compiling tower-service v0.3.2
[INFO] [stderr]    Compiling httpdate v1.0.3
[INFO] [stderr]    Compiling tower-layer v0.3.2
[INFO] [stderr]    Compiling sync_wrapper v0.1.2
[INFO] [stderr]    Compiling form_urlencoded v1.2.1
[INFO] [stderr]    Compiling matchit v0.7.3
[INFO] [stderr]    Compiling lock_api v0.4.11
[INFO] [stderr]    Compiling slab v0.4.9
[INFO] [stderr]    Compiling memchr v2.6.4
[INFO] [stderr]    Compiling tracing v0.1.40
[INFO] [stderr]    Compiling indexmap v2.1.0
[INFO] [stderr]    Compiling axum-core v0.4.2
[INFO] [stderr]    Compiling axum v0.7.3
[INFO] [stderr]    Compiling signal-hook-registry v1.4.1
[INFO] [stderr]    Compiling socket2 v0.5.5
[INFO] [stderr]    Compiling num_cpus v1.16.0
[INFO] [stderr]    Compiling mio v0.8.9
[INFO] [stderr]    Compiling parking_lot v0.12.1
[INFO] [stderr]    Compiling http-body-util v0.1.0
[INFO] [stderr]    Compiling tokio-macros v2.2.0
[INFO] [stderr]    Compiling serde_derive v1.0.193
[INFO] [stderr]    Compiling pin-project-internal v1.1.3
[INFO] [stderr]    Compiling tokio v1.34.0
[INFO] [stderr]    Compiling pin-project v1.1.3
[INFO] [stderr]    Compiling serde v1.0.193
[INFO] [stderr]    Compiling tokio-util v0.7.10
[INFO] [stderr]    Compiling tower v0.4.13
[INFO] [stderr]    Compiling h2 v0.4.0
[INFO] [stderr]    Compiling serde_urlencoded v0.7.1
[INFO] [stderr]    Compiling serde_path_to_error v0.1.14
[INFO] [stderr]    Compiling anyhow-http v0.2.0 (/opt/rustwide/workdir)
[INFO] [stderr]    Compiling hyper v1.1.0
[INFO] [stderr]    Compiling hyper-util v0.1.2
[INFO] [stderr]     Finished test [unoptimized + debuginfo] target(s) in 13.29s
[INFO] running `Command { std: "docker" "inspect" "c5cbd1ce38f21a667fc2f1ab672ab49d51a1f784cd92c5cbcd37a270a8711e5d", kill_on_drop: false }`
[INFO] running `Command { std: "docker" "rm" "-f" "c5cbd1ce38f21a667fc2f1ab672ab49d51a1f784cd92c5cbcd37a270a8711e5d", kill_on_drop: false }`
[INFO] [stdout] c5cbd1ce38f21a667fc2f1ab672ab49d51a1f784cd92c5cbcd37a270a8711e5d
[INFO] running `Command { std: "docker" "create" "-v" "/var/lib/crater-agent-workspace/builds/worker-1-tc1/target:/opt/rustwide/target:rw,Z" "-v" "/var/lib/crater-agent-workspace/builds/worker-1-tc1/source:/opt/rustwide/workdir:ro,Z" "-v" "/var/lib/crater-agent-workspace/cargo-home:/opt/rustwide/cargo-home:ro,Z" "-v" "/var/lib/crater-agent-workspace/rustup-home:/opt/rustwide/rustup-home:ro,Z" "-e" "SOURCE_DIR=/opt/rustwide/workdir" "-e" "CARGO_TARGET_DIR=/opt/rustwide/target" "-e" "CARGO_INCREMENTAL=0" "-e" "RUST_BACKTRACE=full" "-e" "RUSTFLAGS=--cap-lints=warn" "-e" "RUSTDOCFLAGS=--cap-lints=warn" "-e" "CARGO_HOME=/opt/rustwide/cargo-home" "-e" "RUSTUP_HOME=/opt/rustwide/rustup-home" "-w" "/opt/rustwide/workdir" "-m" "1610612736" "--user" "0:0" "--network" "none" "ghcr.io/rust-lang/crates-build-env/linux@sha256:2788e3201cd34a07e3172128adcd8b3090168a8e3bcc40d7c032b9dda1df7d1c" "/opt/rustwide/cargo-home/bin/cargo" "+1.75.0" "test" "--frozen", kill_on_drop: false }`
[INFO] [stdout] 86747d6e1bcaffe7a73093289dffffad382e1bd4865a264b287e27d1838c5a4d
[INFO] running `Command { std: "docker" "start" "-a" "86747d6e1bcaffe7a73093289dffffad382e1bd4865a264b287e27d1838c5a4d", kill_on_drop: false }`
[INFO] [stderr]     Finished test [unoptimized + debuginfo] target(s) in 0.05s
[INFO] [stderr]      Running unittests src/lib.rs (/opt/rustwide/target/debug/deps/anyhow_http-e1d0cf5bf9b5389d)
[INFO] [stdout] 
[INFO] [stdout] running 16 tests
[INFO] [stdout] test http_error::tests::http_error_default ... ok
[INFO] [stdout] test http_error::tests::http_error_display ... ok
[INFO] [stdout] test http_error::tests::http_error_data ... ok
[INFO] [stdout] test http_error::tests::http_error_from_err ... ok
[INFO] [stdout] test http_error::tests::http_error_from_http_error ... ok
[INFO] [stdout] test http_error::tests::http_error_from_status_code ... ok
[INFO] [stdout] test http_error::tests::http_error_with_dyn_source_error ... ok
[INFO] [stdout] test http_error::tests::http_error_with_reason ... ok
[INFO] [stdout] test http_error::tests::http_error_with_source_error ... ok
[INFO] [stdout] test http_error::tests::http_error_with_status_code ... ok
[INFO] [stdout] test macros::tests::http_error_only_reason ... ok
[INFO] [stdout] test macros::tests::http_error_status_and_source ... ok
[INFO] [stdout] test macros::tests::http_error_status_code ... ok
[INFO] [stdout] test macros::tests::http_error_status_source_and_format ... ok
[INFO] [stdout] test response::tests::http_error_json_response ... ok
[INFO] [stdout] test response::tests::http_error_response_json ... ok
[INFO] [stdout] 
[INFO] [stdout] test result: ok. 16 passed; 0 failed; 0 ignored; 0 measured; 0 filtered out; finished in 0.00s
[INFO] [stdout] 
[INFO] [stderr]    Doc-tests anyhow-http
[INFO] [stdout] 
[INFO] [stdout] running 1 test
[INFO] [stdout] test src/lib.rs - (line 7) - compile ... FAILED
[INFO] [stdout] 
[INFO] [stdout] failures:
[INFO] [stdout] 
[INFO] [stdout] ---- src/lib.rs - (line 7) stdout ----
[INFO] [stdout] error[E0277]: the trait bound `fn() -> impl Future<Output = Result<impl IntoResponse, HttpError<anyhow_http::response::Json>>> {handler}: Handler<_, _>` is not satisfied
[INFO] [stdout]    --> src/lib.rs:19:25
[INFO] [stdout]     |
[INFO] [stdout] 14  |         .route("/", get(handler));
[INFO] [stdout]     |                     --- ^^^^^^^ the trait `Handler<_, _>` is not implemented for fn item `fn() -> impl Future<Output = Result<impl IntoResponse, HttpError<anyhow_http::response::Json>>> {handler}`
[INFO] [stdout]     |                     |
[INFO] [stdout]     |                     required by a bound introduced by this call
[INFO] [stdout]     |
[INFO] [stdout]     = help: the following other types implement trait `Handler<T, S>`:
[INFO] [stdout]               <Layered<L, H, T, S> as Handler<T, S>>
[INFO] [stdout]               <MethodRouter<S> as Handler<(), S>>
[INFO] [stdout] note: required by a bound in `axum::routing::get`
[INFO] [stdout]    --> /opt/rustwide/cargo-home/registry/src/index.crates.io-6f17d22bba15001f/axum-0.7.3/src/routing/method_routing.rs:385:1
[INFO] [stdout]     |
[INFO] [stdout] 385 | top_level_handler_fn!(get, GET);
[INFO] [stdout]     | ^^^^^^^^^^^^^^^^^^^^^^---^^^^^^
[INFO] [stdout]     | |                     |
[INFO] [stdout]     | |                     required by a bound in this function
[INFO] [stdout]     | required by this bound in `get`
[INFO] [stdout]     = note: this error originates in the macro `top_level_handler_fn` (in Nightly builds, run with -Z macro-backtrace for more info)
[INFO] [stdout] 
[INFO] [stdout] error: aborting due to previous error
[INFO] [stdout] 
[INFO] [stdout] For more information about this error, try `rustc --explain E0277`.
[INFO] [stdout] Couldn't compile the test.
[INFO] [stdout] 
[INFO] [stdout] failures:
[INFO] [stdout]     src/lib.rs - (line 7)
[INFO] [stdout] 
[INFO] [stdout] test result: FAILED. 0 passed; 1 failed; 0 ignored; 0 measured; 0 filtered out; finished in 0.07s
[INFO] [stdout] 
[INFO] [stderr] error: doctest failed, to rerun pass `--doc`
[INFO] running `Command { std: "docker" "inspect" "86747d6e1bcaffe7a73093289dffffad382e1bd4865a264b287e27d1838c5a4d", kill_on_drop: false }`
[INFO] running `Command { std: "docker" "rm" "-f" "86747d6e1bcaffe7a73093289dffffad382e1bd4865a264b287e27d1838c5a4d", kill_on_drop: false }`
[INFO] [stdout] 86747d6e1bcaffe7a73093289dffffad382e1bd4865a264b287e27d1838c5a4d
[INFO] testing heat1q/anyhow-http against beta-2023-12-22 for beta-1.76-1
[INFO] running `Command { std: "git" "clone" "/workspace/cache/git-repos/https%3A%2F%2Fgithub.com%2Fheat1q%2Fanyhow-http" "/workspace/builds/worker-1-tc2/source", kill_on_drop: false }`
[INFO] [stderr] Cloning into '/workspace/builds/worker-1-tc2/source'...
[INFO] [stderr] done.
[INFO] validating manifest of git repo https://github.com/heat1q/anyhow-http on toolchain beta-2023-12-22
[INFO] running `Command { std: CARGO_HOME="/workspace/cargo-home" RUSTUP_HOME="/workspace/rustup-home" "/workspace/cargo-home/bin/cargo" "+beta-2023-12-22" "metadata" "--manifest-path" "Cargo.toml" "--no-deps", kill_on_drop: false }`
[INFO] started tweaking git repo https://github.com/heat1q/anyhow-http
[INFO] finished tweaking git repo https://github.com/heat1q/anyhow-http
[INFO] tweaked toml for git repo https://github.com/heat1q/anyhow-http written to /workspace/builds/worker-1-tc2/source/Cargo.toml
[INFO] crate git repo https://github.com/heat1q/anyhow-http already has a lockfile, it will not be regenerated
[INFO] running `Command { std: CARGO_HOME="/workspace/cargo-home" RUSTUP_HOME="/workspace/rustup-home" "/workspace/cargo-home/bin/cargo" "+beta-2023-12-22" "fetch" "--manifest-path" "Cargo.toml", kill_on_drop: false }`
[INFO] running `Command { std: "docker" "create" "-v" "/var/lib/crater-agent-workspace/builds/worker-1-tc2/target:/opt/rustwide/target:rw,Z" "-v" "/var/lib/crater-agent-workspace/builds/worker-1-tc2/source:/opt/rustwide/workdir:ro,Z" "-v" "/var/lib/crater-agent-workspace/cargo-home:/opt/rustwide/cargo-home:ro,Z" "-v" "/var/lib/crater-agent-workspace/rustup-home:/opt/rustwide/rustup-home:ro,Z" "-e" "SOURCE_DIR=/opt/rustwide/workdir" "-e" "CARGO_TARGET_DIR=/opt/rustwide/target" "-e" "CARGO_HOME=/opt/rustwide/cargo-home" "-e" "RUSTUP_HOME=/opt/rustwide/rustup-home" "-w" "/opt/rustwide/workdir" "-m" "1610612736" "--user" "0:0" "--network" "none" "ghcr.io/rust-lang/crates-build-env/linux@sha256:2788e3201cd34a07e3172128adcd8b3090168a8e3bcc40d7c032b9dda1df7d1c" "/opt/rustwide/cargo-home/bin/cargo" "+beta-2023-12-22" "metadata" "--no-deps" "--format-version=1", kill_on_drop: false }`
[INFO] [stdout] defcd291e01142d886bfd3e76aa51244576eae7466aabe8cd66144642abd14c8
[INFO] running `Command { std: "docker" "start" "-a" "defcd291e01142d886bfd3e76aa51244576eae7466aabe8cd66144642abd14c8", kill_on_drop: false }`
[INFO] running `Command { std: "docker" "inspect" "defcd291e01142d886bfd3e76aa51244576eae7466aabe8cd66144642abd14c8", kill_on_drop: false }`
[INFO] running `Command { std: "docker" "rm" "-f" "defcd291e01142d886bfd3e76aa51244576eae7466aabe8cd66144642abd14c8", kill_on_drop: false }`
[INFO] [stdout] defcd291e01142d886bfd3e76aa51244576eae7466aabe8cd66144642abd14c8
[INFO] running `Command { std: "docker" "create" "-v" "/var/lib/crater-agent-workspace/builds/worker-1-tc2/target:/opt/rustwide/target:rw,Z" "-v" "/var/lib/crater-agent-workspace/builds/worker-1-tc2/source:/opt/rustwide/workdir:ro,Z" "-v" "/var/lib/crater-agent-workspace/cargo-home:/opt/rustwide/cargo-home:ro,Z" "-v" "/var/lib/crater-agent-workspace/rustup-home:/opt/rustwide/rustup-home:ro,Z" "-e" "SOURCE_DIR=/opt/rustwide/workdir" "-e" "CARGO_TARGET_DIR=/opt/rustwide/target" "-e" "CARGO_INCREMENTAL=0" "-e" "RUST_BACKTRACE=full" "-e" "RUSTFLAGS=--cap-lints=warn" "-e" "RUSTDOCFLAGS=--cap-lints=warn" "-e" "CARGO_HOME=/opt/rustwide/cargo-home" "-e" "RUSTUP_HOME=/opt/rustwide/rustup-home" "-w" "/opt/rustwide/workdir" "-m" "1610612736" "--user" "0:0" "--network" "none" "ghcr.io/rust-lang/crates-build-env/linux@sha256:2788e3201cd34a07e3172128adcd8b3090168a8e3bcc40d7c032b9dda1df7d1c" "/opt/rustwide/cargo-home/bin/cargo" "+beta-2023-12-22" "build" "--frozen" "--message-format=json", kill_on_drop: false }`
[INFO] [stdout] b9e747f04c9cdb8abe5adf000a67a7f2997c0b3f4559454b6586a8fe938812fd
[INFO] running `Command { std: "docker" "start" "-a" "b9e747f04c9cdb8abe5adf000a67a7f2997c0b3f4559454b6586a8fe938812fd", kill_on_drop: false }`
[INFO] [stderr]    Compiling proc-macro2 v1.0.69
[INFO] [stderr]    Compiling unicode-ident v1.0.12
[INFO] [stderr]    Compiling serde v1.0.193
[INFO] [stderr]    Compiling itoa v1.0.9
[INFO] [stderr]    Compiling anyhow v1.0.75
[INFO] [stderr]    Compiling serde_json v1.0.108
[INFO] [stderr]    Compiling fnv v1.0.7
[INFO] [stderr]    Compiling ryu v1.0.15
[INFO] [stderr]    Compiling bytes v1.5.0
[INFO] [stderr]    Compiling mime v0.3.17
[INFO] [stderr]    Compiling http v1.0.0
[INFO] [stderr]    Compiling quote v1.0.33
[INFO] [stderr]    Compiling syn v2.0.39
[INFO] [stderr]    Compiling serde_derive v1.0.193
[INFO] [stderr]    Compiling anyhow-http v0.2.0 (/opt/rustwide/workdir)
[INFO] [stderr]     Finished dev [unoptimized + debuginfo] target(s) in 6.14s
[INFO] running `Command { std: "docker" "inspect" "b9e747f04c9cdb8abe5adf000a67a7f2997c0b3f4559454b6586a8fe938812fd", kill_on_drop: false }`
[INFO] running `Command { std: "docker" "rm" "-f" "b9e747f04c9cdb8abe5adf000a67a7f2997c0b3f4559454b6586a8fe938812fd", kill_on_drop: false }`
[INFO] [stdout] b9e747f04c9cdb8abe5adf000a67a7f2997c0b3f4559454b6586a8fe938812fd
[INFO] running `Command { std: "docker" "create" "-v" "/var/lib/crater-agent-workspace/builds/worker-1-tc2/target:/opt/rustwide/target:rw,Z" "-v" "/var/lib/crater-agent-workspace/builds/worker-1-tc2/source:/opt/rustwide/workdir:ro,Z" "-v" "/var/lib/crater-agent-workspace/cargo-home:/opt/rustwide/cargo-home:ro,Z" "-v" "/var/lib/crater-agent-workspace/rustup-home:/opt/rustwide/rustup-home:ro,Z" "-e" "SOURCE_DIR=/opt/rustwide/workdir" "-e" "CARGO_TARGET_DIR=/opt/rustwide/target" "-e" "CARGO_INCREMENTAL=0" "-e" "RUST_BACKTRACE=full" "-e" "RUSTFLAGS=--cap-lints=warn" "-e" "RUSTDOCFLAGS=--cap-lints=warn" "-e" "CARGO_HOME=/opt/rustwide/cargo-home" "-e" "RUSTUP_HOME=/opt/rustwide/rustup-home" "-w" "/opt/rustwide/workdir" "-m" "1610612736" "--user" "0:0" "--network" "none" "ghcr.io/rust-lang/crates-build-env/linux@sha256:2788e3201cd34a07e3172128adcd8b3090168a8e3bcc40d7c032b9dda1df7d1c" "/opt/rustwide/cargo-home/bin/cargo" "+beta-2023-12-22" "test" "--frozen" "--no-run" "--message-format=json", kill_on_drop: false }`
[INFO] [stdout] 7aded92b1aaa3aa0b582d80467e5b9516b4889eb9ced2ba333bc13e0c63eb294
[INFO] running `Command { std: "docker" "start" "-a" "7aded92b1aaa3aa0b582d80467e5b9516b4889eb9ced2ba333bc13e0c63eb294", kill_on_drop: false }`
[INFO] [stderr]    Compiling libc v0.2.150
[INFO] [stderr]    Compiling autocfg v1.1.0
[INFO] [stderr]    Compiling futures-core v0.3.29
[INFO] [stderr]    Compiling pin-project-lite v0.2.13
[INFO] [stderr]    Compiling parking_lot_core v0.9.9
[INFO] [stderr]    Compiling futures-task v0.3.29
[INFO] [stderr]    Compiling smallvec v1.11.2
[INFO] [stderr]    Compiling futures-util v0.3.29
[INFO] [stderr]    Compiling once_cell v1.18.0
[INFO] [stderr]    Compiling scopeguard v1.2.0
[INFO] [stderr]    Compiling log v0.4.20
[INFO] [stderr]    Compiling rustversion v1.0.14
[INFO] [stderr]    Compiling pin-utils v0.1.0
[INFO] [stderr]    Compiling http-body v1.0.0
[INFO] [stderr]    Compiling syn v2.0.39
[INFO] [stderr]    Compiling futures-channel v0.3.29
[INFO] [stderr]    Compiling futures-sink v0.3.30
[INFO] [stderr]    Compiling httparse v1.8.0
[INFO] [stderr]    Compiling hashbrown v0.14.3
[INFO] [stderr]    Compiling equivalent v1.0.1
[INFO] [stderr]    Compiling async-trait v0.1.74
[INFO] [stderr]    Compiling serde_json v1.0.108
[INFO] [stderr]    Compiling tracing-core v0.1.32
[INFO] [stderr]    Compiling percent-encoding v2.3.1
[INFO] [stderr]    Compiling tower-layer v0.3.2
[INFO] [stderr]    Compiling httpdate v1.0.3
[INFO] [stderr]    Compiling tower-service v0.3.2
[INFO] [stderr]    Compiling sync_wrapper v0.1.2
[INFO] [stderr]    Compiling form_urlencoded v1.2.1
[INFO] [stderr]    Compiling matchit v0.7.3
[INFO] [stderr]    Compiling memchr v2.6.4
[INFO] [stderr]    Compiling lock_api v0.4.11
[INFO] [stderr]    Compiling slab v0.4.9
[INFO] [stderr]    Compiling tracing v0.1.40
[INFO] [stderr]    Compiling indexmap v2.1.0
[INFO] [stderr]    Compiling axum-core v0.4.2
[INFO] [stderr]    Compiling axum v0.7.3
[INFO] [stderr]    Compiling signal-hook-registry v1.4.1
[INFO] [stderr]    Compiling mio v0.8.9
[INFO] [stderr]    Compiling socket2 v0.5.5
[INFO] [stderr]    Compiling num_cpus v1.16.0
[INFO] [stderr]    Compiling parking_lot v0.12.1
[INFO] [stderr]    Compiling http-body-util v0.1.0
[INFO] [stderr]    Compiling tokio-macros v2.2.0
[INFO] [stderr]    Compiling serde_derive v1.0.193
[INFO] [stderr]    Compiling pin-project-internal v1.1.3
[INFO] [stderr]    Compiling tokio v1.34.0
[INFO] [stderr]    Compiling pin-project v1.1.3
[INFO] [stderr]    Compiling serde v1.0.193
[INFO] [stderr]    Compiling tokio-util v0.7.10
[INFO] [stderr]    Compiling tower v0.4.13
[INFO] [stderr]    Compiling h2 v0.4.0
[INFO] [stderr]    Compiling serde_urlencoded v0.7.1
[INFO] [stderr]    Compiling serde_path_to_error v0.1.14
[INFO] [stderr]    Compiling anyhow-http v0.2.0 (/opt/rustwide/workdir)
[INFO] [stderr]    Compiling hyper v1.1.0
[INFO] [stderr]    Compiling hyper-util v0.1.2
[INFO] [stderr]     Finished test [unoptimized + debuginfo] target(s) in 13.07s
[INFO] running `Command { std: "docker" "inspect" "7aded92b1aaa3aa0b582d80467e5b9516b4889eb9ced2ba333bc13e0c63eb294", kill_on_drop: false }`
[INFO] running `Command { std: "docker" "rm" "-f" "7aded92b1aaa3aa0b582d80467e5b9516b4889eb9ced2ba333bc13e0c63eb294", kill_on_drop: false }`
[INFO] [stdout] 7aded92b1aaa3aa0b582d80467e5b9516b4889eb9ced2ba333bc13e0c63eb294
[INFO] running `Command { std: "docker" "create" "-v" "/var/lib/crater-agent-workspace/builds/worker-1-tc2/target:/opt/rustwide/target:rw,Z" "-v" "/var/lib/crater-agent-workspace/builds/worker-1-tc2/source:/opt/rustwide/workdir:ro,Z" "-v" "/var/lib/crater-agent-workspace/cargo-home:/opt/rustwide/cargo-home:ro,Z" "-v" "/var/lib/crater-agent-workspace/rustup-home:/opt/rustwide/rustup-home:ro,Z" "-e" "SOURCE_DIR=/opt/rustwide/workdir" "-e" "CARGO_TARGET_DIR=/opt/rustwide/target" "-e" "CARGO_INCREMENTAL=0" "-e" "RUST_BACKTRACE=full" "-e" "RUSTFLAGS=--cap-lints=warn" "-e" "RUSTDOCFLAGS=--cap-lints=warn" "-e" "CARGO_HOME=/opt/rustwide/cargo-home" "-e" "RUSTUP_HOME=/opt/rustwide/rustup-home" "-w" "/opt/rustwide/workdir" "-m" "1610612736" "--user" "0:0" "--network" "none" "ghcr.io/rust-lang/crates-build-env/linux@sha256:2788e3201cd34a07e3172128adcd8b3090168a8e3bcc40d7c032b9dda1df7d1c" "/opt/rustwide/cargo-home/bin/cargo" "+beta-2023-12-22" "test" "--frozen", kill_on_drop: false }`
[INFO] [stdout] feb5b6b3f1b41e129376e7ae79c61b523ff369c591760618aff2cd29862ec4c8
[INFO] running `Command { std: "docker" "start" "-a" "feb5b6b3f1b41e129376e7ae79c61b523ff369c591760618aff2cd29862ec4c8", kill_on_drop: false }`
[INFO] [stderr]     Finished test [unoptimized + debuginfo] target(s) in 0.05s
[INFO] [stderr]      Running unittests src/lib.rs (/opt/rustwide/target/debug/deps/anyhow_http-ee0bb83923c7f468)
[INFO] [stdout] 
[INFO] [stdout] running 16 tests
[INFO] [stdout] test http_error::tests::http_error_data ... ok
[INFO] [stdout] test http_error::tests::http_error_default ... ok
[INFO] [stdout] test http_error::tests::http_error_display ... ok
[INFO] [stdout] test http_error::tests::http_error_from_err ... ok
[INFO] [stdout] test http_error::tests::http_error_from_status_code ... ok
[INFO] [stdout] test http_error::tests::http_error_with_dyn_source_error ... ok
[INFO] [stdout] test http_error::tests::http_error_from_http_error ... ok
[INFO] [stdout] test http_error::tests::http_error_with_reason ... ok
[INFO] [stdout] test http_error::tests::http_error_with_source_error ... ok
[INFO] [stdout] test http_error::tests::http_error_with_status_code ... ok
[INFO] [stdout] test macros::tests::http_error_only_reason ... ok
[INFO] [stdout] test macros::tests::http_error_status_and_source ... ok
[INFO] [stdout] test macros::tests::http_error_status_code ... ok
[INFO] [stdout] test macros::tests::http_error_status_source_and_format ... ok
[INFO] [stdout] test response::tests::http_error_json_response ... ok
[INFO] [stdout] test response::tests::http_error_response_json ... ok
[INFO] [stdout] 
[INFO] [stdout] test result: ok. 16 passed; 0 failed; 0 ignored; 0 measured; 0 filtered out; finished in 0.00s
[INFO] [stdout] 
[INFO] [stderr]    Doc-tests anyhow-http
[INFO] [stdout] 
[INFO] [stdout] running 1 test
[INFO] [stdout] test src/lib.rs - (line 7) - compile ... FAILED
[INFO] [stdout] 
[INFO] [stdout] failures:
[INFO] [stdout] 
[INFO] [stdout] ---- src/lib.rs - (line 7) stdout ----
[INFO] [stdout] error[E0277]: the trait bound `fn() -> impl Future<Output = Result<impl IntoResponse, HttpError<anyhow_http::response::Json>>> {handler}: Handler<_, _>` is not satisfied
[INFO] [stdout]    --> src/lib.rs:19:25
[INFO] [stdout]     |
[INFO] [stdout] 14  |         .route("/", get(handler));
[INFO] [stdout]     |                     --- ^^^^^^^ the trait `Handler<_, _>` is not implemented for fn item `fn() -> impl Future<Output = Result<impl IntoResponse, HttpError<anyhow_http::response::Json>>> {handler}`
[INFO] [stdout]     |                     |
[INFO] [stdout]     |                     required by a bound introduced by this call
[INFO] [stdout]     |
[INFO] [stdout]     = help: the following other types implement trait `Handler<T, S>`:
[INFO] [stdout]               <Layered<L, H, T, S> as Handler<T, S>>
[INFO] [stdout]               <MethodRouter<S> as Handler<(), S>>
[INFO] [stdout] note: required by a bound in `axum::routing::get`
[INFO] [stdout]    --> /opt/rustwide/cargo-home/registry/src/index.crates.io-6f17d22bba15001f/axum-0.7.3/src/routing/method_routing.rs:385:1
[INFO] [stdout]     |
[INFO] [stdout] 385 | top_level_handler_fn!(get, GET);
[INFO] [stdout]     | ^^^^^^^^^^^^^^^^^^^^^^---^^^^^^
[INFO] [stdout]     | |                     |
[INFO] [stdout]     | |                     required by a bound in this function
[INFO] [stdout]     | required by this bound in `get`
[INFO] [stdout]     = note: this error originates in the macro `top_level_handler_fn` (in Nightly builds, run with -Z macro-backtrace for more info)
[INFO] [stdout] 
[INFO] [stdout] error: aborting due to 1 previous error
[INFO] [stdout] 
[INFO] [stdout] For more information about this error, try `rustc --explain E0277`.
[INFO] [stdout] Couldn't compile the test.
[INFO] [stdout] 
[INFO] [stdout] failures:
[INFO] [stdout]     src/lib.rs - (line 7)
[INFO] [stdout] 
[INFO] [stdout] test result: FAILED. 0 passed; 1 failed; 0 ignored; 0 measured; 0 filtered out; finished in 0.07s
[INFO] [stdout] 
[INFO] [stderr] error: doctest failed, to rerun pass `--doc`
[INFO] running `Command { std: "docker" "inspect" "feb5b6b3f1b41e129376e7ae79c61b523ff369c591760618aff2cd29862ec4c8", kill_on_drop: false }`
[INFO] running `Command { std: "docker" "rm" "-f" "feb5b6b3f1b41e129376e7ae79c61b523ff369c591760618aff2cd29862ec4c8", kill_on_drop: false }`
[INFO] [stdout] feb5b6b3f1b41e129376e7ae79c61b523ff369c591760618aff2cd29862ec4c8
