[INFO] cloning repository https://github.com/harrysolovay/crosshatch
[INFO] running `Command { std: "git" "-c" "credential.helper=" "-c" "credential.helper=/workspace/cargo-home/bin/git-credential-null" "clone" "--bare" "https://github.com/harrysolovay/crosshatch" "/workspace/cache/git-repos/https%3A%2F%2Fgithub.com%2Fharrysolovay%2Fcrosshatch", kill_on_drop: false }`
[INFO] [stderr] Cloning into bare repository '/workspace/cache/git-repos/https%3A%2F%2Fgithub.com%2Fharrysolovay%2Fcrosshatch'...
[INFO] running `Command { std: "git" "rev-parse" "HEAD", kill_on_drop: false }`
[INFO] [stdout] bce7bb0839af2c60a35699cfa96ae7260626c64d
[INFO] testing harrysolovay/crosshatch against 1.75.0 for beta-1.76-1
[INFO] running `Command { std: "git" "clone" "/workspace/cache/git-repos/https%3A%2F%2Fgithub.com%2Fharrysolovay%2Fcrosshatch" "/workspace/builds/worker-4-tc1/source", kill_on_drop: false }`
[INFO] [stderr] Cloning into '/workspace/builds/worker-4-tc1/source'...
[INFO] [stderr] done.
[INFO] validating manifest of git repo https://github.com/harrysolovay/crosshatch on toolchain 1.75.0
[INFO] running `Command { std: CARGO_HOME="/workspace/cargo-home" RUSTUP_HOME="/workspace/rustup-home" "/workspace/cargo-home/bin/cargo" "+1.75.0" "metadata" "--manifest-path" "Cargo.toml" "--no-deps", kill_on_drop: false }`
[INFO] started tweaking git repo https://github.com/harrysolovay/crosshatch
[INFO] finished tweaking git repo https://github.com/harrysolovay/crosshatch
[INFO] tweaked toml for git repo https://github.com/harrysolovay/crosshatch written to /workspace/builds/worker-4-tc1/source/Cargo.toml
[INFO] crate git repo https://github.com/harrysolovay/crosshatch already has a lockfile, it will not be regenerated
[INFO] running `Command { std: CARGO_HOME="/workspace/cargo-home" RUSTUP_HOME="/workspace/rustup-home" "/workspace/cargo-home/bin/cargo" "+1.75.0" "fetch" "--manifest-path" "Cargo.toml", kill_on_drop: false }`
[INFO] [stderr]  Downloading crates ...
[INFO] [stderr]   Downloaded scale-info v2.0.1
[INFO] [stderr]   Downloaded scale-info-derive v2.0.0
[INFO] running `Command { std: "docker" "create" "-v" "/var/lib/crater-agent-workspace/builds/worker-4-tc1/target:/opt/rustwide/target:rw,Z" "-v" "/var/lib/crater-agent-workspace/builds/worker-4-tc1/source:/opt/rustwide/workdir:ro,Z" "-v" "/var/lib/crater-agent-workspace/cargo-home:/opt/rustwide/cargo-home:ro,Z" "-v" "/var/lib/crater-agent-workspace/rustup-home:/opt/rustwide/rustup-home:ro,Z" "-e" "SOURCE_DIR=/opt/rustwide/workdir" "-e" "CARGO_TARGET_DIR=/opt/rustwide/target" "-e" "CARGO_HOME=/opt/rustwide/cargo-home" "-e" "RUSTUP_HOME=/opt/rustwide/rustup-home" "-w" "/opt/rustwide/workdir" "-m" "1610612736" "--user" "0:0" "--network" "none" "ghcr.io/rust-lang/crates-build-env/linux@sha256:2788e3201cd34a07e3172128adcd8b3090168a8e3bcc40d7c032b9dda1df7d1c" "/opt/rustwide/cargo-home/bin/cargo" "+1.75.0" "metadata" "--no-deps" "--format-version=1", kill_on_drop: false }`
[INFO] [stdout] 25f1d87a987cf184f0b080a6765e2ad8c494112d45cbcd59b02d18e9f1a53b89
[INFO] running `Command { std: "docker" "start" "-a" "25f1d87a987cf184f0b080a6765e2ad8c494112d45cbcd59b02d18e9f1a53b89", kill_on_drop: false }`
[INFO] running `Command { std: "docker" "inspect" "25f1d87a987cf184f0b080a6765e2ad8c494112d45cbcd59b02d18e9f1a53b89", kill_on_drop: false }`
[INFO] running `Command { std: "docker" "rm" "-f" "25f1d87a987cf184f0b080a6765e2ad8c494112d45cbcd59b02d18e9f1a53b89", kill_on_drop: false }`
[INFO] [stdout] 25f1d87a987cf184f0b080a6765e2ad8c494112d45cbcd59b02d18e9f1a53b89
[INFO] running `Command { std: "docker" "create" "-v" "/var/lib/crater-agent-workspace/builds/worker-4-tc1/target:/opt/rustwide/target:rw,Z" "-v" "/var/lib/crater-agent-workspace/builds/worker-4-tc1/source:/opt/rustwide/workdir:ro,Z" "-v" "/var/lib/crater-agent-workspace/cargo-home:/opt/rustwide/cargo-home:ro,Z" "-v" "/var/lib/crater-agent-workspace/rustup-home:/opt/rustwide/rustup-home:ro,Z" "-e" "SOURCE_DIR=/opt/rustwide/workdir" "-e" "CARGO_TARGET_DIR=/opt/rustwide/target" "-e" "CARGO_INCREMENTAL=0" "-e" "RUST_BACKTRACE=full" "-e" "RUSTFLAGS=--cap-lints=warn" "-e" "RUSTDOCFLAGS=--cap-lints=warn" "-e" "CARGO_HOME=/opt/rustwide/cargo-home" "-e" "RUSTUP_HOME=/opt/rustwide/rustup-home" "-w" "/opt/rustwide/workdir" "-m" "1610612736" "--user" "0:0" "--network" "none" "ghcr.io/rust-lang/crates-build-env/linux@sha256:2788e3201cd34a07e3172128adcd8b3090168a8e3bcc40d7c032b9dda1df7d1c" "/opt/rustwide/cargo-home/bin/cargo" "+1.75.0" "build" "--frozen" "--message-format=json", kill_on_drop: false }`
[INFO] [stdout] c48dda90f46d4bc97029c7d34950bb8f666c82437b85763c7ac6a349e2c282f3
[INFO] running `Command { std: "docker" "start" "-a" "c48dda90f46d4bc97029c7d34950bb8f666c82437b85763c7ac6a349e2c282f3", kill_on_drop: false }`
[INFO] [stderr]    Compiling proc-macro2 v1.0.37
[INFO] [stderr]    Compiling syn v1.0.91
[INFO] [stderr]    Compiling serde_derive v1.0.136
[INFO] [stderr]    Compiling serde v1.0.136
[INFO] [stderr]    Compiling wasm-bindgen-shared v0.2.80
[INFO] [stderr]    Compiling log v0.4.16
[INFO] [stderr]    Compiling lazy_static v1.4.0
[INFO] [stderr]    Compiling bumpalo v3.9.1
[INFO] [stderr]    Compiling radium v0.7.0
[INFO] [stderr]    Compiling serde_json v1.0.79
[INFO] [stderr]    Compiling tap v1.0.1
[INFO] [stderr]    Compiling wasm-bindgen v0.2.80
[INFO] [stderr]    Compiling itoa v1.0.1
[INFO] [stderr]    Compiling ryu v1.0.9
[INFO] [stderr]    Compiling funty v2.0.0
[INFO] [stderr]    Compiling wyz v0.5.0
[INFO] [stderr]    Compiling arrayvec v0.7.2
[INFO] [stderr]    Compiling byte-slice-cast v1.2.1
[INFO] [stderr]    Compiling libc v0.2.122
[INFO] [stderr]    Compiling wee_alloc v0.4.5
[INFO] [stderr]    Compiling memory_units v0.4.0
[INFO] [stderr]    Compiling bitvec v1.0.0
[INFO] [stderr]    Compiling quote v1.0.17
[INFO] [stderr]    Compiling toml v0.5.8
[INFO] [stderr]    Compiling wasm-bindgen-backend v0.2.80
[INFO] [stderr]    Compiling wasm-bindgen-macro-support v0.2.80
[INFO] [stderr]    Compiling thiserror-impl v1.0.30
[INFO] [stderr]    Compiling impl-trait-for-tuples v0.2.2
[INFO] [stderr]    Compiling derive_more v0.99.17
[INFO] [stderr]    Compiling wasm-bindgen-macro v0.2.80
[INFO] [stderr]    Compiling thiserror v1.0.30
[INFO] [stderr]    Compiling proc-macro-crate v1.1.3
[INFO] [stderr]    Compiling parity-scale-codec-derive v3.1.2
[INFO] [stderr]    Compiling scale-info-derive v2.0.0
[INFO] [stderr]    Compiling parity-scale-codec v3.1.2
[INFO] [stderr]    Compiling scale-info v2.0.1
[INFO] [stderr]    Compiling js-sys v0.3.57
[INFO] [stderr]    Compiling console_error_panic_hook v0.1.7
[INFO] [stderr]    Compiling frame-metadata v15.0.0
[INFO] [stderr]    Compiling wasm_bindgen v0.1.0 (/opt/rustwide/workdir)
[INFO] [stderr]     Finished dev [unoptimized + debuginfo] target(s) in 10.76s
[INFO] running `Command { std: "docker" "inspect" "c48dda90f46d4bc97029c7d34950bb8f666c82437b85763c7ac6a349e2c282f3", kill_on_drop: false }`
[INFO] running `Command { std: "docker" "rm" "-f" "c48dda90f46d4bc97029c7d34950bb8f666c82437b85763c7ac6a349e2c282f3", kill_on_drop: false }`
[INFO] [stdout] c48dda90f46d4bc97029c7d34950bb8f666c82437b85763c7ac6a349e2c282f3
[INFO] running `Command { std: "docker" "create" "-v" "/var/lib/crater-agent-workspace/builds/worker-4-tc1/target:/opt/rustwide/target:rw,Z" "-v" "/var/lib/crater-agent-workspace/builds/worker-4-tc1/source:/opt/rustwide/workdir:ro,Z" "-v" "/var/lib/crater-agent-workspace/cargo-home:/opt/rustwide/cargo-home:ro,Z" "-v" "/var/lib/crater-agent-workspace/rustup-home:/opt/rustwide/rustup-home:ro,Z" "-e" "SOURCE_DIR=/opt/rustwide/workdir" "-e" "CARGO_TARGET_DIR=/opt/rustwide/target" "-e" "CARGO_INCREMENTAL=0" "-e" "RUST_BACKTRACE=full" "-e" "RUSTFLAGS=--cap-lints=warn" "-e" "RUSTDOCFLAGS=--cap-lints=warn" "-e" "CARGO_HOME=/opt/rustwide/cargo-home" "-e" "RUSTUP_HOME=/opt/rustwide/rustup-home" "-w" "/opt/rustwide/workdir" "-m" "1610612736" "--user" "0:0" "--network" "none" "ghcr.io/rust-lang/crates-build-env/linux@sha256:2788e3201cd34a07e3172128adcd8b3090168a8e3bcc40d7c032b9dda1df7d1c" "/opt/rustwide/cargo-home/bin/cargo" "+1.75.0" "test" "--frozen" "--no-run" "--message-format=json", kill_on_drop: false }`
[INFO] [stdout] ac2500f6b8c693fd467f29d54b2c2bed574c7088d7bf21e0b7e5c3bb566efbea
[INFO] running `Command { std: "docker" "start" "-a" "ac2500f6b8c693fd467f29d54b2c2bed574c7088d7bf21e0b7e5c3bb566efbea", kill_on_drop: false }`
[INFO] [stderr]    Compiling wasm_bindgen v0.1.0 (/opt/rustwide/workdir)
[INFO] [stderr]     Finished test [unoptimized + debuginfo] target(s) in 0.26s
[INFO] running `Command { std: "docker" "inspect" "ac2500f6b8c693fd467f29d54b2c2bed574c7088d7bf21e0b7e5c3bb566efbea", kill_on_drop: false }`
[INFO] running `Command { std: "docker" "rm" "-f" "ac2500f6b8c693fd467f29d54b2c2bed574c7088d7bf21e0b7e5c3bb566efbea", kill_on_drop: false }`
[INFO] [stdout] ac2500f6b8c693fd467f29d54b2c2bed574c7088d7bf21e0b7e5c3bb566efbea
[INFO] running `Command { std: "docker" "create" "-v" "/var/lib/crater-agent-workspace/builds/worker-4-tc1/target:/opt/rustwide/target:rw,Z" "-v" "/var/lib/crater-agent-workspace/builds/worker-4-tc1/source:/opt/rustwide/workdir:ro,Z" "-v" "/var/lib/crater-agent-workspace/cargo-home:/opt/rustwide/cargo-home:ro,Z" "-v" "/var/lib/crater-agent-workspace/rustup-home:/opt/rustwide/rustup-home:ro,Z" "-e" "SOURCE_DIR=/opt/rustwide/workdir" "-e" "CARGO_TARGET_DIR=/opt/rustwide/target" "-e" "CARGO_INCREMENTAL=0" "-e" "RUST_BACKTRACE=full" "-e" "RUSTFLAGS=--cap-lints=warn" "-e" "RUSTDOCFLAGS=--cap-lints=warn" "-e" "CARGO_HOME=/opt/rustwide/cargo-home" "-e" "RUSTUP_HOME=/opt/rustwide/rustup-home" "-w" "/opt/rustwide/workdir" "-m" "1610612736" "--user" "0:0" "--network" "none" "ghcr.io/rust-lang/crates-build-env/linux@sha256:2788e3201cd34a07e3172128adcd8b3090168a8e3bcc40d7c032b9dda1df7d1c" "/opt/rustwide/cargo-home/bin/cargo" "+1.75.0" "test" "--frozen", kill_on_drop: false }`
[INFO] [stdout] 14a1dfeedcfb5121fca1592337093dc2a52bbc7b85c7732c5f47c5abd4a9aeba
[INFO] running `Command { std: "docker" "start" "-a" "14a1dfeedcfb5121fca1592337093dc2a52bbc7b85c7732c5f47c5abd4a9aeba", kill_on_drop: false }`
[INFO] [stderr]     Finished test [unoptimized + debuginfo] target(s) in 0.02s
[INFO] [stderr]      Running unittests wasm.rs (/opt/rustwide/target/debug/deps/wasm_bindgen-8b5ab03f4d62da48)
[INFO] [stdout] 
[INFO] [stdout] running 0 tests
[INFO] [stdout] 
[INFO] [stdout] test result: ok. 0 passed; 0 failed; 0 ignored; 0 measured; 0 filtered out; finished in 0.00s
[INFO] [stdout] 
[INFO] [stderr]    Doc-tests wasm_bindgen
[INFO] [stderr] error[E0464]: multiple candidates for `rlib` dependency `wasm_bindgen` found
[INFO] [stderr]  --> wasm.rs:8:3
[INFO] [stderr]   |
[INFO] [stderr] 8 |   wasm_bindgen::{prelude::wasm_bindgen, JsError},
[INFO] [stderr]   |   ^^^^^^^^^^^^
[INFO] [stderr]   |
[INFO] [stderr]   = note: candidate #1: /opt/rustwide/target/debug/deps/libwasm_bindgen-b832dec2397a4725.rlib
[INFO] [stderr]   = note: candidate #2: /opt/rustwide/target/debug/deps/libwasm_bindgen.rlib
[INFO] [stderr] 
[INFO] [stderr] error[E0432]: unresolved import `wasm_bindgen::JsError`
[INFO] [stderr]  --> wasm.rs:8:41
[INFO] [stderr]   |
[INFO] [stderr] 8 |   wasm_bindgen::{prelude::wasm_bindgen, JsError},
[INFO] [stderr]   |                                         ^^^^^^^
[INFO] [stderr] 
[INFO] [stderr] error: cannot determine resolution for the attribute macro `wasm_bindgen`
[INFO] [stderr]   --> wasm.rs:15:3
[INFO] [stderr]    |
[INFO] [stderr] 15 | #[wasm_bindgen]
[INFO] [stderr]    |   ^^^^^^^^^^^^
[INFO] [stderr]    |
[INFO] [stderr]    = note: import resolution is stuck, try simplifying macro imports
[INFO] [stderr] 
[INFO] [stderr] error: aborting due to 3 previous errors
[INFO] [stderr] 
[INFO] [stderr] Some errors have detailed explanations: E0432, E0464.
[INFO] [stderr] For more information about an error, try `rustc --explain E0432`.
[INFO] [stderr] error: doctest failed, to rerun pass `--doc`
[INFO] [stderr] 
[INFO] [stderr] Caused by:
[INFO] [stderr]   process didn't exit successfully: `/opt/rustwide/rustup-home/toolchains/1.75.0-x86_64-unknown-linux-gnu/bin/rustdoc --edition=2021 --crate-type cdylib --crate-type rlib --crate-name wasm_bindgen --test wasm.rs --test-run-directory /opt/rustwide/workdir -L dependency=/opt/rustwide/target/debug/deps -L dependency=/opt/rustwide/target/debug/deps --extern console_error_panic_hook=/opt/rustwide/target/debug/deps/libconsole_error_panic_hook-25cb84054b118060.rlib --extern frame_metadata=/opt/rustwide/target/debug/deps/libframe_metadata-811f1e9da0b664d5.rlib --extern js_sys=/opt/rustwide/target/debug/deps/libjs_sys-2b05f12b21e1547f.rlib --extern parity_scale_codec=/opt/rustwide/target/debug/deps/libparity_scale_codec-aaeb5fb37305c7ee.rlib --extern serde=/opt/rustwide/target/debug/deps/libserde-cd17291da2acb743.rlib --extern serde_json=/opt/rustwide/target/debug/deps/libserde_json-67c83e56339e16a7.rlib --extern wasm_bindgen=/opt/rustwide/target/debug/deps/libwasm_bindgen-b832dec2397a4725.rlib --extern wasm_bindgen=/opt/rustwide/target/debug/deps/libwasm_bindgen.rlib --extern wee_alloc=/opt/rustwide/target/debug/deps/libwee_alloc-6f385108a0cf7da5.rlib -C embed-bitcode=no --cfg 'feature="console_error_panic_hook"' --cfg 'feature="default"' --cap-lints=warn --error-format human` (exit status: 1)
[INFO] [stderr] note: test exited abnormally; to see the full output pass --nocapture to the harness.
[INFO] running `Command { std: "docker" "inspect" "14a1dfeedcfb5121fca1592337093dc2a52bbc7b85c7732c5f47c5abd4a9aeba", kill_on_drop: false }`
[INFO] running `Command { std: "docker" "rm" "-f" "14a1dfeedcfb5121fca1592337093dc2a52bbc7b85c7732c5f47c5abd4a9aeba", kill_on_drop: false }`
[INFO] [stdout] 14a1dfeedcfb5121fca1592337093dc2a52bbc7b85c7732c5f47c5abd4a9aeba
[INFO] testing harrysolovay/crosshatch against beta-2023-12-22 for beta-1.76-1
[INFO] running `Command { std: "git" "clone" "/workspace/cache/git-repos/https%3A%2F%2Fgithub.com%2Fharrysolovay%2Fcrosshatch" "/workspace/builds/worker-4-tc2/source", kill_on_drop: false }`
[INFO] [stderr] Cloning into '/workspace/builds/worker-4-tc2/source'...
[INFO] [stderr] done.
[INFO] validating manifest of git repo https://github.com/harrysolovay/crosshatch on toolchain beta-2023-12-22
[INFO] running `Command { std: CARGO_HOME="/workspace/cargo-home" RUSTUP_HOME="/workspace/rustup-home" "/workspace/cargo-home/bin/cargo" "+beta-2023-12-22" "metadata" "--manifest-path" "Cargo.toml" "--no-deps", kill_on_drop: false }`
[INFO] started tweaking git repo https://github.com/harrysolovay/crosshatch
[INFO] finished tweaking git repo https://github.com/harrysolovay/crosshatch
[INFO] tweaked toml for git repo https://github.com/harrysolovay/crosshatch written to /workspace/builds/worker-4-tc2/source/Cargo.toml
[INFO] crate git repo https://github.com/harrysolovay/crosshatch already has a lockfile, it will not be regenerated
[INFO] running `Command { std: CARGO_HOME="/workspace/cargo-home" RUSTUP_HOME="/workspace/rustup-home" "/workspace/cargo-home/bin/cargo" "+beta-2023-12-22" "fetch" "--manifest-path" "Cargo.toml", kill_on_drop: false }`
[INFO] running `Command { std: "docker" "create" "-v" "/var/lib/crater-agent-workspace/builds/worker-4-tc2/target:/opt/rustwide/target:rw,Z" "-v" "/var/lib/crater-agent-workspace/builds/worker-4-tc2/source:/opt/rustwide/workdir:ro,Z" "-v" "/var/lib/crater-agent-workspace/cargo-home:/opt/rustwide/cargo-home:ro,Z" "-v" "/var/lib/crater-agent-workspace/rustup-home:/opt/rustwide/rustup-home:ro,Z" "-e" "SOURCE_DIR=/opt/rustwide/workdir" "-e" "CARGO_TARGET_DIR=/opt/rustwide/target" "-e" "CARGO_HOME=/opt/rustwide/cargo-home" "-e" "RUSTUP_HOME=/opt/rustwide/rustup-home" "-w" "/opt/rustwide/workdir" "-m" "1610612736" "--user" "0:0" "--network" "none" "ghcr.io/rust-lang/crates-build-env/linux@sha256:2788e3201cd34a07e3172128adcd8b3090168a8e3bcc40d7c032b9dda1df7d1c" "/opt/rustwide/cargo-home/bin/cargo" "+beta-2023-12-22" "metadata" "--no-deps" "--format-version=1", kill_on_drop: false }`
[INFO] [stdout] 0492c972d53f0b467f474beb79137a59aba842159f6faf8dae3e53902e399679
[INFO] running `Command { std: "docker" "start" "-a" "0492c972d53f0b467f474beb79137a59aba842159f6faf8dae3e53902e399679", kill_on_drop: false }`
[INFO] running `Command { std: "docker" "inspect" "0492c972d53f0b467f474beb79137a59aba842159f6faf8dae3e53902e399679", kill_on_drop: false }`
[INFO] running `Command { std: "docker" "rm" "-f" "0492c972d53f0b467f474beb79137a59aba842159f6faf8dae3e53902e399679", kill_on_drop: false }`
[INFO] [stdout] 0492c972d53f0b467f474beb79137a59aba842159f6faf8dae3e53902e399679
[INFO] running `Command { std: "docker" "create" "-v" "/var/lib/crater-agent-workspace/builds/worker-4-tc2/target:/opt/rustwide/target:rw,Z" "-v" "/var/lib/crater-agent-workspace/builds/worker-4-tc2/source:/opt/rustwide/workdir:ro,Z" "-v" "/var/lib/crater-agent-workspace/cargo-home:/opt/rustwide/cargo-home:ro,Z" "-v" "/var/lib/crater-agent-workspace/rustup-home:/opt/rustwide/rustup-home:ro,Z" "-e" "SOURCE_DIR=/opt/rustwide/workdir" "-e" "CARGO_TARGET_DIR=/opt/rustwide/target" "-e" "CARGO_INCREMENTAL=0" "-e" "RUST_BACKTRACE=full" "-e" "RUSTFLAGS=--cap-lints=warn" "-e" "RUSTDOCFLAGS=--cap-lints=warn" "-e" "CARGO_HOME=/opt/rustwide/cargo-home" "-e" "RUSTUP_HOME=/opt/rustwide/rustup-home" "-w" "/opt/rustwide/workdir" "-m" "1610612736" "--user" "0:0" "--network" "none" "ghcr.io/rust-lang/crates-build-env/linux@sha256:2788e3201cd34a07e3172128adcd8b3090168a8e3bcc40d7c032b9dda1df7d1c" "/opt/rustwide/cargo-home/bin/cargo" "+beta-2023-12-22" "build" "--frozen" "--message-format=json", kill_on_drop: false }`
[INFO] [stdout] a12b6b8d19030ff306c68d0fbfec38ade11419dd1c242a8238866c0b3c2c87a1
[INFO] running `Command { std: "docker" "start" "-a" "a12b6b8d19030ff306c68d0fbfec38ade11419dd1c242a8238866c0b3c2c87a1", kill_on_drop: false }`
[INFO] [stderr]    Compiling proc-macro2 v1.0.37
[INFO] [stderr]    Compiling syn v1.0.91
[INFO] [stderr]    Compiling serde_derive v1.0.136
[INFO] [stderr]    Compiling serde v1.0.136
[INFO] [stderr]    Compiling wasm-bindgen-shared v0.2.80
[INFO] [stderr]    Compiling log v0.4.16
[INFO] [stderr]    Compiling lazy_static v1.4.0
[INFO] [stderr]    Compiling bumpalo v3.9.1
[INFO] [stderr]    Compiling radium v0.7.0
[INFO] [stderr]    Compiling tap v1.0.1
[INFO] [stderr]    Compiling serde_json v1.0.79
[INFO] [stderr]    Compiling itoa v1.0.1
[INFO] [stderr]    Compiling ryu v1.0.9
[INFO] [stderr]    Compiling funty v2.0.0
[INFO] [stderr]    Compiling wasm-bindgen v0.2.80
[INFO] [stderr]    Compiling arrayvec v0.7.2
[INFO] [stderr]    Compiling wyz v0.5.0
[INFO] [stderr]    Compiling libc v0.2.122
[INFO] [stderr]    Compiling byte-slice-cast v1.2.1
[INFO] [stderr]    Compiling wee_alloc v0.4.5
[INFO] [stderr]    Compiling memory_units v0.4.0
[INFO] [stderr]    Compiling bitvec v1.0.0
[INFO] [stderr]    Compiling quote v1.0.17
[INFO] [stderr]    Compiling toml v0.5.8
[INFO] [stderr]    Compiling wasm-bindgen-backend v0.2.80
[INFO] [stderr]    Compiling thiserror-impl v1.0.30
[INFO] [stderr]    Compiling impl-trait-for-tuples v0.2.2
[INFO] [stderr]    Compiling derive_more v0.99.17
[INFO] [stderr]    Compiling wasm-bindgen-macro-support v0.2.80
[INFO] [stderr]    Compiling wasm-bindgen-macro v0.2.80
[INFO] [stderr]    Compiling thiserror v1.0.30
[INFO] [stderr]    Compiling proc-macro-crate v1.1.3
[INFO] [stderr]    Compiling parity-scale-codec-derive v3.1.2
[INFO] [stderr]    Compiling scale-info-derive v2.0.0
[INFO] [stderr]    Compiling parity-scale-codec v3.1.2
[INFO] [stderr]    Compiling scale-info v2.0.1
[INFO] [stderr]    Compiling console_error_panic_hook v0.1.7
[INFO] [stderr]    Compiling js-sys v0.3.57
[INFO] [stderr]    Compiling frame-metadata v15.0.0
[INFO] [stderr]    Compiling wasm_bindgen v0.1.0 (/opt/rustwide/workdir)
[INFO] [stderr]     Finished dev [unoptimized + debuginfo] target(s) in 10.91s
[INFO] running `Command { std: "docker" "inspect" "a12b6b8d19030ff306c68d0fbfec38ade11419dd1c242a8238866c0b3c2c87a1", kill_on_drop: false }`
[INFO] running `Command { std: "docker" "rm" "-f" "a12b6b8d19030ff306c68d0fbfec38ade11419dd1c242a8238866c0b3c2c87a1", kill_on_drop: false }`
[INFO] [stdout] a12b6b8d19030ff306c68d0fbfec38ade11419dd1c242a8238866c0b3c2c87a1
[INFO] running `Command { std: "docker" "create" "-v" "/var/lib/crater-agent-workspace/builds/worker-4-tc2/target:/opt/rustwide/target:rw,Z" "-v" "/var/lib/crater-agent-workspace/builds/worker-4-tc2/source:/opt/rustwide/workdir:ro,Z" "-v" "/var/lib/crater-agent-workspace/cargo-home:/opt/rustwide/cargo-home:ro,Z" "-v" "/var/lib/crater-agent-workspace/rustup-home:/opt/rustwide/rustup-home:ro,Z" "-e" "SOURCE_DIR=/opt/rustwide/workdir" "-e" "CARGO_TARGET_DIR=/opt/rustwide/target" "-e" "CARGO_INCREMENTAL=0" "-e" "RUST_BACKTRACE=full" "-e" "RUSTFLAGS=--cap-lints=warn" "-e" "RUSTDOCFLAGS=--cap-lints=warn" "-e" "CARGO_HOME=/opt/rustwide/cargo-home" "-e" "RUSTUP_HOME=/opt/rustwide/rustup-home" "-w" "/opt/rustwide/workdir" "-m" "1610612736" "--user" "0:0" "--network" "none" "ghcr.io/rust-lang/crates-build-env/linux@sha256:2788e3201cd34a07e3172128adcd8b3090168a8e3bcc40d7c032b9dda1df7d1c" "/opt/rustwide/cargo-home/bin/cargo" "+beta-2023-12-22" "test" "--frozen" "--no-run" "--message-format=json", kill_on_drop: false }`
[INFO] [stdout] c1093a13793234003fcd0afcec11bb4dc56e91a804cc6f0922eeefa1389d1483
[INFO] running `Command { std: "docker" "start" "-a" "c1093a13793234003fcd0afcec11bb4dc56e91a804cc6f0922eeefa1389d1483", kill_on_drop: false }`
[INFO] [stderr]    Compiling wasm_bindgen v0.1.0 (/opt/rustwide/workdir)
[INFO] [stderr]     Finished test [unoptimized + debuginfo] target(s) in 0.26s
[INFO] running `Command { std: "docker" "inspect" "c1093a13793234003fcd0afcec11bb4dc56e91a804cc6f0922eeefa1389d1483", kill_on_drop: false }`
[INFO] running `Command { std: "docker" "rm" "-f" "c1093a13793234003fcd0afcec11bb4dc56e91a804cc6f0922eeefa1389d1483", kill_on_drop: false }`
[INFO] [stdout] c1093a13793234003fcd0afcec11bb4dc56e91a804cc6f0922eeefa1389d1483
[INFO] running `Command { std: "docker" "create" "-v" "/var/lib/crater-agent-workspace/builds/worker-4-tc2/target:/opt/rustwide/target:rw,Z" "-v" "/var/lib/crater-agent-workspace/builds/worker-4-tc2/source:/opt/rustwide/workdir:ro,Z" "-v" "/var/lib/crater-agent-workspace/cargo-home:/opt/rustwide/cargo-home:ro,Z" "-v" "/var/lib/crater-agent-workspace/rustup-home:/opt/rustwide/rustup-home:ro,Z" "-e" "SOURCE_DIR=/opt/rustwide/workdir" "-e" "CARGO_TARGET_DIR=/opt/rustwide/target" "-e" "CARGO_INCREMENTAL=0" "-e" "RUST_BACKTRACE=full" "-e" "RUSTFLAGS=--cap-lints=warn" "-e" "RUSTDOCFLAGS=--cap-lints=warn" "-e" "CARGO_HOME=/opt/rustwide/cargo-home" "-e" "RUSTUP_HOME=/opt/rustwide/rustup-home" "-w" "/opt/rustwide/workdir" "-m" "1610612736" "--user" "0:0" "--network" "none" "ghcr.io/rust-lang/crates-build-env/linux@sha256:2788e3201cd34a07e3172128adcd8b3090168a8e3bcc40d7c032b9dda1df7d1c" "/opt/rustwide/cargo-home/bin/cargo" "+beta-2023-12-22" "test" "--frozen", kill_on_drop: false }`
[INFO] [stdout] b70653ae827261d00c2b6aa477390e2323748d1170a2d75b977d023c3ab2dd56
[INFO] running `Command { std: "docker" "start" "-a" "b70653ae827261d00c2b6aa477390e2323748d1170a2d75b977d023c3ab2dd56", kill_on_drop: false }`
[INFO] [stderr]     Finished test [unoptimized + debuginfo] target(s) in 0.02s
[INFO] [stderr]      Running unittests wasm.rs (/opt/rustwide/target/debug/deps/wasm_bindgen-7a751a25df00668f)
[INFO] [stdout] 
[INFO] [stdout] running 0 tests
[INFO] [stdout] 
[INFO] [stdout] test result: ok. 0 passed; 0 failed; 0 ignored; 0 measured; 0 filtered out; finished in 0.00s
[INFO] [stdout] 
[INFO] [stderr]    Doc-tests wasm_bindgen
[INFO] [stderr] error[E0464]: multiple candidates for `rlib` dependency `wasm_bindgen` found
[INFO] [stderr]  --> wasm.rs:8:3
[INFO] [stderr]   |
[INFO] [stderr] 8 |   wasm_bindgen::{prelude::wasm_bindgen, JsError},
[INFO] [stderr]   |   ^^^^^^^^^^^^
[INFO] [stderr]   |
[INFO] [stderr]   = note: candidate #1: /opt/rustwide/target/debug/deps/libwasm_bindgen-159df61e6fd13ceb.rlib
[INFO] [stderr]   = note: candidate #2: /opt/rustwide/target/debug/deps/libwasm_bindgen.rlib
[INFO] [stderr] 
[INFO] [stderr] error[E0432]: unresolved import `wasm_bindgen::JsError`
[INFO] [stderr]  --> wasm.rs:8:41
[INFO] [stderr]   |
[INFO] [stderr] 8 |   wasm_bindgen::{prelude::wasm_bindgen, JsError},
[INFO] [stderr]   |                                         ^^^^^^^
[INFO] [stderr] 
[INFO] [stderr] error: cannot determine resolution for the attribute macro `wasm_bindgen`
[INFO] [stderr]   --> wasm.rs:15:3
[INFO] [stderr]    |
[INFO] [stderr] 15 | #[wasm_bindgen]
[INFO] [stderr]    |   ^^^^^^^^^^^^
[INFO] [stderr]    |
[INFO] [stderr]    = note: import resolution is stuck, try simplifying macro imports
[INFO] [stderr] 
[INFO] [stderr] error: aborting due to 3 previous errors
[INFO] [stderr] 
[INFO] [stderr] Some errors have detailed explanations: E0432, E0464.
[INFO] [stderr] For more information about an error, try `rustc --explain E0432`.
[INFO] [stderr] error: doctest failed, to rerun pass `--doc`
[INFO] [stderr] 
[INFO] [stderr] Caused by:
[INFO] [stderr]   process didn't exit successfully: `/opt/rustwide/rustup-home/toolchains/beta-2023-12-22-x86_64-unknown-linux-gnu/bin/rustdoc --edition=2021 --crate-type cdylib --crate-type rlib --crate-name wasm_bindgen --test wasm.rs --test-run-directory /opt/rustwide/workdir -L dependency=/opt/rustwide/target/debug/deps -L dependency=/opt/rustwide/target/debug/deps --extern console_error_panic_hook=/opt/rustwide/target/debug/deps/libconsole_error_panic_hook-39fd92d94185d2fa.rlib --extern frame_metadata=/opt/rustwide/target/debug/deps/libframe_metadata-a67db66a7238d47a.rlib --extern js_sys=/opt/rustwide/target/debug/deps/libjs_sys-923adcffe1a57a92.rlib --extern parity_scale_codec=/opt/rustwide/target/debug/deps/libparity_scale_codec-fd6ad984296a454e.rlib --extern serde=/opt/rustwide/target/debug/deps/libserde-f55b96f57a21e1c4.rlib --extern serde_json=/opt/rustwide/target/debug/deps/libserde_json-8cb3cd42bb130ba3.rlib --extern wasm_bindgen=/opt/rustwide/target/debug/deps/libwasm_bindgen-159df61e6fd13ceb.rlib --extern wasm_bindgen=/opt/rustwide/target/debug/deps/libwasm_bindgen.rlib --extern wee_alloc=/opt/rustwide/target/debug/deps/libwee_alloc-46489c52517d2db4.rlib -C embed-bitcode=no --cfg 'feature="console_error_panic_hook"' --cfg 'feature="default"' --cap-lints=warn --error-format human` (exit status: 1)
[INFO] [stderr] note: test exited abnormally; to see the full output pass --nocapture to the harness.
[INFO] running `Command { std: "docker" "inspect" "b70653ae827261d00c2b6aa477390e2323748d1170a2d75b977d023c3ab2dd56", kill_on_drop: false }`
[INFO] running `Command { std: "docker" "rm" "-f" "b70653ae827261d00c2b6aa477390e2323748d1170a2d75b977d023c3ab2dd56", kill_on_drop: false }`
[INFO] [stdout] b70653ae827261d00c2b6aa477390e2323748d1170a2d75b977d023c3ab2dd56
