[INFO] cloning repository https://github.com/hanbu97/fil-wallet
[INFO] running `Command { std: "git" "-c" "credential.helper=" "-c" "credential.helper=/workspace/cargo-home/bin/git-credential-null" "clone" "--bare" "https://github.com/hanbu97/fil-wallet" "/workspace/cache/git-repos/https%3A%2F%2Fgithub.com%2Fhanbu97%2Ffil-wallet", kill_on_drop: false }`
[INFO] [stderr] Cloning into bare repository '/workspace/cache/git-repos/https%3A%2F%2Fgithub.com%2Fhanbu97%2Ffil-wallet'...
[INFO] running `Command { std: "git" "rev-parse" "HEAD", kill_on_drop: false }`
[INFO] [stdout] cfde814ac0f65db22333ad3c71b5e3343113abff
[INFO] testing hanbu97/fil-wallet against 1.75.0 for beta-1.76-1
[INFO] running `Command { std: "git" "clone" "/workspace/cache/git-repos/https%3A%2F%2Fgithub.com%2Fhanbu97%2Ffil-wallet" "/workspace/builds/worker-0-tc1/source", kill_on_drop: false }`
[INFO] [stderr] Cloning into '/workspace/builds/worker-0-tc1/source'...
[INFO] [stderr] done.
[INFO] validating manifest of git repo https://github.com/hanbu97/fil-wallet on toolchain 1.75.0
[INFO] running `Command { std: CARGO_HOME="/workspace/cargo-home" RUSTUP_HOME="/workspace/rustup-home" "/workspace/cargo-home/bin/cargo" "+1.75.0" "metadata" "--manifest-path" "Cargo.toml" "--no-deps", kill_on_drop: false }`
[INFO] started tweaking git repo https://github.com/hanbu97/fil-wallet
[INFO] finished tweaking git repo https://github.com/hanbu97/fil-wallet
[INFO] tweaked toml for git repo https://github.com/hanbu97/fil-wallet written to /workspace/builds/worker-0-tc1/source/Cargo.toml
[INFO] crate git repo https://github.com/hanbu97/fil-wallet already has a lockfile, it will not be regenerated
[INFO] running `Command { std: CARGO_HOME="/workspace/cargo-home" RUSTUP_HOME="/workspace/rustup-home" "/workspace/cargo-home/bin/cargo" "+1.75.0" "fetch" "--manifest-path" "Cargo.toml", kill_on_drop: false }`
[INFO] [stderr] warning: profiles for the non root package will be ignored, specify profiles at the workspace root:
[INFO] [stderr] package:   /workspace/builds/worker-0-tc1/source/crypto-wallet-gen/Cargo.toml
[INFO] [stderr] workspace: /workspace/builds/worker-0-tc1/source/Cargo.toml
[INFO] [stderr]  Downloading crates ...
[INFO] [stderr]   Downloaded rand_jitter v0.3.0
[INFO] [stderr]   Downloaded bls-signatures v0.13.0
[INFO] [stderr]   Downloaded fvm_shared v2.0.0
[INFO] [stderr]   Downloaded bitcoin v0.26.2
[INFO] [stderr]   Downloaded bls12_381 v0.7.0
[INFO] [stderr]   Downloaded fvm_ipld_blockstore v0.1.1
[INFO] running `Command { std: "docker" "create" "-v" "/var/lib/crater-agent-workspace/builds/worker-0-tc1/target:/opt/rustwide/target:rw,Z" "-v" "/var/lib/crater-agent-workspace/builds/worker-0-tc1/source:/opt/rustwide/workdir:ro,Z" "-v" "/var/lib/crater-agent-workspace/cargo-home:/opt/rustwide/cargo-home:ro,Z" "-v" "/var/lib/crater-agent-workspace/rustup-home:/opt/rustwide/rustup-home:ro,Z" "-e" "SOURCE_DIR=/opt/rustwide/workdir" "-e" "CARGO_TARGET_DIR=/opt/rustwide/target" "-e" "CARGO_HOME=/opt/rustwide/cargo-home" "-e" "RUSTUP_HOME=/opt/rustwide/rustup-home" "-w" "/opt/rustwide/workdir" "-m" "1610612736" "--user" "0:0" "--network" "none" "ghcr.io/rust-lang/crates-build-env/linux@sha256:2788e3201cd34a07e3172128adcd8b3090168a8e3bcc40d7c032b9dda1df7d1c" "/opt/rustwide/cargo-home/bin/cargo" "+1.75.0" "metadata" "--no-deps" "--format-version=1", kill_on_drop: false }`
[INFO] [stdout] 775d486f7f00cb02aef93fbc002b34ff66c063f343046af699a844fb27af9066
[INFO] running `Command { std: "docker" "start" "-a" "775d486f7f00cb02aef93fbc002b34ff66c063f343046af699a844fb27af9066", kill_on_drop: false }`
[INFO] running `Command { std: "docker" "inspect" "775d486f7f00cb02aef93fbc002b34ff66c063f343046af699a844fb27af9066", kill_on_drop: false }`
[INFO] running `Command { std: "docker" "rm" "-f" "775d486f7f00cb02aef93fbc002b34ff66c063f343046af699a844fb27af9066", kill_on_drop: false }`
[INFO] [stdout] 775d486f7f00cb02aef93fbc002b34ff66c063f343046af699a844fb27af9066
[INFO] running `Command { std: "docker" "create" "-v" "/var/lib/crater-agent-workspace/builds/worker-0-tc1/target:/opt/rustwide/target:rw,Z" "-v" "/var/lib/crater-agent-workspace/builds/worker-0-tc1/source:/opt/rustwide/workdir:ro,Z" "-v" "/var/lib/crater-agent-workspace/cargo-home:/opt/rustwide/cargo-home:ro,Z" "-v" "/var/lib/crater-agent-workspace/rustup-home:/opt/rustwide/rustup-home:ro,Z" "-e" "SOURCE_DIR=/opt/rustwide/workdir" "-e" "CARGO_TARGET_DIR=/opt/rustwide/target" "-e" "CARGO_INCREMENTAL=0" "-e" "RUST_BACKTRACE=full" "-e" "RUSTFLAGS=--cap-lints=warn" "-e" "RUSTDOCFLAGS=--cap-lints=warn" "-e" "CARGO_HOME=/opt/rustwide/cargo-home" "-e" "RUSTUP_HOME=/opt/rustwide/rustup-home" "-w" "/opt/rustwide/workdir" "-m" "1610612736" "--user" "0:0" "--network" "none" "ghcr.io/rust-lang/crates-build-env/linux@sha256:2788e3201cd34a07e3172128adcd8b3090168a8e3bcc40d7c032b9dda1df7d1c" "/opt/rustwide/cargo-home/bin/cargo" "+1.75.0" "build" "--frozen" "--message-format=json", kill_on_drop: false }`
[INFO] [stdout] 493d64628a3c8e2cc4f92cbd48a200940a719fad20ec141428ea9e2bce5f5fbc
[INFO] running `Command { std: "docker" "start" "-a" "493d64628a3c8e2cc4f92cbd48a200940a719fad20ec141428ea9e2bce5f5fbc", kill_on_drop: false }`
[INFO] [stderr] warning: profiles for the non root package will be ignored, specify profiles at the workspace root:
[INFO] [stderr] package:   /opt/rustwide/workdir/crypto-wallet-gen/Cargo.toml
[INFO] [stderr] workspace: /opt/rustwide/workdir/Cargo.toml
[INFO] [stderr]    Compiling typenum v1.16.0
[INFO] [stderr]    Compiling proc-macro2 v1.0.50
[INFO] [stderr]    Compiling quote v1.0.23
[INFO] [stderr]    Compiling unicode-ident v1.0.6
[INFO] [stderr]    Compiling syn v1.0.107
[INFO] [stderr]    Compiling generic-array v0.14.6
[INFO] [stderr]    Compiling subtle v2.4.1
[INFO] [stderr]    Compiling libc v0.2.139
[INFO] [stderr]    Compiling serde_derive v1.0.152
[INFO] [stderr]    Compiling serde v1.0.152
[INFO] [stderr]    Compiling unicode-xid v0.2.4
[INFO] [stderr]    Compiling thiserror v1.0.38
[INFO] [stderr]    Compiling cpufeatures v0.2.5
[INFO] [stderr]    Compiling proc-macro-error-attr v1.0.4
[INFO] [stderr]    Compiling proc-macro-error v1.0.4
[INFO] [stderr]    Compiling crunchy v0.2.2
[INFO] [stderr]    Compiling memchr v2.5.0
[INFO] [stderr]    Compiling arrayref v0.3.6
[INFO] [stderr]    Compiling data-encoding v2.3.3
[INFO] [stderr]    Compiling radium v0.7.0
[INFO] [stderr]    Compiling getrandom v0.2.8
[INFO] [stderr]    Compiling rand_core v0.6.4
[INFO] [stderr]    Compiling anyhow v1.0.68
[INFO] [stderr]    Compiling crossbeam-utils v0.8.14
[INFO] [stderr]    Compiling scopeguard v1.1.0
[INFO] [stderr]    Compiling getrandom v0.1.16
[INFO] [stderr]    Compiling memoffset v0.7.1
[INFO] [stderr]    Compiling constant_time_eq v0.1.5
[INFO] [stderr]    Compiling digest v0.9.0
[INFO] [stderr]    Compiling arrayvec v0.7.2
[INFO] [stderr]    Compiling keccak v0.1.3
[INFO] [stderr]    Compiling tap v1.0.1
[INFO] [stderr]    Compiling crypto-common v0.1.6
[INFO] [stderr]    Compiling block-buffer v0.10.3
[INFO] [stderr]    Compiling digest v0.10.6
[INFO] [stderr]    Compiling wyz v0.5.1
[INFO] [stderr]    Compiling sha2 v0.10.6
[INFO] [stderr]    Compiling ripemd v0.1.3
[INFO] [stderr]    Compiling sha3 v0.10.6
[INFO] [stderr]    Compiling crypto-mac v0.8.0
[INFO] [stderr]    Compiling blake2b_simd v1.0.0
[INFO] [stderr]    Compiling crypto-mac v0.11.1
[INFO] [stderr]    Compiling block-buffer v0.9.0
[INFO] [stderr]    Compiling core2 v0.4.0
[INFO] [stderr]    Compiling libsecp256k1-core v0.3.0
[INFO] [stderr]    Compiling crossbeam-epoch v0.9.13
[INFO] [stderr]    Compiling num-traits v0.2.15
[INFO] [stderr]    Compiling toml v0.5.11
[INFO] [stderr]    Compiling base-x v0.2.11
[INFO] [stderr]    Compiling opaque-debug v0.3.0
[INFO] [stderr]    Compiling unsigned-varint v0.7.1
[INFO] [stderr]    Compiling cc v1.0.41
[INFO] [stderr]    Compiling funty v2.0.0
[INFO] [stderr]    Compiling sha2 v0.9.9
[INFO] [stderr]    Compiling rand_core v0.5.1
[INFO] [stderr]    Compiling miniz_oxide v0.4.4
[INFO] [stderr]    Compiling num-integer v0.1.45
[INFO] [stderr]    Compiling bitvec v1.0.1
[INFO] [stderr]    Compiling tinyvec_macros v0.1.0
[INFO] [stderr]    Compiling tinyvec v1.6.0
[INFO] [stderr]    Compiling synstructure v0.12.6
[INFO] [stderr]    Compiling secp256k1-sys v0.4.2
[INFO] [stderr]    Compiling libsecp256k1-gen-genmult v0.3.0
[INFO] [stderr]    Compiling libsecp256k1-gen-ecmult v0.3.0
[INFO] [stderr]    Compiling hmac v0.11.0
[INFO] [stderr]    Compiling hmac v0.8.1
[INFO] [stderr]    Compiling rand_chacha v0.3.1
[INFO] [stderr]    Compiling failure_derive v0.1.8
[INFO] [stderr]    Compiling unicode-width v0.1.10
[INFO] [stderr]    Compiling gimli v0.23.0
[INFO] [stderr]    Compiling adler v1.0.2
[INFO] [stderr]    Compiling rayon-core v1.10.2
[INFO] [stderr]    Compiling rand v0.8.5
[INFO] [stderr]    Compiling textwrap v0.11.0
[INFO] [stderr]    Compiling libsecp256k1 v0.7.1
[INFO] [stderr]    Compiling unicode-normalization v0.1.22
[INFO] [stderr]    Compiling crossbeam-deque v0.8.2
[INFO] [stderr]    Compiling rand_chacha v0.2.2
[INFO] [stderr]    Compiling ff v0.12.1
[INFO] [stderr]    Compiling crossbeam-channel v0.5.6
[INFO] [stderr]    Compiling cipher v0.3.0
[INFO] [stderr]    Compiling group v0.12.1
[INFO] [stderr]    Compiling num_cpus v1.15.0
[INFO] [stderr]    Compiling atty v0.2.14
[INFO] [stderr]    Compiling num-bigint v0.4.3
[INFO] [stderr]    Compiling bitflags v1.3.2
[INFO] [stderr]    Compiling vec_map v0.8.2
[INFO] [stderr]    Compiling rustc-hash v1.1.0
[INFO] [stderr]    Compiling base64ct v1.5.3
[INFO] [stderr]    Compiling ansi_term v0.12.1
[INFO] [stderr]    Compiling object v0.23.0
[INFO] [stderr]    Compiling once_cell v1.17.0
[INFO] [stderr]    Compiling log v0.4.17
[INFO] [stderr]    Compiling addr2line v0.14.1
[INFO] [stderr]    Compiling unicode-segmentation v1.10.1
[INFO] [stderr]    Compiling rustc-demangle v0.1.21
[INFO] [stderr]    Compiling strsim v0.8.0
[INFO] [stderr]    Compiling password-hash v0.2.3
[INFO] [stderr]    Compiling clap v2.34.0
[INFO] [stderr]    Compiling heck v0.3.3
[INFO] [stderr]    Compiling pairing v0.22.0
[INFO] [stderr]    Compiling salsa20 v0.8.1
[INFO] [stderr]    Compiling rand v0.7.3
[INFO] [stderr]    Compiling thiserror-impl v1.0.38
[INFO] [stderr]    Compiling data-encoding-macro-internal v0.1.10
[INFO] [stderr]    Compiling data-encoding-macro v0.1.12
[INFO] [stderr]    Compiling multibase v0.9.1
[INFO] [stderr]    Compiling zeroize_derive v1.3.3
[INFO] [stderr]    Compiling serde_tuple_macros v0.5.0
[INFO] [stderr]    Compiling backtrace v0.3.57
[INFO] [stderr]    Compiling serde_repr v0.1.10
[INFO] [stderr]    Compiling proc-macro-crate v1.1.3
[INFO] [stderr]    Compiling zeroize v1.5.7
[INFO] [stderr]    Compiling multihash-derive v0.8.1
[INFO] [stderr]    Compiling secp256k1 v0.20.3
[INFO] [stderr]    Compiling hmac-drbg v0.3.0
[INFO] [stderr]    Compiling pbkdf2 v0.8.0
[INFO] [stderr]    Compiling pbkdf2 v0.4.0
[INFO] [stderr]    Compiling hmac v0.12.1
[INFO] [stderr]    Compiling num-bigint v0.2.6
[INFO] [stderr]    Compiling either v1.8.1
[INFO] [stderr]    Compiling bech32 v0.7.3
[INFO] [stderr]    Compiling lazy_static v1.4.0
[INFO] [stderr]    Compiling base64 v0.13.1
[INFO] [stderr]    Compiling bitcoin_hashes v0.9.7
[INFO] [stderr]    Compiling serde_json v1.0.91
[INFO] [stderr]    Compiling rayon v1.6.1
[INFO] [stderr]    Compiling failure v0.1.8
[INFO] [stderr]    Compiling tiny-bip39 v0.8.2
[INFO] [stderr]    Compiling scrypt v0.7.0
[INFO] [stderr]    Compiling structopt-derive v0.4.18
[INFO] [stderr]    Compiling num-derive v0.3.3
[INFO] [stderr]    Compiling bls12_381 v0.7.0
[INFO] [stderr]    Compiling hkdf v0.11.0
[INFO] [stderr]    Compiling rand_jitter v0.3.0
[INFO] [stderr]    Compiling pbkdf2 v0.11.0
[INFO] [stderr]    Compiling rand_hc v0.3.1
[INFO] [stderr]    Compiling ryu v1.0.12
[INFO] [stderr]    Compiling hex v0.4.3
[INFO] [stderr]    Compiling byteorder v1.4.3
[INFO] [stderr]    Compiling itoa v1.0.5
[INFO] [stderr]    Compiling bls-signatures v0.13.0
[INFO] [stderr]    Compiling tiny-bip39 v1.0.0
[INFO] [stderr]    Compiling structopt v0.3.26
[INFO] [stderr]    Compiling hkdf v0.12.3
[INFO] [stderr]    Compiling bitcoin v0.26.2
[INFO] [stderr]    Compiling serde-big-array v0.3.3
[INFO] [stderr]    Compiling serde_bytes v0.11.8
[INFO] [stderr]    Compiling cbor4ii v0.2.14
[INFO] [stderr]    Compiling cs_serde_bytes v0.12.2
[INFO] [stderr]    Compiling serde_tuple v0.5.0
[INFO] [stderr]    Compiling multihash v0.16.3
[INFO] [stderr]    Compiling cid v0.8.6
[INFO] [stderr]    Compiling fvm_ipld_blockstore v0.1.1
[INFO] [stderr]    Compiling serde_ipld_dagcbor v0.2.2
[INFO] [stderr]    Compiling fvm_ipld_encoding v0.2.3
[INFO] [stderr]    Compiling fvm_shared v2.0.0
[INFO] [stderr]    Compiling crypto-wallet-gen v2.3.0 (/opt/rustwide/workdir/crypto-wallet-gen)
[INFO] [stderr]    Compiling fil-wallet v0.1.0 (/opt/rustwide/workdir)
[INFO] [stderr]     Finished dev [unoptimized + debuginfo] target(s) in 34.67s
[INFO] running `Command { std: "docker" "inspect" "493d64628a3c8e2cc4f92cbd48a200940a719fad20ec141428ea9e2bce5f5fbc", kill_on_drop: false }`
[INFO] running `Command { std: "docker" "rm" "-f" "493d64628a3c8e2cc4f92cbd48a200940a719fad20ec141428ea9e2bce5f5fbc", kill_on_drop: false }`
[INFO] [stdout] 493d64628a3c8e2cc4f92cbd48a200940a719fad20ec141428ea9e2bce5f5fbc
[INFO] running `Command { std: "docker" "create" "-v" "/var/lib/crater-agent-workspace/builds/worker-0-tc1/target:/opt/rustwide/target:rw,Z" "-v" "/var/lib/crater-agent-workspace/builds/worker-0-tc1/source:/opt/rustwide/workdir:ro,Z" "-v" "/var/lib/crater-agent-workspace/cargo-home:/opt/rustwide/cargo-home:ro,Z" "-v" "/var/lib/crater-agent-workspace/rustup-home:/opt/rustwide/rustup-home:ro,Z" "-e" "SOURCE_DIR=/opt/rustwide/workdir" "-e" "CARGO_TARGET_DIR=/opt/rustwide/target" "-e" "CARGO_INCREMENTAL=0" "-e" "RUST_BACKTRACE=full" "-e" "RUSTFLAGS=--cap-lints=warn" "-e" "RUSTDOCFLAGS=--cap-lints=warn" "-e" "CARGO_HOME=/opt/rustwide/cargo-home" "-e" "RUSTUP_HOME=/opt/rustwide/rustup-home" "-w" "/opt/rustwide/workdir" "-m" "1610612736" "--user" "0:0" "--network" "none" "ghcr.io/rust-lang/crates-build-env/linux@sha256:2788e3201cd34a07e3172128adcd8b3090168a8e3bcc40d7c032b9dda1df7d1c" "/opt/rustwide/cargo-home/bin/cargo" "+1.75.0" "test" "--frozen" "--no-run" "--message-format=json", kill_on_drop: false }`
[INFO] [stdout] 802e8e1866466a4fc359c02b51819bbf964e426c04b22596d73f32624f6e8be4
[INFO] running `Command { std: "docker" "start" "-a" "802e8e1866466a4fc359c02b51819bbf964e426c04b22596d73f32624f6e8be4", kill_on_drop: false }`
[INFO] [stderr] warning: profiles for the non root package will be ignored, specify profiles at the workspace root:
[INFO] [stderr] package:   /opt/rustwide/workdir/crypto-wallet-gen/Cargo.toml
[INFO] [stderr] workspace: /opt/rustwide/workdir/Cargo.toml
[INFO] [stderr]    Compiling fil-wallet v0.1.0 (/opt/rustwide/workdir)
[INFO] [stderr]     Finished test [unoptimized + debuginfo] target(s) in 2.53s
[INFO] running `Command { std: "docker" "inspect" "802e8e1866466a4fc359c02b51819bbf964e426c04b22596d73f32624f6e8be4", kill_on_drop: false }`
[INFO] running `Command { std: "docker" "rm" "-f" "802e8e1866466a4fc359c02b51819bbf964e426c04b22596d73f32624f6e8be4", kill_on_drop: false }`
[INFO] [stdout] 802e8e1866466a4fc359c02b51819bbf964e426c04b22596d73f32624f6e8be4
[INFO] running `Command { std: "docker" "create" "-v" "/var/lib/crater-agent-workspace/builds/worker-0-tc1/target:/opt/rustwide/target:rw,Z" "-v" "/var/lib/crater-agent-workspace/builds/worker-0-tc1/source:/opt/rustwide/workdir:ro,Z" "-v" "/var/lib/crater-agent-workspace/cargo-home:/opt/rustwide/cargo-home:ro,Z" "-v" "/var/lib/crater-agent-workspace/rustup-home:/opt/rustwide/rustup-home:ro,Z" "-e" "SOURCE_DIR=/opt/rustwide/workdir" "-e" "CARGO_TARGET_DIR=/opt/rustwide/target" "-e" "CARGO_INCREMENTAL=0" "-e" "RUST_BACKTRACE=full" "-e" "RUSTFLAGS=--cap-lints=warn" "-e" "RUSTDOCFLAGS=--cap-lints=warn" "-e" "CARGO_HOME=/opt/rustwide/cargo-home" "-e" "RUSTUP_HOME=/opt/rustwide/rustup-home" "-w" "/opt/rustwide/workdir" "-m" "1610612736" "--user" "0:0" "--network" "none" "ghcr.io/rust-lang/crates-build-env/linux@sha256:2788e3201cd34a07e3172128adcd8b3090168a8e3bcc40d7c032b9dda1df7d1c" "/opt/rustwide/cargo-home/bin/cargo" "+1.75.0" "test" "--frozen", kill_on_drop: false }`
[INFO] [stdout] cca554f944b56fb657c17d5d1c488ee598de4a5536fe2693792bf943ae542f70
[INFO] running `Command { std: "docker" "start" "-a" "cca554f944b56fb657c17d5d1c488ee598de4a5536fe2693792bf943ae542f70", kill_on_drop: false }`
[INFO] [stderr] warning: profiles for the non root package will be ignored, specify profiles at the workspace root:
[INFO] [stderr] package:   /opt/rustwide/workdir/crypto-wallet-gen/Cargo.toml
[INFO] [stderr] workspace: /opt/rustwide/workdir/Cargo.toml
[INFO] [stderr]     Finished test [unoptimized + debuginfo] target(s) in 0.14s
[INFO] [stderr]      Running unittests src/lib.rs (/opt/rustwide/target/debug/deps/fil_wallet-d983fd4003b7a758)
[INFO] [stdout] 
[INFO] [stdout] running 10 tests
[INFO] [stdout] test multisig::approve::test_multisig_approve_params ... ok
[INFO] [stdout] test models::account::test::test_account_import_export1 ... ok
[INFO] [stdout] test multisig::propose::test_multisig_propose_params ... ok
[INFO] [stdout] test message::test_get_message_cid ... ok
[INFO] [stdout] test models::account::test::test_account_import_export2 ... ok
[INFO] [stdout] test test_strinl ... ok
[INFO] [stdout] test models::account::test::test_account_import_export ... ok
[INFO] [stdout] test helpers::mnemonic::test_derive_master_key ... ok
[INFO] [stdout] test models::mnemonic::test_generate_account_from_phrase ... ok
[INFO] [stdout] test models::mnemonic::test_generate_account ... ok
[INFO] [stdout] 
[INFO] [stdout] test result: ok. 10 passed; 0 failed; 0 ignored; 0 measured; 0 filtered out; finished in 0.50s
[INFO] [stdout] 
[INFO] [stderr]      Running unittests src/main.rs (/opt/rustwide/target/debug/deps/fil_wallet-fc4993fa011f63a3)
[INFO] [stdout] 
[INFO] [stdout] running 3 tests
[INFO] [stdout] test test_new_wallet ... ok
[INFO] [stdout] test test::test_multisig ... FAILED
[INFO] [stdout] test test_signature ... ok
[INFO] [stdout] 
[INFO] [stdout] failures:
[INFO] [stdout] 
[INFO] [stdout] ---- test::test_multisig stdout ----
[INFO] [stdout] thread 'test::test_multisig' panicked at src/main.rs:70:9:
[INFO] [stdout] assertion `left == right` failed
[INFO] [stdout]   left: "gtgqWCcAAVWg5AIgvGYj9BUVHYVe+BQL2aZx7bXI23BqMGTsKceSrVLKtzNYnoSDWDEDhSwOVinCv/zALyBAterrIxZMiGVyyXgpHEAWBlYL+QD9U9HGRcoXJKYeuaOxo54ZWDEDhiDZ5UCLX5N7xhGdNz2DoIsC1qc3yE+v0QL7cOUMOXsIjpQsrkZRcQ6yVI2PHUswWDEDkf4Sufdd3gucMcTF3kIWASmJ5W8uN+RS6VNTVm8CT8lgJC0kamMV0LK5c6RvqrvAAgAA"
[INFO] [stdout]  right: "gtgqWCcAAVWg5AIg6F2cGD+2lq+Z0pt6/E2IyNdQLUa0W5IyFxwprs+72Y5YnoSDWDEDhSwOVinCv/zALyBAterrIxZMiGVyyXgpHEAWBlYL+QD9U9HGRcoXJKYeuaOxo54ZWDEDhiDZ5UCLX5N7xhGdNz2DoIsC1qc3yE+v0QL7cOUMOXsIjpQsrkZRcQ6yVI2PHUswWDEDkf4Sufdd3gucMcTF3kIWASmJ5W8uN+RS6VNTVm8CT8lgJC0kamMV0LK5c6RvqrvAAgAA"
[INFO] [stdout] stack backtrace:
[INFO] [stdout]    0:     0x564559da4f9c - std::backtrace_rs::backtrace::libunwind::trace::ha637c64ce894333a
[INFO] [stdout]                                at /rustc/82e1608dfa6e0b5569232559e3d385fea5a93112/library/std/src/../../backtrace/src/backtrace/libunwind.rs:104:5
[INFO] [stdout]    1:     0x564559da4f9c - std::backtrace_rs::backtrace::trace_unsynchronized::h47f62dea28e0c88d
[INFO] [stdout]                                at /rustc/82e1608dfa6e0b5569232559e3d385fea5a93112/library/std/src/../../backtrace/src/backtrace/mod.rs:66:5
[INFO] [stdout]    2:     0x564559da4f9c - std::sys_common::backtrace::_print_fmt::h9eef0abe20ede486
[INFO] [stdout]                                at /rustc/82e1608dfa6e0b5569232559e3d385fea5a93112/library/std/src/sys_common/backtrace.rs:67:5
[INFO] [stdout]    3:     0x564559da4f9c - <std::sys_common::backtrace::_print::DisplayBacktrace as core::fmt::Display>::fmt::hed7f999df88cc644
[INFO] [stdout]                                at /rustc/82e1608dfa6e0b5569232559e3d385fea5a93112/library/std/src/sys_common/backtrace.rs:44:22
[INFO] [stdout]    4:     0x564559dceed0 - core::fmt::rt::Argument::fmt::h1539a9308b8d058d
[INFO] [stdout]                                at /rustc/82e1608dfa6e0b5569232559e3d385fea5a93112/library/core/src/fmt/rt.rs:142:9
[INFO] [stdout]    5:     0x564559dceed0 - core::fmt::write::h3a39390d8560d9c9
[INFO] [stdout]                                at /rustc/82e1608dfa6e0b5569232559e3d385fea5a93112/library/core/src/fmt/mod.rs:1120:17
[INFO] [stdout]    6:     0x564559da294f - std::io::Write::write_fmt::h040b369f3a0f9cbc
[INFO] [stdout]                                at /rustc/82e1608dfa6e0b5569232559e3d385fea5a93112/library/std/src/io/mod.rs:1762:15
[INFO] [stdout]    7:     0x564559da4d84 - std::sys_common::backtrace::_print::h894006fb5c6f3d45
[INFO] [stdout]                                at /rustc/82e1608dfa6e0b5569232559e3d385fea5a93112/library/std/src/sys_common/backtrace.rs:47:5
[INFO] [stdout]    8:     0x564559da4d84 - std::sys_common::backtrace::print::h23a2d212c6fff936
[INFO] [stdout]                                at /rustc/82e1608dfa6e0b5569232559e3d385fea5a93112/library/std/src/sys_common/backtrace.rs:34:9
[INFO] [stdout]    9:     0x564559da6a47 - std::panicking::default_hook::{{closure}}::h8a1d2ee00185001a
[INFO] [stdout]   10:     0x564559da6733 - std::panicking::default_hook::h6038f2eba384e475
[INFO] [stdout]                                at /rustc/82e1608dfa6e0b5569232559e3d385fea5a93112/library/std/src/panicking.rs:289:9
[INFO] [stdout]   11:     0x564559bb2b77 - <alloc::boxed::Box<F,A> as core::ops::function::Fn<Args>>::call::h0ad024c9bdc6d768
[INFO] [stdout]                                at /rustc/82e1608dfa6e0b5569232559e3d385fea5a93112/library/alloc/src/boxed.rs:2021:9
[INFO] [stdout]   12:     0x564559bb2b77 - test::test_main::{{closure}}::h7500b54257359db6
[INFO] [stdout]                                at /rustc/82e1608dfa6e0b5569232559e3d385fea5a93112/library/test/src/lib.rs:138:21
[INFO] [stdout]   13:     0x564559da7058 - <alloc::boxed::Box<F,A> as core::ops::function::Fn<Args>>::call::h1f8f335eaa9cfaee
[INFO] [stdout]                                at /rustc/82e1608dfa6e0b5569232559e3d385fea5a93112/library/alloc/src/boxed.rs:2021:9
[INFO] [stdout]   14:     0x564559da7058 - std::panicking::rust_panic_with_hook::h2b5517d590cab22e
[INFO] [stdout]                                at /rustc/82e1608dfa6e0b5569232559e3d385fea5a93112/library/std/src/panicking.rs:783:13
[INFO] [stdout]   15:     0x564559da6dae - std::panicking::begin_panic_handler::{{closure}}::h233112c06e0ef43e
[INFO] [stdout]                                at /rustc/82e1608dfa6e0b5569232559e3d385fea5a93112/library/std/src/panicking.rs:657:13
[INFO] [stdout]   16:     0x564559da5466 - std::sys_common::backtrace::__rust_end_short_backtrace::h6e893f24d7ebbff8
[INFO] [stdout]                                at /rustc/82e1608dfa6e0b5569232559e3d385fea5a93112/library/std/src/sys_common/backtrace.rs:170:18
[INFO] [stdout]   17:     0x564559da6b12 - rust_begin_unwind
[INFO] [stdout]                                at /rustc/82e1608dfa6e0b5569232559e3d385fea5a93112/library/std/src/panicking.rs:645:5
[INFO] [stdout]   18:     0x564559b7d245 - core::panicking::panic_fmt::hbf0e066aabfa482c
[INFO] [stdout]                                at /rustc/82e1608dfa6e0b5569232559e3d385fea5a93112/library/core/src/panicking.rs:72:14
[INFO] [stdout]   19:     0x564559b7d65b - core::panicking::assert_failed_inner::h0bba8b7c26ee4492
[INFO] [stdout]   20:     0x564559b7e152 - core::panicking::assert_failed::h7e97ca79870277ca
[INFO] [stdout]                                at /rustc/82e1608dfa6e0b5569232559e3d385fea5a93112/library/core/src/panicking.rs:279:5
[INFO] [stdout]   21:     0x564559b7f16b - fil_wallet::test::test_multisig::hdee4c28bbcd454a8
[INFO] [stdout]                                at /opt/rustwide/workdir/src/main.rs:70:9
[INFO] [stdout]   22:     0x564559b7eee7 - fil_wallet::test::test_multisig::{{closure}}::hd6334712ed23d8d2
[INFO] [stdout]                                at /opt/rustwide/workdir/src/main.rs:63:23
[INFO] [stdout]   23:     0x564559b7df26 - core::ops::function::FnOnce::call_once::hba8933b73125a1d0
[INFO] [stdout]                                at /rustc/82e1608dfa6e0b5569232559e3d385fea5a93112/library/core/src/ops/function.rs:250:5
[INFO] [stdout]   24:     0x564559bb81cf - core::ops::function::FnOnce::call_once::h2b5d431d5046312d
[INFO] [stdout]                                at /rustc/82e1608dfa6e0b5569232559e3d385fea5a93112/library/core/src/ops/function.rs:250:5
[INFO] [stdout]   25:     0x564559bb81cf - test::__rust_begin_short_backtrace::h7714669af176e207
[INFO] [stdout]                                at /rustc/82e1608dfa6e0b5569232559e3d385fea5a93112/library/test/src/lib.rs:628:18
[INFO] [stdout]   26:     0x564559bb71e5 - test::run_test_in_process::{{closure}}::h85218797dcbcec12
[INFO] [stdout]                                at /rustc/82e1608dfa6e0b5569232559e3d385fea5a93112/library/test/src/lib.rs:651:60
[INFO] [stdout]   27:     0x564559bb71e5 - <core::panic::unwind_safe::AssertUnwindSafe<F> as core::ops::function::FnOnce<()>>::call_once::h76c106ea31c14d7b
[INFO] [stdout]                                at /rustc/82e1608dfa6e0b5569232559e3d385fea5a93112/library/core/src/panic/unwind_safe.rs:272:9
[INFO] [stdout]   28:     0x564559bb71e5 - std::panicking::try::do_call::h3bd5d0f6620ee946
[INFO] [stdout]                                at /rustc/82e1608dfa6e0b5569232559e3d385fea5a93112/library/std/src/panicking.rs:552:40
[INFO] [stdout]   29:     0x564559bb71e5 - std::panicking::try::h232e535e4744fe31
[INFO] [stdout]                                at /rustc/82e1608dfa6e0b5569232559e3d385fea5a93112/library/std/src/panicking.rs:516:19
[INFO] [stdout]   30:     0x564559bb71e5 - std::panic::catch_unwind::h3ce3bd6ca8dbac68
[INFO] [stdout]                                at /rustc/82e1608dfa6e0b5569232559e3d385fea5a93112/library/std/src/panic.rs:142:14
[INFO] [stdout]   31:     0x564559bb71e5 - test::run_test_in_process::hc97b257c9621286a
[INFO] [stdout]                                at /rustc/82e1608dfa6e0b5569232559e3d385fea5a93112/library/test/src/lib.rs:651:27
[INFO] [stdout]   32:     0x564559bb71e5 - test::run_test::{{closure}}::h2aa798823a438d38
[INFO] [stdout]                                at /rustc/82e1608dfa6e0b5569232559e3d385fea5a93112/library/test/src/lib.rs:574:43
[INFO] [stdout]   33:     0x564559b7f4a6 - test::run_test::{{closure}}::h87d231c78fb59832
[INFO] [stdout]                                at /rustc/82e1608dfa6e0b5569232559e3d385fea5a93112/library/test/src/lib.rs:602:41
[INFO] [stdout]   34:     0x564559b7f4a6 - std::sys_common::backtrace::__rust_begin_short_backtrace::he6df152596625789
[INFO] [stdout]                                at /rustc/82e1608dfa6e0b5569232559e3d385fea5a93112/library/std/src/sys_common/backtrace.rs:154:18
[INFO] [stdout]   35:     0x564559b84557 - std::thread::Builder::spawn_unchecked_::{{closure}}::{{closure}}::ha94be15d1e0acf36
[INFO] [stdout]                                at /rustc/82e1608dfa6e0b5569232559e3d385fea5a93112/library/std/src/thread/mod.rs:529:17
[INFO] [stdout]   36:     0x564559b84557 - <core::panic::unwind_safe::AssertUnwindSafe<F> as core::ops::function::FnOnce<()>>::call_once::h9dc6bd6372f16606
[INFO] [stdout]                                at /rustc/82e1608dfa6e0b5569232559e3d385fea5a93112/library/core/src/panic/unwind_safe.rs:272:9
[INFO] [stdout]   37:     0x564559b84557 - std::panicking::try::do_call::h9057517f80303cd4
[INFO] [stdout]                                at /rustc/82e1608dfa6e0b5569232559e3d385fea5a93112/library/std/src/panicking.rs:552:40
[INFO] [stdout]   38:     0x564559b84557 - std::panicking::try::he3a30b11ee45340c
[INFO] [stdout]                                at /rustc/82e1608dfa6e0b5569232559e3d385fea5a93112/library/std/src/panicking.rs:516:19
[INFO] [stdout]   39:     0x564559b84557 - std::panic::catch_unwind::h410458cfd3528b8b
[INFO] [stdout]                                at /rustc/82e1608dfa6e0b5569232559e3d385fea5a93112/library/std/src/panic.rs:142:14
[INFO] [stdout]   40:     0x564559b84557 - std::thread::Builder::spawn_unchecked_::{{closure}}::h72ac3bdb567b737b
[INFO] [stdout]                                at /rustc/82e1608dfa6e0b5569232559e3d385fea5a93112/library/std/src/thread/mod.rs:528:30
[INFO] [stdout]   41:     0x564559b84557 - core::ops::function::FnOnce::call_once{{vtable.shim}}::h38f34da3654a8344
[INFO] [stdout]                                at /rustc/82e1608dfa6e0b5569232559e3d385fea5a93112/library/core/src/ops/function.rs:250:5
[INFO] [stdout]   42:     0x564559dabae5 - <alloc::boxed::Box<F,A> as core::ops::function::FnOnce<Args>>::call_once::hc7eafaff61e32df9
[INFO] [stdout]                                at /rustc/82e1608dfa6e0b5569232559e3d385fea5a93112/library/alloc/src/boxed.rs:2007:9
[INFO] [stdout]   43:     0x564559dabae5 - <alloc::boxed::Box<F,A> as core::ops::function::FnOnce<Args>>::call_once::h6ba4a5de48dd2304
[INFO] [stdout]                                at /rustc/82e1608dfa6e0b5569232559e3d385fea5a93112/library/alloc/src/boxed.rs:2007:9
[INFO] [stdout]   44:     0x564559dabae5 - std::sys::unix::thread::Thread::new::thread_start::he469335aef763e45
[INFO] [stdout]                                at /rustc/82e1608dfa6e0b5569232559e3d385fea5a93112/library/std/src/sys/unix/thread.rs:108:17
[INFO] [stdout]   45:     0x7f7261643ac3 - <unknown>
[INFO] [stdout]   46:     0x7f72616d4bf4 - __clone
[INFO] [stdout]   47:                0x0 - <unknown>
[INFO] [stdout] 
[INFO] [stdout] 
[INFO] [stdout] failures:
[INFO] [stdout]     test::test_multisig
[INFO] [stdout] 
[INFO] [stdout] test result: FAILED. 2 passed; 1 failed; 0 ignored; 0 measured; 0 filtered out; finished in 0.09s
[INFO] [stdout] 
[INFO] [stderr] error: test failed, to rerun pass `--bin fil-wallet`
[INFO] running `Command { std: "docker" "inspect" "cca554f944b56fb657c17d5d1c488ee598de4a5536fe2693792bf943ae542f70", kill_on_drop: false }`
[INFO] running `Command { std: "docker" "rm" "-f" "cca554f944b56fb657c17d5d1c488ee598de4a5536fe2693792bf943ae542f70", kill_on_drop: false }`
[INFO] [stdout] cca554f944b56fb657c17d5d1c488ee598de4a5536fe2693792bf943ae542f70
