[INFO] cloning repository https://github.com/hanbu97/aleoscan-backend
[INFO] running `Command { std: "git" "-c" "credential.helper=" "-c" "credential.helper=/workspace/cargo-home/bin/git-credential-null" "clone" "--bare" "https://github.com/hanbu97/aleoscan-backend" "/workspace/cache/git-repos/https%3A%2F%2Fgithub.com%2Fhanbu97%2Faleoscan-backend", kill_on_drop: false }`
[INFO] [stderr] Cloning into bare repository '/workspace/cache/git-repos/https%3A%2F%2Fgithub.com%2Fhanbu97%2Faleoscan-backend'...
[INFO] running `Command { std: "git" "rev-parse" "HEAD", kill_on_drop: false }`
[INFO] [stdout] d97e469a9d39cf4e15a7bc0f249a0ee1fee0c214
[INFO] testing hanbu97/aleoscan-backend against 1.75.0 for beta-1.76-1
[INFO] running `Command { std: "git" "clone" "/workspace/cache/git-repos/https%3A%2F%2Fgithub.com%2Fhanbu97%2Faleoscan-backend" "/workspace/builds/worker-0-tc1/source", kill_on_drop: false }`
[INFO] [stderr] Cloning into '/workspace/builds/worker-0-tc1/source'...
[INFO] [stderr] done.
[INFO] validating manifest of git repo https://github.com/hanbu97/aleoscan-backend on toolchain 1.75.0
[INFO] running `Command { std: CARGO_HOME="/workspace/cargo-home" RUSTUP_HOME="/workspace/rustup-home" "/workspace/cargo-home/bin/cargo" "+1.75.0" "metadata" "--manifest-path" "Cargo.toml" "--no-deps", kill_on_drop: false }`
[INFO] started tweaking git repo https://github.com/hanbu97/aleoscan-backend
[INFO] finished tweaking git repo https://github.com/hanbu97/aleoscan-backend
[INFO] tweaked toml for git repo https://github.com/hanbu97/aleoscan-backend written to /workspace/builds/worker-0-tc1/source/Cargo.toml
[INFO] crate git repo https://github.com/hanbu97/aleoscan-backend already has a lockfile, it will not be regenerated
[INFO] running `Command { std: CARGO_HOME="/workspace/cargo-home" RUSTUP_HOME="/workspace/rustup-home" "/workspace/cargo-home/bin/cargo" "+1.75.0" "fetch" "--manifest-path" "Cargo.toml", kill_on_drop: false }`
[INFO] [stderr]     Updating crates.io index
[INFO] [stderr]  Downloading crates ...
[INFO] [stderr]   Downloaded savefile v0.11.0
[INFO] [stderr]   Downloaded savefile-derive v0.11.0
[INFO] running `Command { std: "docker" "create" "-v" "/var/lib/crater-agent-workspace/builds/worker-0-tc1/target:/opt/rustwide/target:rw,Z" "-v" "/var/lib/crater-agent-workspace/builds/worker-0-tc1/source:/opt/rustwide/workdir:ro,Z" "-v" "/var/lib/crater-agent-workspace/cargo-home:/opt/rustwide/cargo-home:ro,Z" "-v" "/var/lib/crater-agent-workspace/rustup-home:/opt/rustwide/rustup-home:ro,Z" "-e" "SOURCE_DIR=/opt/rustwide/workdir" "-e" "CARGO_TARGET_DIR=/opt/rustwide/target" "-e" "CARGO_HOME=/opt/rustwide/cargo-home" "-e" "RUSTUP_HOME=/opt/rustwide/rustup-home" "-w" "/opt/rustwide/workdir" "-m" "1610612736" "--user" "0:0" "--network" "none" "ghcr.io/rust-lang/crates-build-env/linux@sha256:2788e3201cd34a07e3172128adcd8b3090168a8e3bcc40d7c032b9dda1df7d1c" "/opt/rustwide/cargo-home/bin/cargo" "+1.75.0" "metadata" "--no-deps" "--format-version=1", kill_on_drop: false }`
[INFO] [stdout] 453d12262b2bd4ad5b974075bcd514e941497548497e180cb21abc0c6a264755
[INFO] running `Command { std: "docker" "start" "-a" "453d12262b2bd4ad5b974075bcd514e941497548497e180cb21abc0c6a264755", kill_on_drop: false }`
[INFO] running `Command { std: "docker" "inspect" "453d12262b2bd4ad5b974075bcd514e941497548497e180cb21abc0c6a264755", kill_on_drop: false }`
[INFO] running `Command { std: "docker" "rm" "-f" "453d12262b2bd4ad5b974075bcd514e941497548497e180cb21abc0c6a264755", kill_on_drop: false }`
[INFO] [stdout] 453d12262b2bd4ad5b974075bcd514e941497548497e180cb21abc0c6a264755
[INFO] running `Command { std: "docker" "create" "-v" "/var/lib/crater-agent-workspace/builds/worker-0-tc1/target:/opt/rustwide/target:rw,Z" "-v" "/var/lib/crater-agent-workspace/builds/worker-0-tc1/source:/opt/rustwide/workdir:ro,Z" "-v" "/var/lib/crater-agent-workspace/cargo-home:/opt/rustwide/cargo-home:ro,Z" "-v" "/var/lib/crater-agent-workspace/rustup-home:/opt/rustwide/rustup-home:ro,Z" "-e" "SOURCE_DIR=/opt/rustwide/workdir" "-e" "CARGO_TARGET_DIR=/opt/rustwide/target" "-e" "CARGO_INCREMENTAL=0" "-e" "RUST_BACKTRACE=full" "-e" "RUSTFLAGS=--cap-lints=warn" "-e" "RUSTDOCFLAGS=--cap-lints=warn" "-e" "CARGO_HOME=/opt/rustwide/cargo-home" "-e" "RUSTUP_HOME=/opt/rustwide/rustup-home" "-w" "/opt/rustwide/workdir" "-m" "1610612736" "--user" "0:0" "--network" "none" "ghcr.io/rust-lang/crates-build-env/linux@sha256:2788e3201cd34a07e3172128adcd8b3090168a8e3bcc40d7c032b9dda1df7d1c" "/opt/rustwide/cargo-home/bin/cargo" "+1.75.0" "build" "--frozen" "--message-format=json", kill_on_drop: false }`
[INFO] [stdout] a232d61f0a37d2468320d6a0c28f7e11adb6421d84f217ffc3c5e1e46a3761cc
[INFO] running `Command { std: "docker" "start" "-a" "a232d61f0a37d2468320d6a0c28f7e11adb6421d84f217ffc3c5e1e46a3761cc", kill_on_drop: false }`
[INFO] [stderr]    Compiling proc-macro2 v1.0.47
[INFO] [stderr]    Compiling unicode-ident v1.0.5
[INFO] [stderr]    Compiling quote v1.0.21
[INFO] [stderr]    Compiling syn v1.0.103
[INFO] [stderr]    Compiling libc v0.2.137
[INFO] [stderr]    Compiling once_cell v1.16.0
[INFO] [stderr]    Compiling value-bag v1.0.0-alpha.9
[INFO] [stderr]    Compiling pin-project-lite v0.2.9
[INFO] [stderr]    Compiling futures-core v0.3.25
[INFO] [stderr]    Compiling log v0.4.17
[INFO] [stderr]    Compiling memchr v2.5.0
[INFO] [stderr]    Compiling cc v1.0.74
[INFO] [stderr]    Compiling futures-io v0.3.25
[INFO] [stderr]    Compiling pkg-config v0.3.26
[INFO] [stderr]    Compiling typenum v1.15.0
[INFO] [stderr]    Compiling slab v0.4.7
[INFO] [stderr]    Compiling generic-array v0.14.6
[INFO] [stderr]    Compiling lock_api v0.4.9
[INFO] [stderr]    Compiling futures-sink v0.3.25
[INFO] [stderr]    Compiling bytes v1.2.1
[INFO] [stderr]    Compiling tracing-core v0.1.30
[INFO] [stderr]    Compiling socket2 v0.4.7
[INFO] [stderr]    Compiling pin-utils v0.1.0
[INFO] [stderr]    Compiling itoa v1.0.4
[INFO] [stderr]    Compiling futures-channel v0.3.25
[INFO] [stderr]    Compiling futures-task v0.3.25
[INFO] [stderr]    Compiling serde_derive v1.0.147
[INFO] [stderr]    Compiling openssl-sys v0.9.77
[INFO] [stderr]    Compiling serde v1.0.147
[INFO] [stderr]    Compiling parking_lot_core v0.9.4
[INFO] [stderr]    Compiling futures-util v0.3.25
[INFO] [stderr]    Compiling smallvec v1.10.0
[INFO] [stderr]    Compiling cache-padded v1.2.0
[INFO] [stderr]    Compiling fnv v1.0.7
[INFO] [stderr]    Compiling concurrent-queue v1.2.4
[INFO] [stderr]    Compiling http v0.2.8
[INFO] [stderr]    Compiling subtle v2.4.1
[INFO] [stderr]    Compiling percent-encoding v2.2.0
[INFO] [stderr]    Compiling parking v2.0.0
[INFO] [stderr]    Compiling fastrand v1.8.0
[INFO] [stderr]    Compiling waker-fn v1.1.0
[INFO] [stderr]    Compiling event-listener v2.5.3
[INFO] [stderr]    Compiling parking_lot v0.12.1
[INFO] [stderr]    Compiling futures-lite v1.12.0
[INFO] [stderr]    Compiling libz-sys v1.1.8
[INFO] [stderr]    Compiling libnghttp2-sys v0.1.7+1.45.0
[INFO] [stderr]    Compiling tokio v1.21.2
[INFO] [stderr]    Compiling opaque-debug v0.3.0
[INFO] [stderr]    Compiling num_cpus v1.13.1
[INFO] [stderr]    Compiling signal-hook-registry v1.4.0
[INFO] [stderr]    Compiling standback v0.2.17
[INFO] [stderr]    Compiling proc-macro-hack v0.5.19
[INFO] [stderr]    Compiling tinyvec_macros v0.1.0
[INFO] [stderr]    Compiling wasm-bindgen-shared v0.2.83
[INFO] [stderr]    Compiling tinyvec v1.6.0
[INFO] [stderr]    Compiling async-channel v1.7.1
[INFO] [stderr]    Compiling form_urlencoded v1.1.0
[INFO] [stderr]    Compiling cipher v0.2.5
[INFO] [stderr]    Compiling curl-sys v0.4.59+curl-7.86.0
[INFO] [stderr]    Compiling polling v2.4.0
[INFO] [stderr]    Compiling getrandom v0.1.16
[INFO] [stderr]    Compiling openssl-probe v0.1.5
[INFO] [stderr]    Compiling ppv-lite86 v0.2.16
[INFO] [stderr]    Compiling universal-hash v0.4.1
[INFO] [stderr]    Compiling digest v0.9.0
[INFO] [stderr]    Compiling getrandom v0.2.8
[INFO] [stderr]    Compiling unicode-normalization v0.1.22
[INFO] [stderr]    Compiling async-io v1.10.0
[INFO] [stderr]    Compiling unicode-bidi v0.3.8
[INFO] [stderr]    Compiling cpuid-bool v0.2.0
[INFO] [stderr]    Compiling async-task v4.3.0
[INFO] [stderr]    Compiling serde_json v1.0.87
[INFO] [stderr]    Compiling const_fn v0.4.9
[INFO] [stderr]    Compiling crossbeam-utils v0.8.12
[INFO] [stderr]    Compiling ryu v1.0.11
[INFO] [stderr]    Compiling bumpalo v3.11.1
[INFO] [stderr]    Compiling idna v0.3.0
[INFO] [stderr]    Compiling wasm-bindgen-backend v0.2.83
[INFO] [stderr]    Compiling polyval v0.4.5
[INFO] [stderr]    Compiling rand_core v0.6.4
[INFO] [stderr]    Compiling aes-soft v0.6.4
[INFO] [stderr]    Compiling async-lock v2.6.0
[INFO] [stderr]    Compiling crypto-mac v0.10.1
[INFO] [stderr]    Compiling unicase v2.6.0
[INFO] [stderr]    Compiling time v0.2.27
[INFO] [stderr]    Compiling tower-service v0.3.2
[INFO] [stderr]    Compiling thiserror v1.0.37
[INFO] [stderr]    Compiling async-trait v0.1.58
[INFO] [stderr]    Compiling atomic-waker v1.0.0
[INFO] [stderr]    Compiling blocking v1.2.0
[INFO] [stderr]    Compiling wasm-bindgen-macro-support v0.2.83
[INFO] [stderr]    Compiling aes v0.6.0
[INFO] [stderr]    Compiling hmac v0.10.1
[INFO] [stderr]    Compiling rand_chacha v0.3.1
[INFO] [stderr]    Compiling rand_core v0.5.1
[INFO] [stderr]    Compiling ghash v0.3.1
[INFO] [stderr]    Compiling async-executor v1.4.1
[INFO] [stderr]    Compiling ctr v0.6.0
[INFO] [stderr]    Compiling http-body v0.4.5
[INFO] [stderr]    Compiling aead v0.3.2
[INFO] [stderr]    Compiling block-buffer v0.9.0
[INFO] [stderr]    Compiling cookie v0.14.4
[INFO] [stderr]    Compiling base64 v0.13.1
[INFO] [stderr]    Compiling curl v0.4.44
[INFO] [stderr]    Compiling foreign-types-shared v0.1.1
[INFO] [stderr]    Compiling wasm-bindgen v0.2.83
[INFO] [stderr]    Compiling cpufeatures v0.2.5
[INFO] [stderr]    Compiling mime v0.3.16
[INFO] [stderr]    Compiling openssl v0.10.42
[INFO] [stderr]    Compiling httparse v1.8.0
[INFO] [stderr]    Compiling anyhow v1.0.66
[INFO] [stderr]    Compiling sha2 v0.9.9
[INFO] [stderr]    Compiling foreign-types v0.3.2
[INFO] [stderr]    Compiling aes-gcm v0.8.0
[INFO] [stderr]    Compiling rand v0.8.5
[INFO] [stderr]    Compiling rand_chacha v0.2.2
[INFO] [stderr]    Compiling hkdf v0.10.0
[INFO] [stderr]    Compiling spinning_top v0.2.4
[INFO] [stderr]    Compiling http-types v2.12.0
[INFO] [stderr]    Compiling native-tls v0.2.11
[INFO] [stderr]    Compiling isahc v0.9.14
[INFO] [stderr]    Compiling try-lock v0.2.3
[INFO] [stderr]    Compiling semver-parser v0.7.0
[INFO] [stderr]    Compiling ctor v0.1.26
[INFO] [stderr]    Compiling tracing-attributes v0.1.23
[INFO] [stderr]    Compiling futures-macro v0.3.25
[INFO] [stderr]    Compiling tokio-macros v1.8.0
[INFO] [stderr]    Compiling pin-project-internal v1.0.12
[INFO] [stderr]    Compiling time-macros-impl v0.1.2
[INFO] [stderr]    Compiling thiserror-impl v1.0.37
[INFO] [stderr]    Compiling time-macros v0.1.1
[INFO] [stderr]    Compiling mio v0.8.5
[INFO] [stderr]    Compiling tracing v0.1.37
[INFO] [stderr]    Compiling pin-project v1.0.12
[INFO] [stderr]    Compiling kv-log-macro v1.0.7
[INFO] [stderr]    Compiling wasm-bindgen-macro v0.2.83
[INFO] [stderr]    Compiling openssl-macros v0.1.0
[INFO] [stderr]    Compiling encoding_rs v0.8.31
[INFO] [stderr]    Compiling tracing-futures v0.2.5
[INFO] [stderr]    Compiling want v0.3.0
[INFO] [stderr]    Compiling async-global-executor v2.3.1
[INFO] [stderr]    Compiling async-std v1.12.0
[INFO] [stderr]    Compiling semver v0.9.0
[INFO] [stderr]    Compiling mime_guess v2.0.4
[INFO] [stderr]    Compiling flume v0.9.2
[INFO] [stderr]    Compiling rand v0.7.3
[INFO] [stderr]    Compiling sluice v0.5.5
[INFO] [stderr]    Compiling num-traits v0.2.15
[INFO] [stderr]    Compiling httpdate v1.0.2
[INFO] [stderr]    Compiling tower-layer v0.3.2
[INFO] [stderr]    Compiling infer v0.2.3
[INFO] [stderr]    Compiling regex-syntax v0.6.27
[INFO] [stderr]    Compiling bytes v0.5.6
[INFO] [stderr]    Compiling rustc_version v0.2.3
[INFO] [stderr]    Compiling tokio-util v0.7.4
[INFO] [stderr]    Compiling js-sys v0.3.60
[INFO] [stderr]    Compiling h2 v0.3.15
[INFO] [stderr]    Compiling url v2.3.1
[INFO] [stderr]    Compiling serde_urlencoded v0.7.1
[INFO] [stderr]    Compiling serde_qs v0.8.5
[INFO] [stderr]    Compiling num-integer v0.1.45
[INFO] [stderr]    Compiling web-sys v0.3.60
[INFO] [stderr]    Compiling tokio-native-tls v0.3.0
[INFO] [stderr]    Compiling regex-automata v0.1.10
[INFO] [stderr]    Compiling savefile v0.11.0
[INFO] [stderr]    Compiling tower v0.4.13
[INFO] [stderr]    Compiling futures-executor v0.3.25
[INFO] [stderr]    Compiling http-range-header v0.3.0
[INFO] [stderr]    Compiling http-client v6.5.3
[INFO] [stderr]    Compiling bit-vec v0.6.3
[INFO] [stderr]    Compiling overload v0.1.1
[INFO] [stderr]    Compiling bit-set v0.5.3
[INFO] [stderr]    Compiling nu-ansi-term v0.46.0
[INFO] [stderr]    Compiling surf v2.3.2
[INFO] [stderr]    Compiling tower-http v0.3.4
[INFO] [stderr]    Compiling matchers v0.1.0
[INFO] [stderr]    Compiling futures v0.3.25
[INFO] [stderr]    Compiling sharded-slab v0.1.4
[INFO] [stderr]    Compiling tracing-log v0.1.3
[INFO] [stderr]    Compiling hyper v0.14.22
[INFO] [stderr]    Compiling regex v1.6.0
[INFO] [stderr]    Compiling axum-core v0.2.9
[INFO] [stderr]    Compiling time v0.1.44
[INFO] [stderr]    Compiling thread_local v1.1.4
[INFO] [stderr]    Compiling matchit v0.5.0
[INFO] [stderr]    Compiling iana-time-zone v0.1.53
[INFO] [stderr]    Compiling byteorder v1.4.3
[INFO] [stderr]    Compiling arrayvec v0.7.2
[INFO] [stderr]    Compiling ipnet v2.5.0
[INFO] [stderr]    Compiling sync_wrapper v0.1.1
[INFO] [stderr]    Compiling chrono v0.4.22
[INFO] [stderr]    Compiling tracing-subscriber v0.3.16
[INFO] [stderr]    Compiling ipgeolocate v0.3.5
[INFO] [stderr]    Compiling savefile-derive v0.11.0
[INFO] [stderr]    Compiling dotenv v0.15.0
[INFO] [stderr]    Compiling hyper-tls v0.5.0
[INFO] [stderr]    Compiling axum v0.5.17
[INFO] [stderr]    Compiling reqwest v0.11.12
[INFO] [stderr]    Compiling aleoscan-backend v0.1.0 (/opt/rustwide/workdir)
[INFO] [stderr]     Finished dev [unoptimized + debuginfo] target(s) in 1m 02s
[INFO] running `Command { std: "docker" "inspect" "a232d61f0a37d2468320d6a0c28f7e11adb6421d84f217ffc3c5e1e46a3761cc", kill_on_drop: false }`
[INFO] running `Command { std: "docker" "rm" "-f" "a232d61f0a37d2468320d6a0c28f7e11adb6421d84f217ffc3c5e1e46a3761cc", kill_on_drop: false }`
[INFO] [stdout] a232d61f0a37d2468320d6a0c28f7e11adb6421d84f217ffc3c5e1e46a3761cc
[INFO] running `Command { std: "docker" "create" "-v" "/var/lib/crater-agent-workspace/builds/worker-0-tc1/target:/opt/rustwide/target:rw,Z" "-v" "/var/lib/crater-agent-workspace/builds/worker-0-tc1/source:/opt/rustwide/workdir:ro,Z" "-v" "/var/lib/crater-agent-workspace/cargo-home:/opt/rustwide/cargo-home:ro,Z" "-v" "/var/lib/crater-agent-workspace/rustup-home:/opt/rustwide/rustup-home:ro,Z" "-e" "SOURCE_DIR=/opt/rustwide/workdir" "-e" "CARGO_TARGET_DIR=/opt/rustwide/target" "-e" "CARGO_INCREMENTAL=0" "-e" "RUST_BACKTRACE=full" "-e" "RUSTFLAGS=--cap-lints=warn" "-e" "RUSTDOCFLAGS=--cap-lints=warn" "-e" "CARGO_HOME=/opt/rustwide/cargo-home" "-e" "RUSTUP_HOME=/opt/rustwide/rustup-home" "-w" "/opt/rustwide/workdir" "-m" "1610612736" "--user" "0:0" "--network" "none" "ghcr.io/rust-lang/crates-build-env/linux@sha256:2788e3201cd34a07e3172128adcd8b3090168a8e3bcc40d7c032b9dda1df7d1c" "/opt/rustwide/cargo-home/bin/cargo" "+1.75.0" "test" "--frozen" "--no-run" "--message-format=json", kill_on_drop: false }`
[INFO] [stdout] 9bcf3b4560b721c913952f1b02171ff9982673643e2e7c7629d2dc372cd8bb32
[INFO] running `Command { std: "docker" "start" "-a" "9bcf3b4560b721c913952f1b02171ff9982673643e2e7c7629d2dc372cd8bb32", kill_on_drop: false }`
[INFO] [stderr]    Compiling aleoscan-backend v0.1.0 (/opt/rustwide/workdir)
[INFO] [stderr]     Finished test [unoptimized + debuginfo] target(s) in 5.00s
[INFO] running `Command { std: "docker" "inspect" "9bcf3b4560b721c913952f1b02171ff9982673643e2e7c7629d2dc372cd8bb32", kill_on_drop: false }`
[INFO] running `Command { std: "docker" "rm" "-f" "9bcf3b4560b721c913952f1b02171ff9982673643e2e7c7629d2dc372cd8bb32", kill_on_drop: false }`
[INFO] [stdout] 9bcf3b4560b721c913952f1b02171ff9982673643e2e7c7629d2dc372cd8bb32
[INFO] running `Command { std: "docker" "create" "-v" "/var/lib/crater-agent-workspace/builds/worker-0-tc1/target:/opt/rustwide/target:rw,Z" "-v" "/var/lib/crater-agent-workspace/builds/worker-0-tc1/source:/opt/rustwide/workdir:ro,Z" "-v" "/var/lib/crater-agent-workspace/cargo-home:/opt/rustwide/cargo-home:ro,Z" "-v" "/var/lib/crater-agent-workspace/rustup-home:/opt/rustwide/rustup-home:ro,Z" "-e" "SOURCE_DIR=/opt/rustwide/workdir" "-e" "CARGO_TARGET_DIR=/opt/rustwide/target" "-e" "CARGO_INCREMENTAL=0" "-e" "RUST_BACKTRACE=full" "-e" "RUSTFLAGS=--cap-lints=warn" "-e" "RUSTDOCFLAGS=--cap-lints=warn" "-e" "CARGO_HOME=/opt/rustwide/cargo-home" "-e" "RUSTUP_HOME=/opt/rustwide/rustup-home" "-w" "/opt/rustwide/workdir" "-m" "1610612736" "--user" "0:0" "--network" "none" "ghcr.io/rust-lang/crates-build-env/linux@sha256:2788e3201cd34a07e3172128adcd8b3090168a8e3bcc40d7c032b9dda1df7d1c" "/opt/rustwide/cargo-home/bin/cargo" "+1.75.0" "test" "--frozen", kill_on_drop: false }`
[INFO] [stdout] 72da9376e26efd09f907623d7a9433b3ab5c7fbf0ac0904ed2ec9605629a5fd3
[INFO] running `Command { std: "docker" "start" "-a" "72da9376e26efd09f907623d7a9433b3ab5c7fbf0ac0904ed2ec9605629a5fd3", kill_on_drop: false }`
[INFO] [stderr]     Finished test [unoptimized + debuginfo] target(s) in 0.21s
[INFO] [stderr]      Running unittests src/main.rs (/opt/rustwide/target/debug/deps/aleoscan_backend-911172240178d1bf)
[INFO] [stdout] 
[INFO] [stdout] running 1 test
[INFO] [stdout] test test_get_ips_from_rpc ... FAILED
[INFO] [stderr] error: test failed, to rerun pass `--bin aleoscan-backend`
[INFO] [stdout] 
[INFO] [stdout] failures:
[INFO] [stdout] 
[INFO] [stdout] ---- test_get_ips_from_rpc stdout ----
[INFO] [stdout] Error: error sending request for url (https://vm.aleo.org/api/testnet3/peers/all): error trying to connect: dns error: failed to lookup address information: Temporary failure in name resolution
[INFO] [stdout] 
[INFO] [stdout] Caused by:
[INFO] [stdout]     0: error trying to connect: dns error: failed to lookup address information: Temporary failure in name resolution
[INFO] [stdout]     1: dns error: failed to lookup address information: Temporary failure in name resolution
[INFO] [stdout]     2: failed to lookup address information: Temporary failure in name resolution
[INFO] [stdout] 
[INFO] [stdout] 
[INFO] [stdout] failures:
[INFO] [stdout]     test_get_ips_from_rpc
[INFO] [stdout] 
[INFO] [stdout] test result: FAILED. 0 passed; 1 failed; 0 ignored; 0 measured; 0 filtered out; finished in 0.09s
[INFO] [stdout] 
[INFO] running `Command { std: "docker" "inspect" "72da9376e26efd09f907623d7a9433b3ab5c7fbf0ac0904ed2ec9605629a5fd3", kill_on_drop: false }`
[INFO] running `Command { std: "docker" "rm" "-f" "72da9376e26efd09f907623d7a9433b3ab5c7fbf0ac0904ed2ec9605629a5fd3", kill_on_drop: false }`
[INFO] [stdout] 72da9376e26efd09f907623d7a9433b3ab5c7fbf0ac0904ed2ec9605629a5fd3
