[INFO] cloning repository https://github.com/hackmad/rocket-rest-api
[INFO] running `Command { std: "git" "-c" "credential.helper=" "-c" "credential.helper=/workspace/cargo-home/bin/git-credential-null" "clone" "--bare" "https://github.com/hackmad/rocket-rest-api" "/workspace/cache/git-repos/https%3A%2F%2Fgithub.com%2Fhackmad%2Frocket-rest-api", kill_on_drop: false }`
[INFO] [stderr] Cloning into bare repository '/workspace/cache/git-repos/https%3A%2F%2Fgithub.com%2Fhackmad%2Frocket-rest-api'...
[INFO] running `Command { std: "git" "rev-parse" "HEAD", kill_on_drop: false }`
[INFO] [stdout] ce1bb87b64b58f1f88fc16485220f82a56d4f99f
[INFO] testing hackmad/rocket-rest-api against 1.75.0 for beta-1.76-1
[INFO] running `Command { std: "git" "clone" "/workspace/cache/git-repos/https%3A%2F%2Fgithub.com%2Fhackmad%2Frocket-rest-api" "/workspace/builds/worker-3-tc1/source", kill_on_drop: false }`
[INFO] [stderr] Cloning into '/workspace/builds/worker-3-tc1/source'...
[INFO] [stderr] done.
[INFO] validating manifest of git repo https://github.com/hackmad/rocket-rest-api on toolchain 1.75.0
[INFO] running `Command { std: CARGO_HOME="/workspace/cargo-home" RUSTUP_HOME="/workspace/rustup-home" "/workspace/cargo-home/bin/cargo" "+1.75.0" "metadata" "--manifest-path" "Cargo.toml" "--no-deps", kill_on_drop: false }`
[INFO] removed /workspace/builds/worker-3-tc1/source/.cargo/config
[INFO] started tweaking git repo https://github.com/hackmad/rocket-rest-api
[INFO] finished tweaking git repo https://github.com/hackmad/rocket-rest-api
[INFO] tweaked toml for git repo https://github.com/hackmad/rocket-rest-api written to /workspace/builds/worker-3-tc1/source/Cargo.toml
[INFO] crate git repo https://github.com/hackmad/rocket-rest-api already has a lockfile, it will not be regenerated
[INFO] running `Command { std: CARGO_HOME="/workspace/cargo-home" RUSTUP_HOME="/workspace/rustup-home" "/workspace/cargo-home/bin/cargo" "+1.75.0" "fetch" "--manifest-path" "Cargo.toml", kill_on_drop: false }`
[INFO] running `Command { std: "docker" "create" "-v" "/var/lib/crater-agent-workspace/builds/worker-3-tc1/target:/opt/rustwide/target:rw,Z" "-v" "/var/lib/crater-agent-workspace/builds/worker-3-tc1/source:/opt/rustwide/workdir:ro,Z" "-v" "/var/lib/crater-agent-workspace/cargo-home:/opt/rustwide/cargo-home:ro,Z" "-v" "/var/lib/crater-agent-workspace/rustup-home:/opt/rustwide/rustup-home:ro,Z" "-e" "SOURCE_DIR=/opt/rustwide/workdir" "-e" "CARGO_TARGET_DIR=/opt/rustwide/target" "-e" "CARGO_HOME=/opt/rustwide/cargo-home" "-e" "RUSTUP_HOME=/opt/rustwide/rustup-home" "-w" "/opt/rustwide/workdir" "-m" "1610612736" "--user" "0:0" "--network" "none" "ghcr.io/rust-lang/crates-build-env/linux@sha256:2788e3201cd34a07e3172128adcd8b3090168a8e3bcc40d7c032b9dda1df7d1c" "/opt/rustwide/cargo-home/bin/cargo" "+1.75.0" "metadata" "--no-deps" "--format-version=1", kill_on_drop: false }`
[INFO] [stdout] be233aaa5b14d8af79cbf8348f95e80feac021caf40b42f32840484dc6b2e1ad
[INFO] running `Command { std: "docker" "start" "-a" "be233aaa5b14d8af79cbf8348f95e80feac021caf40b42f32840484dc6b2e1ad", kill_on_drop: false }`
[INFO] running `Command { std: "docker" "inspect" "be233aaa5b14d8af79cbf8348f95e80feac021caf40b42f32840484dc6b2e1ad", kill_on_drop: false }`
[INFO] running `Command { std: "docker" "rm" "-f" "be233aaa5b14d8af79cbf8348f95e80feac021caf40b42f32840484dc6b2e1ad", kill_on_drop: false }`
[INFO] [stdout] be233aaa5b14d8af79cbf8348f95e80feac021caf40b42f32840484dc6b2e1ad
[INFO] running `Command { std: "docker" "create" "-v" "/var/lib/crater-agent-workspace/builds/worker-3-tc1/target:/opt/rustwide/target:rw,Z" "-v" "/var/lib/crater-agent-workspace/builds/worker-3-tc1/source:/opt/rustwide/workdir:ro,Z" "-v" "/var/lib/crater-agent-workspace/cargo-home:/opt/rustwide/cargo-home:ro,Z" "-v" "/var/lib/crater-agent-workspace/rustup-home:/opt/rustwide/rustup-home:ro,Z" "-e" "SOURCE_DIR=/opt/rustwide/workdir" "-e" "CARGO_TARGET_DIR=/opt/rustwide/target" "-e" "CARGO_INCREMENTAL=0" "-e" "RUST_BACKTRACE=full" "-e" "RUSTFLAGS=--cap-lints=warn" "-e" "RUSTDOCFLAGS=--cap-lints=warn" "-e" "CARGO_HOME=/opt/rustwide/cargo-home" "-e" "RUSTUP_HOME=/opt/rustwide/rustup-home" "-w" "/opt/rustwide/workdir" "-m" "1610612736" "--user" "0:0" "--network" "none" "ghcr.io/rust-lang/crates-build-env/linux@sha256:2788e3201cd34a07e3172128adcd8b3090168a8e3bcc40d7c032b9dda1df7d1c" "/opt/rustwide/cargo-home/bin/cargo" "+1.75.0" "build" "--frozen" "--message-format=json", kill_on_drop: false }`
[INFO] [stdout] 53b8120388e5e058e5b99b79b03cd5afe805cef246c0435e9536b659a9ce52e9
[INFO] running `Command { std: "docker" "start" "-a" "53b8120388e5e058e5b99b79b03cd5afe805cef246c0435e9536b659a9ce52e9", kill_on_drop: false }`
[INFO] [stderr]    Compiling proc-macro2 v1.0.39
[INFO] [stderr]    Compiling unicode-ident v1.0.0
[INFO] [stderr]    Compiling syn v1.0.95
[INFO] [stderr]    Compiling libc v0.2.126
[INFO] [stderr]    Compiling autocfg v1.1.0
[INFO] [stderr]    Compiling typenum v1.14.0
[INFO] [stderr]    Compiling generic-array v0.14.4
[INFO] [stderr]    Compiling pin-project-lite v0.2.9
[INFO] [stderr]    Compiling memchr v2.4.1
[INFO] [stderr]    Compiling log v0.4.14
[INFO] [stderr]    Compiling once_cell v1.13.0
[INFO] [stderr]    Compiling futures-channel v0.3.21
[INFO] [stderr]    Compiling futures-core v0.3.21
[INFO] [stderr]    Compiling bytes v1.1.0
[INFO] [stderr]    Compiling serde_derive v1.0.138
[INFO] [stderr]    Compiling proc-macro2-diagnostics v0.9.1
[INFO] [stderr]    Compiling quote v1.0.9
[INFO] [stderr]    Compiling serde v1.0.138
[INFO] [stderr]    Compiling subtle v2.4.1
[INFO] [stderr]    Compiling itoa v1.0.2
[INFO] [stderr]    Compiling socket2 v0.4.4
[INFO] [stderr]    Compiling pin-utils v0.1.0
[INFO] [stderr]    Compiling yansi v0.5.0
[INFO] [stderr]    Compiling smallvec v1.6.1
[INFO] [stderr]    Compiling futures-sink v0.3.21
[INFO] [stderr]    Compiling cpufeatures v0.2.1
[INFO] [stderr]    Compiling fnv v1.0.7
[INFO] [stderr]    Compiling http v0.2.8
[INFO] [stderr]    Compiling signal-hook-registry v1.4.0
[INFO] [stderr]    Compiling mio v0.8.4
[INFO] [stderr]    Compiling num_cpus v1.13.0
[INFO] [stderr]    Compiling tracing-core v0.1.28
[INFO] [stderr]    Compiling httparse v1.7.1
[INFO] [stderr]    Compiling futures-task v0.3.21
[INFO] [stderr]    Compiling tracing v0.1.35
[INFO] [stderr]    Compiling getrandom v0.2.3
[INFO] [stderr]    Compiling lock_api v0.4.7
[INFO] [stderr]    Compiling block-buffer v0.10.2
[INFO] [stderr]    Compiling crypto-common v0.1.4
[INFO] [stderr]    Compiling cipher v0.3.0
[INFO] [stderr]    Compiling digest v0.10.3
[INFO] [stderr]    Compiling universal-hash v0.4.1
[INFO] [stderr]    Compiling try-lock v0.2.3
[INFO] [stderr]    Compiling hashbrown v0.11.2
[INFO] [stderr]    Compiling futures-util v0.3.21
[INFO] [stderr]    Compiling polyval v0.5.3
[INFO] [stderr]    Compiling rand_core v0.6.3
[INFO] [stderr]    Compiling ppv-lite86 v0.2.10
[INFO] [stderr]    Compiling futures-io v0.3.21
[INFO] [stderr]    Compiling slab v0.4.4
[INFO] [stderr]    Compiling bitflags v1.3.2
[INFO] [stderr]    Compiling ghash v0.4.4
[INFO] [stderr]    Compiling hmac v0.12.1
[INFO] [stderr]    Compiling aes v0.7.5
[INFO] [stderr]    Compiling ctr v0.8.0
[INFO] [stderr]    Compiling http-body v0.4.5
[INFO] [stderr]    Compiling aead v0.4.3
[INFO] [stderr]    Compiling rand_chacha v0.3.1
[INFO] [stderr]    Compiling indexmap v1.7.0
[INFO] [stderr]    Compiling cookie v0.16.0
[INFO] [stderr]    Compiling tower-service v0.3.2
[INFO] [stderr]    Compiling parking_lot_core v0.9.3
[INFO] [stderr]    Compiling time-macros v0.2.4
[INFO] [stderr]    Compiling parking_lot_core v0.8.5
[INFO] [stderr]    Compiling httpdate v1.0.2
[INFO] [stderr]    Compiling num_threads v0.1.6
[INFO] [stderr]    Compiling ref-cast v1.0.7
[INFO] [stderr]    Compiling inlinable_string v0.1.15
[INFO] [stderr]    Compiling aes-gcm v0.9.4
[INFO] [stderr]    Compiling rand v0.8.4
[INFO] [stderr]    Compiling hkdf v0.12.3
[INFO] [stderr]    Compiling sha2 v0.10.2
[INFO] [stderr]    Compiling instant v0.1.10
[INFO] [stderr]    Compiling uncased v0.9.7
[INFO] [stderr]    Compiling base64 v0.13.0
[INFO] [stderr]    Compiling tokio v1.19.2
[INFO] [stderr]    Compiling want v0.3.0
[INFO] [stderr]    Compiling stable-pattern v0.1.0
[INFO] [stderr]    Compiling either v1.7.0
[INFO] [stderr]    Compiling ryu v1.0.5
[INFO] [stderr]    Compiling state v0.5.3
[INFO] [stderr]    Compiling same-file v1.0.6
[INFO] [stderr]    Compiling time v0.3.11
[INFO] [stderr]    Compiling encoding_rs v0.8.31
[INFO] [stderr]    Compiling walkdir v2.3.2
[INFO] [stderr]    Compiling futures v0.3.21
[INFO] [stderr]    Compiling parking_lot v0.12.1
[INFO] [stderr]    Compiling parking_lot v0.11.2
[INFO] [stderr]    Compiling devise_core v0.3.1
[INFO] [stderr]    Compiling atomic v0.5.1
[INFO] [stderr]    Compiling multer v2.0.2
[INFO] [stderr]    Compiling figment v0.10.6
[INFO] [stderr]    Compiling async-trait v0.1.53
[INFO] [stderr]    Compiling pkg-config v0.3.25
[INFO] [stderr]    Compiling serde_json v1.0.82
[INFO] [stderr]    Compiling cc v1.0.70
[INFO] [stderr]    Compiling pq-sys v0.4.6
[INFO] [stderr]    Compiling scheduled-thread-pool v0.2.5
[INFO] [stderr]    Compiling hyper v0.14.19
[INFO] [stderr]    Compiling rocket v0.5.0-rc.2
[INFO] [stderr]    Compiling spin v0.9.3
[INFO] [stderr]    Compiling libsodium-sys v0.2.7
[INFO] [stderr]    Compiling glob v0.3.0
[INFO] [stderr]    Compiling remove_dir_all v0.5.3
[INFO] [stderr]    Compiling mime v0.3.16
[INFO] [stderr]    Compiling fastrand v1.7.0
[INFO] [stderr]    Compiling unicode-xid v0.2.3
[INFO] [stderr]    Compiling tempfile v3.3.0
[INFO] [stderr]    Compiling r2d2 v0.8.10
[INFO] [stderr]    Compiling atty v0.2.14
[INFO] [stderr]    Compiling binascii v0.1.4
[INFO] [stderr]    Compiling signature v1.5.0
[INFO] [stderr]    Compiling tokio-macros v1.8.0
[INFO] [stderr]    Compiling pear_codegen v0.2.3
[INFO] [stderr]    Compiling ref-cast-impl v1.0.7
[INFO] [stderr]    Compiling devise_codegen v0.3.1
[INFO] [stderr]    Compiling async-stream-impl v0.3.3
[INFO] [stderr]    Compiling devise v0.3.1
[INFO] [stderr]    Compiling diesel_derives v1.4.1
[INFO] [stderr]    Compiling pear v0.2.3
[INFO] [stderr]    Compiling async-stream v0.3.3
[INFO] [stderr]    Compiling byteorder v1.4.3
[INFO] [stderr]    Compiling rocket_sync_db_pools_codegen v0.1.0-rc.2
[INFO] [stderr]    Compiling rocket_http v0.5.0-rc.2
[INFO] [stderr]    Compiling ed25519 v1.5.2
[INFO] [stderr]    Compiling rocket_codegen v0.5.0-rc.2
[INFO] [stderr]    Compiling diesel v1.4.8
[INFO] [stderr]    Compiling tokio-util v0.7.3
[INFO] [stderr]    Compiling tokio-util v0.6.10
[INFO] [stderr]    Compiling tokio-stream v0.1.9
[INFO] [stderr]    Compiling toml v0.5.9
[INFO] [stderr]    Compiling h2 v0.3.13
[INFO] [stderr]    Compiling ubyte v0.10.2
[INFO] [stderr]    Compiling rocket_sync_db_pools v0.1.0-rc.2
[INFO] [stderr]    Compiling sodiumoxide v0.2.7
[INFO] [stderr]    Compiling rocket-rest-api v0.1.0 (/opt/rustwide/workdir)
[INFO] [stdout] warning: unused import: `get_all`
[INFO] [stdout]  --> src/users/routes.rs:8:14
[INFO] [stdout]   |
[INFO] [stdout] 8 | pub async fn get_all(conn: MyDatabase) -> Json<Vec<UserResponse>> {
[INFO] [stdout]   |              ^^^^^^^
[INFO] [stdout]   |
[INFO] [stdout]   = note: `#[warn(unused_imports)]` on by default
[INFO] [stdout] 
[INFO] [stdout] 
[INFO] [stdout] warning: unused import: `new_user`
[INFO] [stdout]   --> src/users/routes.rs:13:14
[INFO] [stdout]    |
[INFO] [stdout] 13 | pub async fn new_user(
[INFO] [stdout]    |              ^^^^^^^^
[INFO] [stdout] 
[INFO] [stdout] 
[INFO] [stdout] warning: unused import: `find_user`
[INFO] [stdout]   --> src/users/routes.rs:39:14
[INFO] [stdout]    |
[INFO] [stdout] 39 | pub async fn find_user(conn: MyDatabase, username: String) -> Option<Json<UserResponse>> {
[INFO] [stdout]    |              ^^^^^^^^^
[INFO] [stdout] 
[INFO] [stdout] 
[INFO] [stdout] warning: unused import: `login`
[INFO] [stdout]   --> src/users/routes.rs:45:14
[INFO] [stdout]    |
[INFO] [stdout] 45 | pub async fn login(
[INFO] [stdout]    |              ^^^^^
[INFO] [stdout] 
[INFO] [stdout] 
[INFO] [stdout] warning: 4 warnings emitted
[INFO] [stdout] 
[INFO] [stdout] 
[INFO] [stderr]     Finished dev [unoptimized + debuginfo] target(s) in 1m 27s
[INFO] running `Command { std: "docker" "inspect" "53b8120388e5e058e5b99b79b03cd5afe805cef246c0435e9536b659a9ce52e9", kill_on_drop: false }`
[INFO] running `Command { std: "docker" "rm" "-f" "53b8120388e5e058e5b99b79b03cd5afe805cef246c0435e9536b659a9ce52e9", kill_on_drop: false }`
[INFO] [stdout] 53b8120388e5e058e5b99b79b03cd5afe805cef246c0435e9536b659a9ce52e9
[INFO] running `Command { std: "docker" "create" "-v" "/var/lib/crater-agent-workspace/builds/worker-3-tc1/target:/opt/rustwide/target:rw,Z" "-v" "/var/lib/crater-agent-workspace/builds/worker-3-tc1/source:/opt/rustwide/workdir:ro,Z" "-v" "/var/lib/crater-agent-workspace/cargo-home:/opt/rustwide/cargo-home:ro,Z" "-v" "/var/lib/crater-agent-workspace/rustup-home:/opt/rustwide/rustup-home:ro,Z" "-e" "SOURCE_DIR=/opt/rustwide/workdir" "-e" "CARGO_TARGET_DIR=/opt/rustwide/target" "-e" "CARGO_INCREMENTAL=0" "-e" "RUST_BACKTRACE=full" "-e" "RUSTFLAGS=--cap-lints=warn" "-e" "RUSTDOCFLAGS=--cap-lints=warn" "-e" "CARGO_HOME=/opt/rustwide/cargo-home" "-e" "RUSTUP_HOME=/opt/rustwide/rustup-home" "-w" "/opt/rustwide/workdir" "-m" "1610612736" "--user" "0:0" "--network" "none" "ghcr.io/rust-lang/crates-build-env/linux@sha256:2788e3201cd34a07e3172128adcd8b3090168a8e3bcc40d7c032b9dda1df7d1c" "/opt/rustwide/cargo-home/bin/cargo" "+1.75.0" "test" "--frozen" "--no-run" "--message-format=json", kill_on_drop: false }`
[INFO] [stdout] 8791cc6b079d099d33d543ae83f70a185423e49458c415f328c351412835b127
[INFO] running `Command { std: "docker" "start" "-a" "8791cc6b079d099d33d543ae83f70a185423e49458c415f328c351412835b127", kill_on_drop: false }`
[INFO] [stderr]    Compiling rocket-rest-api v0.1.0 (/opt/rustwide/workdir)
[INFO] [stdout] warning: unused import: `get_all`
[INFO] [stdout]  --> src/users/routes.rs:8:14
[INFO] [stdout]   |
[INFO] [stdout] 8 | pub async fn get_all(conn: MyDatabase) -> Json<Vec<UserResponse>> {
[INFO] [stdout]   |              ^^^^^^^
[INFO] [stdout]   |
[INFO] [stdout]   = note: `#[warn(unused_imports)]` on by default
[INFO] [stdout] 
[INFO] [stdout] 
[INFO] [stdout] warning: unused import: `new_user`
[INFO] [stdout]   --> src/users/routes.rs:13:14
[INFO] [stdout]    |
[INFO] [stdout] 13 | pub async fn new_user(
[INFO] [stdout]    |              ^^^^^^^^
[INFO] [stdout] 
[INFO] [stdout] 
[INFO] [stdout] warning: unused import: `find_user`
[INFO] [stdout]   --> src/users/routes.rs:39:14
[INFO] [stdout]    |
[INFO] [stdout] 39 | pub async fn find_user(conn: MyDatabase, username: String) -> Option<Json<UserResponse>> {
[INFO] [stdout]    |              ^^^^^^^^^
[INFO] [stdout] 
[INFO] [stdout] 
[INFO] [stdout] warning: unused import: `login`
[INFO] [stdout]   --> src/users/routes.rs:45:14
[INFO] [stdout]    |
[INFO] [stdout] 45 | pub async fn login(
[INFO] [stdout]    |              ^^^^^
[INFO] [stdout] 
[INFO] [stdout] 
[INFO] [stdout] warning: 4 warnings emitted
[INFO] [stdout] 
[INFO] [stdout] 
[INFO] [stderr]     Finished test [unoptimized + debuginfo] target(s) in 6.06s
[INFO] running `Command { std: "docker" "inspect" "8791cc6b079d099d33d543ae83f70a185423e49458c415f328c351412835b127", kill_on_drop: false }`
[INFO] running `Command { std: "docker" "rm" "-f" "8791cc6b079d099d33d543ae83f70a185423e49458c415f328c351412835b127", kill_on_drop: false }`
[INFO] [stdout] 8791cc6b079d099d33d543ae83f70a185423e49458c415f328c351412835b127
[INFO] running `Command { std: "docker" "create" "-v" "/var/lib/crater-agent-workspace/builds/worker-3-tc1/target:/opt/rustwide/target:rw,Z" "-v" "/var/lib/crater-agent-workspace/builds/worker-3-tc1/source:/opt/rustwide/workdir:ro,Z" "-v" "/var/lib/crater-agent-workspace/cargo-home:/opt/rustwide/cargo-home:ro,Z" "-v" "/var/lib/crater-agent-workspace/rustup-home:/opt/rustwide/rustup-home:ro,Z" "-e" "SOURCE_DIR=/opt/rustwide/workdir" "-e" "CARGO_TARGET_DIR=/opt/rustwide/target" "-e" "CARGO_INCREMENTAL=0" "-e" "RUST_BACKTRACE=full" "-e" "RUSTFLAGS=--cap-lints=warn" "-e" "RUSTDOCFLAGS=--cap-lints=warn" "-e" "CARGO_HOME=/opt/rustwide/cargo-home" "-e" "RUSTUP_HOME=/opt/rustwide/rustup-home" "-w" "/opt/rustwide/workdir" "-m" "1610612736" "--user" "0:0" "--network" "none" "ghcr.io/rust-lang/crates-build-env/linux@sha256:2788e3201cd34a07e3172128adcd8b3090168a8e3bcc40d7c032b9dda1df7d1c" "/opt/rustwide/cargo-home/bin/cargo" "+1.75.0" "test" "--frozen", kill_on_drop: false }`
[INFO] [stdout] c1ad7b97343e59c1f40deee7b195a329a3673f0a797a3d670f5eb38df28b5d53
[INFO] running `Command { std: "docker" "start" "-a" "c1ad7b97343e59c1f40deee7b195a329a3673f0a797a3d670f5eb38df28b5d53", kill_on_drop: false }`
[INFO] [stderr] warning: unused import: `get_all`
[INFO] [stderr]  --> src/users/routes.rs:8:14
[INFO] [stderr]   |
[INFO] [stderr] 8 | pub async fn get_all(conn: MyDatabase) -> Json<Vec<UserResponse>> {
[INFO] [stderr]   |              ^^^^^^^
[INFO] [stderr]   |
[INFO] [stderr]   = note: `#[warn(unused_imports)]` on by default
[INFO] [stderr] 
[INFO] [stderr] warning: unused import: `new_user`
[INFO] [stderr]   --> src/users/routes.rs:13:14
[INFO] [stderr]    |
[INFO] [stderr] 13 | pub async fn new_user(
[INFO] [stderr]    |              ^^^^^^^^
[INFO] [stderr] 
[INFO] [stderr] warning: unused import: `find_user`
[INFO] [stderr]   --> src/users/routes.rs:39:14
[INFO] [stderr]    |
[INFO] [stderr] 39 | pub async fn find_user(conn: MyDatabase, username: String) -> Option<Json<UserResponse>> {
[INFO] [stderr]    |              ^^^^^^^^^
[INFO] [stderr] 
[INFO] [stderr] warning: unused import: `login`
[INFO] [stderr]   --> src/users/routes.rs:45:14
[INFO] [stderr]    |
[INFO] [stderr] 45 | pub async fn login(
[INFO] [stderr]    |              ^^^^^
[INFO] [stderr] 
[INFO] [stderr] warning: `rocket-rest-api` (bin "rocket-rest-api" test) generated 4 warnings (run `cargo fix --bin "rocket-rest-api" --tests` to apply 4 suggestions)
[INFO] [stderr]     Finished test [unoptimized + debuginfo] target(s) in 0.91s
[INFO] [stderr]      Running unittests src/main.rs (/opt/rustwide/target/debug/deps/rocket_rest_api-3d7c960b41ef442f)
[INFO] [stdout] 
[INFO] [stdout] running 1 test
[INFO] [stdout] test users::routes::test::get_all_users_returns_empty_when_no_users_exist ... FAILED
[INFO] [stdout] 
[INFO] [stdout] failures:
[INFO] [stdout] 
[INFO] [stdout] ---- users::routes::test::get_all_users_returns_empty_when_no_users_exist stdout ----
[INFO] [stdout] thread 'users::routes::test::get_all_users_returns_empty_when_no_users_exist' panicked at src/server.rs:13:43:
[INFO] [stdout] set DATABASE_URL: NotPresent
[INFO] [stdout] stack backtrace:
[INFO] [stdout]    0:     0x55b2bc215d2c - std::backtrace_rs::backtrace::libunwind::trace::ha637c64ce894333a
[INFO] [stdout]                                at /rustc/82e1608dfa6e0b5569232559e3d385fea5a93112/library/std/src/../../backtrace/src/backtrace/libunwind.rs:104:5
[INFO] [stdout]    1:     0x55b2bc215d2c - std::backtrace_rs::backtrace::trace_unsynchronized::h47f62dea28e0c88d
[INFO] [stdout]                                at /rustc/82e1608dfa6e0b5569232559e3d385fea5a93112/library/std/src/../../backtrace/src/backtrace/mod.rs:66:5
[INFO] [stdout]    2:     0x55b2bc215d2c - std::sys_common::backtrace::_print_fmt::h9eef0abe20ede486
[INFO] [stdout]                                at /rustc/82e1608dfa6e0b5569232559e3d385fea5a93112/library/std/src/sys_common/backtrace.rs:67:5
[INFO] [stdout]    3:     0x55b2bc215d2c - <std::sys_common::backtrace::_print::DisplayBacktrace as core::fmt::Display>::fmt::hed7f999df88cc644
[INFO] [stdout]                                at /rustc/82e1608dfa6e0b5569232559e3d385fea5a93112/library/std/src/sys_common/backtrace.rs:44:22
[INFO] [stdout]    4:     0x55b2bc243f30 - core::fmt::rt::Argument::fmt::h1539a9308b8d058d
[INFO] [stdout]                                at /rustc/82e1608dfa6e0b5569232559e3d385fea5a93112/library/core/src/fmt/rt.rs:142:9
[INFO] [stdout]    5:     0x55b2bc243f30 - core::fmt::write::h3a39390d8560d9c9
[INFO] [stdout]                                at /rustc/82e1608dfa6e0b5569232559e3d385fea5a93112/library/core/src/fmt/mod.rs:1120:17
[INFO] [stdout]    6:     0x55b2bc2132df - std::io::Write::write_fmt::h040b369f3a0f9cbc
[INFO] [stdout]                                at /rustc/82e1608dfa6e0b5569232559e3d385fea5a93112/library/std/src/io/mod.rs:1762:15
[INFO] [stdout]    7:     0x55b2bc215b14 - std::sys_common::backtrace::_print::h894006fb5c6f3d45
[INFO] [stdout]                                at /rustc/82e1608dfa6e0b5569232559e3d385fea5a93112/library/std/src/sys_common/backtrace.rs:47:5
[INFO] [stdout]    8:     0x55b2bc215b14 - std::sys_common::backtrace::print::h23a2d212c6fff936
[INFO] [stdout]                                at /rustc/82e1608dfa6e0b5569232559e3d385fea5a93112/library/std/src/sys_common/backtrace.rs:34:9
[INFO] [stdout]    9:     0x55b2bc2177d7 - std::panicking::default_hook::{{closure}}::h8a1d2ee00185001a
[INFO] [stdout]   10:     0x55b2bc2174c3 - std::panicking::default_hook::h6038f2eba384e475
[INFO] [stdout]                                at /rustc/82e1608dfa6e0b5569232559e3d385fea5a93112/library/std/src/panicking.rs:289:9
[INFO] [stdout]   11:     0x55b2bbd7b467 - <alloc::boxed::Box<F,A> as core::ops::function::Fn<Args>>::call::h0ad024c9bdc6d768
[INFO] [stdout]                                at /rustc/82e1608dfa6e0b5569232559e3d385fea5a93112/library/alloc/src/boxed.rs:2021:9
[INFO] [stdout]   12:     0x55b2bbd7b467 - test::test_main::{{closure}}::h7500b54257359db6
[INFO] [stdout]                                at /rustc/82e1608dfa6e0b5569232559e3d385fea5a93112/library/test/src/lib.rs:138:21
[INFO] [stdout]   13:     0x55b2bc217de8 - <alloc::boxed::Box<F,A> as core::ops::function::Fn<Args>>::call::h1f8f335eaa9cfaee
[INFO] [stdout]                                at /rustc/82e1608dfa6e0b5569232559e3d385fea5a93112/library/alloc/src/boxed.rs:2021:9
[INFO] [stdout]   14:     0x55b2bc217de8 - std::panicking::rust_panic_with_hook::h2b5517d590cab22e
[INFO] [stdout]                                at /rustc/82e1608dfa6e0b5569232559e3d385fea5a93112/library/std/src/panicking.rs:783:13
[INFO] [stdout]   15:     0x55b2bc217b3e - std::panicking::begin_panic_handler::{{closure}}::h233112c06e0ef43e
[INFO] [stdout]                                at /rustc/82e1608dfa6e0b5569232559e3d385fea5a93112/library/std/src/panicking.rs:657:13
[INFO] [stdout]   16:     0x55b2bc2161f6 - std::sys_common::backtrace::__rust_end_short_backtrace::h6e893f24d7ebbff8
[INFO] [stdout]                                at /rustc/82e1608dfa6e0b5569232559e3d385fea5a93112/library/std/src/sys_common/backtrace.rs:170:18
[INFO] [stdout]   17:     0x55b2bc2178a2 - rust_begin_unwind
[INFO] [stdout]                                at /rustc/82e1608dfa6e0b5569232559e3d385fea5a93112/library/std/src/panicking.rs:645:5
[INFO] [stdout]   18:     0x55b2bbcac395 - core::panicking::panic_fmt::hbf0e066aabfa482c
[INFO] [stdout]                                at /rustc/82e1608dfa6e0b5569232559e3d385fea5a93112/library/core/src/panicking.rs:72:14
[INFO] [stdout]   19:     0x55b2bbcac963 - core::result::unwrap_failed::hddb4fea594200c52
[INFO] [stdout]                                at /rustc/82e1608dfa6e0b5569232559e3d385fea5a93112/library/core/src/result.rs:1653:5
[INFO] [stdout]   20:     0x55b2bbd366e6 - core::result::Result<T,E>::expect::hfa527fd6a7905719
[INFO] [stdout]                                at /rustc/82e1608dfa6e0b5569232559e3d385fea5a93112/library/core/src/result.rs:1034:23
[INFO] [stdout]   21:     0x55b2bbcf6805 - rocket_rest_api::server::build::h81fd0abfd0eaf5b2
[INFO] [stdout]                                at /opt/rustwide/workdir/src/server.rs:13:18
[INFO] [stdout]   22:     0x55b2bbce87cd - rocket_rest_api::users::routes::rocket::haac11f073c3368b4
[INFO] [stdout]                                at /opt/rustwide/workdir/src/users/routes.rs:63:5
[INFO] [stdout]   23:     0x55b2bbd0ac60 - rocket_rest_api::users::routes::test::get_all_users_returns_empty_when_no_users_exist::h491287aa1cebd829
[INFO] [stdout]                                at /opt/rustwide/workdir/src/users/routes.rs:74:38
[INFO] [stdout]   24:     0x55b2bbd0ac17 - rocket_rest_api::users::routes::test::get_all_users_returns_empty_when_no_users_exist::{{closure}}::hdc7cf6934f770ff2
[INFO] [stdout]                                at /opt/rustwide/workdir/src/users/routes.rs:73:57
[INFO] [stdout]   25:     0x55b2bbcd5396 - core::ops::function::FnOnce::call_once::h90dd68f6b0091063
[INFO] [stdout]                                at /rustc/82e1608dfa6e0b5569232559e3d385fea5a93112/library/core/src/ops/function.rs:250:5
[INFO] [stdout]   26:     0x55b2bbd80abf - core::ops::function::FnOnce::call_once::h2b5d431d5046312d
[INFO] [stdout]                                at /rustc/82e1608dfa6e0b5569232559e3d385fea5a93112/library/core/src/ops/function.rs:250:5
[INFO] [stdout]   27:     0x55b2bbd80abf - test::__rust_begin_short_backtrace::h7714669af176e207
[INFO] [stdout]                                at /rustc/82e1608dfa6e0b5569232559e3d385fea5a93112/library/test/src/lib.rs:628:18
[INFO] [stdout]   28:     0x55b2bbd7fad5 - test::run_test_in_process::{{closure}}::h85218797dcbcec12
[INFO] [stdout]                                at /rustc/82e1608dfa6e0b5569232559e3d385fea5a93112/library/test/src/lib.rs:651:60
[INFO] [stdout]   29:     0x55b2bbd7fad5 - <core::panic::unwind_safe::AssertUnwindSafe<F> as core::ops::function::FnOnce<()>>::call_once::h76c106ea31c14d7b
[INFO] [stdout]                                at /rustc/82e1608dfa6e0b5569232559e3d385fea5a93112/library/core/src/panic/unwind_safe.rs:272:9
[INFO] [stdout]   30:     0x55b2bbd7fad5 - std::panicking::try::do_call::h3bd5d0f6620ee946
[INFO] [stdout]                                at /rustc/82e1608dfa6e0b5569232559e3d385fea5a93112/library/std/src/panicking.rs:552:40
[INFO] [stdout]   31:     0x55b2bbd7fad5 - std::panicking::try::h232e535e4744fe31
[INFO] [stdout]                                at /rustc/82e1608dfa6e0b5569232559e3d385fea5a93112/library/std/src/panicking.rs:516:19
[INFO] [stdout]   32:     0x55b2bbd7fad5 - std::panic::catch_unwind::h3ce3bd6ca8dbac68
[INFO] [stdout]                                at /rustc/82e1608dfa6e0b5569232559e3d385fea5a93112/library/std/src/panic.rs:142:14
[INFO] [stdout]   33:     0x55b2bbd7fad5 - test::run_test_in_process::hc97b257c9621286a
[INFO] [stdout]                                at /rustc/82e1608dfa6e0b5569232559e3d385fea5a93112/library/test/src/lib.rs:651:27
[INFO] [stdout]   34:     0x55b2bbd7fad5 - test::run_test::{{closure}}::h2aa798823a438d38
[INFO] [stdout]                                at /rustc/82e1608dfa6e0b5569232559e3d385fea5a93112/library/test/src/lib.rs:574:43
[INFO] [stdout]   35:     0x55b2bbd47d96 - test::run_test::{{closure}}::h87d231c78fb59832
[INFO] [stdout]                                at /rustc/82e1608dfa6e0b5569232559e3d385fea5a93112/library/test/src/lib.rs:602:41
[INFO] [stdout]   36:     0x55b2bbd47d96 - std::sys_common::backtrace::__rust_begin_short_backtrace::he6df152596625789
[INFO] [stdout]                                at /rustc/82e1608dfa6e0b5569232559e3d385fea5a93112/library/std/src/sys_common/backtrace.rs:154:18
[INFO] [stdout]   37:     0x55b2bbd4ce47 - std::thread::Builder::spawn_unchecked_::{{closure}}::{{closure}}::ha94be15d1e0acf36
[INFO] [stdout]                                at /rustc/82e1608dfa6e0b5569232559e3d385fea5a93112/library/std/src/thread/mod.rs:529:17
[INFO] [stdout]   38:     0x55b2bbd4ce47 - <core::panic::unwind_safe::AssertUnwindSafe<F> as core::ops::function::FnOnce<()>>::call_once::h9dc6bd6372f16606
[INFO] [stdout]                                at /rustc/82e1608dfa6e0b5569232559e3d385fea5a93112/library/core/src/panic/unwind_safe.rs:272:9
[INFO] [stdout]   39:     0x55b2bbd4ce47 - std::panicking::try::do_call::h9057517f80303cd4
[INFO] [stdout]                                at /rustc/82e1608dfa6e0b5569232559e3d385fea5a93112/library/std/src/panicking.rs:552:40
[INFO] [stdout]   40:     0x55b2bbd4ce47 - std::panicking::try::he3a30b11ee45340c
[INFO] [stdout]                                at /rustc/82e1608dfa6e0b5569232559e3d385fea5a93112/library/std/src/panicking.rs:516:19
[INFO] [stdout]   41:     0x55b2bbd4ce47 - std::panic::catch_unwind::h410458cfd3528b8b
[INFO] [stdout]                                at /rustc/82e1608dfa6e0b5569232559e3d385fea5a93112/library/std/src/panic.rs:142:14
[INFO] [stdout]   42:     0x55b2bbd4ce47 - std::thread::Builder::spawn_unchecked_::{{closure}}::h72ac3bdb567b737b
[INFO] [stdout]                                at /rustc/82e1608dfa6e0b5569232559e3d385fea5a93112/library/std/src/thread/mod.rs:528:30
[INFO] [stdout]   43:     0x55b2bbd4ce47 - core::ops::function::FnOnce::call_once{{vtable.shim}}::h38f34da3654a8344
[INFO] [stdout]                                at /rustc/82e1608dfa6e0b5569232559e3d385fea5a93112/library/core/src/ops/function.rs:250:5
[INFO] [stdout]   44:     0x55b2bc21ca85 - <alloc::boxed::Box<F,A> as core::ops::function::FnOnce<Args>>::call_once::hc7eafaff61e32df9
[INFO] [stdout]                                at /rustc/82e1608dfa6e0b5569232559e3d385fea5a93112/library/alloc/src/boxed.rs:2007:9
[INFO] [stdout]   45:     0x55b2bc21ca85 - <alloc::boxed::Box<F,A> as core::ops::function::FnOnce<Args>>::call_once::h6ba4a5de48dd2304
[INFO] [stdout]                                at /rustc/82e1608dfa6e0b5569232559e3d385fea5a93112/library/alloc/src/boxed.rs:2007:9
[INFO] [stdout]   46:     0x55b2bc21ca85 - std::sys::unix::thread::Thread::new::thread_start::he469335aef763e45
[INFO] [stdout]                                at /rustc/82e1608dfa6e0b5569232559e3d385fea5a93112/library/std/src/sys/unix/thread.rs:108:17
[INFO] [stdout]   47:     0x7fab43f23ac3 - <unknown>
[INFO] [stdout]   48:     0x7fab43fb4bf4 - __clone
[INFO] [stdout]   49:                0x0 - <unknown>
[INFO] [stdout] 
[INFO] [stdout] 
[INFO] [stdout] failures:
[INFO] [stdout]     users::routes::test::get_all_users_returns_empty_when_no_users_exist
[INFO] [stdout] 
[INFO] [stdout] test result: FAILED. 0 passed; 1 failed; 0 ignored; 0 measured; 0 filtered out; finished in 0.04s
[INFO] [stdout] 
[INFO] [stderr] error: test failed, to rerun pass `--bin rocket-rest-api`
[INFO] running `Command { std: "docker" "inspect" "c1ad7b97343e59c1f40deee7b195a329a3673f0a797a3d670f5eb38df28b5d53", kill_on_drop: false }`
[INFO] running `Command { std: "docker" "rm" "-f" "c1ad7b97343e59c1f40deee7b195a329a3673f0a797a3d670f5eb38df28b5d53", kill_on_drop: false }`
[INFO] [stdout] c1ad7b97343e59c1f40deee7b195a329a3673f0a797a3d670f5eb38df28b5d53
[INFO] testing hackmad/rocket-rest-api against beta-2023-12-22 for beta-1.76-1
[INFO] running `Command { std: "git" "clone" "/workspace/cache/git-repos/https%3A%2F%2Fgithub.com%2Fhackmad%2Frocket-rest-api" "/workspace/builds/worker-3-tc2/source", kill_on_drop: false }`
[INFO] [stderr] Cloning into '/workspace/builds/worker-3-tc2/source'...
[INFO] [stderr] done.
[INFO] validating manifest of git repo https://github.com/hackmad/rocket-rest-api on toolchain beta-2023-12-22
[INFO] running `Command { std: CARGO_HOME="/workspace/cargo-home" RUSTUP_HOME="/workspace/rustup-home" "/workspace/cargo-home/bin/cargo" "+beta-2023-12-22" "metadata" "--manifest-path" "Cargo.toml" "--no-deps", kill_on_drop: false }`
[INFO] removed /workspace/builds/worker-3-tc2/source/.cargo/config
[INFO] started tweaking git repo https://github.com/hackmad/rocket-rest-api
[INFO] finished tweaking git repo https://github.com/hackmad/rocket-rest-api
[INFO] tweaked toml for git repo https://github.com/hackmad/rocket-rest-api written to /workspace/builds/worker-3-tc2/source/Cargo.toml
[INFO] crate git repo https://github.com/hackmad/rocket-rest-api already has a lockfile, it will not be regenerated
[INFO] running `Command { std: CARGO_HOME="/workspace/cargo-home" RUSTUP_HOME="/workspace/rustup-home" "/workspace/cargo-home/bin/cargo" "+beta-2023-12-22" "fetch" "--manifest-path" "Cargo.toml", kill_on_drop: false }`
[INFO] running `Command { std: "docker" "create" "-v" "/var/lib/crater-agent-workspace/builds/worker-3-tc2/target:/opt/rustwide/target:rw,Z" "-v" "/var/lib/crater-agent-workspace/builds/worker-3-tc2/source:/opt/rustwide/workdir:ro,Z" "-v" "/var/lib/crater-agent-workspace/cargo-home:/opt/rustwide/cargo-home:ro,Z" "-v" "/var/lib/crater-agent-workspace/rustup-home:/opt/rustwide/rustup-home:ro,Z" "-e" "SOURCE_DIR=/opt/rustwide/workdir" "-e" "CARGO_TARGET_DIR=/opt/rustwide/target" "-e" "CARGO_HOME=/opt/rustwide/cargo-home" "-e" "RUSTUP_HOME=/opt/rustwide/rustup-home" "-w" "/opt/rustwide/workdir" "-m" "1610612736" "--user" "0:0" "--network" "none" "ghcr.io/rust-lang/crates-build-env/linux@sha256:2788e3201cd34a07e3172128adcd8b3090168a8e3bcc40d7c032b9dda1df7d1c" "/opt/rustwide/cargo-home/bin/cargo" "+beta-2023-12-22" "metadata" "--no-deps" "--format-version=1", kill_on_drop: false }`
[INFO] [stdout] e74090a9454473812a2f8d0b1a49d3ded8b9569856d59bfb32b698d230e91672
[INFO] running `Command { std: "docker" "start" "-a" "e74090a9454473812a2f8d0b1a49d3ded8b9569856d59bfb32b698d230e91672", kill_on_drop: false }`
[INFO] running `Command { std: "docker" "inspect" "e74090a9454473812a2f8d0b1a49d3ded8b9569856d59bfb32b698d230e91672", kill_on_drop: false }`
[INFO] running `Command { std: "docker" "rm" "-f" "e74090a9454473812a2f8d0b1a49d3ded8b9569856d59bfb32b698d230e91672", kill_on_drop: false }`
[INFO] [stdout] e74090a9454473812a2f8d0b1a49d3ded8b9569856d59bfb32b698d230e91672
[INFO] running `Command { std: "docker" "create" "-v" "/var/lib/crater-agent-workspace/builds/worker-3-tc2/target:/opt/rustwide/target:rw,Z" "-v" "/var/lib/crater-agent-workspace/builds/worker-3-tc2/source:/opt/rustwide/workdir:ro,Z" "-v" "/var/lib/crater-agent-workspace/cargo-home:/opt/rustwide/cargo-home:ro,Z" "-v" "/var/lib/crater-agent-workspace/rustup-home:/opt/rustwide/rustup-home:ro,Z" "-e" "SOURCE_DIR=/opt/rustwide/workdir" "-e" "CARGO_TARGET_DIR=/opt/rustwide/target" "-e" "CARGO_INCREMENTAL=0" "-e" "RUST_BACKTRACE=full" "-e" "RUSTFLAGS=--cap-lints=warn" "-e" "RUSTDOCFLAGS=--cap-lints=warn" "-e" "CARGO_HOME=/opt/rustwide/cargo-home" "-e" "RUSTUP_HOME=/opt/rustwide/rustup-home" "-w" "/opt/rustwide/workdir" "-m" "1610612736" "--user" "0:0" "--network" "none" "ghcr.io/rust-lang/crates-build-env/linux@sha256:2788e3201cd34a07e3172128adcd8b3090168a8e3bcc40d7c032b9dda1df7d1c" "/opt/rustwide/cargo-home/bin/cargo" "+beta-2023-12-22" "build" "--frozen" "--message-format=json", kill_on_drop: false }`
[INFO] [stdout] c0062640cb9fea5843ae7afe0442f9450db4e38bab9719c7ad76eeb8e75eb7f6
[INFO] running `Command { std: "docker" "start" "-a" "c0062640cb9fea5843ae7afe0442f9450db4e38bab9719c7ad76eeb8e75eb7f6", kill_on_drop: false }`
[INFO] [stderr]    Compiling proc-macro2 v1.0.39
[INFO] [stderr]    Compiling unicode-ident v1.0.0
[INFO] [stderr]    Compiling syn v1.0.95
[INFO] [stderr]    Compiling libc v0.2.126
[INFO] [stderr]    Compiling autocfg v1.1.0
[INFO] [stderr]    Compiling typenum v1.14.0
[INFO] [stderr]    Compiling generic-array v0.14.4
[INFO] [stderr]    Compiling pin-project-lite v0.2.9
[INFO] [stderr]    Compiling memchr v2.4.1
[INFO] [stderr]    Compiling once_cell v1.13.0
[INFO] [stderr]    Compiling log v0.4.14
[INFO] [stderr]    Compiling serde_derive v1.0.138
[INFO] [stderr]    Compiling bytes v1.1.0
[INFO] [stderr]    Compiling futures-channel v0.3.21
[INFO] [stderr]    Compiling futures-core v0.3.21
[INFO] [stderr]    Compiling proc-macro2-diagnostics v0.9.1
[INFO] [stderr]    Compiling subtle v2.4.1
[INFO] [stderr]    Compiling serde v1.0.138
[INFO] [stderr]    Compiling quote v1.0.9
[INFO] [stderr]    Compiling itoa v1.0.2
[INFO] [stderr]    Compiling socket2 v0.4.4
[INFO] [stderr]    Compiling yansi v0.5.0
[INFO] [stderr]    Compiling pin-utils v0.1.0
[INFO] [stderr]    Compiling smallvec v1.6.1
[INFO] [stderr]    Compiling futures-sink v0.3.21
[INFO] [stderr]    Compiling cpufeatures v0.2.1
[INFO] [stderr]    Compiling fnv v1.0.7
[INFO] [stderr]    Compiling num_cpus v1.13.0
[INFO] [stderr]    Compiling http v0.2.8
[INFO] [stderr]    Compiling mio v0.8.4
[INFO] [stderr]    Compiling signal-hook-registry v1.4.0
[INFO] [stderr]    Compiling tracing-core v0.1.28
[INFO] [stderr]    Compiling httparse v1.7.1
[INFO] [stderr]    Compiling futures-task v0.3.21
[INFO] [stderr]    Compiling tracing v0.1.35
[INFO] [stderr]    Compiling getrandom v0.2.3
[INFO] [stderr]    Compiling block-buffer v0.10.2
[INFO] [stderr]    Compiling crypto-common v0.1.4
[INFO] [stderr]    Compiling universal-hash v0.4.1
[INFO] [stderr]    Compiling cipher v0.3.0
[INFO] [stderr]    Compiling digest v0.10.3
[INFO] [stderr]    Compiling lock_api v0.4.7
[INFO] [stderr]    Compiling hashbrown v0.11.2
[INFO] [stderr]    Compiling try-lock v0.2.3
[INFO] [stderr]    Compiling futures-util v0.3.21
[INFO] [stderr]    Compiling polyval v0.5.3
[INFO] [stderr]    Compiling rand_core v0.6.3
[INFO] [stderr]    Compiling ppv-lite86 v0.2.10
[INFO] [stderr]    Compiling slab v0.4.4
[INFO] [stderr]    Compiling bitflags v1.3.2
[INFO] [stderr]    Compiling futures-io v0.3.21
[INFO] [stderr]    Compiling rand_chacha v0.3.1
[INFO] [stderr]    Compiling ghash v0.4.4
[INFO] [stderr]    Compiling hmac v0.12.1
[INFO] [stderr]    Compiling aes v0.7.5
[INFO] [stderr]    Compiling ctr v0.8.0
[INFO] [stderr]    Compiling http-body v0.4.5
[INFO] [stderr]    Compiling aead v0.4.3
[INFO] [stderr]    Compiling indexmap v1.7.0
[INFO] [stderr]    Compiling cookie v0.16.0
[INFO] [stderr]    Compiling tower-service v0.3.2
[INFO] [stderr]    Compiling inlinable_string v0.1.15
[INFO] [stderr]    Compiling num_threads v0.1.6
[INFO] [stderr]    Compiling parking_lot_core v0.8.5
[INFO] [stderr]    Compiling httpdate v1.0.2
[INFO] [stderr]    Compiling ref-cast v1.0.7
[INFO] [stderr]    Compiling time-macros v0.2.4
[INFO] [stderr]    Compiling parking_lot_core v0.9.3
[INFO] [stderr]    Compiling aes-gcm v0.9.4
[INFO] [stderr]    Compiling hkdf v0.12.3
[INFO] [stderr]    Compiling rand v0.8.4
[INFO] [stderr]    Compiling sha2 v0.10.2
[INFO] [stderr]    Compiling instant v0.1.10
[INFO] [stderr]    Compiling uncased v0.9.7
[INFO] [stderr]    Compiling base64 v0.13.0
[INFO] [stderr]    Compiling tokio v1.19.2
[INFO] [stderr]    Compiling want v0.3.0
[INFO] [stderr]    Compiling stable-pattern v0.1.0
[INFO] [stderr]    Compiling encoding_rs v0.8.31
[INFO] [stderr]    Compiling time v0.3.11
[INFO] [stderr]    Compiling ryu v1.0.5
[INFO] [stderr]    Compiling devise_core v0.3.1
[INFO] [stderr]    Compiling either v1.7.0
[INFO] [stderr]    Compiling state v0.5.3
[INFO] [stderr]    Compiling same-file v1.0.6
[INFO] [stderr]    Compiling walkdir v2.3.2
[INFO] [stderr]    Compiling futures v0.3.21
[INFO] [stderr]    Compiling parking_lot v0.12.1
[INFO] [stderr]    Compiling parking_lot v0.11.2
[INFO] [stderr]    Compiling atomic v0.5.1
[INFO] [stderr]    Compiling figment v0.10.6
[INFO] [stderr]    Compiling multer v2.0.2
[INFO] [stderr]    Compiling cc v1.0.70
[INFO] [stderr]    Compiling serde_json v1.0.82
[INFO] [stderr]    Compiling pkg-config v0.3.25
[INFO] [stderr]    Compiling async-trait v0.1.53
[INFO] [stderr]    Compiling hyper v0.14.19
[INFO] [stderr]    Compiling pq-sys v0.4.6
[INFO] [stderr]    Compiling scheduled-thread-pool v0.2.5
[INFO] [stderr]    Compiling rocket v0.5.0-rc.2
[INFO] [stderr]    Compiling fastrand v1.7.0
[INFO] [stderr]    Compiling mime v0.3.16
[INFO] [stderr]    Compiling libsodium-sys v0.2.7
[INFO] [stderr]    Compiling remove_dir_all v0.5.3
[INFO] [stderr]    Compiling unicode-xid v0.2.3
[INFO] [stderr]    Compiling glob v0.3.0
[INFO] [stderr]    Compiling spin v0.9.3
[INFO] [stderr]    Compiling tempfile v3.3.0
[INFO] [stderr]    Compiling r2d2 v0.8.10
[INFO] [stderr]    Compiling tokio-macros v1.8.0
[INFO] [stderr]    Compiling pear_codegen v0.2.3
[INFO] [stderr]    Compiling ref-cast-impl v1.0.7
[INFO] [stderr]    Compiling devise_codegen v0.3.1
[INFO] [stderr]    Compiling async-stream-impl v0.3.3
[INFO] [stderr]    Compiling diesel_derives v1.4.1
[INFO] [stderr]    Compiling pear v0.2.3
[INFO] [stderr]    Compiling async-stream v0.3.3
[INFO] [stderr]    Compiling devise v0.3.1
[INFO] [stderr]    Compiling atty v0.2.14
[INFO] [stderr]    Compiling signature v1.5.0
[INFO] [stderr]    Compiling binascii v0.1.4
[INFO] [stderr]    Compiling byteorder v1.4.3
[INFO] [stderr]    Compiling rocket_http v0.5.0-rc.2
[INFO] [stderr]    Compiling ed25519 v1.5.2
[INFO] [stderr]    Compiling rocket_sync_db_pools_codegen v0.1.0-rc.2
[INFO] [stderr]    Compiling rocket_codegen v0.5.0-rc.2
[INFO] [stderr]    Compiling diesel v1.4.8
[INFO] [stderr]    Compiling tokio-util v0.7.3
[INFO] [stderr]    Compiling tokio-util v0.6.10
[INFO] [stderr]    Compiling tokio-stream v0.1.9
[INFO] [stderr]    Compiling h2 v0.3.13
[INFO] [stderr]    Compiling toml v0.5.9
[INFO] [stderr]    Compiling ubyte v0.10.2
[INFO] [stderr]    Compiling rocket_sync_db_pools v0.1.0-rc.2
[INFO] [stderr]    Compiling sodiumoxide v0.2.7
[INFO] [stderr]    Compiling rocket-rest-api v0.1.0 (/opt/rustwide/workdir)
[INFO] [stdout] warning: unused import: `get_all`
[INFO] [stdout]  --> src/users/routes.rs:8:14
[INFO] [stdout]   |
[INFO] [stdout] 8 | pub async fn get_all(conn: MyDatabase) -> Json<Vec<UserResponse>> {
[INFO] [stdout]   |              ^^^^^^^
[INFO] [stdout]   |
[INFO] [stdout]   = note: `#[warn(unused_imports)]` on by default
[INFO] [stdout] 
[INFO] [stdout] 
[INFO] [stdout] warning: unused import: `new_user`
[INFO] [stdout]   --> src/users/routes.rs:13:14
[INFO] [stdout]    |
[INFO] [stdout] 13 | pub async fn new_user(
[INFO] [stdout]    |              ^^^^^^^^
[INFO] [stdout] 
[INFO] [stdout] 
[INFO] [stdout] warning: unused import: `find_user`
[INFO] [stdout]   --> src/users/routes.rs:39:14
[INFO] [stdout]    |
[INFO] [stdout] 39 | pub async fn find_user(conn: MyDatabase, username: String) -> Option<Json<UserResponse>> {
[INFO] [stdout]    |              ^^^^^^^^^
[INFO] [stdout] 
[INFO] [stdout] 
[INFO] [stdout] warning: unused import: `login`
[INFO] [stdout]   --> src/users/routes.rs:45:14
[INFO] [stdout]    |
[INFO] [stdout] 45 | pub async fn login(
[INFO] [stdout]    |              ^^^^^
[INFO] [stdout] 
[INFO] [stdout] 
[INFO] [stdout] warning: 4 warnings emitted
[INFO] [stdout] 
[INFO] [stdout] 
[INFO] [stderr]     Finished dev [unoptimized + debuginfo] target(s) in 2m 23s
[INFO] running `Command { std: "docker" "inspect" "c0062640cb9fea5843ae7afe0442f9450db4e38bab9719c7ad76eeb8e75eb7f6", kill_on_drop: false }`
[INFO] running `Command { std: "docker" "rm" "-f" "c0062640cb9fea5843ae7afe0442f9450db4e38bab9719c7ad76eeb8e75eb7f6", kill_on_drop: false }`
[INFO] [stdout] c0062640cb9fea5843ae7afe0442f9450db4e38bab9719c7ad76eeb8e75eb7f6
[INFO] running `Command { std: "docker" "create" "-v" "/var/lib/crater-agent-workspace/builds/worker-3-tc2/target:/opt/rustwide/target:rw,Z" "-v" "/var/lib/crater-agent-workspace/builds/worker-3-tc2/source:/opt/rustwide/workdir:ro,Z" "-v" "/var/lib/crater-agent-workspace/cargo-home:/opt/rustwide/cargo-home:ro,Z" "-v" "/var/lib/crater-agent-workspace/rustup-home:/opt/rustwide/rustup-home:ro,Z" "-e" "SOURCE_DIR=/opt/rustwide/workdir" "-e" "CARGO_TARGET_DIR=/opt/rustwide/target" "-e" "CARGO_INCREMENTAL=0" "-e" "RUST_BACKTRACE=full" "-e" "RUSTFLAGS=--cap-lints=warn" "-e" "RUSTDOCFLAGS=--cap-lints=warn" "-e" "CARGO_HOME=/opt/rustwide/cargo-home" "-e" "RUSTUP_HOME=/opt/rustwide/rustup-home" "-w" "/opt/rustwide/workdir" "-m" "1610612736" "--user" "0:0" "--network" "none" "ghcr.io/rust-lang/crates-build-env/linux@sha256:2788e3201cd34a07e3172128adcd8b3090168a8e3bcc40d7c032b9dda1df7d1c" "/opt/rustwide/cargo-home/bin/cargo" "+beta-2023-12-22" "test" "--frozen" "--no-run" "--message-format=json", kill_on_drop: false }`
[INFO] [stdout] 0b516aa8c900de989377bcca44de7ffa70e6a2512bbea6bb02f01d816e6101b5
[INFO] running `Command { std: "docker" "start" "-a" "0b516aa8c900de989377bcca44de7ffa70e6a2512bbea6bb02f01d816e6101b5", kill_on_drop: false }`
[INFO] [stderr]    Compiling rocket-rest-api v0.1.0 (/opt/rustwide/workdir)
[INFO] [stdout] warning: unused import: `get_all`
[INFO] [stdout]  --> src/users/routes.rs:8:14
[INFO] [stdout]   |
[INFO] [stdout] 8 | pub async fn get_all(conn: MyDatabase) -> Json<Vec<UserResponse>> {
[INFO] [stdout]   |              ^^^^^^^
[INFO] [stdout]   |
[INFO] [stdout]   = note: `#[warn(unused_imports)]` on by default
[INFO] [stdout] 
[INFO] [stdout] 
[INFO] [stdout] warning: unused import: `new_user`
[INFO] [stdout]   --> src/users/routes.rs:13:14
[INFO] [stdout]    |
[INFO] [stdout] 13 | pub async fn new_user(
[INFO] [stdout]    |              ^^^^^^^^
[INFO] [stdout] 
[INFO] [stdout] 
[INFO] [stdout] warning: unused import: `find_user`
[INFO] [stdout]   --> src/users/routes.rs:39:14
[INFO] [stdout]    |
[INFO] [stdout] 39 | pub async fn find_user(conn: MyDatabase, username: String) -> Option<Json<UserResponse>> {
[INFO] [stdout]    |              ^^^^^^^^^
[INFO] [stdout] 
[INFO] [stdout] 
[INFO] [stdout] warning: unused import: `login`
[INFO] [stdout]   --> src/users/routes.rs:45:14
[INFO] [stdout]    |
[INFO] [stdout] 45 | pub async fn login(
[INFO] [stdout]    |              ^^^^^
[INFO] [stdout] 
[INFO] [stdout] 
[INFO] [stdout] warning: 4 warnings emitted
[INFO] [stdout] 
[INFO] [stdout] 
[INFO] [stderr]     Finished test [unoptimized + debuginfo] target(s) in 4.67s
[INFO] running `Command { std: "docker" "inspect" "0b516aa8c900de989377bcca44de7ffa70e6a2512bbea6bb02f01d816e6101b5", kill_on_drop: false }`
[INFO] running `Command { std: "docker" "rm" "-f" "0b516aa8c900de989377bcca44de7ffa70e6a2512bbea6bb02f01d816e6101b5", kill_on_drop: false }`
[INFO] [stdout] 0b516aa8c900de989377bcca44de7ffa70e6a2512bbea6bb02f01d816e6101b5
[INFO] running `Command { std: "docker" "create" "-v" "/var/lib/crater-agent-workspace/builds/worker-3-tc2/target:/opt/rustwide/target:rw,Z" "-v" "/var/lib/crater-agent-workspace/builds/worker-3-tc2/source:/opt/rustwide/workdir:ro,Z" "-v" "/var/lib/crater-agent-workspace/cargo-home:/opt/rustwide/cargo-home:ro,Z" "-v" "/var/lib/crater-agent-workspace/rustup-home:/opt/rustwide/rustup-home:ro,Z" "-e" "SOURCE_DIR=/opt/rustwide/workdir" "-e" "CARGO_TARGET_DIR=/opt/rustwide/target" "-e" "CARGO_INCREMENTAL=0" "-e" "RUST_BACKTRACE=full" "-e" "RUSTFLAGS=--cap-lints=warn" "-e" "RUSTDOCFLAGS=--cap-lints=warn" "-e" "CARGO_HOME=/opt/rustwide/cargo-home" "-e" "RUSTUP_HOME=/opt/rustwide/rustup-home" "-w" "/opt/rustwide/workdir" "-m" "1610612736" "--user" "0:0" "--network" "none" "ghcr.io/rust-lang/crates-build-env/linux@sha256:2788e3201cd34a07e3172128adcd8b3090168a8e3bcc40d7c032b9dda1df7d1c" "/opt/rustwide/cargo-home/bin/cargo" "+beta-2023-12-22" "test" "--frozen", kill_on_drop: false }`
[INFO] [stdout] de67d88928857e1f03f6287831b4d7a6fe0515e32f42f61de8919d907c6069f1
[INFO] running `Command { std: "docker" "start" "-a" "de67d88928857e1f03f6287831b4d7a6fe0515e32f42f61de8919d907c6069f1", kill_on_drop: false }`
[INFO] [stderr] warning: unused import: `get_all`
[INFO] [stderr]  --> src/users/routes.rs:8:14
[INFO] [stderr]   |
[INFO] [stderr] 8 | pub async fn get_all(conn: MyDatabase) -> Json<Vec<UserResponse>> {
[INFO] [stderr]   |              ^^^^^^^
[INFO] [stderr]   |
[INFO] [stderr]   = note: `#[warn(unused_imports)]` on by default
[INFO] [stderr] 
[INFO] [stderr] warning: unused import: `new_user`
[INFO] [stderr]   --> src/users/routes.rs:13:14
[INFO] [stderr]    |
[INFO] [stderr] 13 | pub async fn new_user(
[INFO] [stderr]    |              ^^^^^^^^
[INFO] [stderr] 
[INFO] [stderr] warning: unused import: `find_user`
[INFO] [stderr]   --> src/users/routes.rs:39:14
[INFO] [stderr]    |
[INFO] [stderr] 39 | pub async fn find_user(conn: MyDatabase, username: String) -> Option<Json<UserResponse>> {
[INFO] [stderr]    |              ^^^^^^^^^
[INFO] [stderr] 
[INFO] [stderr] warning: unused import: `login`
[INFO] [stderr]   --> src/users/routes.rs:45:14
[INFO] [stderr]    |
[INFO] [stderr] 45 | pub async fn login(
[INFO] [stderr]    |              ^^^^^
[INFO] [stderr] 
[INFO] [stderr] warning: `rocket-rest-api` (bin "rocket-rest-api" test) generated 4 warnings (run `cargo fix --bin "rocket-rest-api" --tests` to apply 4 suggestions)
[INFO] [stderr]     Finished test [unoptimized + debuginfo] target(s) in 0.14s
[INFO] [stderr]      Running unittests src/main.rs (/opt/rustwide/target/debug/deps/rocket_rest_api-23541d3cb94b9592)
[INFO] [stdout] 
[INFO] [stdout] running 1 test
[INFO] [stdout] test users::routes::test::get_all_users_returns_empty_when_no_users_exist ... FAILED
[INFO] [stdout] 
[INFO] [stdout] failures:
[INFO] [stdout] 
[INFO] [stdout] ---- users::routes::test::get_all_users_returns_empty_when_no_users_exist stdout ----
[INFO] [stdout] thread 'users::routes::test::get_all_users_returns_empty_when_no_users_exist' panicked at src/server.rs:13:43:
[INFO] [stdout] set DATABASE_URL: NotPresent
[INFO] [stdout] stack backtrace:
[INFO] [stdout]    0:     0x556994b8c536 - std::backtrace_rs::backtrace::libunwind::trace::h261606ad26a499c1
[INFO] [stdout]                                at /rustc/0e09125c6c3c2fd70d7de961bcf0e51575235fad/library/std/src/../../backtrace/src/backtrace/libunwind.rs:104:5
[INFO] [stdout]    1:     0x556994b8c536 - std::backtrace_rs::backtrace::trace_unsynchronized::hd183f0625477fb28
[INFO] [stdout]                                at /rustc/0e09125c6c3c2fd70d7de961bcf0e51575235fad/library/std/src/../../backtrace/src/backtrace/mod.rs:66:5
[INFO] [stdout]    2:     0x556994b8c536 - std::sys_common::backtrace::_print_fmt::hd7f8fef21b4eda67
[INFO] [stdout]                                at /rustc/0e09125c6c3c2fd70d7de961bcf0e51575235fad/library/std/src/sys_common/backtrace.rs:68:5
[INFO] [stdout]    3:     0x556994b8c536 - <std::sys_common::backtrace::_print::DisplayBacktrace as core::fmt::Display>::fmt::h623d9b51f2f453f1
[INFO] [stdout]                                at /rustc/0e09125c6c3c2fd70d7de961bcf0e51575235fad/library/std/src/sys_common/backtrace.rs:44:22
[INFO] [stdout]    4:     0x556994bb9a00 - core::fmt::rt::Argument::fmt::h9f417ac76a86f368
[INFO] [stdout]                                at /rustc/0e09125c6c3c2fd70d7de961bcf0e51575235fad/library/core/src/fmt/rt.rs:142:9
[INFO] [stdout]    5:     0x556994bb9a00 - core::fmt::write::hc9b6faf4ac2aeff7
[INFO] [stdout]                                at /rustc/0e09125c6c3c2fd70d7de961bcf0e51575235fad/library/core/src/fmt/mod.rs:1120:17
[INFO] [stdout]    6:     0x556994b89b9f - std::io::Write::write_fmt::he04625a3a989fec3
[INFO] [stdout]                                at /rustc/0e09125c6c3c2fd70d7de961bcf0e51575235fad/library/std/src/io/mod.rs:1810:15
[INFO] [stdout]    7:     0x556994b8c314 - std::sys_common::backtrace::_print::hd5d66399c7df88a2
[INFO] [stdout]                                at /rustc/0e09125c6c3c2fd70d7de961bcf0e51575235fad/library/std/src/sys_common/backtrace.rs:47:5
[INFO] [stdout]    8:     0x556994b8c314 - std::sys_common::backtrace::print::he81ed2da642d37e5
[INFO] [stdout]                                at /rustc/0e09125c6c3c2fd70d7de961bcf0e51575235fad/library/std/src/sys_common/backtrace.rs:34:9
[INFO] [stdout]    9:     0x556994b8e087 - std::panicking::default_hook::{{closure}}::h85773f4fa117163d
[INFO] [stdout]   10:     0x556994b8dd6d - std::panicking::default_hook::h6a1694a91d09b278
[INFO] [stdout]                                at /rustc/0e09125c6c3c2fd70d7de961bcf0e51575235fad/library/std/src/panicking.rs:289:9
[INFO] [stdout]   11:     0x5569946eeb77 - <alloc::boxed::Box<F,A> as core::ops::function::Fn<Args>>::call::h616ac37fa3cd6c8f
[INFO] [stdout]                                at /rustc/0e09125c6c3c2fd70d7de961bcf0e51575235fad/library/alloc/src/boxed.rs:2029:9
[INFO] [stdout]   12:     0x5569946eeb77 - test::test_main::{{closure}}::h00d84697cefdcbb6
[INFO] [stdout]                                at /rustc/0e09125c6c3c2fd70d7de961bcf0e51575235fad/library/test/src/lib.rs:138:21
[INFO] [stdout]   13:     0x556994b8e6a6 - <alloc::boxed::Box<F,A> as core::ops::function::Fn<Args>>::call::hcb3fe3b9bb537ba8
[INFO] [stdout]                                at /rustc/0e09125c6c3c2fd70d7de961bcf0e51575235fad/library/alloc/src/boxed.rs:2029:9
[INFO] [stdout]   14:     0x556994b8e6a6 - std::panicking::rust_panic_with_hook::h0a7ad96e90f7145b
[INFO] [stdout]                                at /rustc/0e09125c6c3c2fd70d7de961bcf0e51575235fad/library/std/src/panicking.rs:783:13
[INFO] [stdout]   15:     0x556994b8e3f2 - std::panicking::begin_panic_handler::{{closure}}::h7919090525c6485e
[INFO] [stdout]                                at /rustc/0e09125c6c3c2fd70d7de961bcf0e51575235fad/library/std/src/panicking.rs:657:13
[INFO] [stdout]   16:     0x556994b8ca36 - std::sys_common::backtrace::__rust_end_short_backtrace::hf3289479464f7dfe
[INFO] [stdout]                                at /rustc/0e09125c6c3c2fd70d7de961bcf0e51575235fad/library/std/src/sys_common/backtrace.rs:171:18
[INFO] [stdout]   17:     0x556994b8e150 - rust_begin_unwind
[INFO] [stdout]                                at /rustc/0e09125c6c3c2fd70d7de961bcf0e51575235fad/library/std/src/panicking.rs:645:5
[INFO] [stdout]   18:     0x55699461d375 - core::panicking::panic_fmt::hcc9f77c5c132af55
[INFO] [stdout]                                at /rustc/0e09125c6c3c2fd70d7de961bcf0e51575235fad/library/core/src/panicking.rs:72:14
[INFO] [stdout]   19:     0x55699461d953 - core::result::unwrap_failed::hbe14f498be1452f9
[INFO] [stdout]                                at /rustc/0e09125c6c3c2fd70d7de961bcf0e51575235fad/library/core/src/result.rs:1649:5
[INFO] [stdout]   20:     0x556994675d36 - core::result::Result<T,E>::expect::hd083c54b75805381
[INFO] [stdout]                                at /rustc/0e09125c6c3c2fd70d7de961bcf0e51575235fad/library/core/src/result.rs:1030:23
[INFO] [stdout]   21:     0x55699468f866 - rocket_rest_api::server::build::h8f45eab0f91db633
[INFO] [stdout]                                at /opt/rustwide/workdir/src/server.rs:13:18
[INFO] [stdout]   22:     0x5569946b256d - rocket_rest_api::users::routes::rocket::he6372d28635b0369
[INFO] [stdout]                                at /opt/rustwide/workdir/src/users/routes.rs:63:5
[INFO] [stdout]   23:     0x5569946733f0 - rocket_rest_api::users::routes::test::get_all_users_returns_empty_when_no_users_exist::h2da05ef57e8facd0
[INFO] [stdout]                                at /opt/rustwide/workdir/src/users/routes.rs:74:38
[INFO] [stdout]   24:     0x5569946733a7 - rocket_rest_api::users::routes::test::get_all_users_returns_empty_when_no_users_exist::{{closure}}::h26667531a22b6489
[INFO] [stdout]                                at /opt/rustwide/workdir/src/users/routes.rs:73:57
[INFO] [stdout]   25:     0x556994645ca6 - core::ops::function::FnOnce::call_once::h4902357178e26ca4
[INFO] [stdout]                                at /rustc/0e09125c6c3c2fd70d7de961bcf0e51575235fad/library/core/src/ops/function.rs:250:5
[INFO] [stdout]   26:     0x5569946f444f - core::ops::function::FnOnce::call_once::hd64d26f405258157
[INFO] [stdout]                                at /rustc/0e09125c6c3c2fd70d7de961bcf0e51575235fad/library/core/src/ops/function.rs:250:5
[INFO] [stdout]   27:     0x5569946f444f - test::__rust_begin_short_backtrace::he21b0b7a6d731bf9
[INFO] [stdout]                                at /rustc/0e09125c6c3c2fd70d7de961bcf0e51575235fad/library/test/src/lib.rs:627:18
[INFO] [stdout]   28:     0x5569946f31d1 - test::run_test_in_process::{{closure}}::hf5c73986d7bdfde2
[INFO] [stdout]                                at /rustc/0e09125c6c3c2fd70d7de961bcf0e51575235fad/library/test/src/lib.rs:650:60
[INFO] [stdout]   29:     0x5569946f31d1 - <core::panic::unwind_safe::AssertUnwindSafe<F> as core::ops::function::FnOnce<()>>::call_once::h330011ad032aadc0
[INFO] [stdout]                                at /rustc/0e09125c6c3c2fd70d7de961bcf0e51575235fad/library/core/src/panic/unwind_safe.rs:272:9
[INFO] [stdout]   30:     0x5569946f31d1 - std::panicking::try::do_call::he61b0a958b795a41
[INFO] [stdout]                                at /rustc/0e09125c6c3c2fd70d7de961bcf0e51575235fad/library/std/src/panicking.rs:552:40
[INFO] [stdout]   31:     0x5569946f31d1 - std::panicking::try::h7309da130f906eb7
[INFO] [stdout]                                at /rustc/0e09125c6c3c2fd70d7de961bcf0e51575235fad/library/std/src/panicking.rs:516:19
[INFO] [stdout]   32:     0x5569946f31d1 - std::panic::catch_unwind::hc5c3a06fdaf0a92a
[INFO] [stdout]                                at /rustc/0e09125c6c3c2fd70d7de961bcf0e51575235fad/library/std/src/panic.rs:142:14
[INFO] [stdout]   33:     0x5569946f31d1 - test::run_test_in_process::h7e7b7c71c3324e0f
[INFO] [stdout]                                at /rustc/0e09125c6c3c2fd70d7de961bcf0e51575235fad/library/test/src/lib.rs:650:27
[INFO] [stdout]   34:     0x5569946f31d1 - test::run_test::{{closure}}::h1f509f28f5cf20b1
[INFO] [stdout]                                at /rustc/0e09125c6c3c2fd70d7de961bcf0e51575235fad/library/test/src/lib.rs:573:43
[INFO] [stdout]   35:     0x5569946ba506 - test::run_test::{{closure}}::h1754218abf443f6d
[INFO] [stdout]                                at /rustc/0e09125c6c3c2fd70d7de961bcf0e51575235fad/library/test/src/lib.rs:601:41
[INFO] [stdout]   36:     0x5569946ba506 - std::sys_common::backtrace::__rust_begin_short_backtrace::h2ee174b9d5954948
[INFO] [stdout]                                at /rustc/0e09125c6c3c2fd70d7de961bcf0e51575235fad/library/std/src/sys_common/backtrace.rs:155:18
[INFO] [stdout]   37:     0x5569946bf567 - std::thread::Builder::spawn_unchecked_::{{closure}}::{{closure}}::hf60bee9c1a17ef09
[INFO] [stdout]                                at /rustc/0e09125c6c3c2fd70d7de961bcf0e51575235fad/library/std/src/thread/mod.rs:529:17
[INFO] [stdout]   38:     0x5569946bf567 - <core::panic::unwind_safe::AssertUnwindSafe<F> as core::ops::function::FnOnce<()>>::call_once::h33d0dddec5216160
[INFO] [stdout]                                at /rustc/0e09125c6c3c2fd70d7de961bcf0e51575235fad/library/core/src/panic/unwind_safe.rs:272:9
[INFO] [stdout]   39:     0x5569946bf567 - std::panicking::try::do_call::h144b3048b546f835
[INFO] [stdout]                                at /rustc/0e09125c6c3c2fd70d7de961bcf0e51575235fad/library/std/src/panicking.rs:552:40
[INFO] [stdout]   40:     0x5569946bf567 - std::panicking::try::h978244d04646189f
[INFO] [stdout]                                at /rustc/0e09125c6c3c2fd70d7de961bcf0e51575235fad/library/std/src/panicking.rs:516:19
[INFO] [stdout]   41:     0x5569946bf567 - std::panic::catch_unwind::hdf436369d188fe86
[INFO] [stdout]                                at /rustc/0e09125c6c3c2fd70d7de961bcf0e51575235fad/library/std/src/panic.rs:142:14
[INFO] [stdout]   42:     0x5569946bf567 - std::thread::Builder::spawn_unchecked_::{{closure}}::h87329cbdd33c79ec
[INFO] [stdout]                                at /rustc/0e09125c6c3c2fd70d7de961bcf0e51575235fad/library/std/src/thread/mod.rs:528:30
[INFO] [stdout]   43:     0x5569946bf567 - core::ops::function::FnOnce::call_once{{vtable.shim}}::h401abbe67897d450
[INFO] [stdout]                                at /rustc/0e09125c6c3c2fd70d7de961bcf0e51575235fad/library/core/src/ops/function.rs:250:5
[INFO] [stdout]   44:     0x556994b93365 - <alloc::boxed::Box<F,A> as core::ops::function::FnOnce<Args>>::call_once::h5d7c8f150ab9c84c
[INFO] [stdout]                                at /rustc/0e09125c6c3c2fd70d7de961bcf0e51575235fad/library/alloc/src/boxed.rs:2015:9
[INFO] [stdout]   45:     0x556994b93365 - <alloc::boxed::Box<F,A> as core::ops::function::FnOnce<Args>>::call_once::h570d5b005c242c15
[INFO] [stdout]                                at /rustc/0e09125c6c3c2fd70d7de961bcf0e51575235fad/library/alloc/src/boxed.rs:2015:9
[INFO] [stdout]   46:     0x556994b93365 - std::sys::unix::thread::Thread::new::thread_start::h36b0a20c0b2361ad
[INFO] [stdout]                                at /rustc/0e09125c6c3c2fd70d7de961bcf0e51575235fad/library/std/src/sys/unix/thread.rs:108:17
[INFO] [stdout]   47:     0x7f9ef05caac3 - <unknown>
[INFO] [stdout]   48:     0x7f9ef065bbf4 - __clone
[INFO] [stdout]   49:                0x0 - <unknown>
[INFO] [stdout] 
[INFO] [stdout] 
[INFO] [stdout] failures:
[INFO] [stdout]     users::routes::test::get_all_users_returns_empty_when_no_users_exist
[INFO] [stdout] 
[INFO] [stdout] test result: FAILED. 0 passed; 1 failed; 0 ignored; 0 measured; 0 filtered out; finished in 0.06s
[INFO] [stdout] 
[INFO] [stderr] error: test failed, to rerun pass `--bin rocket-rest-api`
[INFO] running `Command { std: "docker" "inspect" "de67d88928857e1f03f6287831b4d7a6fe0515e32f42f61de8919d907c6069f1", kill_on_drop: false }`
[INFO] running `Command { std: "docker" "rm" "-f" "de67d88928857e1f03f6287831b4d7a6fe0515e32f42f61de8919d907c6069f1", kill_on_drop: false }`
[INFO] [stdout] de67d88928857e1f03f6287831b4d7a6fe0515e32f42f61de8919d907c6069f1
