[INFO] cloning repository https://github.com/gymnasy55/notes
[INFO] running `Command { std: "git" "-c" "credential.helper=" "-c" "credential.helper=/workspace/cargo-home/bin/git-credential-null" "clone" "--bare" "https://github.com/gymnasy55/notes" "/workspace/cache/git-repos/https%3A%2F%2Fgithub.com%2Fgymnasy55%2Fnotes", kill_on_drop: false }`
[INFO] [stderr] Cloning into bare repository '/workspace/cache/git-repos/https%3A%2F%2Fgithub.com%2Fgymnasy55%2Fnotes'...
[INFO] running `Command { std: "git" "rev-parse" "HEAD", kill_on_drop: false }`
[INFO] [stdout] 4b69507eea0eba89463d0937ce544a9eac319266
[INFO] testing gymnasy55/notes against 1.75.0 for beta-1.76-1
[INFO] running `Command { std: "git" "clone" "/workspace/cache/git-repos/https%3A%2F%2Fgithub.com%2Fgymnasy55%2Fnotes" "/workspace/builds/worker-7-tc1/source", kill_on_drop: false }`
[INFO] [stderr] Cloning into '/workspace/builds/worker-7-tc1/source'...
[INFO] [stderr] done.
[INFO] validating manifest of git repo https://github.com/gymnasy55/notes on toolchain 1.75.0
[INFO] running `Command { std: CARGO_HOME="/workspace/cargo-home" RUSTUP_HOME="/workspace/rustup-home" "/workspace/cargo-home/bin/cargo" "+1.75.0" "metadata" "--manifest-path" "Cargo.toml" "--no-deps", kill_on_drop: false }`
[INFO] started tweaking git repo https://github.com/gymnasy55/notes
[INFO] finished tweaking git repo https://github.com/gymnasy55/notes
[INFO] tweaked toml for git repo https://github.com/gymnasy55/notes written to /workspace/builds/worker-7-tc1/source/Cargo.toml
[INFO] crate git repo https://github.com/gymnasy55/notes already has a lockfile, it will not be regenerated
[INFO] running `Command { std: CARGO_HOME="/workspace/cargo-home" RUSTUP_HOME="/workspace/rustup-home" "/workspace/cargo-home/bin/cargo" "+1.75.0" "fetch" "--manifest-path" "Cargo.toml", kill_on_drop: false }`
[INFO] [stderr] warning: virtual workspace defaulting to `resolver = "1"` despite one or more workspace members being on edition 2021 which implies `resolver = "2"`
[INFO] [stderr] note: to keep the current resolver, specify `workspace.resolver = "1"` in the workspace root's manifest
[INFO] [stderr] note: to use the edition 2021 resolver, specify `workspace.resolver = "2"` in the workspace root's manifest
[INFO] [stderr] note: for more details see https://doc.rust-lang.org/cargo/reference/resolver.html#resolver-versions
[INFO] [stderr]     Updating crates.io index
[INFO] [stderr]  Downloading crates ...
[INFO] [stderr]   Downloaded rand_regex v0.15.1
[INFO] running `Command { std: "docker" "create" "-v" "/var/lib/crater-agent-workspace/builds/worker-7-tc1/target:/opt/rustwide/target:rw,Z" "-v" "/var/lib/crater-agent-workspace/builds/worker-7-tc1/source:/opt/rustwide/workdir:ro,Z" "-v" "/var/lib/crater-agent-workspace/cargo-home:/opt/rustwide/cargo-home:ro,Z" "-v" "/var/lib/crater-agent-workspace/rustup-home:/opt/rustwide/rustup-home:ro,Z" "-e" "SOURCE_DIR=/opt/rustwide/workdir" "-e" "CARGO_TARGET_DIR=/opt/rustwide/target" "-e" "CARGO_HOME=/opt/rustwide/cargo-home" "-e" "RUSTUP_HOME=/opt/rustwide/rustup-home" "-w" "/opt/rustwide/workdir" "-m" "1610612736" "--user" "0:0" "--network" "none" "ghcr.io/rust-lang/crates-build-env/linux@sha256:2788e3201cd34a07e3172128adcd8b3090168a8e3bcc40d7c032b9dda1df7d1c" "/opt/rustwide/cargo-home/bin/cargo" "+1.75.0" "metadata" "--no-deps" "--format-version=1", kill_on_drop: false }`
[INFO] [stdout] 5b2759992ff53adb2d96eb6eb691756dddc67aaa4df6d23229e5a5ebf25c91af
[INFO] running `Command { std: "docker" "start" "-a" "5b2759992ff53adb2d96eb6eb691756dddc67aaa4df6d23229e5a5ebf25c91af", kill_on_drop: false }`
[INFO] running `Command { std: "docker" "inspect" "5b2759992ff53adb2d96eb6eb691756dddc67aaa4df6d23229e5a5ebf25c91af", kill_on_drop: false }`
[INFO] running `Command { std: "docker" "rm" "-f" "5b2759992ff53adb2d96eb6eb691756dddc67aaa4df6d23229e5a5ebf25c91af", kill_on_drop: false }`
[INFO] [stdout] 5b2759992ff53adb2d96eb6eb691756dddc67aaa4df6d23229e5a5ebf25c91af
[INFO] running `Command { std: "docker" "create" "-v" "/var/lib/crater-agent-workspace/builds/worker-7-tc1/target:/opt/rustwide/target:rw,Z" "-v" "/var/lib/crater-agent-workspace/builds/worker-7-tc1/source:/opt/rustwide/workdir:ro,Z" "-v" "/var/lib/crater-agent-workspace/cargo-home:/opt/rustwide/cargo-home:ro,Z" "-v" "/var/lib/crater-agent-workspace/rustup-home:/opt/rustwide/rustup-home:ro,Z" "-e" "SOURCE_DIR=/opt/rustwide/workdir" "-e" "CARGO_TARGET_DIR=/opt/rustwide/target" "-e" "CARGO_INCREMENTAL=0" "-e" "RUST_BACKTRACE=full" "-e" "RUSTFLAGS=--cap-lints=warn" "-e" "RUSTDOCFLAGS=--cap-lints=warn" "-e" "CARGO_HOME=/opt/rustwide/cargo-home" "-e" "RUSTUP_HOME=/opt/rustwide/rustup-home" "-w" "/opt/rustwide/workdir" "-m" "1610612736" "--user" "0:0" "--network" "none" "ghcr.io/rust-lang/crates-build-env/linux@sha256:2788e3201cd34a07e3172128adcd8b3090168a8e3bcc40d7c032b9dda1df7d1c" "/opt/rustwide/cargo-home/bin/cargo" "+1.75.0" "build" "--frozen" "--message-format=json", kill_on_drop: false }`
[INFO] [stdout] 2960d26d495c9588e617be86170fe2b92052940ebd6abbd8cb9ed4c633d33716
[INFO] running `Command { std: "docker" "start" "-a" "2960d26d495c9588e617be86170fe2b92052940ebd6abbd8cb9ed4c633d33716", kill_on_drop: false }`
[INFO] [stderr] warning: virtual workspace defaulting to `resolver = "1"` despite one or more workspace members being on edition 2021 which implies `resolver = "2"`
[INFO] [stderr] note: to keep the current resolver, specify `workspace.resolver = "1"` in the workspace root's manifest
[INFO] [stderr] note: to use the edition 2021 resolver, specify `workspace.resolver = "2"` in the workspace root's manifest
[INFO] [stderr] note: for more details see https://doc.rust-lang.org/cargo/reference/resolver.html#resolver-versions
[INFO] [stderr]    Compiling libc v0.2.127
[INFO] [stderr]    Compiling proc-macro2 v1.0.43
[INFO] [stderr]    Compiling unicode-ident v1.0.3
[INFO] [stderr]    Compiling quote v1.0.21
[INFO] [stderr]    Compiling syn v1.0.99
[INFO] [stderr]    Compiling memchr v2.5.0
[INFO] [stderr]    Compiling log v0.4.17
[INFO] [stderr]    Compiling version_check v0.9.4
[INFO] [stderr]    Compiling pin-project-lite v0.2.9
[INFO] [stderr]    Compiling futures-core v0.3.21
[INFO] [stderr]    Compiling bytes v1.2.1
[INFO] [stderr]    Compiling once_cell v1.13.0
[INFO] [stderr]    Compiling parking_lot_core v0.9.3
[INFO] [stderr]    Compiling scopeguard v1.1.0
[INFO] [stderr]    Compiling lock_api v0.4.7
[INFO] [stderr]    Compiling itoa v1.0.3
[INFO] [stderr]    Compiling smallvec v1.9.0
[INFO] [stderr]    Compiling tokio v1.20.1
[INFO] [stderr]    Compiling typenum v1.15.0
[INFO] [stderr]    Compiling futures-task v0.3.21
[INFO] [stderr]    Compiling serde_derive v1.0.142
[INFO] [stderr]    Compiling tracing-core v0.1.29
[INFO] [stderr]    Compiling futures-util v0.3.21
[INFO] [stderr]    Compiling serde v1.0.142
[INFO] [stderr]    Compiling percent-encoding v2.1.0
[INFO] [stderr]    Compiling futures-sink v0.3.21
[INFO] [stderr]    Compiling generic-array v0.14.6
[INFO] [stderr]    Compiling http v0.2.8
[INFO] [stderr]    Compiling indexmap v1.9.1
[INFO] [stderr]    Compiling slab v0.4.7
[INFO] [stderr]    Compiling zstd-safe v5.0.2+zstd.1.5.2
[INFO] [stderr]    Compiling regex-syntax v0.6.27
[INFO] [stderr]    Compiling matches v0.1.9
[INFO] [stderr]    Compiling tinyvec_macros v0.1.0
[INFO] [stderr]    Compiling alloc-no-stdlib v2.0.3
[INFO] [stderr]    Compiling crc32fast v1.3.2
[INFO] [stderr]    Compiling local-waker v0.1.3
[INFO] [stderr]    Compiling tracing v0.1.36
[INFO] [stderr]    Compiling tinyvec v1.6.0
[INFO] [stderr]    Compiling alloc-stdlib v0.2.1
[INFO] [stderr]    Compiling ahash v0.7.6
[INFO] [stderr]    Compiling aho-corasick v0.7.18
[INFO] [stderr]    Compiling bytestring v1.1.0
[INFO] [stderr]    Compiling ppv-lite86 v0.2.16
[INFO] [stderr]    Compiling httparse v1.7.1
[INFO] [stderr]    Compiling rustversion v1.0.9
[INFO] [stderr]    Compiling adler v1.0.2
[INFO] [stderr]    Compiling bitflags v1.3.2
[INFO] [stderr]    Compiling jobserver v0.1.24
[INFO] [stderr]    Compiling signal-hook-registry v1.4.0
[INFO] [stderr]    Compiling mio v0.8.4
[INFO] [stderr]    Compiling socket2 v0.4.4
[INFO] [stderr]    Compiling cc v1.0.73
[INFO] [stderr]    Compiling getrandom v0.2.7
[INFO] [stderr]    Compiling parking_lot v0.12.1
[INFO] [stderr]    Compiling encoding_rs v0.8.31
[INFO] [stderr]    Compiling rand_core v0.6.3
[INFO] [stderr]    Compiling hashbrown v0.12.3
[INFO] [stderr]    Compiling paste v1.0.8
[INFO] [stderr]    Compiling rand_chacha v0.3.1
[INFO] [stderr]    Compiling unicode-normalization v0.1.21
[INFO] [stderr]    Compiling miniz_oxide v0.5.3
[INFO] [stderr]    Compiling brotli-decompressor v2.3.2
[INFO] [stderr]    Compiling actix-utils v3.0.0
[INFO] [stderr]    Compiling form_urlencoded v1.0.1
[INFO] [stderr]    Compiling cookie v0.16.0
[INFO] [stderr]    Compiling num_threads v0.1.6
[INFO] [stderr]    Compiling firestorm v0.5.1
[INFO] [stderr]    Compiling actix-service v2.0.2
[INFO] [stderr]    Compiling time-macros v0.2.4
[INFO] [stderr]    Compiling serde_json v1.0.83
[INFO] [stderr]    Compiling cpufeatures v0.2.2
[INFO] [stderr]    Compiling convert_case v0.4.0
[INFO] [stderr]    Compiling unicode-bidi v0.3.8
[INFO] [stderr]    Compiling ryu v1.0.11
[INFO] [stderr]    Compiling zstd-sys v2.0.1+zstd.1.5.2
[INFO] [stderr]    Compiling block-buffer v0.10.2
[INFO] [stderr]    Compiling regex v1.6.0
[INFO] [stderr]    Compiling crypto-common v0.1.6
[INFO] [stderr]    Compiling pq-sys v0.4.7
[INFO] [stderr]    Compiling local-channel v0.1.3
[INFO] [stderr]    Compiling digest v0.10.3
[INFO] [stderr]    Compiling idna v0.2.3
[INFO] [stderr]    Compiling ring v0.16.20
[INFO] [stderr]    Compiling flate2 v1.0.24
[INFO] [stderr]    Compiling sha1 v0.10.1
[INFO] [stderr]    Compiling rand v0.8.5
[INFO] [stderr]    Compiling num_cpus v1.13.1
[INFO] [stderr]    Compiling heck v0.4.0
[INFO] [stderr]    Compiling brotli v3.3.4
[INFO] [stderr]    Compiling httpdate v1.0.2
[INFO] [stderr]    Compiling language-tags v0.3.2
[INFO] [stderr]    Compiling mime v0.3.16
[INFO] [stderr]    Compiling base64 v0.13.0
[INFO] [stderr]    Compiling url v2.2.2
[INFO] [stderr]    Compiling atty v0.2.14
[INFO] [stderr]    Compiling spin v0.5.2
[INFO] [stderr]    Compiling humantime v2.1.0
[INFO] [stderr]    Compiling byteorder v1.4.3
[INFO] [stderr]    Compiling untrusted v0.7.1
[INFO] [stderr]    Compiling termcolor v1.1.3
[INFO] [stderr]    Compiling uuid v0.8.2
[INFO] [stderr]    Compiling dotenv v0.15.0
[INFO] [stderr]    Compiling env_logger v0.8.4
[INFO] [stderr]    Compiling time v0.3.12
[INFO] [stderr]    Compiling tokio-util v0.7.3
[INFO] [stderr]    Compiling actix-rt v2.7.0
[INFO] [stderr]    Compiling actix-codec v0.5.0
[INFO] [stderr]    Compiling h2 v0.3.13
[INFO] [stderr]    Compiling actix-server v2.1.1
[INFO] [stderr]    Compiling derive_more v0.99.17
[INFO] [stderr]    Compiling diesel_derives v1.4.1
[INFO] [stderr]    Compiling actix-macros v0.2.3
[INFO] [stderr]    Compiling strum_macros v0.24.2
[INFO] [stderr]    Compiling strum v0.24.1
[INFO] [stderr]    Compiling diesel v1.4.8
[INFO] [stderr]    Compiling actix-router v0.5.0
[INFO] [stderr]    Compiling serde_urlencoded v0.7.1
[INFO] [stderr]    Compiling actix-web-codegen v4.0.1
[INFO] [stderr]    Compiling zstd v0.11.2+zstd.1.5.2
[INFO] [stderr]    Compiling actix-http v3.2.1
[INFO] [stderr]    Compiling actix-web v4.1.0
[INFO] [stderr]    Compiling backend v0.1.0 (/opt/rustwide/workdir/backend)
[INFO] [stderr]     Finished dev [unoptimized + debuginfo] target(s) in 28.97s
[INFO] running `Command { std: "docker" "inspect" "2960d26d495c9588e617be86170fe2b92052940ebd6abbd8cb9ed4c633d33716", kill_on_drop: false }`
[INFO] running `Command { std: "docker" "rm" "-f" "2960d26d495c9588e617be86170fe2b92052940ebd6abbd8cb9ed4c633d33716", kill_on_drop: false }`
[INFO] [stdout] 2960d26d495c9588e617be86170fe2b92052940ebd6abbd8cb9ed4c633d33716
[INFO] running `Command { std: "docker" "create" "-v" "/var/lib/crater-agent-workspace/builds/worker-7-tc1/target:/opt/rustwide/target:rw,Z" "-v" "/var/lib/crater-agent-workspace/builds/worker-7-tc1/source:/opt/rustwide/workdir:ro,Z" "-v" "/var/lib/crater-agent-workspace/cargo-home:/opt/rustwide/cargo-home:ro,Z" "-v" "/var/lib/crater-agent-workspace/rustup-home:/opt/rustwide/rustup-home:ro,Z" "-e" "SOURCE_DIR=/opt/rustwide/workdir" "-e" "CARGO_TARGET_DIR=/opt/rustwide/target" "-e" "CARGO_INCREMENTAL=0" "-e" "RUST_BACKTRACE=full" "-e" "RUSTFLAGS=--cap-lints=warn" "-e" "RUSTDOCFLAGS=--cap-lints=warn" "-e" "CARGO_HOME=/opt/rustwide/cargo-home" "-e" "RUSTUP_HOME=/opt/rustwide/rustup-home" "-w" "/opt/rustwide/workdir" "-m" "1610612736" "--user" "0:0" "--network" "none" "ghcr.io/rust-lang/crates-build-env/linux@sha256:2788e3201cd34a07e3172128adcd8b3090168a8e3bcc40d7c032b9dda1df7d1c" "/opt/rustwide/cargo-home/bin/cargo" "+1.75.0" "test" "--frozen" "--no-run" "--message-format=json", kill_on_drop: false }`
[INFO] [stdout] c385ff524fc38fa2e73c364da82f7b13ca417db15927d25d132a805f5162139a
[INFO] running `Command { std: "docker" "start" "-a" "c385ff524fc38fa2e73c364da82f7b13ca417db15927d25d132a805f5162139a", kill_on_drop: false }`
[INFO] [stderr] warning: virtual workspace defaulting to `resolver = "1"` despite one or more workspace members being on edition 2021 which implies `resolver = "2"`
[INFO] [stderr] note: to keep the current resolver, specify `workspace.resolver = "1"` in the workspace root's manifest
[INFO] [stderr] note: to use the edition 2021 resolver, specify `workspace.resolver = "2"` in the workspace root's manifest
[INFO] [stderr] note: for more details see https://doc.rust-lang.org/cargo/reference/resolver.html#resolver-versions
[INFO] [stderr]    Compiling rand_regex v0.15.1
[INFO] [stderr]    Compiling rand_xorshift v0.3.0
[INFO] [stderr]    Compiling backend v0.1.0 (/opt/rustwide/workdir/backend)
[INFO] [stderr]     Finished test [unoptimized + debuginfo] target(s) in 3.86s
[INFO] running `Command { std: "docker" "inspect" "c385ff524fc38fa2e73c364da82f7b13ca417db15927d25d132a805f5162139a", kill_on_drop: false }`
[INFO] running `Command { std: "docker" "rm" "-f" "c385ff524fc38fa2e73c364da82f7b13ca417db15927d25d132a805f5162139a", kill_on_drop: false }`
[INFO] [stdout] c385ff524fc38fa2e73c364da82f7b13ca417db15927d25d132a805f5162139a
[INFO] running `Command { std: "docker" "create" "-v" "/var/lib/crater-agent-workspace/builds/worker-7-tc1/target:/opt/rustwide/target:rw,Z" "-v" "/var/lib/crater-agent-workspace/builds/worker-7-tc1/source:/opt/rustwide/workdir:ro,Z" "-v" "/var/lib/crater-agent-workspace/cargo-home:/opt/rustwide/cargo-home:ro,Z" "-v" "/var/lib/crater-agent-workspace/rustup-home:/opt/rustwide/rustup-home:ro,Z" "-e" "SOURCE_DIR=/opt/rustwide/workdir" "-e" "CARGO_TARGET_DIR=/opt/rustwide/target" "-e" "CARGO_INCREMENTAL=0" "-e" "RUST_BACKTRACE=full" "-e" "RUSTFLAGS=--cap-lints=warn" "-e" "RUSTDOCFLAGS=--cap-lints=warn" "-e" "CARGO_HOME=/opt/rustwide/cargo-home" "-e" "RUSTUP_HOME=/opt/rustwide/rustup-home" "-w" "/opt/rustwide/workdir" "-m" "1610612736" "--user" "0:0" "--network" "none" "ghcr.io/rust-lang/crates-build-env/linux@sha256:2788e3201cd34a07e3172128adcd8b3090168a8e3bcc40d7c032b9dda1df7d1c" "/opt/rustwide/cargo-home/bin/cargo" "+1.75.0" "test" "--frozen", kill_on_drop: false }`
[INFO] [stdout] 830f012621533584205ada151dcb70b09e290f99e9585934a46223428844b196
[INFO] running `Command { std: "docker" "start" "-a" "830f012621533584205ada151dcb70b09e290f99e9585934a46223428844b196", kill_on_drop: false }`
[INFO] [stderr] warning: virtual workspace defaulting to `resolver = "1"` despite one or more workspace members being on edition 2021 which implies `resolver = "2"`
[INFO] [stderr] note: to keep the current resolver, specify `workspace.resolver = "1"` in the workspace root's manifest
[INFO] [stderr] note: to use the edition 2021 resolver, specify `workspace.resolver = "2"` in the workspace root's manifest
[INFO] [stderr] note: for more details see https://doc.rust-lang.org/cargo/reference/resolver.html#resolver-versions
[INFO] [stderr]     Finished test [unoptimized + debuginfo] target(s) in 0.11s
[INFO] [stderr]      Running unittests src/main.rs (/opt/rustwide/target/debug/deps/backend-935d99e0760475ca)
[INFO] [stdout] 
[INFO] [stdout] running 12 tests
[INFO] [stdout] test helpers::vector::tests::vec_to_array_should_return_correct_value ... ok
[INFO] [stdout] test helpers::password::tests::encrypt_with_salt_should_return_correct ... ok
[INFO] [stdout] test model::user::tests::user_new_id_should_return_correct ... ok
[INFO] [stdout] test helpers::password::tests::encrypt_with_salt_should_return_wrong ... ok
[INFO] [stdout] test helpers::password::tests::verify_should_return_true ... ok
[INFO] [stdout] test model::user::tests::user_new_should_return_correct ... ok
[INFO] [stdout] test helpers::password::tests::verify_should_return_false ... ok
[INFO] [stdout] test api::users::tests::get_users_should_return_empty ... FAILED
[INFO] [stdout] test api::users::tests::get_user_should_return_not_found ... FAILED
[INFO] [stdout] test helpers::vector::tests::vec_to_array_should_panic ... ok
[INFO] [stdout] test api::users::tests::get_user_should_return_correct ... FAILED
[INFO] [stdout] test api::users::tests::get_users_should_return_users ... FAILED
[INFO] [stdout] 
[INFO] [stdout] failures:
[INFO] [stdout] 
[INFO] [stdout] ---- api::users::tests::get_users_should_return_empty stdout ----
[INFO] [stdout] thread 'api::users::tests::get_users_should_return_empty' panicked at backend/src/repository/mod.rs:13:49:
[INFO] [stdout] DATABASE_URL must be set: NotPresent
[INFO] [stdout] stack backtrace:
[INFO] [stdout]    0:     0x5638418e635c - std::backtrace_rs::backtrace::libunwind::trace::ha637c64ce894333a
[INFO] [stdout]                                at /rustc/82e1608dfa6e0b5569232559e3d385fea5a93112/library/std/src/../../backtrace/src/backtrace/libunwind.rs:104:5
[INFO] [stdout]    1:     0x5638418e635c - std::backtrace_rs::backtrace::trace_unsynchronized::h47f62dea28e0c88d
[INFO] [stdout]                                at /rustc/82e1608dfa6e0b5569232559e3d385fea5a93112/library/std/src/../../backtrace/src/backtrace/mod.rs:66:5
[INFO] [stdout]    2:     0x5638418e635c - std::sys_common::backtrace::_print_fmt::h9eef0abe20ede486
[INFO] [stdout]                                at /rustc/82e1608dfa6e0b5569232559e3d385fea5a93112/library/std/src/sys_common/backtrace.rs:67:5
[INFO] [stdout]    3:     0x5638418e635c - <std::sys_common::backtrace::_print::DisplayBacktrace as core::fmt::Display>::fmt::hed7f999df88cc644
[INFO] [stdout]                                at /rustc/82e1608dfa6e0b5569232559e3d385fea5a93112/library/std/src/sys_common/backtrace.rs:44:22
[INFO] [stdout]    4:     0x5638419119d0 - core::fmt::rt::Argument::fmt::h1539a9308b8d058d
[INFO] [stdout]                                at /rustc/82e1608dfa6e0b5569232559e3d385fea5a93112/library/core/src/fmt/rt.rs:142:9
[INFO] [stdout]    5:     0x5638419119d0 - core::fmt::write::h3a39390d8560d9c9
[INFO] [stdout]                                at /rustc/82e1608dfa6e0b5569232559e3d385fea5a93112/library/core/src/fmt/mod.rs:1120:17
[INFO] [stdout]    6:     0x5638418e39cf - std::io::Write::write_fmt::h040b369f3a0f9cbc
[INFO] [stdout]                                at /rustc/82e1608dfa6e0b5569232559e3d385fea5a93112/library/std/src/io/mod.rs:1762:15
[INFO] [stdout]    7:     0x5638418e6144 - std::sys_common::backtrace::_print::h894006fb5c6f3d45
[INFO] [stdout]                                at /rustc/82e1608dfa6e0b5569232559e3d385fea5a93112/library/std/src/sys_common/backtrace.rs:47:5
[INFO] [stdout]    8:     0x5638418e6144 - std::sys_common::backtrace::print::h23a2d212c6fff936
[INFO] [stdout]                                at /rustc/82e1608dfa6e0b5569232559e3d385fea5a93112/library/std/src/sys_common/backtrace.rs:34:9
[INFO] [stdout]    9:     0x5638418e7e07 - std::panicking::default_hook::{{closure}}::h8a1d2ee00185001a
[INFO] [stdout]   10:     0x5638418e7af3 - std::panicking::default_hook::h6038f2eba384e475
[INFO] [stdout]                                at /rustc/82e1608dfa6e0b5569232559e3d385fea5a93112/library/std/src/panicking.rs:289:9
[INFO] [stdout]   11:     0x563841566a37 - <alloc::boxed::Box<F,A> as core::ops::function::Fn<Args>>::call::h0ad024c9bdc6d768
[INFO] [stdout]                                at /rustc/82e1608dfa6e0b5569232559e3d385fea5a93112/library/alloc/src/boxed.rs:2021:9
[INFO] [stdout]   12:     0x563841566a37 - test::test_main::{{closure}}::h7500b54257359db6
[INFO] [stdout]                                at /rustc/82e1608dfa6e0b5569232559e3d385fea5a93112/library/test/src/lib.rs:138:21
[INFO] [stdout]   13:     0x5638418e8418 - <alloc::boxed::Box<F,A> as core::ops::function::Fn<Args>>::call::h1f8f335eaa9cfaee
[INFO] [stdout]                                at /rustc/82e1608dfa6e0b5569232559e3d385fea5a93112/library/alloc/src/boxed.rs:2021:9
[INFO] [stdout]   14:     0x5638418e8418 - std::panicking::rust_panic_with_hook::h2b5517d590cab22e
[INFO] [stdout]                                at /rustc/82e1608dfa6e0b5569232559e3d385fea5a93112/library/std/src/panicking.rs:783:13
[INFO] [stdout]   15:     0x5638418e816e - std::panicking::begin_panic_handler::{{closure}}::h233112c06e0ef43e
[INFO] [stdout]                                at /rustc/82e1608dfa6e0b5569232559e3d385fea5a93112/library/std/src/panicking.rs:657:13
[INFO] [stdout]   16:     0x5638418e6826 - std::sys_common::backtrace::__rust_end_short_backtrace::h6e893f24d7ebbff8
[INFO] [stdout]                                at /rustc/82e1608dfa6e0b5569232559e3d385fea5a93112/library/std/src/sys_common/backtrace.rs:170:18
[INFO] [stdout]   17:     0x5638418e7ed2 - rust_begin_unwind
[INFO] [stdout]                                at /rustc/82e1608dfa6e0b5569232559e3d385fea5a93112/library/std/src/panicking.rs:645:5
[INFO] [stdout]   18:     0x5638414af485 - core::panicking::panic_fmt::hbf0e066aabfa482c
[INFO] [stdout]                                at /rustc/82e1608dfa6e0b5569232559e3d385fea5a93112/library/core/src/panicking.rs:72:14
[INFO] [stdout]   19:     0x5638414afa53 - core::result::unwrap_failed::hddb4fea594200c52
[INFO] [stdout]                                at /rustc/82e1608dfa6e0b5569232559e3d385fea5a93112/library/core/src/result.rs:1653:5
[INFO] [stdout]   20:     0x56384152cac6 - core::result::Result<T,E>::expect::he597842dcec6cf5d
[INFO] [stdout]                                at /rustc/82e1608dfa6e0b5569232559e3d385fea5a93112/library/core/src/result.rs:1034:23
[INFO] [stdout]   21:     0x5638415072f5 - backend::repository::establish_connection::h65b5c512b5abfe1e
[INFO] [stdout]                                at /opt/rustwide/workdir/backend/src/repository/mod.rs:13:24
[INFO] [stdout]   22:     0x5638414c9ec7 - backend::repository::users::UsersRepository::init::h58bf5c01c52d5b37
[INFO] [stdout]                                at /opt/rustwide/workdir/backend/src/repository/users.rs:18:25
[INFO] [stdout]   23:     0x56384150a744 - backend::api::users::tests::get_users_should_return_empty::{{closure}}::haff1395993fbc12b
[INFO] [stdout]                                at /opt/rustwide/workdir/backend/src/api/users.rs:227:30
[INFO] [stdout]   24:     0x5638414ce330 - <tokio::task::local::RunUntil<T> as core::future::future::Future>::poll::{{closure}}::{{closure}}::h1fe4a1111a5638dd
[INFO] [stdout]                                at /opt/rustwide/cargo-home/registry/src/index.crates.io-6f17d22bba15001f/tokio-1.20.1/src/task/local.rs:757:65
[INFO] [stdout]   25:     0x5638414c02c0 - tokio::coop::with_budget::{{closure}}::hb333b1f03ab9e441
[INFO] [stdout]                                at /opt/rustwide/cargo-home/registry/src/index.crates.io-6f17d22bba15001f/tokio-1.20.1/src/coop.rs:102:9
[INFO] [stdout]   26:     0x5638414fb3fe - std::thread::local::LocalKey<T>::try_with::h9f25a1100a721bd2
[INFO] [stdout]                                at /rustc/82e1608dfa6e0b5569232559e3d385fea5a93112/library/std/src/thread/local.rs:270:16
[INFO] [stdout]   27:     0x5638414fa35a - std::thread::local::LocalKey<T>::with::hd0dd4622b6916c26
[INFO] [stdout]                                at /rustc/82e1608dfa6e0b5569232559e3d385fea5a93112/library/std/src/thread/local.rs:246:9
[INFO] [stdout]   28:     0x5638414ce1fb - tokio::coop::with_budget::hef07391e24d267a5
[INFO] [stdout]                                at /opt/rustwide/cargo-home/registry/src/index.crates.io-6f17d22bba15001f/tokio-1.20.1/src/coop.rs:95:5
[INFO] [stdout]   29:     0x5638414ce1fb - tokio::coop::budget::h8a219211aba162dc
[INFO] [stdout]                                at /opt/rustwide/cargo-home/registry/src/index.crates.io-6f17d22bba15001f/tokio-1.20.1/src/coop.rs:72:5
[INFO] [stdout]   30:     0x5638414ce1fb - <tokio::task::local::RunUntil<T> as core::future::future::Future>::poll::{{closure}}::h5ae634d9f21a99e3
[INFO] [stdout]                                at /opt/rustwide/cargo-home/registry/src/index.crates.io-6f17d22bba15001f/tokio-1.20.1/src/task/local.rs:757:42
[INFO] [stdout]   31:     0x5638414d4f47 - tokio::macros::scoped_tls::ScopedKey<T>::set::h2ac023841a8b725a
[INFO] [stdout]                                at /opt/rustwide/cargo-home/registry/src/index.crates.io-6f17d22bba15001f/tokio-1.20.1/src/macros/scoped_tls.rs:61:9
[INFO] [stdout]   32:     0x5638414cb767 - tokio::task::local::LocalSet::with::h12f1a5ab40ac5331
[INFO] [stdout]                                at /opt/rustwide/cargo-home/registry/src/index.crates.io-6f17d22bba15001f/tokio-1.20.1/src/task/local.rs:582:9
[INFO] [stdout]   33:     0x5638414cd8ba - <tokio::task::local::RunUntil<T> as core::future::future::Future>::poll::h32f10a654b90c176
[INFO] [stdout]                                at /opt/rustwide/cargo-home/registry/src/index.crates.io-6f17d22bba15001f/tokio-1.20.1/src/task/local.rs:747:9
[INFO] [stdout]   34:     0x5638414cc115 - tokio::task::local::LocalSet::run_until::{{closure}}::h9c2fea452128b2c7
[INFO] [stdout]                                at /opt/rustwide/cargo-home/registry/src/index.crates.io-6f17d22bba15001f/tokio-1.20.1/src/task/local.rs:502:19
[INFO] [stdout]   35:     0x5638414fe7db - <core::pin::Pin<P> as core::future::future::Future>::poll::h0ccae2f6e9d4b32b
[INFO] [stdout]                                at /rustc/82e1608dfa6e0b5569232559e3d385fea5a93112/library/core/src/future/future.rs:125:9
[INFO] [stdout]   36:     0x5638414e5e04 - tokio::runtime::basic_scheduler::CoreGuard::block_on::{{closure}}::{{closure}}::{{closure}}::h8804303266011116
[INFO] [stdout]                                at /opt/rustwide/cargo-home/registry/src/index.crates.io-6f17d22bba15001f/tokio-1.20.1/src/runtime/basic_scheduler.rs:543:48
[INFO] [stdout]   37:     0x5638414c0060 - tokio::coop::with_budget::{{closure}}::h9f2ad0f67315d3b8
[INFO] [stdout]                                at /opt/rustwide/cargo-home/registry/src/index.crates.io-6f17d22bba15001f/tokio-1.20.1/src/coop.rs:102:9
[INFO] [stdout]   38:     0x5638414fb69e - std::thread::local::LocalKey<T>::try_with::hb7f6e66154871293
[INFO] [stdout]                                at /rustc/82e1608dfa6e0b5569232559e3d385fea5a93112/library/std/src/thread/local.rs:270:16
[INFO] [stdout]   39:     0x5638414f9fba - std::thread::local::LocalKey<T>::with::h3b9353bb1799caff
[INFO] [stdout]                                at /rustc/82e1608dfa6e0b5569232559e3d385fea5a93112/library/std/src/thread/local.rs:246:9
[INFO] [stdout]   40:     0x5638414e5946 - tokio::coop::with_budget::h6b231127497666b4
[INFO] [stdout]                                at /opt/rustwide/cargo-home/registry/src/index.crates.io-6f17d22bba15001f/tokio-1.20.1/src/coop.rs:95:5
[INFO] [stdout]   41:     0x5638414e5946 - tokio::coop::budget::h9a1ccae007568d1e
[INFO] [stdout]                                at /opt/rustwide/cargo-home/registry/src/index.crates.io-6f17d22bba15001f/tokio-1.20.1/src/coop.rs:72:5
[INFO] [stdout]   42:     0x5638414e5946 - tokio::runtime::basic_scheduler::CoreGuard::block_on::{{closure}}::{{closure}}::h928c039698549617
[INFO] [stdout]                                at /opt/rustwide/cargo-home/registry/src/index.crates.io-6f17d22bba15001f/tokio-1.20.1/src/runtime/basic_scheduler.rs:543:25
[INFO] [stdout]   43:     0x5638414e10cc - tokio::runtime::basic_scheduler::Context::enter::h1adb674d05eefb9a
[INFO] [stdout]                                at /opt/rustwide/cargo-home/registry/src/index.crates.io-6f17d22bba15001f/tokio-1.20.1/src/runtime/basic_scheduler.rs:367:19
[INFO] [stdout]   44:     0x5638414e3fa9 - tokio::runtime::basic_scheduler::CoreGuard::block_on::{{closure}}::h0f21f4764d2ddd78
[INFO] [stdout]                                at /opt/rustwide/cargo-home/registry/src/index.crates.io-6f17d22bba15001f/tokio-1.20.1/src/runtime/basic_scheduler.rs:542:36
[INFO] [stdout]   45:     0x5638414e31fb - tokio::runtime::basic_scheduler::CoreGuard::enter::{{closure}}::h0f2248774c4cae6d
[INFO] [stdout]                                at /opt/rustwide/cargo-home/registry/src/index.crates.io-6f17d22bba15001f/tokio-1.20.1/src/runtime/basic_scheduler.rs:613:57
[INFO] [stdout]   46:     0x5638414d4e0d - tokio::macros::scoped_tls::ScopedKey<T>::set::h12f1c091418377cf
[INFO] [stdout]                                at /opt/rustwide/cargo-home/registry/src/index.crates.io-6f17d22bba15001f/tokio-1.20.1/src/macros/scoped_tls.rs:61:9
[INFO] [stdout]   47:     0x5638414e23bf - tokio::runtime::basic_scheduler::CoreGuard::enter::h20f5634faf46fb4f
[INFO] [stdout]                                at /opt/rustwide/cargo-home/registry/src/index.crates.io-6f17d22bba15001f/tokio-1.20.1/src/runtime/basic_scheduler.rs:613:27
[INFO] [stdout]   48:     0x5638414e334c - tokio::runtime::basic_scheduler::CoreGuard::block_on::h802894a04b7bda2c
[INFO] [stdout]                                at /opt/rustwide/cargo-home/registry/src/index.crates.io-6f17d22bba15001f/tokio-1.20.1/src/runtime/basic_scheduler.rs:533:19
[INFO] [stdout]   49:     0x5638414deee2 - tokio::runtime::basic_scheduler::BasicScheduler::block_on::h00ce4983368d84e7
[INFO] [stdout]                                at /opt/rustwide/cargo-home/registry/src/index.crates.io-6f17d22bba15001f/tokio-1.20.1/src/runtime/basic_scheduler.rs:179:24
[INFO] [stdout]   50:     0x56384152e362 - tokio::runtime::Runtime::block_on::h5f52fd6f4013826b
[INFO] [stdout]                                at /opt/rustwide/cargo-home/registry/src/index.crates.io-6f17d22bba15001f/tokio-1.20.1/src/runtime/mod.rs:482:46
[INFO] [stdout]   51:     0x5638414cb8fb - tokio::task::local::LocalSet::block_on::hdfff5c753b775558
[INFO] [stdout]                                at /opt/rustwide/cargo-home/registry/src/index.crates.io-6f17d22bba15001f/tokio-1.20.1/src/task/local.rs:463:9
[INFO] [stdout]   52:     0x5638414dbc07 - actix_rt::runtime::Runtime::block_on::hce27e6341210748b
[INFO] [stdout]                                at /opt/rustwide/cargo-home/registry/src/index.crates.io-6f17d22bba15001f/actix-rt-2.7.0/src/runtime.rs:80:9
[INFO] [stdout]   53:     0x5638414ff07a - actix_rt::system::SystemRunner::block_on::h31e22260090032f2
[INFO] [stdout]                                at /opt/rustwide/cargo-home/registry/src/index.crates.io-6f17d22bba15001f/actix-rt-2.7.0/src/system.rs:209:9
[INFO] [stdout]   54:     0x56384150a684 - backend::api::users::tests::get_users_should_return_empty::h0cb91aaab9415325
[INFO] [stdout]                                at /opt/rustwide/workdir/backend/src/api/users.rs:225:5
[INFO] [stdout]   55:     0x56384150a637 - backend::api::users::tests::get_users_should_return_empty::{{closure}}::h1150f319959ddeb4
[INFO] [stdout]                                at /opt/rustwide/workdir/backend/src/api/users.rs:226:45
[INFO] [stdout]   56:     0x563841521526 - core::ops::function::FnOnce::call_once::h2818fc6c42768553
[INFO] [stdout]                                at /rustc/82e1608dfa6e0b5569232559e3d385fea5a93112/library/core/src/ops/function.rs:250:5
[INFO] [stdout]   57:     0x56384156c08f - core::ops::function::FnOnce::call_once::h2b5d431d5046312d
[INFO] [stdout]                                at /rustc/82e1608dfa6e0b5569232559e3d385fea5a93112/library/core/src/ops/function.rs:250:5
[INFO] [stdout]   58:     0x56384156c08f - test::__rust_begin_short_backtrace::h7714669af176e207
[INFO] [stdout]                                at /rustc/82e1608dfa6e0b5569232559e3d385fea5a93112/library/test/src/lib.rs:628:18
[INFO] [stdout]   59:     0x56384156b0a5 - test::run_test_in_process::{{closure}}::h85218797dcbcec12
[INFO] [stdout]                                at /rustc/82e1608dfa6e0b5569232559e3d385fea5a93112/library/test/src/lib.rs:651:60
[INFO] [stdout]   60:     0x56384156b0a5 - <core::panic::unwind_safe::AssertUnwindSafe<F> as core::ops::function::FnOnce<()>>::call_once::h76c106ea31c14d7b
[INFO] [stdout]                                at /rustc/82e1608dfa6e0b5569232559e3d385fea5a93112/library/core/src/panic/unwind_safe.rs:272:9
[INFO] [stdout]   61:     0x56384156b0a5 - std::panicking::try::do_call::h3bd5d0f6620ee946
[INFO] [stdout]                                at /rustc/82e1608dfa6e0b5569232559e3d385fea5a93112/library/std/src/panicking.rs:552:40
[INFO] [stdout]   62:     0x56384156b0a5 - std::panicking::try::h232e535e4744fe31
[INFO] [stdout]                                at /rustc/82e1608dfa6e0b5569232559e3d385fea5a93112/library/std/src/panicking.rs:516:19
[INFO] [stdout]   63:     0x56384156b0a5 - std::panic::catch_unwind::h3ce3bd6ca8dbac68
[INFO] [stdout]                                at /rustc/82e1608dfa6e0b5569232559e3d385fea5a93112/library/std/src/panic.rs:142:14
[INFO] [stdout]   64:     0x56384156b0a5 - test::run_test_in_process::hc97b257c9621286a
[INFO] [stdout]                                at /rustc/82e1608dfa6e0b5569232559e3d385fea5a93112/library/test/src/lib.rs:651:27
[INFO] [stdout]   65:     0x56384156b0a5 - test::run_test::{{closure}}::h2aa798823a438d38
[INFO] [stdout]                                at /rustc/82e1608dfa6e0b5569232559e3d385fea5a93112/library/test/src/lib.rs:574:43
[INFO] [stdout]   66:     0x563841533366 - test::run_test::{{closure}}::h87d231c78fb59832
[INFO] [stdout]                                at /rustc/82e1608dfa6e0b5569232559e3d385fea5a93112/library/test/src/lib.rs:602:41
[INFO] [stdout]   67:     0x563841533366 - std::sys_common::backtrace::__rust_begin_short_backtrace::he6df152596625789
[INFO] [stdout]                                at /rustc/82e1608dfa6e0b5569232559e3d385fea5a93112/library/std/src/sys_common/backtrace.rs:154:18
[INFO] [stdout]   68:     0x563841538417 - std::thread::Builder::spawn_unchecked_::{{closure}}::{{closure}}::ha94be15d1e0acf36
[INFO] [stdout]                                at /rustc/82e1608dfa6e0b5569232559e3d385fea5a93112/library/std/src/thread/mod.rs:529:17
[INFO] [stdout]   69:     0x563841538417 - <core::panic::unwind_safe::AssertUnwindSafe<F> as core::ops::function::FnOnce<()>>::call_once::h9dc6bd6372f16606
[INFO] [stdout]                                at /rustc/82e1608dfa6e0b5569232559e3d385fea5a93112/library/core/src/panic/unwind_safe.rs:272:9
[INFO] [stdout]   70:     0x563841538417 - std::panicking::try::do_call::h9057517f80303cd4
[INFO] [stdout]                                at /rustc/82e1608dfa6e0b5569232559e3d385fea5a93112/library/std/src/panicking.rs:552:40
[INFO] [stdout]   71:     0x563841538417 - std::panicking::try::he3a30b11ee45340c
[INFO] [stdout]                                at /rustc/82e1608dfa6e0b5569232559e3d385fea5a93112/library/std/src/panicking.rs:516:19
[INFO] [stdout]   72:     0x563841538417 - std::panic::catch_unwind::h410458cfd3528b8b
[INFO] [stdout]                                at /rustc/82e1608dfa6e0b5569232559e3d385fea5a93112/library/std/src/panic.rs:142:14
[INFO] [stdout]   73:     0x563841538417 - std::thread::Builder::spawn_unchecked_::{{closure}}::h72ac3bdb567b737b
[INFO] [stdout]                                at /rustc/82e1608dfa6e0b5569232559e3d385fea5a93112/library/std/src/thread/mod.rs:528:30
[INFO] [stdout]   74:     0x563841538417 - core::ops::function::FnOnce::call_once{{vtable.shim}}::h38f34da3654a8344
[INFO] [stdout]                                at /rustc/82e1608dfa6e0b5569232559e3d385fea5a93112/library/core/src/ops/function.rs:250:5
[INFO] [stdout]   75:     0x5638418ed135 - <alloc::boxed::Box<F,A> as core::ops::function::FnOnce<Args>>::call_once::hc7eafaff61e32df9
[INFO] [stdout]                                at /rustc/82e1608dfa6e0b5569232559e3d385fea5a93112/library/alloc/src/boxed.rs:2007:9
[INFO] [stdout]   76:     0x5638418ed135 - <alloc::boxed::Box<F,A> as core::ops::function::FnOnce<Args>>::call_once::h6ba4a5de48dd2304
[INFO] [stdout]                                at /rustc/82e1608dfa6e0b5569232559e3d385fea5a93112/library/alloc/src/boxed.rs:2007:9
[INFO] [stdout]   77:     0x5638418ed135 - std::sys::unix::thread::Thread::new::thread_start::he469335aef763e45
[INFO] [stdout]                                at /rustc/82e1608dfa6e0b5569232559e3d385fea5a93112/library/std/src/sys/unix/thread.rs:108:17
[INFO] [stdout]   78:     0x7fa9aca3dac3 - <unknown>
[INFO] [stdout]   79:     0x7fa9acacebf4 - __clone
[INFO] [stdout]   80:                0x0 - <unknown>
[INFO] [stdout] 
[INFO] [stdout] ---- api::users::tests::get_user_should_return_not_found stdout ----
[INFO] [stdout] thread 'api::users::tests::get_user_should_return_not_found' panicked at backend/src/repository/mod.rs:13:49:
[INFO] [stdout] DATABASE_URL must be set: NotPresent
[INFO] [stdout] stack backtrace:
[INFO] [stdout]    0:     0x5638418e635c - std::backtrace_rs::backtrace::libunwind::trace::ha637c64ce894333a
[INFO] [stdout]                                at /rustc/82e1608dfa6e0b5569232559e3d385fea5a93112/library/std/src/../../backtrace/src/backtrace/libunwind.rs:104:5
[INFO] [stdout]    1:     0x5638418e635c - std::backtrace_rs::backtrace::trace_unsynchronized::h47f62dea28e0c88d
[INFO] [stdout]                                at /rustc/82e1608dfa6e0b5569232559e3d385fea5a93112/library/std/src/../../backtrace/src/backtrace/mod.rs:66:5
[INFO] [stdout]    2:     0x5638418e635c - std::sys_common::backtrace::_print_fmt::h9eef0abe20ede486
[INFO] [stdout]                                at /rustc/82e1608dfa6e0b5569232559e3d385fea5a93112/library/std/src/sys_common/backtrace.rs:67:5
[INFO] [stdout]    3:     0x5638418e635c - <std::sys_common::backtrace::_print::DisplayBacktrace as core::fmt::Display>::fmt::hed7f999df88cc644
[INFO] [stdout]                                at /rustc/82e1608dfa6e0b5569232559e3d385fea5a93112/library/std/src/sys_common/backtrace.rs:44:22
[INFO] [stdout]    4:     0x5638419119d0 - core::fmt::rt::Argument::fmt::h1539a9308b8d058d
[INFO] [stdout]                                at /rustc/82e1608dfa6e0b5569232559e3d385fea5a93112/library/core/src/fmt/rt.rs:142:9
[INFO] [stdout]    5:     0x5638419119d0 - core::fmt::write::h3a39390d8560d9c9
[INFO] [stdout]                                at /rustc/82e1608dfa6e0b5569232559e3d385fea5a93112/library/core/src/fmt/mod.rs:1120:17
[INFO] [stdout]    6:     0x5638418e39cf - std::io::Write::write_fmt::h040b369f3a0f9cbc
[INFO] [stdout]                                at /rustc/82e1608dfa6e0b5569232559e3d385fea5a93112/library/std/src/io/mod.rs:1762:15
[INFO] [stdout]    7:     0x5638418e6144 - std::sys_common::backtrace::_print::h894006fb5c6f3d45
[INFO] [stdout]                                at /rustc/82e1608dfa6e0b5569232559e3d385fea5a93112/library/std/src/sys_common/backtrace.rs:47:5
[INFO] [stdout]    8:     0x5638418e6144 - std::sys_common::backtrace::print::h23a2d212c6fff936
[INFO] [stdout]                                at /rustc/82e1608dfa6e0b5569232559e3d385fea5a93112/library/std/src/sys_common/backtrace.rs:34:9
[INFO] [stdout]    9:     0x5638418e7e07 - std::panicking::default_hook::{{closure}}::h8a1d2ee00185001a
[INFO] [stdout]   10:     0x5638418e7af3 - std::panicking::default_hook::h6038f2eba384e475
[INFO] [stdout]                                at /rustc/82e1608dfa6e0b5569232559e3d385fea5a93112/library/std/src/panicking.rs:289:9
[INFO] [stdout]   11:     0x563841566a37 - <alloc::boxed::Box<F,A> as core::ops::function::Fn<Args>>::call::h0ad024c9bdc6d768
[INFO] [stdout]                                at /rustc/82e1608dfa6e0b5569232559e3d385fea5a93112/library/alloc/src/boxed.rs:2021:9
[INFO] [stdout]   12:     0x563841566a37 - test::test_main::{{closure}}::h7500b54257359db6
[INFO] [stdout]                                at /rustc/82e1608dfa6e0b5569232559e3d385fea5a93112/library/test/src/lib.rs:138:21
[INFO] [stdout]   13:     0x5638418e8418 - <alloc::boxed::Box<F,A> as core::ops::function::Fn<Args>>::call::h1f8f335eaa9cfaee
[INFO] [stdout]                                at /rustc/82e1608dfa6e0b5569232559e3d385fea5a93112/library/alloc/src/boxed.rs:2021:9
[INFO] [stdout]   14:     0x5638418e8418 - std::panicking::rust_panic_with_hook::h2b5517d590cab22e
[INFO] [stdout]                                at /rustc/82e1608dfa6e0b5569232559e3d385fea5a93112/library/std/src/panicking.rs:783:13
[INFO] [stdout]   15:     0x5638418e816e - std::panicking::begin_panic_handler::{{closure}}::h233112c06e0ef43e
[INFO] [stdout]                                at /rustc/82e1608dfa6e0b5569232559e3d385fea5a93112/library/std/src/panicking.rs:657:13
[INFO] [stdout]   16:     0x5638418e6826 - std::sys_common::backtrace::__rust_end_short_backtrace::h6e893f24d7ebbff8
[INFO] [stdout]                                at /rustc/82e1608dfa6e0b5569232559e3d385fea5a93112/library/std/src/sys_common/backtrace.rs:170:18
[INFO] [stdout]   17:     0x5638418e7ed2 - rust_begin_unwind
[INFO] [stdout]                                at /rustc/82e1608dfa6e0b5569232559e3d385fea5a93112/library/std/src/panicking.rs:645:5
[INFO] [stdout]   18:     0x5638414af485 - core::panicking::panic_fmt::hbf0e066aabfa482c
[INFO] [stdout]                                at /rustc/82e1608dfa6e0b5569232559e3d385fea5a93112/library/core/src/panicking.rs:72:14
[INFO] [stdout]   19:     0x5638414afa53 - core::result::unwrap_failed::hddb4fea594200c52
[INFO] [stdout]                                at /rustc/82e1608dfa6e0b5569232559e3d385fea5a93112/library/core/src/result.rs:1653:5
[INFO] [stdout]   20:     0x56384152cac6 - core::result::Result<T,E>::expect::he597842dcec6cf5d
[INFO] [stdout]                                at /rustc/82e1608dfa6e0b5569232559e3d385fea5a93112/library/core/src/result.rs:1034:23
[INFO] [stdout]   21:     0x5638415072f5 - backend::repository::establish_connection::h65b5c512b5abfe1e
[INFO] [stdout]                                at /opt/rustwide/workdir/backend/src/repository/mod.rs:13:24
[INFO] [stdout]   22:     0x5638414c9ec7 - backend::repository::users::UsersRepository::init::h58bf5c01c52d5b37
[INFO] [stdout]                                at /opt/rustwide/workdir/backend/src/repository/users.rs:18:25
[INFO] [stdout]   23:     0x5638415085c7 - backend::api::users::tests::get_user_should_return_not_found::{{closure}}::h259d930dc7e39d57
[INFO] [stdout]                                at /opt/rustwide/workdir/backend/src/api/users.rs:172:30
[INFO] [stdout]   24:     0x5638414ce360 - <tokio::task::local::RunUntil<T> as core::future::future::Future>::poll::{{closure}}::{{closure}}::h6d3b1581e6e1cdd8
[INFO] [stdout]                                at /opt/rustwide/cargo-home/registry/src/index.crates.io-6f17d22bba15001f/tokio-1.20.1/src/task/local.rs:757:65
[INFO] [stdout]   25:     0x5638414c0520 - tokio::coop::with_budget::{{closure}}::hb8ce91badbb17a16
[INFO] [stdout]                                at /opt/rustwide/cargo-home/registry/src/index.crates.io-6f17d22bba15001f/tokio-1.20.1/src/coop.rs:102:9
[INFO] [stdout]   26:     0x5638414fc18e - std::thread::local::LocalKey<T>::try_with::hf126f9fce03c7ca2
[INFO] [stdout]                                at /rustc/82e1608dfa6e0b5569232559e3d385fea5a93112/library/std/src/thread/local.rs:270:16
[INFO] [stdout]   27:     0x5638414fa32a - std::thread::local::LocalKey<T>::with::hc056bbbfa97f70f8
[INFO] [stdout]                                at /rustc/82e1608dfa6e0b5569232559e3d385fea5a93112/library/std/src/thread/local.rs:246:9
[INFO] [stdout]   28:     0x5638414cdd3b - tokio::coop::with_budget::h0e07009f7e98e581
[INFO] [stdout]                                at /opt/rustwide/cargo-home/registry/src/index.crates.io-6f17d22bba15001f/tokio-1.20.1/src/coop.rs:95:5
[INFO] [stdout]   29:     0x5638414cdd3b - tokio::coop::budget::h7b9279a73d549c9a
[INFO] [stdout]                                at /opt/rustwide/cargo-home/registry/src/index.crates.io-6f17d22bba15001f/tokio-1.20.1/src/coop.rs:72:5
[INFO] [stdout]   30:     0x5638414cdd3b - <tokio::task::local::RunUntil<T> as core::future::future::Future>::poll::{{closure}}::h37814427ca103851
[INFO] [stdout]                                at /opt/rustwide/cargo-home/registry/src/index.crates.io-6f17d22bba15001f/tokio-1.20.1/src/task/local.rs:757:42
[INFO] [stdout]   31:     0x5638414d5637 - tokio::macros::scoped_tls::ScopedKey<T>::set::h963569f06eeaabc3
[INFO] [stdout]                                at /opt/rustwide/cargo-home/registry/src/index.crates.io-6f17d22bba15001f/tokio-1.20.1/src/macros/scoped_tls.rs:61:9
[INFO] [stdout]   32:     0x5638414cb7a7 - tokio::task::local::LocalSet::with::h9cf2cdc79455b77d
[INFO] [stdout]                                at /opt/rustwide/cargo-home/registry/src/index.crates.io-6f17d22bba15001f/tokio-1.20.1/src/task/local.rs:582:9
[INFO] [stdout]   33:     0x5638414cd91a - <tokio::task::local::RunUntil<T> as core::future::future::Future>::poll::h41ad58c0c838f7f2
[INFO] [stdout]                                at /opt/rustwide/cargo-home/registry/src/index.crates.io-6f17d22bba15001f/tokio-1.20.1/src/task/local.rs:747:9
[INFO] [stdout]   34:     0x5638414cbea5 - tokio::task::local::LocalSet::run_until::{{closure}}::h97fade5271e08aeb
[INFO] [stdout]                                at /opt/rustwide/cargo-home/registry/src/index.crates.io-6f17d22bba15001f/tokio-1.20.1/src/task/local.rs:502:19
[INFO] [stdout]   35:     0x5638414fea1b - <core::pin::Pin<P> as core::future::future::Future>::poll::h47c43b36092ae235
[INFO] [stdout]                                at /rustc/82e1608dfa6e0b5569232559e3d385fea5a93112/library/core/src/future/future.rs:125:9
[INFO] [stdout]   36:     0x5638414e5d84 - tokio::runtime::basic_scheduler::CoreGuard::block_on::{{closure}}::{{closure}}::{{closure}}::h16e28793ce258afd
[INFO] [stdout]                                at /opt/rustwide/cargo-home/registry/src/index.crates.io-6f17d22bba15001f/tokio-1.20.1/src/runtime/basic_scheduler.rs:543:48
[INFO] [stdout]   37:     0x5638414c0780 - tokio::coop::with_budget::{{closure}}::hfa88784b3589dc23
[INFO] [stdout]                                at /opt/rustwide/cargo-home/registry/src/index.crates.io-6f17d22bba15001f/tokio-1.20.1/src/coop.rs:102:9
[INFO] [stdout]   38:     0x5638414fb54e - std::thread::local::LocalKey<T>::try_with::hb06d45a379d1b4ef
[INFO] [stdout]                                at /rustc/82e1608dfa6e0b5569232559e3d385fea5a93112/library/std/src/thread/local.rs:270:16
[INFO] [stdout]   39:     0x5638414f9f8a - std::thread::local::LocalKey<T>::with::h338167e0d4219684
[INFO] [stdout]                                at /rustc/82e1608dfa6e0b5569232559e3d385fea5a93112/library/std/src/thread/local.rs:246:9
[INFO] [stdout]   40:     0x5638414e5a96 - tokio::coop::with_budget::h14c7dc3316e3eb87
[INFO] [stdout]                                at /opt/rustwide/cargo-home/registry/src/index.crates.io-6f17d22bba15001f/tokio-1.20.1/src/coop.rs:95:5
[INFO] [stdout]   41:     0x5638414e5a96 - tokio::coop::budget::hb31ae1fc1cc08f5a
[INFO] [stdout]                                at /opt/rustwide/cargo-home/registry/src/index.crates.io-6f17d22bba15001f/tokio-1.20.1/src/coop.rs:72:5
[INFO] [stdout]   42:     0x5638414e5a96 - tokio::runtime::basic_scheduler::CoreGuard::block_on::{{closure}}::{{closure}}::hb7a7a8eff21450bd
[INFO] [stdout]                                at /opt/rustwide/cargo-home/registry/src/index.crates.io-6f17d22bba15001f/tokio-1.20.1/src/runtime/basic_scheduler.rs:543:25
[INFO] [stdout]   43:     0x5638414e0a7c - tokio::runtime::basic_scheduler::Context::enter::h11dcc255da28611c
[INFO] [stdout]                                at /opt/rustwide/cargo-home/registry/src/index.crates.io-6f17d22bba15001f/tokio-1.20.1/src/runtime/basic_scheduler.rs:367:19
[INFO] [stdout]   44:     0x5638414e5189 - tokio::runtime::basic_scheduler::CoreGuard::block_on::{{closure}}::hf5619ffb7b6e0c16
[INFO] [stdout]                                at /opt/rustwide/cargo-home/registry/src/index.crates.io-6f17d22bba15001f/tokio-1.20.1/src/runtime/basic_scheduler.rs:542:36
[INFO] [stdout]   45:     0x5638414e327b - tokio::runtime::basic_scheduler::CoreGuard::enter::{{closure}}::h8daab09c01cb33cc
[INFO] [stdout]                                at /opt/rustwide/cargo-home/registry/src/index.crates.io-6f17d22bba15001f/tokio-1.20.1/src/runtime/basic_scheduler.rs:613:57
[INFO] [stdout]   46:     0x5638414d53ed - tokio::macros::scoped_tls::ScopedKey<T>::set::h5faa4b3de112d398
[INFO] [stdout]                                at /opt/rustwide/cargo-home/registry/src/index.crates.io-6f17d22bba15001f/tokio-1.20.1/src/macros/scoped_tls.rs:61:9
[INFO] [stdout]   47:     0x5638414e2b9f - tokio::runtime::basic_scheduler::CoreGuard::enter::hc40d09a33101ef2f
[INFO] [stdout]                                at /opt/rustwide/cargo-home/registry/src/index.crates.io-6f17d22bba15001f/tokio-1.20.1/src/runtime/basic_scheduler.rs:613:27
[INFO] [stdout]   48:     0x5638414e340c - tokio::runtime::basic_scheduler::CoreGuard::block_on::he2873cbfe94c8f36
[INFO] [stdout]                                at /opt/rustwide/cargo-home/registry/src/index.crates.io-6f17d22bba15001f/tokio-1.20.1/src/runtime/basic_scheduler.rs:533:19
[INFO] [stdout]   49:     0x5638414df352 - tokio::runtime::basic_scheduler::BasicScheduler::block_on::ha4f7d20578ee2392
[INFO] [stdout]                                at /opt/rustwide/cargo-home/registry/src/index.crates.io-6f17d22bba15001f/tokio-1.20.1/src/runtime/basic_scheduler.rs:179:24
[INFO] [stdout]   50:     0x56384152e6c2 - tokio::runtime::Runtime::block_on::hfbacfb60304b5848
[INFO] [stdout]                                at /opt/rustwide/cargo-home/registry/src/index.crates.io-6f17d22bba15001f/tokio-1.20.1/src/runtime/mod.rs:482:46
[INFO] [stdout]   51:     0x5638414cb80b - tokio::task::local::LocalSet::block_on::h6aa99cca53010116
[INFO] [stdout]                                at /opt/rustwide/cargo-home/registry/src/index.crates.io-6f17d22bba15001f/tokio-1.20.1/src/task/local.rs:463:9
[INFO] [stdout]   52:     0x5638414dbbe7 - actix_rt::runtime::Runtime::block_on::h88517d93f74e12e0
[INFO] [stdout]                                at /opt/rustwide/cargo-home/registry/src/index.crates.io-6f17d22bba15001f/actix-rt-2.7.0/src/runtime.rs:80:9
[INFO] [stdout]   53:     0x5638414ff06a - actix_rt::system::SystemRunner::block_on::h2481df29a39497df
[INFO] [stdout]                                at /opt/rustwide/cargo-home/registry/src/index.crates.io-6f17d22bba15001f/actix-rt-2.7.0/src/system.rs:209:9
[INFO] [stdout]   54:     0x563841508332 - backend::api::users::tests::get_user_should_return_not_found::h027ec4d3fd20c61c
[INFO] [stdout]                                at /opt/rustwide/workdir/backend/src/api/users.rs:169:5
[INFO] [stdout]   55:     0x5638415082e7 - backend::api::users::tests::get_user_should_return_not_found::{{closure}}::hf27d1a5e72728c7d
[INFO] [stdout]                                at /opt/rustwide/workdir/backend/src/api/users.rs:170:48
[INFO] [stdout]   56:     0x563841521756 - core::ops::function::FnOnce::call_once::hae94eabdfa378333
[INFO] [stdout]                                at /rustc/82e1608dfa6e0b5569232559e3d385fea5a93112/library/core/src/ops/function.rs:250:5
[INFO] [stdout]   57:     0x56384156c08f - core::ops::function::FnOnce::call_once::h2b5d431d5046312d
[INFO] [stdout]                                at /rustc/82e1608dfa6e0b5569232559e3d385fea5a93112/library/core/src/ops/function.rs:250:5
[INFO] [stdout]   58:     0x56384156c08f - test::__rust_begin_short_backtrace::h7714669af176e207
[INFO] [stdout]                                at /rustc/82e1608dfa6e0b5569232559e3d385fea5a93112/library/test/src/lib.rs:628:18
[INFO] [stdout]   59:     0x56384156b0a5 - test::run_test_in_process::{{closure}}::h85218797dcbcec12
[INFO] [stdout]                                at /rustc/82e1608dfa6e0b5569232559e3d385fea5a93112/library/test/src/lib.rs:651:60
[INFO] [stdout]   60:     0x56384156b0a5 - <core::panic::unwind_safe::AssertUnwindSafe<F> as core::ops::function::FnOnce<()>>::call_once::h76c106ea31c14d7b
[INFO] [stdout]                                at /rustc/82e1608dfa6e0b5569232559e3d385fea5a93112/library/core/src/panic/unwind_safe.rs:272:9
[INFO] [stdout]   61:     0x56384156b0a5 - std::panicking::try::do_call::h3bd5d0f6620ee946
[INFO] [stdout]                                at /rustc/82e1608dfa6e0b5569232559e3d385fea5a93112/library/std/src/panicking.rs:552:40
[INFO] [stdout]   62:     0x56384156b0a5 - std::panicking::try::h232e535e4744fe31
[INFO] [stdout]                                at /rustc/82e1608dfa6e0b5569232559e3d385fea5a93112/library/std/src/panicking.rs:516:19
[INFO] [stdout]   63:     0x56384156b0a5 - std::panic::catch_unwind::h3ce3bd6ca8dbac68
[INFO] [stdout]                                at /rustc/82e1608dfa6e0b5569232559e3d385fea5a93112/library/std/src/panic.rs:142:14
[INFO] [stdout]   64:     0x56384156b0a5 - test::run_test_in_process::hc97b257c9621286a
[INFO] [stdout]                                at /rustc/82e1608dfa6e0b5569232559e3d385fea5a93112/library/test/src/lib.rs:651:27
[INFO] [stdout]   65:     0x56384156b0a5 - test::run_test::{{closure}}::h2aa798823a438d38
[INFO] [stdout]                                at /rustc/82e1608dfa6e0b5569232559e3d385fea5a93112/library/test/src/lib.rs:574:43
[INFO] [stdout]   66:     0x563841533366 - test::run_test::{{closure}}::h87d231c78fb59832
[INFO] [stdout]                                at /rustc/82e1608dfa6e0b5569232559e3d385fea5a93112/library/test/src/lib.rs:602:41
[INFO] [stdout]   67:     0x563841533366 - std::sys_common::backtrace::__rust_begin_short_backtrace::he6df152596625789
[INFO] [stdout]                                at /rustc/82e1608dfa6e0b5569232559e3d385fea5a93112/library/std/src/sys_common/backtrace.rs:154:18
[INFO] [stdout]   68:     0x563841538417 - std::thread::Builder::spawn_unchecked_::{{closure}}::{{closure}}::ha94be15d1e0acf36
[INFO] [stdout]                                at /rustc/82e1608dfa6e0b5569232559e3d385fea5a93112/library/std/src/thread/mod.rs:529:17
[INFO] [stdout]   69:     0x563841538417 - <core::panic::unwind_safe::AssertUnwindSafe<F> as core::ops::function::FnOnce<()>>::call_once::h9dc6bd6372f16606
[INFO] [stdout]                                at /rustc/82e1608dfa6e0b5569232559e3d385fea5a93112/library/core/src/panic/unwind_safe.rs:272:9
[INFO] [stdout]   70:     0x563841538417 - std::panicking::try::do_call::h9057517f80303cd4
[INFO] [stdout]                                at /rustc/82e1608dfa6e0b5569232559e3d385fea5a93112/library/std/src/panicking.rs:552:40
[INFO] [stdout]   71:     0x563841538417 - std::panicking::try::he3a30b11ee45340c
[INFO] [stdout]                                at /rustc/82e1608dfa6e0b5569232559e3d385fea5a93112/library/std/src/panicking.rs:516:19
[INFO] [stdout]   72:     0x563841538417 - std::panic::catch_unwind::h410458cfd3528b8b
[INFO] [stdout]                                at /rustc/82e1608dfa6e0b5569232559e3d385fea5a93112/library/std/src/panic.rs:142:14
[INFO] [stdout]   73:     0x563841538417 - std::thread::Builder::spawn_unchecked_::{{closure}}::h72ac3bdb567b737b
[INFO] [stdout]                                at /rustc/82e1608dfa6e0b5569232559e3d385fea5a93112/library/std/src/thread/mod.rs:528:30
[INFO] [stdout]   74:     0x563841538417 - core::ops::function::FnOnce::call_once{{vtable.shim}}::h38f34da3654a8344
[INFO] [stdout]                                at /rustc/82e1608dfa6e0b5569232559e3d385fea5a93112/library/core/src/ops/function.rs:250:5
[INFO] [stdout]   75:     0x5638418ed135 - <alloc::boxed::Box<F,A> as core::ops::function::FnOnce<Args>>::call_once::hc7eafaff61e32df9
[INFO] [stdout]                                at /rustc/82e1608dfa6e0b5569232559e3d385fea5a93112/library/alloc/src/boxed.rs:2007:9
[INFO] [stdout]   76:     0x5638418ed135 - <alloc::boxed::Box<F,A> as core::ops::function::FnOnce<Args>>::call_once::h6ba4a5de48dd2304
[INFO] [stdout]                                at /rustc/82e1608dfa6e0b5569232559e3d385fea5a93112/library/alloc/src/boxed.rs:2007:9
[INFO] [stdout]   77:     0x5638418ed135 - std::sys::unix::thread::Thread::new::thread_start::he469335aef763e45
[INFO] [stdout]                                at /rustc/82e1608dfa6e0b5569232559e3d385fea5a93112/library/std/src/sys/unix/thread.rs:108:17
[INFO] [stdout]   78:     0x7fa9aca3dac3 - <unknown>
[INFO] [stdout]   79:     0x7fa9acacebf4 - __clone
[INFO] [stdout]   80:                0x0 - <unknown>
[INFO] [stdout] 
[INFO] [stdout] ---- api::users::tests::get_user_should_return_correct stdout ----
[INFO] [stdout] thread 'api::users::tests::get_user_should_return_correct' panicked at backend/src/repository/mod.rs:13:49:
[INFO] [stdout] DATABASE_URL must be set: NotPresent
[INFO] [stdout] stack backtrace:
[INFO] [stdout]    0:     0x5638418e635c - std::backtrace_rs::backtrace::libunwind::trace::ha637c64ce894333a
[INFO] [stdout]                                at /rustc/82e1608dfa6e0b5569232559e3d385fea5a93112/library/std/src/../../backtrace/src/backtrace/libunwind.rs:104:5
[INFO] [stdout]    1:     0x5638418e635c - std::backtrace_rs::backtrace::trace_unsynchronized::h47f62dea28e0c88d
[INFO] [stdout]                                at /rustc/82e1608dfa6e0b5569232559e3d385fea5a93112/library/std/src/../../backtrace/src/backtrace/mod.rs:66:5
[INFO] [stdout]    2:     0x5638418e635c - std::sys_common::backtrace::_print_fmt::h9eef0abe20ede486
[INFO] [stdout]                                at /rustc/82e1608dfa6e0b5569232559e3d385fea5a93112/library/std/src/sys_common/backtrace.rs:67:5
[INFO] [stdout]    3:     0x5638418e635c - <std::sys_common::backtrace::_print::DisplayBacktrace as core::fmt::Display>::fmt::hed7f999df88cc644
[INFO] [stdout]                                at /rustc/82e1608dfa6e0b5569232559e3d385fea5a93112/library/std/src/sys_common/backtrace.rs:44:22
[INFO] [stdout]    4:     0x5638419119d0 - core::fmt::rt::Argument::fmt::h1539a9308b8d058d
[INFO] [stdout]                                at /rustc/82e1608dfa6e0b5569232559e3d385fea5a93112/library/core/src/fmt/rt.rs:142:9
[INFO] [stdout]    5:     0x5638419119d0 - core::fmt::write::h3a39390d8560d9c9
[INFO] [stdout]                                at /rustc/82e1608dfa6e0b5569232559e3d385fea5a93112/library/core/src/fmt/mod.rs:1120:17
[INFO] [stdout]    6:     0x5638418e39cf - std::io::Write::write_fmt::h040b369f3a0f9cbc
[INFO] [stdout]                                at /rustc/82e1608dfa6e0b5569232559e3d385fea5a93112/library/std/src/io/mod.rs:1762:15
[INFO] [stdout]    7:     0x5638418e6144 - std::sys_common::backtrace::_print::h894006fb5c6f3d45
[INFO] [stdout]                                at /rustc/82e1608dfa6e0b5569232559e3d385fea5a93112/library/std/src/sys_common/backtrace.rs:47:5
[INFO] [stdout]    8:     0x5638418e6144 - std::sys_common::backtrace::print::h23a2d212c6fff936
[INFO] [stdout]                                at /rustc/82e1608dfa6e0b5569232559e3d385fea5a93112/library/std/src/sys_common/backtrace.rs:34:9
[INFO] [stdout]    9:     0x5638418e7e07 - std::panicking::default_hook::{{closure}}::h8a1d2ee00185001a
[INFO] [stdout]   10:     0x5638418e7af3 - std::panicking::default_hook::h6038f2eba384e475
[INFO] [stdout]                                at /rustc/82e1608dfa6e0b5569232559e3d385fea5a93112/library/std/src/panicking.rs:289:9
[INFO] [stdout]   11:     0x563841566a37 - <alloc::boxed::Box<F,A> as core::ops::function::Fn<Args>>::call::h0ad024c9bdc6d768
[INFO] [stdout]                                at /rustc/82e1608dfa6e0b5569232559e3d385fea5a93112/library/alloc/src/boxed.rs:2021:9
[INFO] [stdout]   12:     0x563841566a37 - test::test_main::{{closure}}::h7500b54257359db6
[INFO] [stdout]                                at /rustc/82e1608dfa6e0b5569232559e3d385fea5a93112/library/test/src/lib.rs:138:21
[INFO] [stdout]   13:     0x5638418e8418 - <alloc::boxed::Box<F,A> as core::ops::function::Fn<Args>>::call::h1f8f335eaa9cfaee
[INFO] [stdout]                                at /rustc/82e1608dfa6e0b5569232559e3d385fea5a93112/library/alloc/src/boxed.rs:2021:9
[INFO] [stdout]   14:     0x5638418e8418 - std::panicking::rust_panic_with_hook::h2b5517d590cab22e
[INFO] [stdout]                                at /rustc/82e1608dfa6e0b5569232559e3d385fea5a93112/library/std/src/panicking.rs:783:13
[INFO] [stdout]   15:     0x5638418e816e - std::panicking::begin_panic_handler::{{closure}}::h233112c06e0ef43e
[INFO] [stdout]                                at /rustc/82e1608dfa6e0b5569232559e3d385fea5a93112/library/std/src/panicking.rs:657:13
[INFO] [stdout]   16:     0x5638418e6826 - std::sys_common::backtrace::__rust_end_short_backtrace::h6e893f24d7ebbff8
[INFO] [stdout]                                at /rustc/82e1608dfa6e0b5569232559e3d385fea5a93112/library/std/src/sys_common/backtrace.rs:170:18
[INFO] [stdout]   17:     0x5638418e7ed2 - rust_begin_unwind
[INFO] [stdout]                                at /rustc/82e1608dfa6e0b5569232559e3d385fea5a93112/library/std/src/panicking.rs:645:5
[INFO] [stdout]   18:     0x5638414af485 - core::panicking::panic_fmt::hbf0e066aabfa482c
[INFO] [stdout]                                at /rustc/82e1608dfa6e0b5569232559e3d385fea5a93112/library/core/src/panicking.rs:72:14
[INFO] [stdout]   19:     0x5638414afa53 - core::result::unwrap_failed::hddb4fea594200c52
[INFO] [stdout]                                at /rustc/82e1608dfa6e0b5569232559e3d385fea5a93112/library/core/src/result.rs:1653:5
[INFO] [stdout]   20:     0x56384152cac6 - core::result::Result<T,E>::expect::he597842dcec6cf5d
[INFO] [stdout]                                at /rustc/82e1608dfa6e0b5569232559e3d385fea5a93112/library/core/src/result.rs:1034:23
[INFO] [stdout]   21:     0x5638415072f5 - backend::repository::establish_connection::h65b5c512b5abfe1e
[INFO] [stdout]                                at /opt/rustwide/workdir/backend/src/repository/mod.rs:13:24
[INFO] [stdout]   22:     0x5638414c9ec7 - backend::repository::users::UsersRepository::init::h58bf5c01c52d5b37
[INFO] [stdout]                                at /opt/rustwide/workdir/backend/src/repository/users.rs:18:25
[INFO] [stdout]   23:     0x5638415077ef - backend::api::users::tests::get_user_should_return_correct::{{closure}}::h662750a09d30942e
[INFO] [stdout]                                at /opt/rustwide/workdir/backend/src/api/users.rs:150:30
[INFO] [stdout]   24:     0x5638414ce3c0 - <tokio::task::local::RunUntil<T> as core::future::future::Future>::poll::{{closure}}::{{closure}}::hf7c8777dc108bcaa
[INFO] [stdout]                                at /opt/rustwide/cargo-home/registry/src/index.crates.io-6f17d22bba15001f/tokio-1.20.1/src/task/local.rs:757:65
[INFO] [stdout]   25:     0x5638414bfe00 - tokio::coop::with_budget::{{closure}}::h8d5c9f40cb28c188
[INFO] [stdout]                                at /opt/rustwide/cargo-home/registry/src/index.crates.io-6f17d22bba15001f/tokio-1.20.1/src/coop.rs:102:9
[INFO] [stdout]   26:     0x5638414fa97e - std::thread::local::LocalKey<T>::try_with::h4df6c8f3f526de58
[INFO] [stdout]                                at /rustc/82e1608dfa6e0b5569232559e3d385fea5a93112/library/std/src/thread/local.rs:270:16
[INFO] [stdout]   27:     0x5638414fa13a - std::thread::local::LocalKey<T>::with::h7c979248b060e680
[INFO] [stdout]                                at /rustc/82e1608dfa6e0b5569232559e3d385fea5a93112/library/std/src/thread/local.rs:246:9
[INFO] [stdout]   28:     0x5638414cdf9b - tokio::coop::with_budget::hc6609670bab5d9e7
[INFO] [stdout]                                at /opt/rustwide/cargo-home/registry/src/index.crates.io-6f17d22bba15001f/tokio-1.20.1/src/coop.rs:95:5
[INFO] [stdout]   29:     0x5638414cdf9b - tokio::coop::budget::h118e86ba96f5deb1
[INFO] [stdout]                                at /opt/rustwide/cargo-home/registry/src/index.crates.io-6f17d22bba15001f/tokio-1.20.1/src/coop.rs:72:5
[INFO] [stdout]   30:     0x5638414cdf9b - <tokio::task::local::RunUntil<T> as core::future::future::Future>::poll::{{closure}}::h3d5151156573461c
[INFO] [stdout]                                at /opt/rustwide/cargo-home/registry/src/index.crates.io-6f17d22bba15001f/tokio-1.20.1/src/task/local.rs:757:42
[INFO] [stdout]   31:     0x5638414d5527 - tokio::macros::scoped_tls::ScopedKey<T>::set::h7e49e09600809d27
[INFO] [stdout]                                at /opt/rustwide/cargo-home/registry/src/index.crates.io-6f17d22bba15001f/tokio-1.20.1/src/macros/scoped_tls.rs:61:9
[INFO] [stdout]   32:     0x5638414cb787 - tokio::task::local::LocalSet::with::h1b527252938d2c69
[INFO] [stdout]                                at /opt/rustwide/cargo-home/registry/src/index.crates.io-6f17d22bba15001f/tokio-1.20.1/src/task/local.rs:582:9
[INFO] [stdout]   33:     0x5638414cd85a - <tokio::task::local::RunUntil<T> as core::future::future::Future>::poll::h104c22ffc7728a21
[INFO] [stdout]                                at /opt/rustwide/cargo-home/registry/src/index.crates.io-6f17d22bba15001f/tokio-1.20.1/src/task/local.rs:747:9
[INFO] [stdout]   34:     0x5638414cc385 - tokio::task::local::LocalSet::run_until::{{closure}}::hf1fba7040f3b0061
[INFO] [stdout]                                at /opt/rustwide/cargo-home/registry/src/index.crates.io-6f17d22bba15001f/tokio-1.20.1/src/task/local.rs:502:19
[INFO] [stdout]   35:     0x5638414fe95b - <core::pin::Pin<P> as core::future::future::Future>::poll::h3a546c5f4f886d86
[INFO] [stdout]                                at /rustc/82e1608dfa6e0b5569232559e3d385fea5a93112/library/core/src/future/future.rs:125:9
[INFO] [stdout]   36:     0x5638414e5dc4 - tokio::runtime::basic_scheduler::CoreGuard::block_on::{{closure}}::{{closure}}::{{closure}}::h703229345bff9138
[INFO] [stdout]                                at /opt/rustwide/cargo-home/registry/src/index.crates.io-6f17d22bba15001f/tokio-1.20.1/src/runtime/basic_scheduler.rs:543:48
[INFO] [stdout]   37:     0x5638414bf810 - tokio::coop::with_budget::{{closure}}::h373949f86d9024ec
[INFO] [stdout]                                at /opt/rustwide/cargo-home/registry/src/index.crates.io-6f17d22bba15001f/tokio-1.20.1/src/coop.rs:102:9
[INFO] [stdout]   38:     0x5638414fc42e - std::thread::local::LocalKey<T>::try_with::hf4ce93f58fe51b41
[INFO] [stdout]                                at /rustc/82e1608dfa6e0b5569232559e3d385fea5a93112/library/std/src/thread/local.rs:270:16
[INFO] [stdout]   39:     0x5638414fa0ca - std::thread::local::LocalKey<T>::with::h6d67d8bc6b2fcc43
[INFO] [stdout]                                at /rustc/82e1608dfa6e0b5569232559e3d385fea5a93112/library/std/src/thread/local.rs:246:9
[INFO] [stdout]   40:     0x5638414e5c26 - tokio::coop::with_budget::hc911d9ce47195588
[INFO] [stdout]                                at /opt/rustwide/cargo-home/registry/src/index.crates.io-6f17d22bba15001f/tokio-1.20.1/src/coop.rs:95:5
[INFO] [stdout]   41:     0x5638414e5c26 - tokio::coop::budget::h2b9ce177cd9b73cc
[INFO] [stdout]                                at /opt/rustwide/cargo-home/registry/src/index.crates.io-6f17d22bba15001f/tokio-1.20.1/src/coop.rs:72:5
[INFO] [stdout]   42:     0x5638414e5c26 - tokio::runtime::basic_scheduler::CoreGuard::block_on::{{closure}}::{{closure}}::hdce4b4b301e66108
[INFO] [stdout]                                at /opt/rustwide/cargo-home/registry/src/index.crates.io-6f17d22bba15001f/tokio-1.20.1/src/runtime/basic_scheduler.rs:543:25
[INFO] [stdout]   43:     0x5638414e141c - tokio::runtime::basic_scheduler::Context::enter::h4b690077adead0c2
[INFO] [stdout]                                at /opt/rustwide/cargo-home/registry/src/index.crates.io-6f17d22bba15001f/tokio-1.20.1/src/runtime/basic_scheduler.rs:367:19
[INFO] [stdout]   44:     0x5638414e36b9 - tokio::runtime::basic_scheduler::CoreGuard::block_on::{{closure}}::h00c9a8526624d501
[INFO] [stdout]                                at /opt/rustwide/cargo-home/registry/src/index.crates.io-6f17d22bba15001f/tokio-1.20.1/src/runtime/basic_scheduler.rs:542:36
[INFO] [stdout]   45:     0x5638414e32bb - tokio::runtime::basic_scheduler::CoreGuard::enter::{{closure}}::he80ec955cf0859b9
[INFO] [stdout]                                at /opt/rustwide/cargo-home/registry/src/index.crates.io-6f17d22bba15001f/tokio-1.20.1/src/runtime/basic_scheduler.rs:613:57
[INFO] [stdout]   46:     0x5638414d505d - tokio::macros::scoped_tls::ScopedKey<T>::set::h359792c09a1deef0
[INFO] [stdout]                                at /opt/rustwide/cargo-home/registry/src/index.crates.io-6f17d22bba15001f/tokio-1.20.1/src/macros/scoped_tls.rs:61:9
[INFO] [stdout]   47:     0x5638414e27af - tokio::runtime::basic_scheduler::CoreGuard::enter::h81bc63f6a3e9f573
[INFO] [stdout]                                at /opt/rustwide/cargo-home/registry/src/index.crates.io-6f17d22bba15001f/tokio-1.20.1/src/runtime/basic_scheduler.rs:613:27
[INFO] [stdout]   48:     0x5638414e32ec - tokio::runtime::basic_scheduler::CoreGuard::block_on::h1bbc38e2980414bd
[INFO] [stdout]                                at /opt/rustwide/cargo-home/registry/src/index.crates.io-6f17d22bba15001f/tokio-1.20.1/src/runtime/basic_scheduler.rs:533:19
[INFO] [stdout]   49:     0x5638414df7c2 - tokio::runtime::basic_scheduler::BasicScheduler::block_on::hbaa81e15fccbd948
[INFO] [stdout]                                at /opt/rustwide/cargo-home/registry/src/index.crates.io-6f17d22bba15001f/tokio-1.20.1/src/runtime/basic_scheduler.rs:179:24
[INFO] [stdout]   50:     0x56384152e5a2 - tokio::runtime::Runtime::block_on::hf31e59e891bc17af
[INFO] [stdout]                                at /opt/rustwide/cargo-home/registry/src/index.crates.io-6f17d22bba15001f/tokio-1.20.1/src/runtime/mod.rs:482:46
[INFO] [stdout]   51:     0x5638414cb8ab - tokio::task::local::LocalSet::block_on::hd304d5692122908e
[INFO] [stdout]                                at /opt/rustwide/cargo-home/registry/src/index.crates.io-6f17d22bba15001f/tokio-1.20.1/src/task/local.rs:463:9
[INFO] [stdout]   52:     0x5638414dbc27 - actix_rt::runtime::Runtime::block_on::hce8e8cae292ae02b
[INFO] [stdout]                                at /opt/rustwide/cargo-home/registry/src/index.crates.io-6f17d22bba15001f/actix-rt-2.7.0/src/runtime.rs:80:9
[INFO] [stdout]   53:     0x5638414ff09a - actix_rt::system::SystemRunner::block_on::hcbfeeeccb7b09c05
[INFO] [stdout]                                at /opt/rustwide/cargo-home/registry/src/index.crates.io-6f17d22bba15001f/actix-rt-2.7.0/src/system.rs:209:9
[INFO] [stdout]   54:     0x563841507514 - backend::api::users::tests::get_user_should_return_correct::h8ffeabf9b54787cb
[INFO] [stdout]                                at /opt/rustwide/workdir/backend/src/api/users.rs:143:5
[INFO] [stdout]   55:     0x5638415074c7 - backend::api::users::tests::get_user_should_return_correct::{{closure}}::hc793eda2d8c63cc3
[INFO] [stdout]                                at /opt/rustwide/workdir/backend/src/api/users.rs:144:46
[INFO] [stdout]   56:     0x563841521566 - core::ops::function::FnOnce::call_once::h2f6688fa6b86bdcf
[INFO] [stdout]                                at /rustc/82e1608dfa6e0b5569232559e3d385fea5a93112/library/core/src/ops/function.rs:250:5
[INFO] [stdout]   57:     0x56384156c08f - core::ops::function::FnOnce::call_once::h2b5d431d5046312d
[INFO] [stdout]                                at /rustc/82e1608dfa6e0b5569232559e3d385fea5a93112/library/core/src/ops/function.rs:250:5
[INFO] [stdout]   58:     0x56384156c08f - test::__rust_begin_short_backtrace::h7714669af176e207
[INFO] [stdout]                                at /rustc/82e1608dfa6e0b5569232559e3d385fea5a93112/library/test/src/lib.rs:628:18
[INFO] [stdout]   59:     0x56384156b0a5 - test::run_test_in_process::{{closure}}::h85218797dcbcec12
[INFO] [stdout]                                at /rustc/82e1608dfa6e0b5569232559e3d385fea5a93112/library/test/src/lib.rs:651:60
[INFO] [stdout]   60:     0x56384156b0a5 - <core::panic::unwind_safe::AssertUnwindSafe<F> as core::ops::function::FnOnce<()>>::call_once::h76c106ea31c14d7b
[INFO] [stdout]                                at /rustc/82e1608dfa6e0b5569232559e3d385fea5a93112/library/core/src/panic/unwind_safe.rs:272:9
[INFO] [stdout]   61:     0x56384156b0a5 - std::panicking::try::do_call::h3bd5d0f6620ee946
[INFO] [stdout]                                at /rustc/82e1608dfa6e0b5569232559e3d385fea5a93112/library/std/src/panicking.rs:552:40
[INFO] [stdout]   62:     0x56384156b0a5 - std::panicking::try::h232e535e4744fe31
[INFO] [stdout]                                at /rustc/82e1608dfa6e0b5569232559e3d385fea5a93112/library/std/src/panicking.rs:516:19
[INFO] [stdout]   63:     0x56384156b0a5 - std::panic::catch_unwind::h3ce3bd6ca8dbac68
[INFO] [stdout]                                at /rustc/82e1608dfa6e0b5569232559e3d385fea5a93112/library/std/src/panic.rs:142:14
[INFO] [stdout]   64:     0x56384156b0a5 - test::run_test_in_process::hc97b257c9621286a
[INFO] [stdout]                                at /rustc/82e1608dfa6e0b5569232559e3d385fea5a93112/library/test/src/lib.rs:651:27
[INFO] [stdout]   65:     0x56384156b0a5 - test::run_test::{{closure}}::h2aa798823a438d38
[INFO] [stdout]                                at /rustc/82e1608dfa6e0b5569232559e3d385fea5a93112/library/test/src/lib.rs:574:43
[INFO] [stdout]   66:     0x563841533366 - test::run_test::{{closure}}::h87d231c78fb59832
[INFO] [stdout]                                at /rustc/82e1608dfa6e0b5569232559e3d385fea5a93112/library/test/src/lib.rs:602:41
[INFO] [stdout]   67:     0x563841533366 - std::sys_common::backtrace::__rust_begin_short_backtrace::he6df152596625789
[INFO] [stdout]                                at /rustc/82e1608dfa6e0b5569232559e3d385fea5a93112/library/std/src/sys_common/backtrace.rs:154:18
[INFO] [stdout]   68:     0x563841538417 - std::thread::Builder::spawn_unchecked_::{{closure}}::{{closure}}::ha94be15d1e0acf36
[INFO] [stdout]                                at /rustc/82e1608dfa6e0b5569232559e3d385fea5a93112/library/std/src/thread/mod.rs:529:17
[INFO] [stdout]   69:     0x563841538417 - <core::panic::unwind_safe::AssertUnwindSafe<F> as core::ops::function::FnOnce<()>>::call_once::h9dc6bd6372f16606
[INFO] [stdout]                                at /rustc/82e1608dfa6e0b5569232559e3d385fea5a93112/library/core/src/panic/unwind_safe.rs:272:9
[INFO] [stdout]   70:     0x563841538417 - std::panicking::try::do_call::h9057517f80303cd4
[INFO] [stdout]                                at /rustc/82e1608dfa6e0b5569232559e3d385fea5a93112/library/std/src/panicking.rs:552:40
[INFO] [stdout]   71:     0x563841538417 - std::panicking::try::he3a30b11ee45340c
[INFO] [stdout]                                at /rustc/82e1608dfa6e0b5569232559e3d385fea5a93112/library/std/src/panicking.rs:516:19
[INFO] [stdout]   72:     0x563841538417 - std::panic::catch_unwind::h410458cfd3528b8b
[INFO] [stdout]                                at /rustc/82e1608dfa6e0b5569232559e3d385fea5a93112/library/std/src/panic.rs:142:14
[INFO] [stdout]   73:     0x563841538417 - std::thread::Builder::spawn_unchecked_::{{closure}}::h72ac3bdb567b737b
[INFO] [stdout]                                at /rustc/82e1608dfa6e0b5569232559e3d385fea5a93112/library/std/src/thread/mod.rs:528:30
[INFO] [stdout]   74:     0x563841538417 - core::ops::function::FnOnce::call_once{{vtable.shim}}::h38f34da3654a8344
[INFO] [stdout]                                at /rustc/82e1608dfa6e0b5569232559e3d385fea5a93112/library/core/src/ops/function.rs:250:5
[INFO] [stdout]   75:     0x5638418ed135 - <alloc::boxed::Box<F,A> as core::ops::function::FnOnce<Args>>::call_once::hc7eafaff61e32df9
[INFO] [stdout]                                at /rustc/82e1608dfa6e0b5569232559e3d385fea5a93112/library/alloc/src/boxed.rs:2007:9
[INFO] [stdout]   76:     0x5638418ed135 - <alloc::boxed::Box<F,A> as core::ops::function::FnOnce<Args>>::call_once::h6ba4a5de48dd2304
[INFO] [stdout]                                at /rustc/82e1608dfa6e0b5569232559e3d385fea5a93112/library/alloc/src/boxed.rs:2007:9
[INFO] [stdout]   77:     0x5638418ed135 - std::sys::unix::thread::Thread::new::thread_start::he469335aef763e45
[INFO] [stdout]                                at /rustc/82e1608dfa6e0b5569232559e3d385fea5a93112/library/std/src/sys/unix/thread.rs:108:17
[INFO] [stdout]   78:     0x7fa9aca3dac3 - <unknown>
[INFO] [stdout]   79:     0x7fa9acacebf4 - __clone
[INFO] [stdout]   80:                0x0 - <unknown>
[INFO] [stdout] 
[INFO] [stdout] ---- api::users::tests::get_users_should_return_users stdout ----
[INFO] [stdout] thread 'api::users::tests::get_users_should_return_users' panicked at backend/src/repository/mod.rs:13:49:
[INFO] [stdout] DATABASE_URL must be set: NotPresent
[INFO] [stdout] stack backtrace:
[INFO] [stdout]    0:     0x5638418e635c - std::backtrace_rs::backtrace::libunwind::trace::ha637c64ce894333a
[INFO] [stdout]                                at /rustc/82e1608dfa6e0b5569232559e3d385fea5a93112/library/std/src/../../backtrace/src/backtrace/libunwind.rs:104:5
[INFO] [stdout]    1:     0x5638418e635c - std::backtrace_rs::backtrace::trace_unsynchronized::h47f62dea28e0c88d
[INFO] [stdout]                                at /rustc/82e1608dfa6e0b5569232559e3d385fea5a93112/library/std/src/../../backtrace/src/backtrace/mod.rs:66:5
[INFO] [stdout]    2:     0x5638418e635c - std::sys_common::backtrace::_print_fmt::h9eef0abe20ede486
[INFO] [stdout]                                at /rustc/82e1608dfa6e0b5569232559e3d385fea5a93112/library/std/src/sys_common/backtrace.rs:67:5
[INFO] [stdout]    3:     0x5638418e635c - <std::sys_common::backtrace::_print::DisplayBacktrace as core::fmt::Display>::fmt::hed7f999df88cc644
[INFO] [stdout]                                at /rustc/82e1608dfa6e0b5569232559e3d385fea5a93112/library/std/src/sys_common/backtrace.rs:44:22
[INFO] [stdout]    4:     0x5638419119d0 - core::fmt::rt::Argument::fmt::h1539a9308b8d058d
[INFO] [stdout]                                at /rustc/82e1608dfa6e0b5569232559e3d385fea5a93112/library/core/src/fmt/rt.rs:142:9
[INFO] [stdout]    5:     0x5638419119d0 - core::fmt::write::h3a39390d8560d9c9
[INFO] [stdout]                                at /rustc/82e1608dfa6e0b5569232559e3d385fea5a93112/library/core/src/fmt/mod.rs:1120:17
[INFO] [stdout]    6:     0x5638418e39cf - std::io::Write::write_fmt::h040b369f3a0f9cbc
[INFO] [stdout]                                at /rustc/82e1608dfa6e0b5569232559e3d385fea5a93112/library/std/src/io/mod.rs:1762:15
[INFO] [stdout]    7:     0x5638418e6144 - std::sys_common::backtrace::_print::h894006fb5c6f3d45
[INFO] [stdout]                                at /rustc/82e1608dfa6e0b5569232559e3d385fea5a93112/library/std/src/sys_common/backtrace.rs:47:5
[INFO] [stdout]    8:     0x5638418e6144 - std::sys_common::backtrace::print::h23a2d212c6fff936
[INFO] [stdout]                                at /rustc/82e1608dfa6e0b5569232559e3d385fea5a93112/library/std/src/sys_common/backtrace.rs:34:9
[INFO] [stdout]    9:     0x5638418e7e07 - std::panicking::default_hook::{{closure}}::h8a1d2ee00185001a
[INFO] [stdout]   10:     0x5638418e7af3 - std::panicking::default_hook::h6038f2eba384e475
[INFO] [stdout]                                at /rustc/82e1608dfa6e0b5569232559e3d385fea5a93112/library/std/src/panicking.rs:289:9
[INFO] [stdout]   11:     0x563841566a37 - <alloc::boxed::Box<F,A> as core::ops::function::Fn<Args>>::call::h0ad024c9bdc6d768
[INFO] [stdout]                                at /rustc/82e1608dfa6e0b5569232559e3d385fea5a93112/library/alloc/src/boxed.rs:2021:9
[INFO] [stdout]   12:     0x563841566a37 - test::test_main::{{closure}}::h7500b54257359db6
[INFO] [stdout]                                at /rustc/82e1608dfa6e0b5569232559e3d385fea5a93112/library/test/src/lib.rs:138:21
[INFO] [stdout]   13:     0x5638418e8418 - <alloc::boxed::Box<F,A> as core::ops::function::Fn<Args>>::call::h1f8f335eaa9cfaee
[INFO] [stdout]                                at /rustc/82e1608dfa6e0b5569232559e3d385fea5a93112/library/alloc/src/boxed.rs:2021:9
[INFO] [stdout]   14:     0x5638418e8418 - std::panicking::rust_panic_with_hook::h2b5517d590cab22e
[INFO] [stdout]                                at /rustc/82e1608dfa6e0b5569232559e3d385fea5a93112/library/std/src/panicking.rs:783:13
[INFO] [stdout]   15:     0x5638418e816e - std::panicking::begin_panic_handler::{{closure}}::h233112c06e0ef43e
[INFO] [stdout]                                at /rustc/82e1608dfa6e0b5569232559e3d385fea5a93112/library/std/src/panicking.rs:657:13
[INFO] [stdout]   16:     0x5638418e6826 - std::sys_common::backtrace::__rust_end_short_backtrace::h6e893f24d7ebbff8
[INFO] [stdout]                                at /rustc/82e1608dfa6e0b5569232559e3d385fea5a93112/library/std/src/sys_common/backtrace.rs:170:18
[INFO] [stdout]   17:     0x5638418e7ed2 - rust_begin_unwind
[INFO] [stdout]                                at /rustc/82e1608dfa6e0b5569232559e3d385fea5a93112/library/std/src/panicking.rs:645:5
[INFO] [stdout]   18:     0x5638414af485 - core::panicking::panic_fmt::hbf0e066aabfa482c
[INFO] [stdout]                                at /rustc/82e1608dfa6e0b5569232559e3d385fea5a93112/library/core/src/panicking.rs:72:14
[INFO] [stdout]   19:     0x5638414afa53 - core::result::unwrap_failed::hddb4fea594200c52
[INFO] [stdout]                                at /rustc/82e1608dfa6e0b5569232559e3d385fea5a93112/library/core/src/result.rs:1653:5
[INFO] [stdout]   20:     0x56384152cac6 - core::result::Result<T,E>::expect::he597842dcec6cf5d
[INFO] [stdout]                                at /rustc/82e1608dfa6e0b5569232559e3d385fea5a93112/library/core/src/result.rs:1034:23
[INFO] [stdout]   21:     0x5638415072f5 - backend::repository::establish_connection::h65b5c512b5abfe1e
[INFO] [stdout]                                at /opt/rustwide/workdir/backend/src/repository/mod.rs:13:24
[INFO] [stdout]   22:     0x5638414c9ec7 - backend::repository::users::UsersRepository::init::h58bf5c01c52d5b37
[INFO] [stdout]                                at /opt/rustwide/workdir/backend/src/repository/users.rs:18:25
[INFO] [stdout]   23:     0x563841509ab9 - backend::api::users::tests::get_users_should_return_users::{{closure}}::h51420c463e7ac292
[INFO] [stdout]                                at /opt/rustwide/workdir/backend/src/api/users.rs:196:30
[INFO] [stdout]   24:     0x5638414ce390 - <tokio::task::local::RunUntil<T> as core::future::future::Future>::poll::{{closure}}::{{closure}}::ha5fa3d7faaec2f39
[INFO] [stdout]                                at /opt/rustwide/cargo-home/registry/src/index.crates.io-6f17d22bba15001f/tokio-1.20.1/src/task/local.rs:757:65
[INFO] [stdout]   25:     0x5638414bfcd0 - tokio::coop::with_budget::{{closure}}::h66eeb3e192d26077
[INFO] [stdout]                                at /opt/rustwide/cargo-home/registry/src/index.crates.io-6f17d22bba15001f/tokio-1.20.1/src/coop.rs:102:9
[INFO] [stdout]   26:     0x5638414fac1e - std::thread::local::LocalKey<T>::try_with::h5accd7ea1b043793
[INFO] [stdout]                                at /rustc/82e1608dfa6e0b5569232559e3d385fea5a93112/library/std/src/thread/local.rs:270:16
[INFO] [stdout]   27:     0x5638414fa2ca - std::thread::local::LocalKey<T>::with::ha1995bc9ff8f05ba
[INFO] [stdout]                                at /rustc/82e1608dfa6e0b5569232559e3d385fea5a93112/library/std/src/thread/local.rs:246:9
[INFO] [stdout]   28:     0x5638414cdadb - tokio::coop::with_budget::h857b4a93f7a97f07
[INFO] [stdout]                                at /opt/rustwide/cargo-home/registry/src/index.crates.io-6f17d22bba15001f/tokio-1.20.1/src/coop.rs:95:5
[INFO] [stdout]   29:     0x5638414cdadb - tokio::coop::budget::h3089c72e6eeca6a8
[INFO] [stdout]                                at /opt/rustwide/cargo-home/registry/src/index.crates.io-6f17d22bba15001f/tokio-1.20.1/src/coop.rs:72:5
[INFO] [stdout]   30:     0x5638414cdadb - <tokio::task::local::RunUntil<T> as core::future::future::Future>::poll::{{closure}}::h12db084d59dd82b7
[INFO] [stdout]                                at /opt/rustwide/cargo-home/registry/src/index.crates.io-6f17d22bba15001f/tokio-1.20.1/src/task/local.rs:757:42
[INFO] [stdout]   31:     0x5638414d5197 - tokio::macros::scoped_tls::ScopedKey<T>::set::h38dbaa4de0738450
[INFO] [stdout]                                at /opt/rustwide/cargo-home/registry/src/index.crates.io-6f17d22bba15001f/tokio-1.20.1/src/macros/scoped_tls.rs:61:9
[INFO] [stdout]   32:     0x5638414cb7c7 - tokio::task::local::LocalSet::with::hc5521f1c0b31a7d9
[INFO] [stdout]                                at /opt/rustwide/cargo-home/registry/src/index.crates.io-6f17d22bba15001f/tokio-1.20.1/src/task/local.rs:582:9
[INFO] [stdout]   33:     0x5638414cd97a - <tokio::task::local::RunUntil<T> as core::future::future::Future>::poll::h95f8375d817f87a6
[INFO] [stdout]                                at /opt/rustwide/cargo-home/registry/src/index.crates.io-6f17d22bba15001f/tokio-1.20.1/src/task/local.rs:747:9
[INFO] [stdout]   34:     0x5638414cbc35 - tokio::task::local::LocalSet::run_until::{{closure}}::h0c4e9cdda3480451
[INFO] [stdout]                                at /opt/rustwide/cargo-home/registry/src/index.crates.io-6f17d22bba15001f/tokio-1.20.1/src/task/local.rs:502:19
[INFO] [stdout]   35:     0x5638414fe90b - <core::pin::Pin<P> as core::future::future::Future>::poll::h20f31a600b9ae62b
[INFO] [stdout]                                at /rustc/82e1608dfa6e0b5569232559e3d385fea5a93112/library/core/src/future/future.rs:125:9
[INFO] [stdout]   36:     0x5638414e5e44 - tokio::runtime::basic_scheduler::CoreGuard::block_on::{{closure}}::{{closure}}::{{closure}}::hf3b09db5489fe25d
[INFO] [stdout]                                at /opt/rustwide/cargo-home/registry/src/index.crates.io-6f17d22bba15001f/tokio-1.20.1/src/runtime/basic_scheduler.rs:543:48
[INFO] [stdout]   37:     0x5638414c0650 - tokio::coop::with_budget::{{closure}}::hc9de519a2642d6c1
[INFO] [stdout]                                at /opt/rustwide/cargo-home/registry/src/index.crates.io-6f17d22bba15001f/tokio-1.20.1/src/coop.rs:102:9
[INFO] [stdout]   38:     0x5638414faebe - std::thread::local::LocalKey<T>::try_with::h62a5f2b98511872c
[INFO] [stdout]                                at /rustc/82e1608dfa6e0b5569232559e3d385fea5a93112/library/std/src/thread/local.rs:270:16
[INFO] [stdout]   39:     0x5638414fa1ea - std::thread::local::LocalKey<T>::with::h8d713617d1cd0065
[INFO] [stdout]                                at /rustc/82e1608dfa6e0b5569232559e3d385fea5a93112/library/std/src/thread/local.rs:246:9
[INFO] [stdout]   40:     0x5638414e5d26 - tokio::coop::with_budget::h750dd953de51b118
[INFO] [stdout]                                at /opt/rustwide/cargo-home/registry/src/index.crates.io-6f17d22bba15001f/tokio-1.20.1/src/coop.rs:95:5
[INFO] [stdout]   41:     0x5638414e5d26 - tokio::coop::budget::h1382e26a4e888132
[INFO] [stdout]                                at /opt/rustwide/cargo-home/registry/src/index.crates.io-6f17d22bba15001f/tokio-1.20.1/src/coop.rs:72:5
[INFO] [stdout]   42:     0x5638414e5d26 - tokio::runtime::basic_scheduler::CoreGuard::block_on::{{closure}}::{{closure}}::heb348595b6f699ba
[INFO] [stdout]                                at /opt/rustwide/cargo-home/registry/src/index.crates.io-6f17d22bba15001f/tokio-1.20.1/src/runtime/basic_scheduler.rs:543:25
[INFO] [stdout]   43:     0x5638414e176c - tokio::runtime::basic_scheduler::Context::enter::hdfe4f1821396512a
[INFO] [stdout]                                at /opt/rustwide/cargo-home/registry/src/index.crates.io-6f17d22bba15001f/tokio-1.20.1/src/runtime/basic_scheduler.rs:367:19
[INFO] [stdout]   44:     0x5638414e4899 - tokio::runtime::basic_scheduler::CoreGuard::block_on::{{closure}}::h3b857b9a5be1a41c
[INFO] [stdout]                                at /opt/rustwide/cargo-home/registry/src/index.crates.io-6f17d22bba15001f/tokio-1.20.1/src/runtime/basic_scheduler.rs:542:36
[INFO] [stdout]   45:     0x5638414e323b - tokio::runtime::basic_scheduler::CoreGuard::enter::{{closure}}::h5b4456c4aedef181
[INFO] [stdout]                                at /opt/rustwide/cargo-home/registry/src/index.crates.io-6f17d22bba15001f/tokio-1.20.1/src/runtime/basic_scheduler.rs:613:57
[INFO] [stdout]   46:     0x5638414d52ad - tokio::macros::scoped_tls::ScopedKey<T>::set::h54240d088251b682
[INFO] [stdout]                                at /opt/rustwide/cargo-home/registry/src/index.crates.io-6f17d22bba15001f/tokio-1.20.1/src/macros/scoped_tls.rs:61:9
[INFO] [stdout]   47:     0x5638414e2f8f - tokio::runtime::basic_scheduler::CoreGuard::enter::hecb40b3e386bfdaf
[INFO] [stdout]                                at /opt/rustwide/cargo-home/registry/src/index.crates.io-6f17d22bba15001f/tokio-1.20.1/src/runtime/basic_scheduler.rs:613:27
[INFO] [stdout]   48:     0x5638414e33ac - tokio::runtime::basic_scheduler::CoreGuard::block_on::h91dfbc66d09a40c8
[INFO] [stdout]                                at /opt/rustwide/cargo-home/registry/src/index.crates.io-6f17d22bba15001f/tokio-1.20.1/src/runtime/basic_scheduler.rs:533:19
[INFO] [stdout]   49:     0x5638414dfc32 - tokio::runtime::basic_scheduler::BasicScheduler::block_on::hfa1938c6bd15e024
[INFO] [stdout]                                at /opt/rustwide/cargo-home/registry/src/index.crates.io-6f17d22bba15001f/tokio-1.20.1/src/runtime/basic_scheduler.rs:179:24
[INFO] [stdout]   50:     0x56384152e482 - tokio::runtime::Runtime::block_on::he517ce56c6879e25
[INFO] [stdout]                                at /opt/rustwide/cargo-home/registry/src/index.crates.io-6f17d22bba15001f/tokio-1.20.1/src/runtime/mod.rs:482:46
[INFO] [stdout]   51:     0x5638414cb85b - tokio::task::local::LocalSet::block_on::h8930dcfec825db98
[INFO] [stdout]                                at /opt/rustwide/cargo-home/registry/src/index.crates.io-6f17d22bba15001f/tokio-1.20.1/src/task/local.rs:463:9
[INFO] [stdout]   52:     0x5638414dbbc7 - actix_rt::runtime::Runtime::block_on::h461f2f746761bb07
[INFO] [stdout]                                at /opt/rustwide/cargo-home/registry/src/index.crates.io-6f17d22bba15001f/actix-rt-2.7.0/src/runtime.rs:80:9
[INFO] [stdout]   53:     0x5638414ff08a - actix_rt::system::SystemRunner::block_on::h412b084726bd03f1
[INFO] [stdout]                                at /opt/rustwide/cargo-home/registry/src/index.crates.io-6f17d22bba15001f/actix-rt-2.7.0/src/system.rs:209:9
[INFO] [stdout]   54:     0x563841509574 - backend::api::users::tests::get_users_should_return_users::hfbbfb0e3651e559b
[INFO] [stdout]                                at /opt/rustwide/workdir/backend/src/api/users.rs:189:5
[INFO] [stdout]   55:     0x563841509527 - backend::api::users::tests::get_users_should_return_users::{{closure}}::hb936e1b4a539ff3f
[INFO] [stdout]                                at /opt/rustwide/workdir/backend/src/api/users.rs:190:45
[INFO] [stdout]   56:     0x5638415218d6 - core::ops::function::FnOnce::call_once::hed7dc1b0d87a706d
[INFO] [stdout]                                at /rustc/82e1608dfa6e0b5569232559e3d385fea5a93112/library/core/src/ops/function.rs:250:5
[INFO] [stdout]   57:     0x56384156c08f - core::ops::function::FnOnce::call_once::h2b5d431d5046312d
[INFO] [stdout]                                at /rustc/82e1608dfa6e0b5569232559e3d385fea5a93112/library/core/src/ops/function.rs:250:5
[INFO] [stdout]   58:     0x56384156c08f - test::__rust_begin_short_backtrace::h7714669af176e207
[INFO] [stdout]                                at /rustc/82e1608dfa6e0b5569232559e3d385fea5a93112/library/test/src/lib.rs:628:18
[INFO] [stdout]   59:     0x56384156b0a5 - test::run_test_in_process::{{closure}}::h85218797dcbcec12
[INFO] [stdout]                                at /rustc/82e1608dfa6e0b5569232559e3d385fea5a93112/library/test/src/lib.rs:651:60
[INFO] [stdout]   60:     0x56384156b0a5 - <core::panic::unwind_safe::AssertUnwindSafe<F> as core::ops::function::FnOnce<()>>::call_once::h76c106ea31c14d7b
[INFO] [stdout]                                at /rustc/82e1608dfa6e0b5569232559e3d385fea5a93112/library/core/src/panic/unwind_safe.rs:272:9
[INFO] [stdout]   61:     0x56384156b0a5 - std::panicking::try::do_call::h3bd5d0f6620ee946
[INFO] [stdout]                                at /rustc/82e1608dfa6e0b5569232559e3d385fea5a93112/library/std/src/panicking.rs:552:40
[INFO] [stdout]   62:     0x56384156b0a5 - std::panicking::try::h232e535e4744fe31
[INFO] [stdout]                                at /rustc/82e1608dfa6e0b5569232559e3d385fea5a93112/library/std/src/panicking.rs:516:19
[INFO] [stdout]   63:     0x56384156b0a5 - std::panic::catch_unwind::h3ce3bd6ca8dbac68
[INFO] [stdout]                                at /rustc/82e1608dfa6e0b5569232559e3d385fea5a93112/library/std/src/panic.rs:142:14
[INFO] [stdout]   64:     0x56384156b0a5 - test::run_test_in_process::hc97b257c9621286a
[INFO] [stdout]                                at /rustc/82e1608dfa6e0b5569232559e3d385fea5a93112/library/test/src/lib.rs:651:27
[INFO] [stdout]   65:     0x56384156b0a5 - test::run_test::{{closure}}::h2aa798823a438d38
[INFO] [stdout]                                at /rustc/82e1608dfa6e0b5569232559e3d385fea5a93112/library/test/src/lib.rs:574:43
[INFO] [stdout]   66:     0x563841533366 - test::run_test::{{closure}}::h87d231c78fb59832
[INFO] [stdout]                                at /rustc/82e1608dfa6e0b5569232559e3d385fea5a93112/library/test/src/lib.rs:602:41
[INFO] [stdout]   67:     0x563841533366 - std::sys_common::backtrace::__rust_begin_short_backtrace::he6df152596625789
[INFO] [stdout]                                at /rustc/82e1608dfa6e0b5569232559e3d385fea5a93112/library/std/src/sys_common/backtrace.rs:154:18
[INFO] [stdout]   68:     0x563841538417 - std::thread::Builder::spawn_unchecked_::{{closure}}::{{closure}}::ha94be15d1e0acf36
[INFO] [stdout]                                at /rustc/82e1608dfa6e0b5569232559e3d385fea5a93112/library/std/src/thread/mod.rs:529:17
[INFO] [stdout]   69:     0x563841538417 - <core::panic::unwind_safe::AssertUnwindSafe<F> as core::ops::function::FnOnce<()>>::call_once::h9dc6bd6372f16606
[INFO] [stdout]                                at /rustc/82e1608dfa6e0b5569232559e3d385fea5a93112/library/core/src/panic/unwind_safe.rs:272:9
[INFO] [stdout]   70:     0x563841538417 - std::panicking::try::do_call::h9057517f80303cd4
[INFO] [stdout]                                at /rustc/82e1608dfa6e0b5569232559e3d385fea5a93112/library/std/src/panicking.rs:552:40
[INFO] [stdout]   71:     0x563841538417 - std::panicking::try::he3a30b11ee45340c
[INFO] [stdout]                                at /rustc/82e1608dfa6e0b5569232559e3d385fea5a93112/library/std/src/panicking.rs:516:19
[INFO] [stdout]   72:     0x563841538417 - std::panic::catch_unwind::h410458cfd3528b8b
[INFO] [stdout]                                at /rustc/82e1608dfa6e0b5569232559e3d385fea5a93112/library/std/src/panic.rs:142:14
[INFO] [stdout]   73:     0x563841538417 - std::thread::Builder::spawn_unchecked_::{{closure}}::h72ac3bdb567b737b
[INFO] [stdout]                                at /rustc/82e1608dfa6e0b5569232559e3d385fea5a93112/library/std/src/thread/mod.rs:528:30
[INFO] [stdout]   74:     0x563841538417 - core::ops::function::FnOnce::call_once{{vtable.shim}}::h38f34da3654a8344
[INFO] [stdout]                                at /rustc/82e1608dfa6e0b5569232559e3d385fea5a93112/library/core/src/ops/function.rs:250:5
[INFO] [stdout]   75:     0x5638418ed135 - <alloc::boxed::Box<F,A> as core::ops::function::FnOnce<Args>>::call_once::hc7eafaff61e32df9
[INFO] [stdout]                                at /rustc/82e1608dfa6e0b5569232559e3d385fea5a93112/library/alloc/src/boxed.rs:2007:9
[INFO] [stdout]   76:     0x5638418ed135 - <alloc::boxed::Box<F,A> as core::ops::function::FnOnce<Args>>::call_once::h6ba4a5de48dd2304
[INFO] [stdout]                                at /rustc/82e1608dfa6e0b5569232559e3d385fea5a93112/library/alloc/src/boxed.rs:2007:9
[INFO] [stdout]   77:     0x5638418ed135 - std::sys::unix::thread::Thread::new::thread_start::he469335aef763e45
[INFO] [stdout]                                at /rustc/82e1608dfa6e0b5569232559e3d385fea5a93112/library/std/src/sys/unix/thread.rs:108:17
[INFO] [stdout]   78:     0x7fa9aca3dac3 - <unknown>
[INFO] [stdout]   79:     0x7fa9acacebf4 - __clone
[INFO] [stdout]   80:                0x0 - <unknown>
[INFO] [stdout] 
[INFO] [stdout] 
[INFO] [stdout] failures:
[INFO] [stdout]     api::users::tests::get_user_should_return_correct
[INFO] [stdout]     api::users::tests::get_user_should_return_not_found
[INFO] [stdout]     api::users::tests::get_users_should_return_empty
[INFO] [stdout]     api::users::tests::get_users_should_return_users
[INFO] [stdout] 
[INFO] [stdout] test result: FAILED. 8 passed; 4 failed; 0 ignored; 0 measured; 0 filtered out; finished in 0.06s
[INFO] [stdout] 
[INFO] [stderr] error: test failed, to rerun pass `--bin backend`
[INFO] running `Command { std: "docker" "inspect" "830f012621533584205ada151dcb70b09e290f99e9585934a46223428844b196", kill_on_drop: false }`
[INFO] running `Command { std: "docker" "rm" "-f" "830f012621533584205ada151dcb70b09e290f99e9585934a46223428844b196", kill_on_drop: false }`
[INFO] [stdout] 830f012621533584205ada151dcb70b09e290f99e9585934a46223428844b196
