[INFO] cloning repository https://github.com/gsxhnd/Screeps
[INFO] running `Command { std: "git" "-c" "credential.helper=" "-c" "credential.helper=/workspace/cargo-home/bin/git-credential-null" "clone" "--bare" "https://github.com/gsxhnd/Screeps" "/workspace/cache/git-repos/https%3A%2F%2Fgithub.com%2Fgsxhnd%2FScreeps", kill_on_drop: false }`
[INFO] [stderr] Cloning into bare repository '/workspace/cache/git-repos/https%3A%2F%2Fgithub.com%2Fgsxhnd%2FScreeps'...
[INFO] running `Command { std: "git" "rev-parse" "HEAD", kill_on_drop: false }`
[INFO] [stdout] 09acaf0d1c1d92893ebc4bfa10546aab858f416c
[INFO] testing gsxhnd/Screeps against 1.75.0 for beta-1.76-1
[INFO] running `Command { std: "git" "clone" "/workspace/cache/git-repos/https%3A%2F%2Fgithub.com%2Fgsxhnd%2FScreeps" "/workspace/builds/worker-1-tc1/source", kill_on_drop: false }`
[INFO] [stderr] Cloning into '/workspace/builds/worker-1-tc1/source'...
[INFO] [stderr] done.
[INFO] validating manifest of git repo https://github.com/gsxhnd/Screeps on toolchain 1.75.0
[INFO] running `Command { std: CARGO_HOME="/workspace/cargo-home" RUSTUP_HOME="/workspace/rustup-home" "/workspace/cargo-home/bin/cargo" "+1.75.0" "metadata" "--manifest-path" "Cargo.toml" "--no-deps", kill_on_drop: false }`
[INFO] started tweaking git repo https://github.com/gsxhnd/Screeps
[INFO] finished tweaking git repo https://github.com/gsxhnd/Screeps
[INFO] tweaked toml for git repo https://github.com/gsxhnd/Screeps written to /workspace/builds/worker-1-tc1/source/Cargo.toml
[INFO] crate git repo https://github.com/gsxhnd/Screeps already has a lockfile, it will not be regenerated
[INFO] running `Command { std: CARGO_HOME="/workspace/cargo-home" RUSTUP_HOME="/workspace/rustup-home" "/workspace/cargo-home/bin/cargo" "+1.75.0" "fetch" "--manifest-path" "Cargo.toml", kill_on_drop: false }`
[INFO] [stderr]     Updating crates.io index
[INFO] [stderr]  Downloading crates ...
[INFO] [stderr]   Downloaded serde_repr v0.1.14
[INFO] [stderr]   Downloaded screeps-game-api v0.14.0
[INFO] running `Command { std: "docker" "create" "-v" "/var/lib/crater-agent-workspace/builds/worker-1-tc1/target:/opt/rustwide/target:rw,Z" "-v" "/var/lib/crater-agent-workspace/builds/worker-1-tc1/source:/opt/rustwide/workdir:ro,Z" "-v" "/var/lib/crater-agent-workspace/cargo-home:/opt/rustwide/cargo-home:ro,Z" "-v" "/var/lib/crater-agent-workspace/rustup-home:/opt/rustwide/rustup-home:ro,Z" "-e" "SOURCE_DIR=/opt/rustwide/workdir" "-e" "CARGO_TARGET_DIR=/opt/rustwide/target" "-e" "CARGO_HOME=/opt/rustwide/cargo-home" "-e" "RUSTUP_HOME=/opt/rustwide/rustup-home" "-w" "/opt/rustwide/workdir" "-m" "1610612736" "--user" "0:0" "--network" "none" "ghcr.io/rust-lang/crates-build-env/linux@sha256:2788e3201cd34a07e3172128adcd8b3090168a8e3bcc40d7c032b9dda1df7d1c" "/opt/rustwide/cargo-home/bin/cargo" "+1.75.0" "metadata" "--no-deps" "--format-version=1", kill_on_drop: false }`
[INFO] [stdout] fffd2a6dc36d98feb9183491212df1b3f0f5ffc14b3e535df9c0282fba75ef72
[INFO] running `Command { std: "docker" "start" "-a" "fffd2a6dc36d98feb9183491212df1b3f0f5ffc14b3e535df9c0282fba75ef72", kill_on_drop: false }`
[INFO] running `Command { std: "docker" "inspect" "fffd2a6dc36d98feb9183491212df1b3f0f5ffc14b3e535df9c0282fba75ef72", kill_on_drop: false }`
[INFO] running `Command { std: "docker" "rm" "-f" "fffd2a6dc36d98feb9183491212df1b3f0f5ffc14b3e535df9c0282fba75ef72", kill_on_drop: false }`
[INFO] [stdout] fffd2a6dc36d98feb9183491212df1b3f0f5ffc14b3e535df9c0282fba75ef72
[INFO] running `Command { std: "docker" "create" "-v" "/var/lib/crater-agent-workspace/builds/worker-1-tc1/target:/opt/rustwide/target:rw,Z" "-v" "/var/lib/crater-agent-workspace/builds/worker-1-tc1/source:/opt/rustwide/workdir:ro,Z" "-v" "/var/lib/crater-agent-workspace/cargo-home:/opt/rustwide/cargo-home:ro,Z" "-v" "/var/lib/crater-agent-workspace/rustup-home:/opt/rustwide/rustup-home:ro,Z" "-e" "SOURCE_DIR=/opt/rustwide/workdir" "-e" "CARGO_TARGET_DIR=/opt/rustwide/target" "-e" "CARGO_INCREMENTAL=0" "-e" "RUST_BACKTRACE=full" "-e" "RUSTFLAGS=--cap-lints=warn" "-e" "RUSTDOCFLAGS=--cap-lints=warn" "-e" "CARGO_HOME=/opt/rustwide/cargo-home" "-e" "RUSTUP_HOME=/opt/rustwide/rustup-home" "-w" "/opt/rustwide/workdir" "-m" "1610612736" "--user" "0:0" "--network" "none" "ghcr.io/rust-lang/crates-build-env/linux@sha256:2788e3201cd34a07e3172128adcd8b3090168a8e3bcc40d7c032b9dda1df7d1c" "/opt/rustwide/cargo-home/bin/cargo" "+1.75.0" "build" "--frozen" "--message-format=json", kill_on_drop: false }`
[INFO] [stdout] c9e6eb3764251feebe196f7640757f9d94c857cb93e75dd5f1095fb89081dcce
[INFO] running `Command { std: "docker" "start" "-a" "c9e6eb3764251feebe196f7640757f9d94c857cb93e75dd5f1095fb89081dcce", kill_on_drop: false }`
[INFO] [stderr]    Compiling proc-macro2 v1.0.63
[INFO] [stderr]    Compiling quote v1.0.29
[INFO] [stderr]    Compiling unicode-ident v1.0.10
[INFO] [stderr]    Compiling wasm-bindgen-shared v0.2.87
[INFO] [stderr]    Compiling once_cell v1.18.0
[INFO] [stderr]    Compiling bumpalo v3.13.0
[INFO] [stderr]    Compiling log v0.4.19
[INFO] [stderr]    Compiling wasm-bindgen v0.2.87
[INFO] [stderr]    Compiling serde v1.0.167
[INFO] [stderr]    Compiling autocfg v1.1.0
[INFO] [stderr]    Compiling serde_json v1.0.100
[INFO] [stderr]    Compiling itoa v1.0.8
[INFO] [stderr]    Compiling ryu v1.0.14
[INFO] [stderr]    Compiling arrayvec v0.7.4
[INFO] [stderr]    Compiling fern v0.6.2
[INFO] [stderr]    Compiling num-traits v0.2.15
[INFO] [stderr]    Compiling syn v2.0.23
[INFO] [stderr]    Compiling wasm-bindgen-backend v0.2.87
[INFO] [stderr]    Compiling serde_derive v1.0.167
[INFO] [stderr]    Compiling enum-iterator-derive v1.2.1
[INFO] [stderr]    Compiling serde_repr v0.1.14
[INFO] [stderr]    Compiling num-derive v0.4.0
[INFO] [stderr]    Compiling enum_dispatch v0.3.12
[INFO] [stderr]    Compiling wasm-bindgen-macro-support v0.2.87
[INFO] [stderr]    Compiling wasm-bindgen-macro v0.2.87
[INFO] [stderr]    Compiling enum-iterator v1.4.1
[INFO] [stderr]    Compiling js-sys v0.3.64
[INFO] [stderr]    Compiling web-sys v0.3.64
[INFO] [stderr]    Compiling serde-wasm-bindgen v0.5.0
[INFO] [stderr]    Compiling screeps-game-api v0.14.0
[INFO] [stderr]    Compiling screeps v0.0.1 (/opt/rustwide/workdir)
[INFO] [stderr]     Finished dev [unoptimized + debuginfo] target(s) in 13.18s
[INFO] running `Command { std: "docker" "inspect" "c9e6eb3764251feebe196f7640757f9d94c857cb93e75dd5f1095fb89081dcce", kill_on_drop: false }`
[INFO] running `Command { std: "docker" "rm" "-f" "c9e6eb3764251feebe196f7640757f9d94c857cb93e75dd5f1095fb89081dcce", kill_on_drop: false }`
[INFO] [stdout] c9e6eb3764251feebe196f7640757f9d94c857cb93e75dd5f1095fb89081dcce
[INFO] running `Command { std: "docker" "create" "-v" "/var/lib/crater-agent-workspace/builds/worker-1-tc1/target:/opt/rustwide/target:rw,Z" "-v" "/var/lib/crater-agent-workspace/builds/worker-1-tc1/source:/opt/rustwide/workdir:ro,Z" "-v" "/var/lib/crater-agent-workspace/cargo-home:/opt/rustwide/cargo-home:ro,Z" "-v" "/var/lib/crater-agent-workspace/rustup-home:/opt/rustwide/rustup-home:ro,Z" "-e" "SOURCE_DIR=/opt/rustwide/workdir" "-e" "CARGO_TARGET_DIR=/opt/rustwide/target" "-e" "CARGO_INCREMENTAL=0" "-e" "RUST_BACKTRACE=full" "-e" "RUSTFLAGS=--cap-lints=warn" "-e" "RUSTDOCFLAGS=--cap-lints=warn" "-e" "CARGO_HOME=/opt/rustwide/cargo-home" "-e" "RUSTUP_HOME=/opt/rustwide/rustup-home" "-w" "/opt/rustwide/workdir" "-m" "1610612736" "--user" "0:0" "--network" "none" "ghcr.io/rust-lang/crates-build-env/linux@sha256:2788e3201cd34a07e3172128adcd8b3090168a8e3bcc40d7c032b9dda1df7d1c" "/opt/rustwide/cargo-home/bin/cargo" "+1.75.0" "test" "--frozen" "--no-run" "--message-format=json", kill_on_drop: false }`
[INFO] [stdout] 20c5afaa1218b733926a2c9747cf287843b32539c9cac5ccbb7e2e8da2eeddc6
[INFO] running `Command { std: "docker" "start" "-a" "20c5afaa1218b733926a2c9747cf287843b32539c9cac5ccbb7e2e8da2eeddc6", kill_on_drop: false }`
[INFO] [stderr]    Compiling scoped-tls v1.0.1
[INFO] [stderr]    Compiling wasm-bindgen-test-macro v0.3.37
[INFO] [stderr]    Compiling console_error_panic_hook v0.1.7
[INFO] [stderr]    Compiling wasm-bindgen-futures v0.4.37
[INFO] [stderr]    Compiling wasm-bindgen-test v0.3.37
[INFO] [stderr]    Compiling screeps v0.0.1 (/opt/rustwide/workdir)
[INFO] [stderr]     Finished test [unoptimized + debuginfo] target(s) in 0.88s
[INFO] running `Command { std: "docker" "inspect" "20c5afaa1218b733926a2c9747cf287843b32539c9cac5ccbb7e2e8da2eeddc6", kill_on_drop: false }`
[INFO] running `Command { std: "docker" "rm" "-f" "20c5afaa1218b733926a2c9747cf287843b32539c9cac5ccbb7e2e8da2eeddc6", kill_on_drop: false }`
[INFO] [stdout] 20c5afaa1218b733926a2c9747cf287843b32539c9cac5ccbb7e2e8da2eeddc6
[INFO] running `Command { std: "docker" "create" "-v" "/var/lib/crater-agent-workspace/builds/worker-1-tc1/target:/opt/rustwide/target:rw,Z" "-v" "/var/lib/crater-agent-workspace/builds/worker-1-tc1/source:/opt/rustwide/workdir:ro,Z" "-v" "/var/lib/crater-agent-workspace/cargo-home:/opt/rustwide/cargo-home:ro,Z" "-v" "/var/lib/crater-agent-workspace/rustup-home:/opt/rustwide/rustup-home:ro,Z" "-e" "SOURCE_DIR=/opt/rustwide/workdir" "-e" "CARGO_TARGET_DIR=/opt/rustwide/target" "-e" "CARGO_INCREMENTAL=0" "-e" "RUST_BACKTRACE=full" "-e" "RUSTFLAGS=--cap-lints=warn" "-e" "RUSTDOCFLAGS=--cap-lints=warn" "-e" "CARGO_HOME=/opt/rustwide/cargo-home" "-e" "RUSTUP_HOME=/opt/rustwide/rustup-home" "-w" "/opt/rustwide/workdir" "-m" "1610612736" "--user" "0:0" "--network" "none" "ghcr.io/rust-lang/crates-build-env/linux@sha256:2788e3201cd34a07e3172128adcd8b3090168a8e3bcc40d7c032b9dda1df7d1c" "/opt/rustwide/cargo-home/bin/cargo" "+1.75.0" "test" "--frozen", kill_on_drop: false }`
[INFO] [stdout] 7d706ffebd26897410f2f51d9eeae58a6df7fdd2db3aa8f2a040871cb873e8a5
[INFO] running `Command { std: "docker" "start" "-a" "7d706ffebd26897410f2f51d9eeae58a6df7fdd2db3aa8f2a040871cb873e8a5", kill_on_drop: false }`
[INFO] [stderr]     Finished test [unoptimized + debuginfo] target(s) in 0.03s
[INFO] [stderr]      Running unittests src/lib.rs (/opt/rustwide/target/debug/deps/screeps-d76fb285b8b38e89)
[INFO] [stdout] 
[INFO] [stdout] running 0 tests
[INFO] [stdout] 
[INFO] [stdout] test result: ok. 0 passed; 0 failed; 0 ignored; 0 measured; 0 filtered out; finished in 0.00s
[INFO] [stdout] 
[INFO] [stderr]    Doc-tests screeps
[INFO] [stderr] error[E0464]: multiple candidates for `rlib` dependency `screeps` found
[INFO] [stderr]  --> src/lib.rs:5:5
[INFO] [stderr]   |
[INFO] [stderr] 5 | use screeps::{
[INFO] [stderr]   |     ^^^^^^^
[INFO] [stderr]   |
[INFO] [stderr]   = note: candidate #1: /opt/rustwide/target/debug/deps/libscreeps-fc8ecd6f8ce65b6e.rlib
[INFO] [stderr]   = note: candidate #2: /opt/rustwide/target/debug/deps/libscreeps.rlib
[INFO] [stderr] 
[INFO] [stderr] error[E0464]: multiple candidates for `rlib` dependency `screeps` found
[INFO] [stderr]  --> src/logging.rs:2:5
[INFO] [stderr]   |
[INFO] [stderr] 2 | use screeps::game;
[INFO] [stderr]   |     ^^^^^^^
[INFO] [stderr]   |
[INFO] [stderr]   = note: candidate #1: /opt/rustwide/target/debug/deps/libscreeps-fc8ecd6f8ce65b6e.rlib
[INFO] [stderr]   = note: candidate #2: /opt/rustwide/target/debug/deps/libscreeps.rlib
[INFO] [stderr] 
[INFO] [stderr] error[E0432]: unresolved imports `screeps::constants::ErrorCode`, `screeps::constants::Part`, `screeps::constants::ResourceType`, `screeps::enums::StructureObject`, `screeps::find`, `screeps::game`, `screeps::local::ObjectId`, `screeps::objects::Creep`, `screeps::objects::Source`, `screeps::objects::StructureController`
[INFO] [stderr]   --> src/lib.rs:6:17
[INFO] [stderr]    |
[INFO] [stderr] 6  |     constants::{ErrorCode, Part, ResourceType},
[INFO] [stderr]    |                 ^^^^^^^^^  ^^^^  ^^^^^^^^^^^^
[INFO] [stderr] 7  |     enums::StructureObject,
[INFO] [stderr]    |     ^^^^^^^^^^^^^^^^^^^^^^
[INFO] [stderr] 8  |     find, game,
[INFO] [stderr]    |     ^^^^  ^^^^
[INFO] [stderr] 9  |     local::ObjectId,
[INFO] [stderr]    |     ^^^^^^^^^^^^^^^
[INFO] [stderr] 10 |     objects::{Creep, Source, StructureController},
[INFO] [stderr]    |               ^^^^^  ^^^^^^  ^^^^^^^^^^^^^^^^^^^
[INFO] [stderr] 
[INFO] [stderr] error: aborting due to 3 previous errors
[INFO] [stderr] 
[INFO] [stderr] Some errors have detailed explanations: E0432, E0464.
[INFO] [stderr] For more information about an error, try `rustc --explain E0432`.
[INFO] [stderr] error: doctest failed, to rerun pass `--doc`
[INFO] [stderr] 
[INFO] [stderr] Caused by:
[INFO] [stderr]   process didn't exit successfully: `/opt/rustwide/rustup-home/toolchains/1.75.0-x86_64-unknown-linux-gnu/bin/rustdoc --edition=2021 --crate-type cdylib --crate-type rlib --crate-name screeps --test src/lib.rs --test-run-directory /opt/rustwide/workdir -L dependency=/opt/rustwide/target/debug/deps -L dependency=/opt/rustwide/target/debug/deps --extern fern=/opt/rustwide/target/debug/deps/libfern-a5b83a94241ace2f.rlib --extern js_sys=/opt/rustwide/target/debug/deps/libjs_sys-599d7720039a809e.rlib --extern log=/opt/rustwide/target/debug/deps/liblog-66f39b7c9d94a93f.rlib --extern screeps=/opt/rustwide/target/debug/deps/libscreeps.rlib --extern screeps=/opt/rustwide/target/debug/deps/libscreeps-fc8ecd6f8ce65b6e.rlib --extern wasm_bindgen=/opt/rustwide/target/debug/deps/libwasm_bindgen-136cb098d9c905d7.rlib --extern wasm_bindgen_test=/opt/rustwide/target/debug/deps/libwasm_bindgen_test-fe83f7d50bbabd89.rlib --extern web_sys=/opt/rustwide/target/debug/deps/libweb_sys-22f45762ad22bd75.rlib -C embed-bitcode=no --cfg 'feature="default"' --cap-lints=warn --error-format human` (exit status: 1)
[INFO] [stderr] note: test exited abnormally; to see the full output pass --nocapture to the harness.
[INFO] running `Command { std: "docker" "inspect" "7d706ffebd26897410f2f51d9eeae58a6df7fdd2db3aa8f2a040871cb873e8a5", kill_on_drop: false }`
[INFO] running `Command { std: "docker" "rm" "-f" "7d706ffebd26897410f2f51d9eeae58a6df7fdd2db3aa8f2a040871cb873e8a5", kill_on_drop: false }`
[INFO] [stdout] 7d706ffebd26897410f2f51d9eeae58a6df7fdd2db3aa8f2a040871cb873e8a5
[INFO] testing gsxhnd/Screeps against beta-2023-12-22 for beta-1.76-1
[INFO] running `Command { std: "git" "clone" "/workspace/cache/git-repos/https%3A%2F%2Fgithub.com%2Fgsxhnd%2FScreeps" "/workspace/builds/worker-1-tc2/source", kill_on_drop: false }`
[INFO] [stderr] Cloning into '/workspace/builds/worker-1-tc2/source'...
[INFO] [stderr] done.
[INFO] validating manifest of git repo https://github.com/gsxhnd/Screeps on toolchain beta-2023-12-22
[INFO] running `Command { std: CARGO_HOME="/workspace/cargo-home" RUSTUP_HOME="/workspace/rustup-home" "/workspace/cargo-home/bin/cargo" "+beta-2023-12-22" "metadata" "--manifest-path" "Cargo.toml" "--no-deps", kill_on_drop: false }`
[INFO] started tweaking git repo https://github.com/gsxhnd/Screeps
[INFO] finished tweaking git repo https://github.com/gsxhnd/Screeps
[INFO] tweaked toml for git repo https://github.com/gsxhnd/Screeps written to /workspace/builds/worker-1-tc2/source/Cargo.toml
[INFO] crate git repo https://github.com/gsxhnd/Screeps already has a lockfile, it will not be regenerated
[INFO] running `Command { std: CARGO_HOME="/workspace/cargo-home" RUSTUP_HOME="/workspace/rustup-home" "/workspace/cargo-home/bin/cargo" "+beta-2023-12-22" "fetch" "--manifest-path" "Cargo.toml", kill_on_drop: false }`
[INFO] [stderr]     Blocking waiting for file lock on package cache
[INFO] [stderr]     Blocking waiting for file lock on package cache
[INFO] running `Command { std: "docker" "create" "-v" "/var/lib/crater-agent-workspace/builds/worker-1-tc2/target:/opt/rustwide/target:rw,Z" "-v" "/var/lib/crater-agent-workspace/builds/worker-1-tc2/source:/opt/rustwide/workdir:ro,Z" "-v" "/var/lib/crater-agent-workspace/cargo-home:/opt/rustwide/cargo-home:ro,Z" "-v" "/var/lib/crater-agent-workspace/rustup-home:/opt/rustwide/rustup-home:ro,Z" "-e" "SOURCE_DIR=/opt/rustwide/workdir" "-e" "CARGO_TARGET_DIR=/opt/rustwide/target" "-e" "CARGO_HOME=/opt/rustwide/cargo-home" "-e" "RUSTUP_HOME=/opt/rustwide/rustup-home" "-w" "/opt/rustwide/workdir" "-m" "1610612736" "--user" "0:0" "--network" "none" "ghcr.io/rust-lang/crates-build-env/linux@sha256:2788e3201cd34a07e3172128adcd8b3090168a8e3bcc40d7c032b9dda1df7d1c" "/opt/rustwide/cargo-home/bin/cargo" "+beta-2023-12-22" "metadata" "--no-deps" "--format-version=1", kill_on_drop: false }`
[INFO] [stdout] b1b03ea31cebb5912da4a85a0cc19c72cf9677b159e9dbd4cfbcfef593143302
[INFO] running `Command { std: "docker" "start" "-a" "b1b03ea31cebb5912da4a85a0cc19c72cf9677b159e9dbd4cfbcfef593143302", kill_on_drop: false }`
[INFO] running `Command { std: "docker" "inspect" "b1b03ea31cebb5912da4a85a0cc19c72cf9677b159e9dbd4cfbcfef593143302", kill_on_drop: false }`
[INFO] running `Command { std: "docker" "rm" "-f" "b1b03ea31cebb5912da4a85a0cc19c72cf9677b159e9dbd4cfbcfef593143302", kill_on_drop: false }`
[INFO] [stdout] b1b03ea31cebb5912da4a85a0cc19c72cf9677b159e9dbd4cfbcfef593143302
[INFO] running `Command { std: "docker" "create" "-v" "/var/lib/crater-agent-workspace/builds/worker-1-tc2/target:/opt/rustwide/target:rw,Z" "-v" "/var/lib/crater-agent-workspace/builds/worker-1-tc2/source:/opt/rustwide/workdir:ro,Z" "-v" "/var/lib/crater-agent-workspace/cargo-home:/opt/rustwide/cargo-home:ro,Z" "-v" "/var/lib/crater-agent-workspace/rustup-home:/opt/rustwide/rustup-home:ro,Z" "-e" "SOURCE_DIR=/opt/rustwide/workdir" "-e" "CARGO_TARGET_DIR=/opt/rustwide/target" "-e" "CARGO_INCREMENTAL=0" "-e" "RUST_BACKTRACE=full" "-e" "RUSTFLAGS=--cap-lints=warn" "-e" "RUSTDOCFLAGS=--cap-lints=warn" "-e" "CARGO_HOME=/opt/rustwide/cargo-home" "-e" "RUSTUP_HOME=/opt/rustwide/rustup-home" "-w" "/opt/rustwide/workdir" "-m" "1610612736" "--user" "0:0" "--network" "none" "ghcr.io/rust-lang/crates-build-env/linux@sha256:2788e3201cd34a07e3172128adcd8b3090168a8e3bcc40d7c032b9dda1df7d1c" "/opt/rustwide/cargo-home/bin/cargo" "+beta-2023-12-22" "build" "--frozen" "--message-format=json", kill_on_drop: false }`
[INFO] [stdout] 8acdae00367c4f201f92653855d6f8556ef1c61ff612b91ac4c454e40d33b744
[INFO] running `Command { std: "docker" "start" "-a" "8acdae00367c4f201f92653855d6f8556ef1c61ff612b91ac4c454e40d33b744", kill_on_drop: false }`
[INFO] [stderr]    Compiling proc-macro2 v1.0.63
[INFO] [stderr]    Compiling quote v1.0.29
[INFO] [stderr]    Compiling unicode-ident v1.0.10
[INFO] [stderr]    Compiling wasm-bindgen-shared v0.2.87
[INFO] [stderr]    Compiling once_cell v1.18.0
[INFO] [stderr]    Compiling bumpalo v3.13.0
[INFO] [stderr]    Compiling log v0.4.19
[INFO] [stderr]    Compiling wasm-bindgen v0.2.87
[INFO] [stderr]    Compiling serde v1.0.167
[INFO] [stderr]    Compiling autocfg v1.1.0
[INFO] [stderr]    Compiling serde_json v1.0.100
[INFO] [stderr]    Compiling ryu v1.0.14
[INFO] [stderr]    Compiling itoa v1.0.8
[INFO] [stderr]    Compiling arrayvec v0.7.4
[INFO] [stderr]    Compiling fern v0.6.2
[INFO] [stderr]    Compiling num-traits v0.2.15
[INFO] [stderr]    Compiling syn v2.0.23
[INFO] [stderr]    Compiling wasm-bindgen-backend v0.2.87
[INFO] [stderr]    Compiling serde_derive v1.0.167
[INFO] [stderr]    Compiling enum-iterator-derive v1.2.1
[INFO] [stderr]    Compiling serde_repr v0.1.14
[INFO] [stderr]    Compiling enum_dispatch v0.3.12
[INFO] [stderr]    Compiling num-derive v0.4.0
[INFO] [stderr]    Compiling wasm-bindgen-macro-support v0.2.87
[INFO] [stderr]    Compiling wasm-bindgen-macro v0.2.87
[INFO] [stderr]    Compiling enum-iterator v1.4.1
[INFO] [stderr]    Compiling js-sys v0.3.64
[INFO] [stderr]    Compiling web-sys v0.3.64
[INFO] [stderr]    Compiling serde-wasm-bindgen v0.5.0
[INFO] [stderr]    Compiling screeps-game-api v0.14.0
[INFO] [stderr]    Compiling screeps v0.0.1 (/opt/rustwide/workdir)
[INFO] [stderr]     Finished dev [unoptimized + debuginfo] target(s) in 16.58s
[INFO] running `Command { std: "docker" "inspect" "8acdae00367c4f201f92653855d6f8556ef1c61ff612b91ac4c454e40d33b744", kill_on_drop: false }`
[INFO] running `Command { std: "docker" "rm" "-f" "8acdae00367c4f201f92653855d6f8556ef1c61ff612b91ac4c454e40d33b744", kill_on_drop: false }`
[INFO] [stdout] 8acdae00367c4f201f92653855d6f8556ef1c61ff612b91ac4c454e40d33b744
[INFO] running `Command { std: "docker" "create" "-v" "/var/lib/crater-agent-workspace/builds/worker-1-tc2/target:/opt/rustwide/target:rw,Z" "-v" "/var/lib/crater-agent-workspace/builds/worker-1-tc2/source:/opt/rustwide/workdir:ro,Z" "-v" "/var/lib/crater-agent-workspace/cargo-home:/opt/rustwide/cargo-home:ro,Z" "-v" "/var/lib/crater-agent-workspace/rustup-home:/opt/rustwide/rustup-home:ro,Z" "-e" "SOURCE_DIR=/opt/rustwide/workdir" "-e" "CARGO_TARGET_DIR=/opt/rustwide/target" "-e" "CARGO_INCREMENTAL=0" "-e" "RUST_BACKTRACE=full" "-e" "RUSTFLAGS=--cap-lints=warn" "-e" "RUSTDOCFLAGS=--cap-lints=warn" "-e" "CARGO_HOME=/opt/rustwide/cargo-home" "-e" "RUSTUP_HOME=/opt/rustwide/rustup-home" "-w" "/opt/rustwide/workdir" "-m" "1610612736" "--user" "0:0" "--network" "none" "ghcr.io/rust-lang/crates-build-env/linux@sha256:2788e3201cd34a07e3172128adcd8b3090168a8e3bcc40d7c032b9dda1df7d1c" "/opt/rustwide/cargo-home/bin/cargo" "+beta-2023-12-22" "test" "--frozen" "--no-run" "--message-format=json", kill_on_drop: false }`
[INFO] [stdout] 50315fa3fe94fdabaf565dbffae2d089954384d38e89d303daf232b434c9ff1d
[INFO] running `Command { std: "docker" "start" "-a" "50315fa3fe94fdabaf565dbffae2d089954384d38e89d303daf232b434c9ff1d", kill_on_drop: false }`
[INFO] [stderr]    Compiling scoped-tls v1.0.1
[INFO] [stderr]    Compiling wasm-bindgen-test-macro v0.3.37
[INFO] [stderr]    Compiling console_error_panic_hook v0.1.7
[INFO] [stderr]    Compiling wasm-bindgen-futures v0.4.37
[INFO] [stderr]    Compiling wasm-bindgen-test v0.3.37
[INFO] [stderr]    Compiling screeps v0.0.1 (/opt/rustwide/workdir)
[INFO] [stderr]     Finished test [unoptimized + debuginfo] target(s) in 1.07s
[INFO] running `Command { std: "docker" "inspect" "50315fa3fe94fdabaf565dbffae2d089954384d38e89d303daf232b434c9ff1d", kill_on_drop: false }`
[INFO] running `Command { std: "docker" "rm" "-f" "50315fa3fe94fdabaf565dbffae2d089954384d38e89d303daf232b434c9ff1d", kill_on_drop: false }`
[INFO] [stdout] 50315fa3fe94fdabaf565dbffae2d089954384d38e89d303daf232b434c9ff1d
[INFO] running `Command { std: "docker" "create" "-v" "/var/lib/crater-agent-workspace/builds/worker-1-tc2/target:/opt/rustwide/target:rw,Z" "-v" "/var/lib/crater-agent-workspace/builds/worker-1-tc2/source:/opt/rustwide/workdir:ro,Z" "-v" "/var/lib/crater-agent-workspace/cargo-home:/opt/rustwide/cargo-home:ro,Z" "-v" "/var/lib/crater-agent-workspace/rustup-home:/opt/rustwide/rustup-home:ro,Z" "-e" "SOURCE_DIR=/opt/rustwide/workdir" "-e" "CARGO_TARGET_DIR=/opt/rustwide/target" "-e" "CARGO_INCREMENTAL=0" "-e" "RUST_BACKTRACE=full" "-e" "RUSTFLAGS=--cap-lints=warn" "-e" "RUSTDOCFLAGS=--cap-lints=warn" "-e" "CARGO_HOME=/opt/rustwide/cargo-home" "-e" "RUSTUP_HOME=/opt/rustwide/rustup-home" "-w" "/opt/rustwide/workdir" "-m" "1610612736" "--user" "0:0" "--network" "none" "ghcr.io/rust-lang/crates-build-env/linux@sha256:2788e3201cd34a07e3172128adcd8b3090168a8e3bcc40d7c032b9dda1df7d1c" "/opt/rustwide/cargo-home/bin/cargo" "+beta-2023-12-22" "test" "--frozen", kill_on_drop: false }`
[INFO] [stdout] 9f2ce7fd329d88f5cfe4710bfad0e83e351f97ad213aded1449d01b0bad04611
[INFO] running `Command { std: "docker" "start" "-a" "9f2ce7fd329d88f5cfe4710bfad0e83e351f97ad213aded1449d01b0bad04611", kill_on_drop: false }`
[INFO] [stderr]     Finished test [unoptimized + debuginfo] target(s) in 0.04s
[INFO] [stderr]      Running unittests src/lib.rs (/opt/rustwide/target/debug/deps/screeps-765a5b1c901a45ca)
[INFO] [stdout] 
[INFO] [stdout] running 0 tests
[INFO] [stdout] 
[INFO] [stdout] test result: ok. 0 passed; 0 failed; 0 ignored; 0 measured; 0 filtered out; finished in 0.00s
[INFO] [stdout] 
[INFO] [stderr]    Doc-tests screeps
[INFO] [stderr] error[E0464]: multiple candidates for `rlib` dependency `screeps` found
[INFO] [stderr]  --> src/lib.rs:5:5
[INFO] [stderr]   |
[INFO] [stderr] 5 | use screeps::{
[INFO] [stderr]   |     ^^^^^^^
[INFO] [stderr]   |
[INFO] [stderr]   = note: candidate #1: /opt/rustwide/target/debug/deps/libscreeps-be787591855ed17a.rlib
[INFO] [stderr]   = note: candidate #2: /opt/rustwide/target/debug/deps/libscreeps.rlib
[INFO] [stderr] 
[INFO] [stderr] error[E0464]: multiple candidates for `rlib` dependency `screeps` found
[INFO] [stderr]  --> src/logging.rs:2:5
[INFO] [stderr]   |
[INFO] [stderr] 2 | use screeps::game;
[INFO] [stderr]   |     ^^^^^^^
[INFO] [stderr]   |
[INFO] [stderr]   = note: candidate #1: /opt/rustwide/target/debug/deps/libscreeps-be787591855ed17a.rlib
[INFO] [stderr]   = note: candidate #2: /opt/rustwide/target/debug/deps/libscreeps.rlib
[INFO] [stderr] 
[INFO] [stderr] error[E0432]: unresolved imports `screeps::constants::ErrorCode`, `screeps::constants::Part`, `screeps::constants::ResourceType`, `screeps::enums::StructureObject`, `screeps::find`, `screeps::game`, `screeps::local::ObjectId`, `screeps::objects::Creep`, `screeps::objects::Source`, `screeps::objects::StructureController`
[INFO] [stderr]   --> src/lib.rs:6:17
[INFO] [stderr]    |
[INFO] [stderr] 6  |     constants::{ErrorCode, Part, ResourceType},
[INFO] [stderr]    |                 ^^^^^^^^^  ^^^^  ^^^^^^^^^^^^
[INFO] [stderr] 7  |     enums::StructureObject,
[INFO] [stderr]    |     ^^^^^^^^^^^^^^^^^^^^^^
[INFO] [stderr] 8  |     find, game,
[INFO] [stderr]    |     ^^^^  ^^^^
[INFO] [stderr] 9  |     local::ObjectId,
[INFO] [stderr]    |     ^^^^^^^^^^^^^^^
[INFO] [stderr] 10 |     objects::{Creep, Source, StructureController},
[INFO] [stderr]    |               ^^^^^  ^^^^^^  ^^^^^^^^^^^^^^^^^^^
[INFO] [stderr] 
[INFO] [stderr] error: aborting due to 3 previous errors
[INFO] [stderr] 
[INFO] [stderr] Some errors have detailed explanations: E0432, E0464.
[INFO] [stderr] For more information about an error, try `rustc --explain E0432`.
[INFO] [stderr] error: doctest failed, to rerun pass `--doc`
[INFO] [stderr] 
[INFO] [stderr] Caused by:
[INFO] [stderr]   process didn't exit successfully: `/opt/rustwide/rustup-home/toolchains/beta-2023-12-22-x86_64-unknown-linux-gnu/bin/rustdoc --edition=2021 --crate-type cdylib --crate-type rlib --crate-name screeps --test src/lib.rs --test-run-directory /opt/rustwide/workdir -L dependency=/opt/rustwide/target/debug/deps -L dependency=/opt/rustwide/target/debug/deps --extern fern=/opt/rustwide/target/debug/deps/libfern-67ff660a2a561232.rlib --extern js_sys=/opt/rustwide/target/debug/deps/libjs_sys-64404dff59ca180f.rlib --extern log=/opt/rustwide/target/debug/deps/liblog-90a4b5d311f95e9e.rlib --extern screeps=/opt/rustwide/target/debug/deps/libscreeps.rlib --extern screeps=/opt/rustwide/target/debug/deps/libscreeps-be787591855ed17a.rlib --extern wasm_bindgen=/opt/rustwide/target/debug/deps/libwasm_bindgen-633698c51e0efafa.rlib --extern wasm_bindgen_test=/opt/rustwide/target/debug/deps/libwasm_bindgen_test-87c1cbd36811676e.rlib --extern web_sys=/opt/rustwide/target/debug/deps/libweb_sys-079864f849b6d34d.rlib -C embed-bitcode=no --cfg 'feature="default"' --cap-lints=warn --error-format human` (exit status: 1)
[INFO] [stderr] note: test exited abnormally; to see the full output pass --nocapture to the harness.
[INFO] running `Command { std: "docker" "inspect" "9f2ce7fd329d88f5cfe4710bfad0e83e351f97ad213aded1449d01b0bad04611", kill_on_drop: false }`
[INFO] running `Command { std: "docker" "rm" "-f" "9f2ce7fd329d88f5cfe4710bfad0e83e351f97ad213aded1449d01b0bad04611", kill_on_drop: false }`
[INFO] [stdout] 9f2ce7fd329d88f5cfe4710bfad0e83e351f97ad213aded1449d01b0bad04611
