[INFO] cloning repository https://github.com/gregcline/grok-list
[INFO] running `Command { std: "git" "-c" "credential.helper=" "-c" "credential.helper=/workspace/cargo-home/bin/git-credential-null" "clone" "--bare" "https://github.com/gregcline/grok-list" "/workspace/cache/git-repos/https%3A%2F%2Fgithub.com%2Fgregcline%2Fgrok-list", kill_on_drop: false }`
[INFO] [stderr] Cloning into bare repository '/workspace/cache/git-repos/https%3A%2F%2Fgithub.com%2Fgregcline%2Fgrok-list'...
[INFO] running `Command { std: "git" "rev-parse" "HEAD", kill_on_drop: false }`
[INFO] [stdout] 74036e709ad5eab713801ae7ec58e4e0cf90821d
[INFO] testing gregcline/grok-list against 1.75.0 for beta-1.76-1
[INFO] running `Command { std: "git" "clone" "/workspace/cache/git-repos/https%3A%2F%2Fgithub.com%2Fgregcline%2Fgrok-list" "/workspace/builds/worker-5-tc1/source", kill_on_drop: false }`
[INFO] [stderr] Cloning into '/workspace/builds/worker-5-tc1/source'...
[INFO] [stderr] done.
[INFO] validating manifest of git repo https://github.com/gregcline/grok-list on toolchain 1.75.0
[INFO] running `Command { std: CARGO_HOME="/workspace/cargo-home" RUSTUP_HOME="/workspace/rustup-home" "/workspace/cargo-home/bin/cargo" "+1.75.0" "metadata" "--manifest-path" "Cargo.toml" "--no-deps", kill_on_drop: false }`
[INFO] started tweaking git repo https://github.com/gregcline/grok-list
[INFO] finished tweaking git repo https://github.com/gregcline/grok-list
[INFO] tweaked toml for git repo https://github.com/gregcline/grok-list written to /workspace/builds/worker-5-tc1/source/Cargo.toml
[INFO] crate git repo https://github.com/gregcline/grok-list already has a lockfile, it will not be regenerated
[INFO] running `Command { std: CARGO_HOME="/workspace/cargo-home" RUSTUP_HOME="/workspace/rustup-home" "/workspace/cargo-home/bin/cargo" "+1.75.0" "fetch" "--manifest-path" "Cargo.toml", kill_on_drop: false }`
[INFO] [stderr]  Downloading crates ...
[INFO] [stderr]   Downloaded tokio-macros v0.3.2
[INFO] [stderr]   Downloaded ref-cast-impl v1.0.3
[INFO] [stderr]   Downloaded ref-cast v1.0.3
[INFO] [stderr]   Downloaded typed-builder v0.4.1
[INFO] [stderr]   Downloaded multer v2.0.0
[INFO] [stderr]   Downloaded indenter v0.3.1
[INFO] [stderr]   Downloaded devise_codegen v0.3.0
[INFO] [stderr]   Downloaded devise v0.3.0
[INFO] [stderr]   Downloaded devise_core v0.3.0
[INFO] [stderr]   Downloaded owo-colors v1.2.1
[INFO] [stderr]   Downloaded os_info v3.0.6
[INFO] [stderr]   Downloaded cookie v0.15.0
[INFO] [stderr]   Downloaded loom v0.5.1
[INFO] [stderr]   Downloaded mongodb v1.2.2
[INFO] [stderr]   Downloaded tokio v0.3.6
[INFO] [stderr]   Downloaded serde_with v1.6.0
[INFO] [stderr]   Downloaded bson v1.2.2
[INFO] [stderr]   Downloaded serde_with_macros v1.3.0
[INFO] [stderr]   Downloaded md-5 v0.8.0
[INFO] [stderr]   Downloaded spin v0.9.1
[INFO] running `Command { std: "docker" "create" "-v" "/var/lib/crater-agent-workspace/builds/worker-5-tc1/target:/opt/rustwide/target:rw,Z" "-v" "/var/lib/crater-agent-workspace/builds/worker-5-tc1/source:/opt/rustwide/workdir:ro,Z" "-v" "/var/lib/crater-agent-workspace/cargo-home:/opt/rustwide/cargo-home:ro,Z" "-v" "/var/lib/crater-agent-workspace/rustup-home:/opt/rustwide/rustup-home:ro,Z" "-e" "SOURCE_DIR=/opt/rustwide/workdir" "-e" "CARGO_TARGET_DIR=/opt/rustwide/target" "-e" "CARGO_HOME=/opt/rustwide/cargo-home" "-e" "RUSTUP_HOME=/opt/rustwide/rustup-home" "-w" "/opt/rustwide/workdir" "-m" "1610612736" "--user" "0:0" "--network" "none" "ghcr.io/rust-lang/crates-build-env/linux@sha256:2788e3201cd34a07e3172128adcd8b3090168a8e3bcc40d7c032b9dda1df7d1c" "/opt/rustwide/cargo-home/bin/cargo" "+1.75.0" "metadata" "--no-deps" "--format-version=1", kill_on_drop: false }`
[INFO] [stdout] d81155ba42e17acc413dd8c72c1c2375699e22e587253d3488e6802fe16dea96
[INFO] running `Command { std: "docker" "start" "-a" "d81155ba42e17acc413dd8c72c1c2375699e22e587253d3488e6802fe16dea96", kill_on_drop: false }`
[INFO] running `Command { std: "docker" "inspect" "d81155ba42e17acc413dd8c72c1c2375699e22e587253d3488e6802fe16dea96", kill_on_drop: false }`
[INFO] running `Command { std: "docker" "rm" "-f" "d81155ba42e17acc413dd8c72c1c2375699e22e587253d3488e6802fe16dea96", kill_on_drop: false }`
[INFO] [stdout] d81155ba42e17acc413dd8c72c1c2375699e22e587253d3488e6802fe16dea96
[INFO] running `Command { std: "docker" "create" "-v" "/var/lib/crater-agent-workspace/builds/worker-5-tc1/target:/opt/rustwide/target:rw,Z" "-v" "/var/lib/crater-agent-workspace/builds/worker-5-tc1/source:/opt/rustwide/workdir:ro,Z" "-v" "/var/lib/crater-agent-workspace/cargo-home:/opt/rustwide/cargo-home:ro,Z" "-v" "/var/lib/crater-agent-workspace/rustup-home:/opt/rustwide/rustup-home:ro,Z" "-e" "SOURCE_DIR=/opt/rustwide/workdir" "-e" "CARGO_TARGET_DIR=/opt/rustwide/target" "-e" "CARGO_INCREMENTAL=0" "-e" "RUST_BACKTRACE=full" "-e" "RUSTFLAGS=--cap-lints=warn" "-e" "RUSTDOCFLAGS=--cap-lints=warn" "-e" "CARGO_HOME=/opt/rustwide/cargo-home" "-e" "RUSTUP_HOME=/opt/rustwide/rustup-home" "-w" "/opt/rustwide/workdir" "-m" "1610612736" "--user" "0:0" "--network" "none" "ghcr.io/rust-lang/crates-build-env/linux@sha256:2788e3201cd34a07e3172128adcd8b3090168a8e3bcc40d7c032b9dda1df7d1c" "/opt/rustwide/cargo-home/bin/cargo" "+1.75.0" "build" "--frozen" "--message-format=json", kill_on_drop: false }`
[INFO] [stdout] 5b3e00f8029d8a6799114e5deb57ab9a265f8d0301ee4dce586b53ca58e1afa6
[INFO] running `Command { std: "docker" "start" "-a" "5b3e00f8029d8a6799114e5deb57ab9a265f8d0301ee4dce586b53ca58e1afa6", kill_on_drop: false }`
[INFO] [stderr]    Compiling proc-macro2 v1.0.27
[INFO] [stderr]    Compiling unicode-xid v0.2.1
[INFO] [stderr]    Compiling syn v1.0.73
[INFO] [stderr]    Compiling version_check v0.9.2
[INFO] [stderr]    Compiling libc v0.2.97
[INFO] [stderr]    Compiling cfg-if v1.0.0
[INFO] [stderr]    Compiling autocfg v1.0.1
[INFO] [stderr]    Compiling once_cell v1.5.2
[INFO] [stderr]    Compiling memchr v2.3.4
[INFO] [stderr]    Compiling log v0.4.14
[INFO] [stderr]    Compiling futures-core v0.3.8
[INFO] [stderr]    Compiling pin-project-lite v0.2.7
[INFO] [stderr]    Compiling lazy_static v1.4.0
[INFO] [stderr]    Compiling slab v0.4.2
[INFO] [stderr]    Compiling proc-macro-hack v0.5.19
[INFO] [stderr]    Compiling futures-io v0.3.8
[INFO] [stderr]    Compiling fnv v1.0.7
[INFO] [stderr]    Compiling value-bag v1.0.0-alpha.7
[INFO] [stderr]    Compiling serde_derive v1.0.118
[INFO] [stderr]    Compiling serde v1.0.118
[INFO] [stderr]    Compiling proc-macro-nested v0.1.6
[INFO] [stderr]    Compiling cfg-if v0.1.10
[INFO] [stderr]    Compiling futures-sink v0.3.8
[INFO] [stderr]    Compiling bytes v0.5.6
[INFO] [stderr]    Compiling quote v1.0.8
[INFO] [stderr]    Compiling pin-utils v0.1.0
[INFO] [stderr]    Compiling futures-channel v0.3.8
[INFO] [stderr]    Compiling futures-task v0.3.8
[INFO] [stderr]    Compiling typenum v1.12.0
[INFO] [stderr]    Compiling yansi v0.5.0
[INFO] [stderr]    Compiling num_cpus v1.13.0
[INFO] [stderr]    Compiling proc-macro2-diagnostics v0.9.1
[INFO] [stderr]    Compiling getrandom v0.1.15
[INFO] [stderr]    Compiling itoa v0.4.6
[INFO] [stderr]    Compiling ppv-lite86 v0.2.10
[INFO] [stderr]    Compiling signal-hook-registry v1.3.0
[INFO] [stderr]    Compiling tracing-core v0.1.17
[INFO] [stderr]    Compiling indexmap v1.6.1
[INFO] [stderr]    Compiling tokio v1.8.0
[INFO] [stderr]    Compiling bytes v1.0.1
[INFO] [stderr]    Compiling standback v0.2.13
[INFO] [stderr]    Compiling cc v1.0.66
[INFO] [stderr]    Compiling hashbrown v0.9.1
[INFO] [stderr]    Compiling percent-encoding v2.1.0
[INFO] [stderr]    Compiling smallvec v1.5.1
[INFO] [stderr]    Compiling rand_core v0.5.1
[INFO] [stderr]    Compiling socket2 v0.4.0
[INFO] [stderr]    Compiling bitflags v1.2.1
[INFO] [stderr]    Compiling byteorder v1.3.4
[INFO] [stderr]    Compiling generic-array v0.12.3
[INFO] [stderr]    Compiling cache-padded v1.1.1
[INFO] [stderr]    Compiling tinyvec_macros v0.1.0
[INFO] [stderr]    Compiling matches v0.1.8
[INFO] [stderr]    Compiling tinyvec v1.1.0
[INFO] [stderr]    Compiling concurrent-queue v1.2.2
[INFO] [stderr]    Compiling http v0.2.2
[INFO] [stderr]    Compiling miniz_oxide v0.4.3
[INFO] [stderr]    Compiling event-listener v2.5.1
[INFO] [stderr]    Compiling spin v0.5.2
[INFO] [stderr]    Compiling fastrand v1.4.1
[INFO] [stderr]    Compiling waker-fn v1.1.0
[INFO] [stderr]    Compiling const_fn v0.4.4
[INFO] [stderr]    Compiling parking v2.0.0
[INFO] [stderr]    Compiling httparse v1.4.1
[INFO] [stderr]    Compiling untrusted v0.7.1
[INFO] [stderr]    Compiling futures-lite v1.12.0
[INFO] [stderr]    Compiling ring v0.16.19
[INFO] [stderr]    Compiling unicode-bidi v0.3.4
[INFO] [stderr]    Compiling rand_pcg v0.2.1
[INFO] [stderr]    Compiling unicode-normalization v0.1.16
[INFO] [stderr]    Compiling rand_chacha v0.2.2
[INFO] [stderr]    Compiling iovec v0.1.4
[INFO] [stderr]    Compiling net2 v0.2.37
[INFO] [stderr]    Compiling uncased v0.9.6
[INFO] [stderr]    Compiling time v0.2.23
[INFO] [stderr]    Compiling num-traits v0.2.14
[INFO] [stderr]    Compiling instant v0.1.9
[INFO] [stderr]    Compiling ident_case v1.0.1
[INFO] [stderr]    Compiling scopeguard v1.1.0
[INFO] [stderr]    Compiling byte-tools v0.3.1
[INFO] [stderr]    Compiling async-trait v0.1.50
[INFO] [stderr]    Compiling ryu v1.0.5
[INFO] [stderr]    Compiling rustversion v1.0.4
[INFO] [stderr]    Compiling adler v0.2.3
[INFO] [stderr]    Compiling gimli v0.23.0
[INFO] [stderr]    Compiling strsim v0.9.3
[INFO] [stderr]    Compiling block-padding v0.1.5
[INFO] [stderr]    Compiling lock_api v0.4.2
[INFO] [stderr]    Compiling parking_lot_core v0.8.2
[INFO] [stderr]    Compiling rand v0.7.3
[INFO] [stderr]    Compiling digest v0.8.1
[INFO] [stderr]    Compiling getrandom v0.2.3
[INFO] [stderr]    Compiling darling_core v0.10.2
[INFO] [stderr]    Compiling proc-macro-error-attr v1.0.4
[INFO] [stderr]    Compiling cookie v0.15.0
[INFO] [stderr]    Compiling num-integer v0.1.44
[INFO] [stderr]    Compiling pin-project-lite v0.1.11
[INFO] [stderr]    Compiling try-lock v0.2.3
[INFO] [stderr]    Compiling inlinable_string v0.1.14
[INFO] [stderr]    Compiling async-task v4.0.3
[INFO] [stderr]    Compiling serde_json v1.0.60
[INFO] [stderr]    Compiling object v0.22.0
[INFO] [stderr]    Compiling unicode-segmentation v1.7.1
[INFO] [stderr]    Compiling addr2line v0.14.0
[INFO] [stderr]    Compiling rustc-demangle v0.1.18
[INFO] [stderr]    Compiling heck v0.3.2
[INFO] [stderr]    Compiling devise_core v0.3.0
[INFO] [stderr]    Compiling rand_core v0.6.3
[INFO] [stderr]    Compiling parking_lot v0.11.1
[INFO] [stderr]    Compiling block-buffer v0.7.3
[INFO] [stderr]    Compiling webpki v0.21.4
[INFO] [stderr]    Compiling http-body v0.4.2
[INFO] [stderr]    Compiling idna v0.2.0
[INFO] [stderr]    Compiling async-channel v1.6.1
[INFO] [stderr]    Compiling form_urlencoded v1.0.0
[INFO] [stderr]    Compiling proc-macro-error v1.0.4
[INFO] [stderr]    Compiling sharded-slab v0.1.0
[INFO] [stderr]    Compiling thread_local v1.0.1
[INFO] [stderr]    Compiling subtle v1.0.0
[INFO] [stderr]    Compiling match_cfg v0.1.0
[INFO] [stderr]    Compiling crossbeam-utils v0.8.5
[INFO] [stderr]    Compiling atomic-waker v1.0.0
[INFO] [stderr]    Compiling backtrace v0.3.55
[INFO] [stderr]    Compiling linked-hash-map v0.5.3
[INFO] [stderr]    Compiling opaque-debug v0.2.3
[INFO] [stderr]    Compiling httpdate v1.0.1
[INFO] [stderr]    Compiling tower-service v0.3.0
[INFO] [stderr]    Compiling mime v0.3.16
[INFO] [stderr]    Compiling encoding_rs v0.8.28
[INFO] [stderr]    Compiling ctor v0.1.19
[INFO] [stderr]    Compiling pin-project-internal v1.0.2
[INFO] [stderr]    Compiling futures-macro v0.3.8
[INFO] [stderr]    Compiling tracing-attributes v0.1.11
[INFO] [stderr]    Compiling tokio-macros v1.2.0
[INFO] [stderr]    Compiling time-macros-impl v0.1.1
[INFO] [stderr]    Compiling pear_codegen v0.2.3
[INFO] [stderr]    Compiling mio v0.7.6
[INFO] [stderr]    Compiling mio v0.6.23
[INFO] [stderr]    Compiling tokio-macros v0.2.6
[INFO] [stderr]    Compiling tracing v0.1.22
[INFO] [stderr]    Compiling pin-project v1.0.2
[INFO] [stderr]    Compiling futures-util v0.3.8
[INFO] [stderr]    Compiling time-macros v0.1.1
[INFO] [stderr]    Compiling want v0.3.0
[INFO] [stderr]    Compiling polling v2.1.0
[INFO] [stderr]    Compiling pear v0.2.3
[INFO] [stderr]    Compiling thiserror-impl v1.0.22
[INFO] [stderr]    Compiling tokio v0.2.24
[INFO] [stderr]    Compiling ref-cast-impl v1.0.3
[INFO] [stderr]    Compiling darling_macro v0.10.2
[INFO] [stderr]    Compiling thiserror v1.0.22
[INFO] [stderr]    Compiling async-io v1.6.0
[INFO] [stderr]    Compiling ref-cast v1.0.3
[INFO] [stderr]    Compiling tracing-subscriber v0.2.15
[INFO] [stderr]    Compiling darling v0.10.2
[INFO] [stderr]    Compiling enum-as-inner v0.3.3
[INFO] [stderr]    Compiling devise_codegen v0.3.0
[INFO] [stderr]    Compiling futures-executor v0.3.8
[INFO] [stderr]    Compiling futures v0.3.8
[INFO] [stderr]    Compiling url v2.2.0
[INFO] [stderr]    Compiling blocking v1.0.2
[INFO] [stderr]    Compiling hostname v0.3.1
[INFO] [stderr]    Compiling crypto-mac v0.7.0
[INFO] [stderr]    Compiling tokio-util v0.6.7
[INFO] [stderr]    Compiling err-derive v0.2.4
[INFO] [stderr]    Compiling sct v0.6.0
[INFO] [stderr]    Compiling rand_chacha v0.3.1
[INFO] [stderr]    Compiling async-executor v1.4.1
[INFO] [stderr]    Compiling async-mutex v1.4.0
[INFO] [stderr]    Compiling time v0.1.44
[INFO] [stderr]    Compiling stable-pattern v0.1.0
[INFO] [stderr]    Compiling figment v0.10.6
[INFO] [stderr]    Compiling multer v2.0.0
[INFO] [stderr]    Compiling atomic v0.5.0
[INFO] [stderr]    Compiling base64 v0.11.0
[INFO] [stderr]    Compiling convert_case v0.4.0
[INFO] [stderr]    Compiling either v1.6.1
[INFO] [stderr]    Compiling fake-simd v0.1.2
[INFO] [stderr]    Compiling unchecked-index v0.2.2
[INFO] [stderr]    Compiling state v0.5.2
[INFO] [stderr]    Compiling quick-error v1.2.3
[INFO] [stderr]    Compiling eyre v0.6.3
[INFO] [stderr]    Compiling resolv-conf v0.7.0
[INFO] [stderr]    Compiling rustls v0.17.0
[INFO] [stderr]    Compiling twoway v0.2.2
[INFO] [stderr]    Compiling derive_more v0.99.14
[INFO] [stderr]    Compiling chrono v0.4.19
[INFO] [stderr]    Compiling async-global-executor v2.0.2
[INFO] [stderr]    Compiling rand v0.8.4
[INFO] [stderr]    Compiling trust-dns-proto v0.19.6
[INFO] [stderr]    Compiling toml v0.5.8
[INFO] [stderr]    Compiling devise v0.3.0
[INFO] [stderr]    Compiling tracing-error v0.1.2
[INFO] [stderr]    Compiling h2 v0.3.3
[INFO] [stderr]    Compiling serde_with_macros v1.3.0
[INFO] [stderr]    Compiling kv-log-macro v1.0.7
[INFO] [stderr]    Compiling async-attributes v1.1.2
[INFO] [stderr]    Compiling async-stream-impl v0.3.2
[INFO] [stderr]    Compiling lru-cache v0.1.2
[INFO] [stderr]    Compiling uuid v0.8.1
[INFO] [stderr]    Compiling synstructure v0.12.4
[INFO] [stderr]    Compiling async-lock v2.4.0
[INFO] [stderr]    Compiling rocket v0.5.0-rc.1
[INFO] [stderr]    Compiling tokio v0.3.6
[INFO] [stderr]    Compiling indenter v0.3.1
[INFO] [stderr]    Compiling spin v0.9.1
[INFO] [stderr]    Compiling remove_dir_all v0.5.3
[INFO] [stderr]    Compiling hex v0.4.2
[INFO] [stderr]    Compiling owo-colors v1.2.1
[INFO] [stderr]    Compiling base64 v0.13.0
[INFO] [stderr]    Compiling glob v0.3.0
[INFO] [stderr]    Compiling bson v1.2.2
[INFO] [stderr]    Compiling color-spantrace v0.1.6
[INFO] [stderr]    Compiling tempfile v3.2.0
[INFO] [stderr]    Compiling async-stream v0.3.2
[INFO] [stderr]    Compiling async-std v1.9.0
[INFO] [stderr]    Compiling trust-dns-resolver v0.19.6
[INFO] [stderr]    Compiling serde_with v1.6.0
[INFO] [stderr]    Compiling tokio-rustls v0.13.1
[INFO] [stderr]    Compiling ubyte v0.10.1
[INFO] [stderr]    Compiling sha-1 v0.8.2
[INFO] [stderr]    Compiling hyper v0.14.9
[INFO] [stderr]    Compiling sha2 v0.8.2
[INFO] [stderr]    Compiling hmac v0.7.1
[INFO] [stderr]    Compiling pbkdf2 v0.3.0
[INFO] [stderr]    Compiling tokio-stream v0.1.6
[INFO] [stderr]    Compiling os_info v3.0.6
[INFO] [stderr]    Compiling derivative v2.1.1
[INFO] [stderr]    Compiling typed-builder v0.4.1
[INFO] [stderr]    Compiling tokio-macros v0.3.2
[INFO] [stderr]    Compiling md-5 v0.8.0
[INFO] [stderr]    Compiling webpki-roots v0.18.0
[INFO] [stderr]    Compiling stringprep v0.1.2
[INFO] [stderr]    Compiling atty v0.2.14
[INFO] [stderr]    Compiling socket2 v0.3.19
[INFO] [stderr]    Compiling binascii v0.1.4
[INFO] [stderr]    Compiling bytes v0.6.0
[INFO] [stderr]    Compiling take_mut v0.2.2
[INFO] [stderr]    Compiling strsim v0.10.0
[INFO] [stderr]    Compiling color-eyre v0.5.10
[INFO] [stderr]    Compiling mongodb v1.2.2
[INFO] [stderr]    Compiling tap v1.0.1
[INFO] [stderr]    Compiling rocket_http v0.5.0-rc.1
[INFO] [stderr]    Compiling rocket_codegen v0.5.0-rc.1
[INFO] [stderr]    Compiling grok_list v0.1.0 (/opt/rustwide/workdir)
[INFO] [stdout] warning: unused import: `RepoError`
[INFO] [stdout]  --> src/user_handlers.rs:6:25
[INFO] [stdout]   |
[INFO] [stdout] 6 | use crate::repo::{Repo, RepoError};
[INFO] [stdout]   |                         ^^^^^^^^^
[INFO] [stdout]   |
[INFO] [stdout]   = note: `#[warn(unused_imports)]` on by default
[INFO] [stdout] 
[INFO] [stdout] 
[INFO] [stdout] warning: unused import: `create_user`
[INFO] [stdout]   --> src/user_handlers.rs:29:14
[INFO] [stdout]    |
[INFO] [stdout] 29 | pub async fn create_user(user: Json<User>, repo: &State<Repo>) -> Result<Json<User>, Status> {
[INFO] [stdout]    |              ^^^^^^^^^^^
[INFO] [stdout] 
[INFO] [stdout] 
[INFO] [stdout] warning: unused variable: `replace_result`
[INFO] [stdout]   --> src/repo.rs:98:13
[INFO] [stdout]    |
[INFO] [stdout] 98 |         let replace_result = db_collection
[INFO] [stdout]    |             ^^^^^^^^^^^^^^ help: if this is intentional, prefix it with an underscore: `_replace_result`
[INFO] [stdout]    |
[INFO] [stdout]    = note: `#[warn(unused_variables)]` on by default
[INFO] [stdout] 
[INFO] [stdout] 
[INFO] [stdout] warning: associated items `builder` and `add_item` are never used
[INFO] [stdout]   --> src/list.rs:15:12
[INFO] [stdout]    |
[INFO] [stdout] 14 | impl List {
[INFO] [stdout]    | --------- associated items in this implementation
[INFO] [stdout] 15 |     pub fn builder(name: String, user_id: ObjectId) -> ListBuilder {
[INFO] [stdout]    |            ^^^^^^^
[INFO] [stdout] ...
[INFO] [stdout] 19 |     pub fn add_item(&mut self, item: ListItem) {
[INFO] [stdout]    |            ^^^^^^^^
[INFO] [stdout]    |
[INFO] [stdout]    = note: `#[warn(dead_code)]` on by default
[INFO] [stdout] 
[INFO] [stdout] 
[INFO] [stdout] warning: associated items `new`, `build`, and `add_item` are never used
[INFO] [stdout]   --> src/list.rs:33:12
[INFO] [stdout]    |
[INFO] [stdout] 32 | impl ListBuilder {
[INFO] [stdout]    | ---------------- associated items in this implementation
[INFO] [stdout] 33 |     pub fn new(name: String, user_id: ObjectId) -> Self {
[INFO] [stdout]    |            ^^^
[INFO] [stdout] ...
[INFO] [stdout] 42 |     pub fn build(&self) -> List {
[INFO] [stdout]    |            ^^^^^
[INFO] [stdout] ...
[INFO] [stdout] 51 |     pub fn add_item(&mut self, item: ListItem) -> &mut Self {
[INFO] [stdout]    |            ^^^^^^^^
[INFO] [stdout] 
[INFO] [stdout] 
[INFO] [stdout] warning: associated function `builder` is never used
[INFO] [stdout]   --> src/list.rs:65:12
[INFO] [stdout]    |
[INFO] [stdout] 64 | impl ListItem {
[INFO] [stdout]    | ------------- associated function in this implementation
[INFO] [stdout] 65 |     pub fn builder(name: &str) -> ListItemBuilder {
[INFO] [stdout]    |            ^^^^^^^
[INFO] [stdout] 
[INFO] [stdout] 
[INFO] [stdout] warning: fields `name`, `category`, and `amount` are never read
[INFO] [stdout]   --> src/list.rs:72:5
[INFO] [stdout]    |
[INFO] [stdout] 71 | pub struct ListItemBuilder {
[INFO] [stdout]    |            --------------- fields in this struct
[INFO] [stdout] 72 |     name: String,
[INFO] [stdout]    |     ^^^^
[INFO] [stdout] 73 |     category: Option<String>,
[INFO] [stdout]    |     ^^^^^^^^
[INFO] [stdout] 74 |     amount: Option<String>,
[INFO] [stdout]    |     ^^^^^^
[INFO] [stdout]    |
[INFO] [stdout]    = note: `ListItemBuilder` has derived impls for the traits `Clone` and `Debug`, but these are intentionally ignored during dead code analysis
[INFO] [stdout] 
[INFO] [stdout] 
[INFO] [stdout] warning: associated items `new`, `category`, `amount`, and `build` are never used
[INFO] [stdout]   --> src/list.rs:78:12
[INFO] [stdout]    |
[INFO] [stdout] 77 | impl ListItemBuilder {
[INFO] [stdout]    | -------------------- associated items in this implementation
[INFO] [stdout] 78 |     pub fn new(name: &str) -> Self {
[INFO] [stdout]    |            ^^^
[INFO] [stdout] ...
[INFO] [stdout] 86 |     pub fn category<'a>(&'a mut self, category: &str) -> &'a mut Self {
[INFO] [stdout]    |            ^^^^^^^^
[INFO] [stdout] ...
[INFO] [stdout] 91 |     pub fn amount<'a>(&'a mut self, amount: &str) -> &'a mut Self {
[INFO] [stdout]    |            ^^^^^^
[INFO] [stdout] ...
[INFO] [stdout] 96 |     pub fn build(&self) -> ListItem {
[INFO] [stdout]    |            ^^^^^
[INFO] [stdout] 
[INFO] [stdout] 
[INFO] [stdout] warning: variant `ObjectNotFound` is never constructed
[INFO] [stdout]   --> src/repo.rs:25:5
[INFO] [stdout]    |
[INFO] [stdout] 15 | pub enum RepoError {
[INFO] [stdout]    |          --------- variant in this enum
[INFO] [stdout] ...
[INFO] [stdout] 25 |     ObjectNotFound(ObjectId, Collections)
[INFO] [stdout]    |     ^^^^^^^^^^^^^^
[INFO] [stdout]    |
[INFO] [stdout]    = note: `RepoError` has a derived impl for the trait `Debug`, but this is intentionally ignored during dead code analysis
[INFO] [stdout] 
[INFO] [stdout] 
[INFO] [stdout] warning: variants `Lists` and `Stores` are never constructed
[INFO] [stdout]   --> src/repo.rs:30:5
[INFO] [stdout]    |
[INFO] [stdout] 29 | pub enum Collections {
[INFO] [stdout]    |          ----------- variants in this enum
[INFO] [stdout] 30 |     Lists,
[INFO] [stdout]    |     ^^^^^
[INFO] [stdout] 31 |     Stores,
[INFO] [stdout]    |     ^^^^^^
[INFO] [stdout]    |
[INFO] [stdout]    = note: `Collections` has derived impls for the traits `Clone` and `Debug`, but these are intentionally ignored during dead code analysis
[INFO] [stdout] 
[INFO] [stdout] 
[INFO] [stdout] warning: multiple methods are never used
[INFO] [stdout]    --> src/repo.rs:90:14
[INFO] [stdout]     |
[INFO] [stdout] 49  | impl Repo {
[INFO] [stdout]     | --------- methods in this implementation
[INFO] [stdout] ...
[INFO] [stdout] 90  |     async fn replace_document_by_id<T: Serialize + DeserializeOwned + fmt::Debug>(
[INFO] [stdout]     |              ^^^^^^^^^^^^^^^^^^^^^^
[INFO] [stdout] ...
[INFO] [stdout] 104 |     async fn delete_document_by_id(
[INFO] [stdout]     |              ^^^^^^^^^^^^^^^^^^^^^
[INFO] [stdout] ...
[INFO] [stdout] 114 |     pub async fn add_list(&self, list: &List) -> Result<Option<List>, RepoError> {
[INFO] [stdout]     |                  ^^^^^^^^
[INFO] [stdout] ...
[INFO] [stdout] 118 |     pub async fn get_list_by_id(&self, id: &ObjectId) -> Result<Option<List>, RepoError> {
[INFO] [stdout]     |                  ^^^^^^^^^^^^^^
[INFO] [stdout] ...
[INFO] [stdout] 122 |     pub async fn delete_list_by_id(&self, id: &ObjectId) -> Result<i64, RepoError> {
[INFO] [stdout]     |                  ^^^^^^^^^^^^^^^^^
[INFO] [stdout] ...
[INFO] [stdout] 126 |     pub async fn add_store(&self, store: &Store) -> Result<Option<Store>, RepoError> {
[INFO] [stdout]     |                  ^^^^^^^^^
[INFO] [stdout] ...
[INFO] [stdout] 130 |     pub async fn get_store_by_id(&self, id: &ObjectId) -> Result<Option<Store>, RepoError> {
[INFO] [stdout]     |                  ^^^^^^^^^^^^^^^
[INFO] [stdout] ...
[INFO] [stdout] 134 |     pub async fn delete_store_by_id(&self, id: &ObjectId) -> Result<i64, RepoError> {
[INFO] [stdout]     |                  ^^^^^^^^^^^^^^^^^^
[INFO] [stdout] ...
[INFO] [stdout] 142 |     pub async fn get_user_by_name(&self, name: &str) -> Result<Option<User>, RepoError> {
[INFO] [stdout]     |                  ^^^^^^^^^^^^^^^^
[INFO] [stdout] ...
[INFO] [stdout] 153 |     pub async fn get_lists_by_user(
[INFO] [stdout]     |                  ^^^^^^^^^^^^^^^^^
[INFO] [stdout] ...
[INFO] [stdout] 174 |     pub async fn add_list_item(
[INFO] [stdout]     |                  ^^^^^^^^^^^^^
[INFO] [stdout] 
[INFO] [stdout] 
[INFO] [stdout] warning: associated items `new` and `add_category` are never used
[INFO] [stdout]   --> src/store.rs:13:12
[INFO] [stdout]    |
[INFO] [stdout] 12 | impl Store {
[INFO] [stdout]    | ---------- associated items in this implementation
[INFO] [stdout] 13 |     pub fn new(name: &str) -> Self {
[INFO] [stdout]    |            ^^^
[INFO] [stdout] ...
[INFO] [stdout] 21 |     pub fn add_category(&mut self, category: &str) {
[INFO] [stdout]    |            ^^^^^^^^^^^^
[INFO] [stdout] 
[INFO] [stdout] 
[INFO] [stdout] warning: 12 warnings emitted
[INFO] [stdout] 
[INFO] [stdout] 
[INFO] [stderr]     Finished dev [unoptimized + debuginfo] target(s) in 36.83s
[INFO] [stderr] warning: the following packages contain code that will be rejected by a future version of Rust: bson v1.2.2, ubyte v0.10.1
[INFO] [stderr] note: to see what the problems were, use the option `--future-incompat-report`, or run `cargo report future-incompatibilities --id 1`
[INFO] running `Command { std: "docker" "inspect" "5b3e00f8029d8a6799114e5deb57ab9a265f8d0301ee4dce586b53ca58e1afa6", kill_on_drop: false }`
[INFO] running `Command { std: "docker" "rm" "-f" "5b3e00f8029d8a6799114e5deb57ab9a265f8d0301ee4dce586b53ca58e1afa6", kill_on_drop: false }`
[INFO] [stdout] 5b3e00f8029d8a6799114e5deb57ab9a265f8d0301ee4dce586b53ca58e1afa6
[INFO] running `Command { std: "docker" "create" "-v" "/var/lib/crater-agent-workspace/builds/worker-5-tc1/target:/opt/rustwide/target:rw,Z" "-v" "/var/lib/crater-agent-workspace/builds/worker-5-tc1/source:/opt/rustwide/workdir:ro,Z" "-v" "/var/lib/crater-agent-workspace/cargo-home:/opt/rustwide/cargo-home:ro,Z" "-v" "/var/lib/crater-agent-workspace/rustup-home:/opt/rustwide/rustup-home:ro,Z" "-e" "SOURCE_DIR=/opt/rustwide/workdir" "-e" "CARGO_TARGET_DIR=/opt/rustwide/target" "-e" "CARGO_INCREMENTAL=0" "-e" "RUST_BACKTRACE=full" "-e" "RUSTFLAGS=--cap-lints=warn" "-e" "RUSTDOCFLAGS=--cap-lints=warn" "-e" "CARGO_HOME=/opt/rustwide/cargo-home" "-e" "RUSTUP_HOME=/opt/rustwide/rustup-home" "-w" "/opt/rustwide/workdir" "-m" "1610612736" "--user" "0:0" "--network" "none" "ghcr.io/rust-lang/crates-build-env/linux@sha256:2788e3201cd34a07e3172128adcd8b3090168a8e3bcc40d7c032b9dda1df7d1c" "/opt/rustwide/cargo-home/bin/cargo" "+1.75.0" "test" "--frozen" "--no-run" "--message-format=json", kill_on_drop: false }`
[INFO] [stdout] 0aac7a0eea135ab00a244224d58e5486c25590061d3a35a85f27f8d6b0355c79
[INFO] running `Command { std: "docker" "start" "-a" "0aac7a0eea135ab00a244224d58e5486c25590061d3a35a85f27f8d6b0355c79", kill_on_drop: false }`
[INFO] [stderr]    Compiling grok_list v0.1.0 (/opt/rustwide/workdir)
[INFO] [stdout] warning: unused import: `RepoError`
[INFO] [stdout]  --> src/user_handlers.rs:6:25
[INFO] [stdout]   |
[INFO] [stdout] 6 | use crate::repo::{Repo, RepoError};
[INFO] [stdout]   |                         ^^^^^^^^^
[INFO] [stdout]   |
[INFO] [stdout]   = note: `#[warn(unused_imports)]` on by default
[INFO] [stdout] 
[INFO] [stdout] 
[INFO] [stdout] warning: unused import: `create_user`
[INFO] [stdout]   --> src/user_handlers.rs:29:14
[INFO] [stdout]    |
[INFO] [stdout] 29 | pub async fn create_user(user: Json<User>, repo: &State<Repo>) -> Result<Json<User>, Status> {
[INFO] [stdout]    |              ^^^^^^^^^^^
[INFO] [stdout] 
[INFO] [stdout] 
[INFO] [stdout] warning: unused variable: `replace_result`
[INFO] [stdout]   --> src/repo.rs:98:13
[INFO] [stdout]    |
[INFO] [stdout] 98 |         let replace_result = db_collection
[INFO] [stdout]    |             ^^^^^^^^^^^^^^ help: if this is intentional, prefix it with an underscore: `_replace_result`
[INFO] [stdout]    |
[INFO] [stdout]    = note: `#[warn(unused_variables)]` on by default
[INFO] [stdout] 
[INFO] [stdout] 
[INFO] [stdout] warning: unused variable: `inserted_user`
[INFO] [stdout]    --> src/repo.rs:294:13
[INFO] [stdout]     |
[INFO] [stdout] 294 |         let inserted_user = repo
[INFO] [stdout]     |             ^^^^^^^^^^^^^ help: if this is intentional, prefix it with an underscore: `_inserted_user`
[INFO] [stdout] 
[INFO] [stdout] 
[INFO] [stdout] warning: 4 warnings emitted
[INFO] [stdout] 
[INFO] [stdout] 
[INFO] [stderr]     Finished test [unoptimized + debuginfo] target(s) in 5.96s
[INFO] [stderr] warning: the following packages contain code that will be rejected by a future version of Rust: bson v1.2.2, ubyte v0.10.1
[INFO] [stderr] note: to see what the problems were, use the option `--future-incompat-report`, or run `cargo report future-incompatibilities --id 1`
[INFO] running `Command { std: "docker" "inspect" "0aac7a0eea135ab00a244224d58e5486c25590061d3a35a85f27f8d6b0355c79", kill_on_drop: false }`
[INFO] running `Command { std: "docker" "rm" "-f" "0aac7a0eea135ab00a244224d58e5486c25590061d3a35a85f27f8d6b0355c79", kill_on_drop: false }`
[INFO] [stdout] 0aac7a0eea135ab00a244224d58e5486c25590061d3a35a85f27f8d6b0355c79
[INFO] running `Command { std: "docker" "create" "-v" "/var/lib/crater-agent-workspace/builds/worker-5-tc1/target:/opt/rustwide/target:rw,Z" "-v" "/var/lib/crater-agent-workspace/builds/worker-5-tc1/source:/opt/rustwide/workdir:ro,Z" "-v" "/var/lib/crater-agent-workspace/cargo-home:/opt/rustwide/cargo-home:ro,Z" "-v" "/var/lib/crater-agent-workspace/rustup-home:/opt/rustwide/rustup-home:ro,Z" "-e" "SOURCE_DIR=/opt/rustwide/workdir" "-e" "CARGO_TARGET_DIR=/opt/rustwide/target" "-e" "CARGO_INCREMENTAL=0" "-e" "RUST_BACKTRACE=full" "-e" "RUSTFLAGS=--cap-lints=warn" "-e" "RUSTDOCFLAGS=--cap-lints=warn" "-e" "CARGO_HOME=/opt/rustwide/cargo-home" "-e" "RUSTUP_HOME=/opt/rustwide/rustup-home" "-w" "/opt/rustwide/workdir" "-m" "1610612736" "--user" "0:0" "--network" "none" "ghcr.io/rust-lang/crates-build-env/linux@sha256:2788e3201cd34a07e3172128adcd8b3090168a8e3bcc40d7c032b9dda1df7d1c" "/opt/rustwide/cargo-home/bin/cargo" "+1.75.0" "test" "--frozen", kill_on_drop: false }`
[INFO] [stdout] a545dfbd80b04e0e736dafc3766b8f02264194d704637a43c1fcc6ac01566303
[INFO] running `Command { std: "docker" "start" "-a" "a545dfbd80b04e0e736dafc3766b8f02264194d704637a43c1fcc6ac01566303", kill_on_drop: false }`
[INFO] [stderr] warning: unused import: `RepoError`
[INFO] [stderr]  --> src/user_handlers.rs:6:25
[INFO] [stderr]   |
[INFO] [stderr] 6 | use crate::repo::{Repo, RepoError};
[INFO] [stderr]   |                         ^^^^^^^^^
[INFO] [stderr]   |
[INFO] [stderr]   = note: `#[warn(unused_imports)]` on by default
[INFO] [stderr] 
[INFO] [stderr] warning: unused import: `create_user`
[INFO] [stderr]   --> src/user_handlers.rs:29:14
[INFO] [stderr]    |
[INFO] [stderr] 29 | pub async fn create_user(user: Json<User>, repo: &State<Repo>) -> Result<Json<User>, Status> {
[INFO] [stderr]    |              ^^^^^^^^^^^
[INFO] [stderr] 
[INFO] [stderr] warning: unused variable: `replace_result`
[INFO] [stderr]   --> src/repo.rs:98:13
[INFO] [stderr]    |
[INFO] [stderr] 98 |         let replace_result = db_collection
[INFO] [stderr]    |             ^^^^^^^^^^^^^^ help: if this is intentional, prefix it with an underscore: `_replace_result`
[INFO] [stderr]    |
[INFO] [stderr]    = note: `#[warn(unused_variables)]` on by default
[INFO] [stderr] 
[INFO] [stderr] warning: unused variable: `inserted_user`
[INFO] [stderr]    --> src/repo.rs:294:13
[INFO] [stderr]     |
[INFO] [stderr] 294 |         let inserted_user = repo
[INFO] [stderr]     |             ^^^^^^^^^^^^^ help: if this is intentional, prefix it with an underscore: `_inserted_user`
[INFO] [stderr] 
[INFO] [stderr] warning: `grok_list` (bin "grok_list" test) generated 4 warnings (run `cargo fix --bin "grok_list" --tests` to apply 4 suggestions)
[INFO] [stderr]     Finished test [unoptimized + debuginfo] target(s) in 0.16s
[INFO] [stderr] warning: the following packages contain code that will be rejected by a future version of Rust: bson v1.2.2, ubyte v0.10.1
[INFO] [stderr] note: to see what the problems were, use the option `--future-incompat-report`, or run `cargo report future-incompatibilities --id 1`
[INFO] [stderr]      Running unittests src/main.rs (/opt/rustwide/target/debug/deps/grok_list-22918c96493b068f)
[INFO] [stdout] 
[INFO] [stdout] running 13 tests
[INFO] [stdout] test list::test::list_builder_can_add_items ... ok
[INFO] [stdout] test list::test::list_builder_requires_a_name_and_user ... ok
[INFO] [stdout] test list::test::category_set_to_lowercase ... ok
[INFO] [stdout] test list::test::category_and_amount_none_by_default ... ok
[INFO] [stdout] test list::test::list_can_add_items ... ok
[INFO] [stdout] test user::test::name_and_email_are_required ... ok
[INFO] [stdout] test store::test::categories_are_made_lowercase_when_added ... ok
[INFO] [stdout] test repo::test::can_insert_and_retrieve_categories_by_id ... FAILED
[INFO] [stdout] test repo::test::can_insert_and_retrieve_lists_by_id ... FAILED
[INFO] [stdout] test repo::test::can_add_items_to_existing_list ... FAILED
[INFO] [stdout] test repo::test::can_insert_user ... FAILED
[INFO] [stdout] test repo::test::can_fetch_lists_by_user ... FAILED
[INFO] [stdout] test test::can_add_user ... FAILED
[INFO] [stdout] 
[INFO] [stdout] failures:
[INFO] [stdout] 
[INFO] [stdout] ---- repo::test::can_insert_and_retrieve_categories_by_id stdout ----
[INFO] [stdout] Error: mongo returned an error: Error { kind: ServerSelectionError { message: "Server selection timeout: No available servers. Topology: { Type: Unknown, Servers: [ { Address: localhost:27017, Type: Unknown, Error: Cannot assign requested address (os error 99) }, ] }" }, labels: [] }
[INFO] [stdout] 
[INFO] [stdout] Caused by:
[INFO] [stdout]     Server selection timeout: No available servers. Topology: { Type: Unknown, Servers: [ { Address: localhost:27017, Type: Unknown, Error: Cannot assign requested address (os error 99) }, ] }
[INFO] [stdout] 
[INFO] [stdout] Location:
[INFO] [stdout]     src/repo.rs:256:30
[INFO] [stdout] 
[INFO] [stdout] ---- repo::test::can_insert_and_retrieve_lists_by_id stdout ----
[INFO] [stdout] Error: mongo returned an error: Error { kind: ServerSelectionError { message: "Server selection timeout: No available servers. Topology: { Type: Unknown, Servers: [ { Address: localhost:27017, Type: Unknown, Error: Cannot assign requested address (os error 99) }, ] }" }, labels: [] }
[INFO] [stdout] 
[INFO] [stdout] Caused by:
[INFO] [stdout]     Server selection timeout: No available servers. Topology: { Type: Unknown, Servers: [ { Address: localhost:27017, Type: Unknown, Error: Cannot assign requested address (os error 99) }, ] }
[INFO] [stdout] 
[INFO] [stdout] Location:
[INFO] [stdout]     src/repo.rs:221:29
[INFO] [stdout] 
[INFO] [stdout] ---- repo::test::can_add_items_to_existing_list stdout ----
[INFO] [stdout] Error: mongo returned an error: Error { kind: ServerSelectionError { message: "Server selection timeout: No available servers. Topology: { Type: Unknown, Servers: [ { Address: localhost:27017, Type: Unknown, Error: Cannot assign requested address (os error 99) }, ] }" }, labels: [] }
[INFO] [stdout] 
[INFO] [stdout] Caused by:
[INFO] [stdout]     Server selection timeout: No available servers. Topology: { Type: Unknown, Servers: [ { Address: localhost:27017, Type: Unknown, Error: Cannot assign requested address (os error 99) }, ] }
[INFO] [stdout] 
[INFO] [stdout] Location:
[INFO] [stdout]     src/repo.rs:366:29
[INFO] [stdout] 
[INFO] [stdout] ---- repo::test::can_insert_user stdout ----
[INFO] [stdout] Error: mongo returned an error: Error { kind: ServerSelectionError { message: "Server selection timeout: No available servers. Topology: { Type: Unknown, Servers: [ { Address: localhost:27017, Type: Unknown, Error: Cannot assign requested address (os error 99) }, ] }" }, labels: [] }
[INFO] [stdout] 
[INFO] [stdout] Caused by:
[INFO] [stdout]     Server selection timeout: No available servers. Topology: { Type: Unknown, Servers: [ { Address: localhost:27017, Type: Unknown, Error: Cannot assign requested address (os error 99) }, ] }
[INFO] [stdout] 
[INFO] [stdout] Location:
[INFO] [stdout]     src/repo.rs:294:29
[INFO] [stdout] 
[INFO] [stdout] ---- repo::test::can_fetch_lists_by_user stdout ----
[INFO] [stdout] Error: mongo returned an error: Error { kind: ServerSelectionError { message: "Server selection timeout: No available servers. Topology: { Type: Unknown, Servers: [ { Address: localhost:27017, Type: Unknown, Error: Cannot assign requested address (os error 99) }, ] }" }, labels: [] }
[INFO] [stdout] 
[INFO] [stdout] Caused by:
[INFO] [stdout]     Server selection timeout: No available servers. Topology: { Type: Unknown, Servers: [ { Address: localhost:27017, Type: Unknown, Error: Cannot assign requested address (os error 99) }, ] }
[INFO] [stdout] 
[INFO] [stdout] Location:
[INFO] [stdout]     src/repo.rs:317:29
[INFO] [stdout] 
[INFO] [stdout] ---- test::can_add_user stdout ----
[INFO] [stdout] Configured for test.
[INFO] [stdout]    >> address: 127.0.0.1
[INFO] [stdout]    >> port: 8000
[INFO] [stdout]    >> workers: 8
[INFO] [stdout]    >> ident: Rocket
[INFO] [stdout]    >> keep-alive: 5s
[INFO] [stdout]    >> limits: bytes = 8KiB, data-form = 2MiB, file = 1MiB, form = 32KiB, json = 1MiB, msgpack = 1MiB, string = 8KiB
[INFO] [stdout]    >> tls: disabled
[INFO] [stdout]    >> temp dir: /tmp
[INFO] [stdout]    >> log level: normal
[INFO] [stdout]    >> cli colors: true
[INFO] [stdout]    >> shutdown: ctrlc = true, force = true, signals = [SIGTERM], grace = 2s, mercy = 3s
[INFO] [stdout] Routes:
[INFO] [stdout]    >> (create_user) POST /api/users
[INFO] [stdout] Fairings:
[INFO] [stdout]    >> Mongo (ignite)
[INFO] [stdout]    >> grok_list::DbConfig (ignite)
[INFO] [stdout]    >> Shield (liftoff, response, singleton)
[INFO] [stdout] Shield:
[INFO] [stdout]    >> X-Frame-Options: SAMEORIGIN
[INFO] [stdout]    >> X-Content-Type-Options: nosniff
[INFO] [stdout]    >> Permissions-Policy: interest-cohort=()
[INFO] [stdout] Rocket has launched into local orbit
[INFO] [stdout] POST /api/users application/json:
[INFO] [stdout]    >> Matched: (create_user) POST /api/users
[INFO] [stdout] Error: MongoError(Error { kind: ServerSelectionError { message: "Server selection timeout: No available servers. Topology: { Type: Unknown, Servers: [ { Address: localhost:27017, Type: Unknown, Error: Cannot assign requested address (os error 99) }, ] }" }, labels: [] })
[INFO] [stdout]    >> Outcome: Failure
[INFO] [stdout]    >> No 500 catcher registered. Using Rocket default.
[INFO] [stdout] thread 'test::can_add_user' panicked at src/main.rs:89:9:
[INFO] [stdout] assertion `left == right` failed
[INFO] [stdout]   left: Status { code: 500 }
[INFO] [stdout]  right: Status { code: 200 }
[INFO] [stdout] stack backtrace:
[INFO] [stdout]    0:     0x55665a34c07c - std::backtrace_rs::backtrace::libunwind::trace::ha637c64ce894333a
[INFO] [stdout]                                at /rustc/82e1608dfa6e0b5569232559e3d385fea5a93112/library/std/src/../../backtrace/src/backtrace/libunwind.rs:104:5
[INFO] [stdout]    1:     0x55665a34c07c - std::backtrace_rs::backtrace::trace_unsynchronized::h47f62dea28e0c88d
[INFO] [stdout]                                at /rustc/82e1608dfa6e0b5569232559e3d385fea5a93112/library/std/src/../../backtrace/src/backtrace/mod.rs:66:5
[INFO] [stdout]    2:     0x55665a34c07c - std::sys_common::backtrace::_print_fmt::h9eef0abe20ede486
[INFO] [stdout]                                at /rustc/82e1608dfa6e0b5569232559e3d385fea5a93112/library/std/src/sys_common/backtrace.rs:67:5
[INFO] [stdout]    3:     0x55665a34c07c - <std::sys_common::backtrace::_print::DisplayBacktrace as core::fmt::Display>::fmt::hed7f999df88cc644
[INFO] [stdout]                                at /rustc/82e1608dfa6e0b5569232559e3d385fea5a93112/library/std/src/sys_common/backtrace.rs:44:22
[INFO] [stdout]    4:     0x55665a37bbd0 - core::fmt::rt::Argument::fmt::h1539a9308b8d058d
[INFO] [stdout]                                at /rustc/82e1608dfa6e0b5569232559e3d385fea5a93112/library/core/src/fmt/rt.rs:142:9
[INFO] [stdout]    5:     0x55665a37bbd0 - core::fmt::write::h3a39390d8560d9c9
[INFO] [stdout]                                at /rustc/82e1608dfa6e0b5569232559e3d385fea5a93112/library/core/src/fmt/mod.rs:1120:17
[INFO] [stdout]    6:     0x55665a348e4f - std::io::Write::write_fmt::h040b369f3a0f9cbc
[INFO] [stdout]                                at /rustc/82e1608dfa6e0b5569232559e3d385fea5a93112/library/std/src/io/mod.rs:1762:15
[INFO] [stdout]    7:     0x55665a34be64 - std::sys_common::backtrace::_print::h894006fb5c6f3d45
[INFO] [stdout]                                at /rustc/82e1608dfa6e0b5569232559e3d385fea5a93112/library/std/src/sys_common/backtrace.rs:47:5
[INFO] [stdout]    8:     0x55665a34be64 - std::sys_common::backtrace::print::h23a2d212c6fff936
[INFO] [stdout]                                at /rustc/82e1608dfa6e0b5569232559e3d385fea5a93112/library/std/src/sys_common/backtrace.rs:34:9
[INFO] [stdout]    9:     0x55665a34db27 - std::panicking::default_hook::{{closure}}::h8a1d2ee00185001a
[INFO] [stdout]   10:     0x55665a34d813 - std::panicking::default_hook::h6038f2eba384e475
[INFO] [stdout]                                at /rustc/82e1608dfa6e0b5569232559e3d385fea5a93112/library/std/src/panicking.rs:289:9
[INFO] [stdout]   11:     0x5566598576c7 - <alloc::boxed::Box<F,A> as core::ops::function::Fn<Args>>::call::h0ad024c9bdc6d768
[INFO] [stdout]                                at /rustc/82e1608dfa6e0b5569232559e3d385fea5a93112/library/alloc/src/boxed.rs:2021:9
[INFO] [stdout]   12:     0x5566598576c7 - test::test_main::{{closure}}::h7500b54257359db6
[INFO] [stdout]                                at /rustc/82e1608dfa6e0b5569232559e3d385fea5a93112/library/test/src/lib.rs:138:21
[INFO] [stdout]   13:     0x55665a34e138 - <alloc::boxed::Box<F,A> as core::ops::function::Fn<Args>>::call::h1f8f335eaa9cfaee
[INFO] [stdout]                                at /rustc/82e1608dfa6e0b5569232559e3d385fea5a93112/library/alloc/src/boxed.rs:2021:9
[INFO] [stdout]   14:     0x55665a34e138 - std::panicking::rust_panic_with_hook::h2b5517d590cab22e
[INFO] [stdout]                                at /rustc/82e1608dfa6e0b5569232559e3d385fea5a93112/library/std/src/panicking.rs:783:13
[INFO] [stdout]   15:     0x55665a34de8e - std::panicking::begin_panic_handler::{{closure}}::h233112c06e0ef43e
[INFO] [stdout]                                at /rustc/82e1608dfa6e0b5569232559e3d385fea5a93112/library/std/src/panicking.rs:657:13
[INFO] [stdout]   16:     0x55665a34c546 - std::sys_common::backtrace::__rust_end_short_backtrace::h6e893f24d7ebbff8
[INFO] [stdout]                                at /rustc/82e1608dfa6e0b5569232559e3d385fea5a93112/library/std/src/sys_common/backtrace.rs:170:18
[INFO] [stdout]   17:     0x55665a34dbf2 - rust_begin_unwind
[INFO] [stdout]                                at /rustc/82e1608dfa6e0b5569232559e3d385fea5a93112/library/std/src/panicking.rs:645:5
[INFO] [stdout]   18:     0x5566596ec6d5 - core::panicking::panic_fmt::hbf0e066aabfa482c
[INFO] [stdout]                                at /rustc/82e1608dfa6e0b5569232559e3d385fea5a93112/library/core/src/panicking.rs:72:14
[INFO] [stdout]   19:     0x5566596ecb2b - core::panicking::assert_failed_inner::h0bba8b7c26ee4492
[INFO] [stdout]   20:     0x55665978a41e - core::panicking::assert_failed::h7123e21deca3acd1
[INFO] [stdout]                                at /rustc/82e1608dfa6e0b5569232559e3d385fea5a93112/library/core/src/panicking.rs:279:5
[INFO] [stdout]   21:     0x5566597aef5e - grok_list::test::can_add_user::{{closure}}::hc285f6bbd1e15c80
[INFO] [stdout]                                at /opt/rustwide/workdir/src/main.rs:89:9
[INFO] [stdout]   22:     0x55665977cbeb - <core::pin::Pin<P> as core::future::future::Future>::poll::h7bf140e1185e16b1
[INFO] [stdout]                                at /rustc/82e1608dfa6e0b5569232559e3d385fea5a93112/library/core/src/future/future.rs:125:9
[INFO] [stdout]   23:     0x55665978f024 - tokio::runtime::basic_scheduler::Inner<P>::block_on::{{closure}}::{{closure}}::hb825d94f1540e77a
[INFO] [stdout]                                at /opt/rustwide/cargo-home/registry/src/index.crates.io-6f17d22bba15001f/tokio-0.3.6/src/runtime/basic_scheduler.rs:184:58
[INFO] [stdout]   24:     0x556659761569 - tokio::coop::with_budget::{{closure}}::h430cdeb2e8084746
[INFO] [stdout]                                at /opt/rustwide/cargo-home/registry/src/index.crates.io-6f17d22bba15001f/tokio-0.3.6/src/coop.rs:121:9
[INFO] [stdout]   25:     0x5566597a0870 - std::thread::local::LocalKey<T>::try_with::he31f2efe8fa620dc
[INFO] [stdout]                                at /rustc/82e1608dfa6e0b5569232559e3d385fea5a93112/library/std/src/thread/local.rs:270:16
[INFO] [stdout]   26:     0x55665979ceba - std::thread::local::LocalKey<T>::with::h16f82efbacba721d
[INFO] [stdout]                                at /rustc/82e1608dfa6e0b5569232559e3d385fea5a93112/library/std/src/thread/local.rs:246:9
[INFO] [stdout]   27:     0x55665978dc09 - tokio::coop::with_budget::h7d958d9a1deca377
[INFO] [stdout]                                at /opt/rustwide/cargo-home/registry/src/index.crates.io-6f17d22bba15001f/tokio-0.3.6/src/coop.rs:114:5
[INFO] [stdout]   28:     0x55665978dc09 - tokio::coop::budget::h224a3835239d0888
[INFO] [stdout]                                at /opt/rustwide/cargo-home/registry/src/index.crates.io-6f17d22bba15001f/tokio-0.3.6/src/coop.rs:98:5
[INFO] [stdout]   29:     0x55665978dc09 - tokio::runtime::basic_scheduler::Inner<P>::block_on::{{closure}}::hc5a76f42efdc49e6
[INFO] [stdout]                                at /opt/rustwide/cargo-home/registry/src/index.crates.io-6f17d22bba15001f/tokio-0.3.6/src/runtime/basic_scheduler.rs:184:35
[INFO] [stdout]   30:     0x5566597936d1 - tokio::runtime::basic_scheduler::enter::{{closure}}::hba8629a87c76b299
[INFO] [stdout]                                at /opt/rustwide/cargo-home/registry/src/index.crates.io-6f17d22bba15001f/tokio-0.3.6/src/runtime/basic_scheduler.rs:266:29
[INFO] [stdout]   31:     0x55665976c247 - tokio::macros::scoped_tls::ScopedKey<T>::set::h4dc82441015fb45f
[INFO] [stdout]                                at /opt/rustwide/cargo-home/registry/src/index.crates.io-6f17d22bba15001f/tokio-0.3.6/src/macros/scoped_tls.rs:61:9
[INFO] [stdout]   32:     0x5566597934e8 - tokio::runtime::basic_scheduler::enter::heeef52990a573b25
[INFO] [stdout]                                at /opt/rustwide/cargo-home/registry/src/index.crates.io-6f17d22bba15001f/tokio-0.3.6/src/runtime/basic_scheduler.rs:266:5
[INFO] [stdout]   33:     0x55665978ad4b - tokio::runtime::basic_scheduler::Inner<P>::block_on::h97837ee86b933bb1
[INFO] [stdout]                                at /opt/rustwide/cargo-home/registry/src/index.crates.io-6f17d22bba15001f/tokio-0.3.6/src/runtime/basic_scheduler.rs:176:9
[INFO] [stdout]   34:     0x55665978f362 - tokio::runtime::basic_scheduler::InnerGuard<P>::block_on::h61b67e4524f6a087
[INFO] [stdout]                                at /opt/rustwide/cargo-home/registry/src/index.crates.io-6f17d22bba15001f/tokio-0.3.6/src/runtime/basic_scheduler.rs:405:9
[INFO] [stdout]   35:     0x55665978fcd1 - tokio::runtime::basic_scheduler::BasicScheduler<P>::block_on::h0e274539e18b10f9
[INFO] [stdout]                                at /opt/rustwide/cargo-home/registry/src/index.crates.io-6f17d22bba15001f/tokio-0.3.6/src/runtime/basic_scheduler.rs:136:24
[INFO] [stdout]   36:     0x556659738772 - tokio::runtime::Runtime::block_on::h5a76d89ff41ab2d4
[INFO] [stdout]                                at /opt/rustwide/cargo-home/registry/src/index.crates.io-6f17d22bba15001f/tokio-0.3.6/src/runtime/mod.rs:450:46
[INFO] [stdout]   37:     0x5566597ae749 - grok_list::test::can_add_user::h6b4edf087dce14be
[INFO] [stdout]                                at /opt/rustwide/workdir/src/main.rs:77:5
[INFO] [stdout]   38:     0x5566597ae667 - grok_list::test::can_add_user::{{closure}}::hfce968fd095daca8
[INFO] [stdout]                                at /opt/rustwide/workdir/src/main.rs:78:32
[INFO] [stdout]   39:     0x5566596ee046 - core::ops::function::FnOnce::call_once::h412ee49a1920381e
[INFO] [stdout]                                at /rustc/82e1608dfa6e0b5569232559e3d385fea5a93112/library/core/src/ops/function.rs:250:5
[INFO] [stdout]   40:     0x55665985cd1f - core::ops::function::FnOnce::call_once::h2b5d431d5046312d
[INFO] [stdout]                                at /rustc/82e1608dfa6e0b5569232559e3d385fea5a93112/library/core/src/ops/function.rs:250:5
[INFO] [stdout]   41:     0x55665985cd1f - test::__rust_begin_short_backtrace::h7714669af176e207
[INFO] [stdout]                                at /rustc/82e1608dfa6e0b5569232559e3d385fea5a93112/library/test/src/lib.rs:628:18
[INFO] [stdout]   42:     0x55665985bd35 - test::run_test_in_process::{{closure}}::h85218797dcbcec12
[INFO] [stdout]                                at /rustc/82e1608dfa6e0b5569232559e3d385fea5a93112/library/test/src/lib.rs:651:60
[INFO] [stdout]   43:     0x55665985bd35 - <core::panic::unwind_safe::AssertUnwindSafe<F> as core::ops::function::FnOnce<()>>::call_once::h76c106ea31c14d7b
[INFO] [stdout]                                at /rustc/82e1608dfa6e0b5569232559e3d385fea5a93112/library/core/src/panic/unwind_safe.rs:272:9
[INFO] [stdout]   44:     0x55665985bd35 - std::panicking::try::do_call::h3bd5d0f6620ee946
[INFO] [stdout]                                at /rustc/82e1608dfa6e0b5569232559e3d385fea5a93112/library/std/src/panicking.rs:552:40
[INFO] [stdout]   45:     0x55665985bd35 - std::panicking::try::h232e535e4744fe31
[INFO] [stdout]                                at /rustc/82e1608dfa6e0b5569232559e3d385fea5a93112/library/std/src/panicking.rs:516:19
[INFO] [stdout]   46:     0x55665985bd35 - std::panic::catch_unwind::h3ce3bd6ca8dbac68
[INFO] [stdout]                                at /rustc/82e1608dfa6e0b5569232559e3d385fea5a93112/library/std/src/panic.rs:142:14
[INFO] [stdout]   47:     0x55665985bd35 - test::run_test_in_process::hc97b257c9621286a
[INFO] [stdout]                                at /rustc/82e1608dfa6e0b5569232559e3d385fea5a93112/library/test/src/lib.rs:651:27
[INFO] [stdout]   48:     0x55665985bd35 - test::run_test::{{closure}}::h2aa798823a438d38
[INFO] [stdout]                                at /rustc/82e1608dfa6e0b5569232559e3d385fea5a93112/library/test/src/lib.rs:574:43
[INFO] [stdout]   49:     0x556659823ff6 - test::run_test::{{closure}}::h87d231c78fb59832
[INFO] [stdout]                                at /rustc/82e1608dfa6e0b5569232559e3d385fea5a93112/library/test/src/lib.rs:602:41
[INFO] [stdout]   50:     0x556659823ff6 - std::sys_common::backtrace::__rust_begin_short_backtrace::he6df152596625789
[INFO] [stdout]                                at /rustc/82e1608dfa6e0b5569232559e3d385fea5a93112/library/std/src/sys_common/backtrace.rs:154:18
[INFO] [stdout]   51:     0x5566598290a7 - std::thread::Builder::spawn_unchecked_::{{closure}}::{{closure}}::ha94be15d1e0acf36
[INFO] [stdout]                                at /rustc/82e1608dfa6e0b5569232559e3d385fea5a93112/library/std/src/thread/mod.rs:529:17
[INFO] [stdout]   52:     0x5566598290a7 - <core::panic::unwind_safe::AssertUnwindSafe<F> as core::ops::function::FnOnce<()>>::call_once::h9dc6bd6372f16606
[INFO] [stdout]                                at /rustc/82e1608dfa6e0b5569232559e3d385fea5a93112/library/core/src/panic/unwind_safe.rs:272:9
[INFO] [stdout]   53:     0x5566598290a7 - std::panicking::try::do_call::h9057517f80303cd4
[INFO] [stdout]                                at /rustc/82e1608dfa6e0b5569232559e3d385fea5a93112/library/std/src/panicking.rs:552:40
[INFO] [stdout]   54:     0x5566598290a7 - std::panicking::try::he3a30b11ee45340c
[INFO] [stdout]                                at /rustc/82e1608dfa6e0b5569232559e3d385fea5a93112/library/std/src/panicking.rs:516:19
[INFO] [stdout]   55:     0x5566598290a7 - std::panic::catch_unwind::h410458cfd3528b8b
[INFO] [stdout]                                at /rustc/82e1608dfa6e0b5569232559e3d385fea5a93112/library/std/src/panic.rs:142:14
[INFO] [stdout]   56:     0x5566598290a7 - std::thread::Builder::spawn_unchecked_::{{closure}}::h72ac3bdb567b737b
[INFO] [stdout]                                at /rustc/82e1608dfa6e0b5569232559e3d385fea5a93112/library/std/src/thread/mod.rs:528:30
[INFO] [stdout]   57:     0x5566598290a7 - core::ops::function::FnOnce::call_once{{vtable.shim}}::h38f34da3654a8344
[INFO] [stdout]                                at /rustc/82e1608dfa6e0b5569232559e3d385fea5a93112/library/core/src/ops/function.rs:250:5
[INFO] [stdout]   58:     0x55665a353135 - <alloc::boxed::Box<F,A> as core::ops::function::FnOnce<Args>>::call_once::hc7eafaff61e32df9
[INFO] [stdout]                                at /rustc/82e1608dfa6e0b5569232559e3d385fea5a93112/library/alloc/src/boxed.rs:2007:9
[INFO] [stdout]   59:     0x55665a353135 - <alloc::boxed::Box<F,A> as core::ops::function::FnOnce<Args>>::call_once::h6ba4a5de48dd2304
[INFO] [stdout]                                at /rustc/82e1608dfa6e0b5569232559e3d385fea5a93112/library/alloc/src/boxed.rs:2007:9
[INFO] [stdout]   60:     0x55665a353135 - std::sys::unix::thread::Thread::new::thread_start::he469335aef763e45
[INFO] [stdout]                                at /rustc/82e1608dfa6e0b5569232559e3d385fea5a93112/library/std/src/sys/unix/thread.rs:108:17
[INFO] [stdout]   61:     0x7f031f140ac3 - <unknown>
[INFO] [stdout]   62:     0x7f031f1d1bf4 - __clone
[INFO] [stdout]   63:                0x0 - <unknown>
[INFO] [stdout] 
[INFO] [stdout] 
[INFO] [stdout] failures:
[INFO] [stdout]     repo::test::can_add_items_to_existing_list
[INFO] [stdout]     repo::test::can_fetch_lists_by_user
[INFO] [stdout]     repo::test::can_insert_and_retrieve_categories_by_id
[INFO] [stdout]     repo::test::can_insert_and_retrieve_lists_by_id
[INFO] [stdout]     repo::test::can_insert_user
[INFO] [stdout]     test::can_add_user
[INFO] [stdout] 
[INFO] [stdout] test result: FAILED. 7 passed; 6 failed; 0 ignored; 0 measured; 0 filtered out; finished in 30.13s
[INFO] [stdout] 
[INFO] [stderr] error: test failed, to rerun pass `--bin grok_list`
[INFO] running `Command { std: "docker" "inspect" "a545dfbd80b04e0e736dafc3766b8f02264194d704637a43c1fcc6ac01566303", kill_on_drop: false }`
[INFO] running `Command { std: "docker" "rm" "-f" "a545dfbd80b04e0e736dafc3766b8f02264194d704637a43c1fcc6ac01566303", kill_on_drop: false }`
[INFO] [stdout] a545dfbd80b04e0e736dafc3766b8f02264194d704637a43c1fcc6ac01566303
[INFO] testing gregcline/grok-list against beta-2023-12-22 for beta-1.76-1
[INFO] running `Command { std: "git" "clone" "/workspace/cache/git-repos/https%3A%2F%2Fgithub.com%2Fgregcline%2Fgrok-list" "/workspace/builds/worker-5-tc2/source", kill_on_drop: false }`
[INFO] [stderr] Cloning into '/workspace/builds/worker-5-tc2/source'...
[INFO] [stderr] done.
[INFO] validating manifest of git repo https://github.com/gregcline/grok-list on toolchain beta-2023-12-22
[INFO] running `Command { std: CARGO_HOME="/workspace/cargo-home" RUSTUP_HOME="/workspace/rustup-home" "/workspace/cargo-home/bin/cargo" "+beta-2023-12-22" "metadata" "--manifest-path" "Cargo.toml" "--no-deps", kill_on_drop: false }`
[INFO] started tweaking git repo https://github.com/gregcline/grok-list
[INFO] finished tweaking git repo https://github.com/gregcline/grok-list
[INFO] tweaked toml for git repo https://github.com/gregcline/grok-list written to /workspace/builds/worker-5-tc2/source/Cargo.toml
[INFO] crate git repo https://github.com/gregcline/grok-list already has a lockfile, it will not be regenerated
[INFO] running `Command { std: CARGO_HOME="/workspace/cargo-home" RUSTUP_HOME="/workspace/rustup-home" "/workspace/cargo-home/bin/cargo" "+beta-2023-12-22" "fetch" "--manifest-path" "Cargo.toml", kill_on_drop: false }`
[INFO] running `Command { std: "docker" "create" "-v" "/var/lib/crater-agent-workspace/builds/worker-5-tc2/target:/opt/rustwide/target:rw,Z" "-v" "/var/lib/crater-agent-workspace/builds/worker-5-tc2/source:/opt/rustwide/workdir:ro,Z" "-v" "/var/lib/crater-agent-workspace/cargo-home:/opt/rustwide/cargo-home:ro,Z" "-v" "/var/lib/crater-agent-workspace/rustup-home:/opt/rustwide/rustup-home:ro,Z" "-e" "SOURCE_DIR=/opt/rustwide/workdir" "-e" "CARGO_TARGET_DIR=/opt/rustwide/target" "-e" "CARGO_HOME=/opt/rustwide/cargo-home" "-e" "RUSTUP_HOME=/opt/rustwide/rustup-home" "-w" "/opt/rustwide/workdir" "-m" "1610612736" "--user" "0:0" "--network" "none" "ghcr.io/rust-lang/crates-build-env/linux@sha256:2788e3201cd34a07e3172128adcd8b3090168a8e3bcc40d7c032b9dda1df7d1c" "/opt/rustwide/cargo-home/bin/cargo" "+beta-2023-12-22" "metadata" "--no-deps" "--format-version=1", kill_on_drop: false }`
[INFO] [stdout] 29d5c159b82f50383c061683861ab97f10859d0bbb89e9c74d3da895a9ad41ae
[INFO] running `Command { std: "docker" "start" "-a" "29d5c159b82f50383c061683861ab97f10859d0bbb89e9c74d3da895a9ad41ae", kill_on_drop: false }`
[INFO] running `Command { std: "docker" "inspect" "29d5c159b82f50383c061683861ab97f10859d0bbb89e9c74d3da895a9ad41ae", kill_on_drop: false }`
[INFO] running `Command { std: "docker" "rm" "-f" "29d5c159b82f50383c061683861ab97f10859d0bbb89e9c74d3da895a9ad41ae", kill_on_drop: false }`
[INFO] [stdout] 29d5c159b82f50383c061683861ab97f10859d0bbb89e9c74d3da895a9ad41ae
[INFO] running `Command { std: "docker" "create" "-v" "/var/lib/crater-agent-workspace/builds/worker-5-tc2/target:/opt/rustwide/target:rw,Z" "-v" "/var/lib/crater-agent-workspace/builds/worker-5-tc2/source:/opt/rustwide/workdir:ro,Z" "-v" "/var/lib/crater-agent-workspace/cargo-home:/opt/rustwide/cargo-home:ro,Z" "-v" "/var/lib/crater-agent-workspace/rustup-home:/opt/rustwide/rustup-home:ro,Z" "-e" "SOURCE_DIR=/opt/rustwide/workdir" "-e" "CARGO_TARGET_DIR=/opt/rustwide/target" "-e" "CARGO_INCREMENTAL=0" "-e" "RUST_BACKTRACE=full" "-e" "RUSTFLAGS=--cap-lints=warn" "-e" "RUSTDOCFLAGS=--cap-lints=warn" "-e" "CARGO_HOME=/opt/rustwide/cargo-home" "-e" "RUSTUP_HOME=/opt/rustwide/rustup-home" "-w" "/opt/rustwide/workdir" "-m" "1610612736" "--user" "0:0" "--network" "none" "ghcr.io/rust-lang/crates-build-env/linux@sha256:2788e3201cd34a07e3172128adcd8b3090168a8e3bcc40d7c032b9dda1df7d1c" "/opt/rustwide/cargo-home/bin/cargo" "+beta-2023-12-22" "build" "--frozen" "--message-format=json", kill_on_drop: false }`
[INFO] [stdout] bb6287b99e5eb84ac005b7753b15ad3e5e8f98229478999fafd2d4f599438ca7
[INFO] running `Command { std: "docker" "start" "-a" "bb6287b99e5eb84ac005b7753b15ad3e5e8f98229478999fafd2d4f599438ca7", kill_on_drop: false }`
[INFO] [stderr]    Compiling proc-macro2 v1.0.27
[INFO] [stderr]    Compiling unicode-xid v0.2.1
[INFO] [stderr]    Compiling syn v1.0.73
[INFO] [stderr]    Compiling version_check v0.9.2
[INFO] [stderr]    Compiling libc v0.2.97
[INFO] [stderr]    Compiling cfg-if v1.0.0
[INFO] [stderr]    Compiling autocfg v1.0.1
[INFO] [stderr]    Compiling once_cell v1.5.2
[INFO] [stderr]    Compiling memchr v2.3.4
[INFO] [stderr]    Compiling log v0.4.14
[INFO] [stderr]    Compiling futures-core v0.3.8
[INFO] [stderr]    Compiling pin-project-lite v0.2.7
[INFO] [stderr]    Compiling lazy_static v1.4.0
[INFO] [stderr]    Compiling slab v0.4.2
[INFO] [stderr]    Compiling proc-macro-hack v0.5.19
[INFO] [stderr]    Compiling fnv v1.0.7
[INFO] [stderr]    Compiling futures-io v0.3.8
[INFO] [stderr]    Compiling serde_derive v1.0.118
[INFO] [stderr]    Compiling serde v1.0.118
[INFO] [stderr]    Compiling value-bag v1.0.0-alpha.7
[INFO] [stderr]    Compiling proc-macro-nested v0.1.6
[INFO] [stderr]    Compiling futures-sink v0.3.8
[INFO] [stderr]    Compiling cfg-if v0.1.10
[INFO] [stderr]    Compiling bytes v0.5.6
[INFO] [stderr]    Compiling pin-utils v0.1.0
[INFO] [stderr]    Compiling quote v1.0.8
[INFO] [stderr]    Compiling futures-channel v0.3.8
[INFO] [stderr]    Compiling futures-task v0.3.8
[INFO] [stderr]    Compiling yansi v0.5.0
[INFO] [stderr]    Compiling num_cpus v1.13.0
[INFO] [stderr]    Compiling typenum v1.12.0
[INFO] [stderr]    Compiling proc-macro2-diagnostics v0.9.1
[INFO] [stderr]    Compiling getrandom v0.1.15
[INFO] [stderr]    Compiling itoa v0.4.6
[INFO] [stderr]    Compiling ppv-lite86 v0.2.10
[INFO] [stderr]    Compiling signal-hook-registry v1.3.0
[INFO] [stderr]    Compiling tracing-core v0.1.17
[INFO] [stderr]    Compiling tokio v1.8.0
[INFO] [stderr]    Compiling indexmap v1.6.1
[INFO] [stderr]    Compiling bytes v1.0.1
[INFO] [stderr]    Compiling standback v0.2.13
[INFO] [stderr]    Compiling hashbrown v0.9.1
[INFO] [stderr]    Compiling smallvec v1.5.1
[INFO] [stderr]    Compiling percent-encoding v2.1.0
[INFO] [stderr]    Compiling cc v1.0.66
[INFO] [stderr]    Compiling rand_core v0.5.1
[INFO] [stderr]    Compiling socket2 v0.4.0
[INFO] [stderr]    Compiling byteorder v1.3.4
[INFO] [stderr]    Compiling cache-padded v1.1.1
[INFO] [stderr]    Compiling matches v0.1.8
[INFO] [stderr]    Compiling tinyvec_macros v0.1.0
[INFO] [stderr]    Compiling bitflags v1.2.1
[INFO] [stderr]    Compiling concurrent-queue v1.2.2
[INFO] [stderr]    Compiling tinyvec v1.1.0
[INFO] [stderr]    Compiling http v0.2.2
[INFO] [stderr]    Compiling miniz_oxide v0.4.3
[INFO] [stderr]    Compiling generic-array v0.12.3
[INFO] [stderr]    Compiling waker-fn v1.1.0
[INFO] [stderr]    Compiling fastrand v1.4.1
[INFO] [stderr]    Compiling httparse v1.4.1
[INFO] [stderr]    Compiling spin v0.5.2
[INFO] [stderr]    Compiling event-listener v2.5.1
[INFO] [stderr]    Compiling untrusted v0.7.1
[INFO] [stderr]    Compiling const_fn v0.4.4
[INFO] [stderr]    Compiling parking v2.0.0
[INFO] [stderr]    Compiling futures-lite v1.12.0
[INFO] [stderr]    Compiling ring v0.16.19
[INFO] [stderr]    Compiling unicode-normalization v0.1.16
[INFO] [stderr]    Compiling unicode-bidi v0.3.4
[INFO] [stderr]    Compiling rand_chacha v0.2.2
[INFO] [stderr]    Compiling rand_pcg v0.2.1
[INFO] [stderr]    Compiling net2 v0.2.37
[INFO] [stderr]    Compiling iovec v0.1.4
[INFO] [stderr]    Compiling uncased v0.9.6
[INFO] [stderr]    Compiling time v0.2.23
[INFO] [stderr]    Compiling num-traits v0.2.14
[INFO] [stderr]    Compiling instant v0.1.9
[INFO] [stderr]    Compiling strsim v0.9.3
[INFO] [stderr]    Compiling async-trait v0.1.50
[INFO] [stderr]    Compiling gimli v0.23.0
[INFO] [stderr]    Compiling ident_case v1.0.1
[INFO] [stderr]    Compiling rustversion v1.0.4
[INFO] [stderr]    Compiling byte-tools v0.3.1
[INFO] [stderr]    Compiling scopeguard v1.1.0
[INFO] [stderr]    Compiling ryu v1.0.5
[INFO] [stderr]    Compiling adler v0.2.3
[INFO] [stderr]    Compiling lock_api v0.4.2
[INFO] [stderr]    Compiling block-padding v0.1.5
[INFO] [stderr]    Compiling parking_lot_core v0.8.2
[INFO] [stderr]    Compiling rand v0.7.3
[INFO] [stderr]    Compiling darling_core v0.10.2
[INFO] [stderr]    Compiling digest v0.8.1
[INFO] [stderr]    Compiling getrandom v0.2.3
[INFO] [stderr]    Compiling cookie v0.15.0
[INFO] [stderr]    Compiling proc-macro-error-attr v1.0.4
[INFO] [stderr]    Compiling num-integer v0.1.44
[INFO] [stderr]    Compiling inlinable_string v0.1.14
[INFO] [stderr]    Compiling unicode-segmentation v1.7.1
[INFO] [stderr]    Compiling rustc-demangle v0.1.18
[INFO] [stderr]    Compiling async-task v4.0.3
[INFO] [stderr]    Compiling object v0.22.0
[INFO] [stderr]    Compiling addr2line v0.14.0
[INFO] [stderr]    Compiling pin-project-lite v0.1.11
[INFO] [stderr]    Compiling serde_json v1.0.60
[INFO] [stderr]    Compiling try-lock v0.2.3
[INFO] [stderr]    Compiling heck v0.3.2
[INFO] [stderr]    Compiling rand_core v0.6.3
[INFO] [stderr]    Compiling devise_core v0.3.0
[INFO] [stderr]    Compiling parking_lot v0.11.1
[INFO] [stderr]    Compiling webpki v0.21.4
[INFO] [stderr]    Compiling block-buffer v0.7.3
[INFO] [stderr]    Compiling http-body v0.4.2
[INFO] [stderr]    Compiling idna v0.2.0
[INFO] [stderr]    Compiling async-channel v1.6.1
[INFO] [stderr]    Compiling form_urlencoded v1.0.0
[INFO] [stderr]    Compiling proc-macro-error v1.0.4
[INFO] [stderr]    Compiling thread_local v1.0.1
[INFO] [stderr]    Compiling sharded-slab v0.1.0
[INFO] [stderr]    Compiling subtle v1.0.0
[INFO] [stderr]    Compiling crossbeam-utils v0.8.5
[INFO] [stderr]    Compiling httpdate v1.0.1
[INFO] [stderr]    Compiling backtrace v0.3.55
[INFO] [stderr]    Compiling match_cfg v0.1.0
[INFO] [stderr]    Compiling opaque-debug v0.2.3
[INFO] [stderr]    Compiling atomic-waker v1.0.0
[INFO] [stderr]    Compiling linked-hash-map v0.5.3
[INFO] [stderr]    Compiling ctor v0.1.19
[INFO] [stderr]    Compiling pin-project-internal v1.0.2
[INFO] [stderr]    Compiling futures-macro v0.3.8
[INFO] [stderr]    Compiling tokio-macros v1.2.0
[INFO] [stderr]    Compiling tracing-attributes v0.1.11
[INFO] [stderr]    Compiling time-macros-impl v0.1.1
[INFO] [stderr]    Compiling tokio-macros v0.2.6
[INFO] [stderr]    Compiling mio v0.7.6
[INFO] [stderr]    Compiling mio v0.6.23
[INFO] [stderr]    Compiling pear_codegen v0.2.3
[INFO] [stderr]    Compiling tracing v0.1.22
[INFO] [stderr]    Compiling pin-project v1.0.2
[INFO] [stderr]    Compiling futures-util v0.3.8
[INFO] [stderr]    Compiling time-macros v0.1.1
[INFO] [stderr]    Compiling tokio v0.2.24
[INFO] [stderr]    Compiling want v0.3.0
[INFO] [stderr]    Compiling polling v2.1.0
[INFO] [stderr]    Compiling darling_macro v0.10.2
[INFO] [stderr]    Compiling thiserror-impl v1.0.22
[INFO] [stderr]    Compiling pear v0.2.3
[INFO] [stderr]    Compiling ref-cast-impl v1.0.3
[INFO] [stderr]    Compiling mime v0.3.16
[INFO] [stderr]    Compiling encoding_rs v0.8.28
[INFO] [stderr]    Compiling tower-service v0.3.0
[INFO] [stderr]    Compiling thiserror v1.0.22
[INFO] [stderr]    Compiling darling v0.10.2
[INFO] [stderr]    Compiling async-io v1.6.0
[INFO] [stderr]    Compiling ref-cast v1.0.3
[INFO] [stderr]    Compiling tracing-subscriber v0.2.15
[INFO] [stderr]    Compiling futures-executor v0.3.8
[INFO] [stderr]    Compiling enum-as-inner v0.3.3
[INFO] [stderr]    Compiling futures v0.3.8
[INFO] [stderr]    Compiling devise_codegen v0.3.0
[INFO] [stderr]    Compiling blocking v1.0.2
[INFO] [stderr]    Compiling hostname v0.3.1
[INFO] [stderr]    Compiling url v2.2.0
[INFO] [stderr]    Compiling tokio-util v0.6.7
[INFO] [stderr]    Compiling crypto-mac v0.7.0
[INFO] [stderr]    Compiling err-derive v0.2.4
[INFO] [stderr]    Compiling sct v0.6.0
[INFO] [stderr]    Compiling rand_chacha v0.3.1
[INFO] [stderr]    Compiling async-executor v1.4.1
[INFO] [stderr]    Compiling async-mutex v1.4.0
[INFO] [stderr]    Compiling time v0.1.44
[INFO] [stderr]    Compiling stable-pattern v0.1.0
[INFO] [stderr]    Compiling multer v2.0.0
[INFO] [stderr]    Compiling figment v0.10.6
[INFO] [stderr]    Compiling atomic v0.5.0
[INFO] [stderr]    Compiling either v1.6.1
[INFO] [stderr]    Compiling eyre v0.6.3
[INFO] [stderr]    Compiling quick-error v1.2.3
[INFO] [stderr]    Compiling state v0.5.2
[INFO] [stderr]    Compiling fake-simd v0.1.2
[INFO] [stderr]    Compiling convert_case v0.4.0
[INFO] [stderr]    Compiling base64 v0.11.0
[INFO] [stderr]    Compiling unchecked-index v0.2.2
[INFO] [stderr]    Compiling twoway v0.2.2
[INFO] [stderr]    Compiling resolv-conf v0.7.0
[INFO] [stderr]    Compiling rustls v0.17.0
[INFO] [stderr]    Compiling chrono v0.4.19
[INFO] [stderr]    Compiling derive_more v0.99.14
[INFO] [stderr]    Compiling async-global-executor v2.0.2
[INFO] [stderr]    Compiling rand v0.8.4
[INFO] [stderr]    Compiling devise v0.3.0
[INFO] [stderr]    Compiling trust-dns-proto v0.19.6
[INFO] [stderr]    Compiling toml v0.5.8
[INFO] [stderr]    Compiling tracing-error v0.1.2
[INFO] [stderr]    Compiling h2 v0.3.3
[INFO] [stderr]    Compiling serde_with_macros v1.3.0
[INFO] [stderr]    Compiling kv-log-macro v1.0.7
[INFO] [stderr]    Compiling lru-cache v0.1.2
[INFO] [stderr]    Compiling async-stream-impl v0.3.2
[INFO] [stderr]    Compiling async-attributes v1.1.2
[INFO] [stderr]    Compiling uuid v0.8.1
[INFO] [stderr]    Compiling synstructure v0.12.4
[INFO] [stderr]    Compiling async-lock v2.4.0
[INFO] [stderr]    Compiling rocket v0.5.0-rc.1
[INFO] [stderr]    Compiling tokio v0.3.6
[INFO] [stderr]    Compiling owo-colors v1.2.1
[INFO] [stderr]    Compiling indenter v0.3.1
[INFO] [stderr]    Compiling spin v0.9.1
[INFO] [stderr]    Compiling glob v0.3.0
[INFO] [stderr]    Compiling base64 v0.13.0
[INFO] [stderr]    Compiling remove_dir_all v0.5.3
[INFO] [stderr]    Compiling hex v0.4.2
[INFO] [stderr]    Compiling bson v1.2.2
[INFO] [stderr]    Compiling color-spantrace v0.1.6
[INFO] [stderr]    Compiling tempfile v3.2.0
[INFO] [stderr]    Compiling async-stream v0.3.2
[INFO] [stderr]    Compiling async-std v1.9.0
[INFO] [stderr]    Compiling trust-dns-resolver v0.19.6
[INFO] [stderr]    Compiling serde_with v1.6.0
[INFO] [stderr]    Compiling tokio-rustls v0.13.1
[INFO] [stderr]    Compiling ubyte v0.10.1
[INFO] [stderr]    Compiling sha2 v0.8.2
[INFO] [stderr]    Compiling hyper v0.14.9
[INFO] [stderr]    Compiling sha-1 v0.8.2
[INFO] [stderr]    Compiling pbkdf2 v0.3.0
[INFO] [stderr]    Compiling hmac v0.7.1
[INFO] [stderr]    Compiling tokio-stream v0.1.6
[INFO] [stderr]    Compiling os_info v3.0.6
[INFO] [stderr]    Compiling tokio-macros v0.3.2
[INFO] [stderr]    Compiling derivative v2.1.1
[INFO] [stderr]    Compiling typed-builder v0.4.1
[INFO] [stderr]    Compiling md-5 v0.8.0
[INFO] [stderr]    Compiling webpki-roots v0.18.0
[INFO] [stderr]    Compiling stringprep v0.1.2
[INFO] [stderr]    Compiling atty v0.2.14
[INFO] [stderr]    Compiling socket2 v0.3.19
[INFO] [stderr]    Compiling take_mut v0.2.2
[INFO] [stderr]    Compiling strsim v0.10.0
[INFO] [stderr]    Compiling binascii v0.1.4
[INFO] [stderr]    Compiling bytes v0.6.0
[INFO] [stderr]    Compiling color-eyre v0.5.10
[INFO] [stderr]    Compiling tap v1.0.1
[INFO] [stderr]    Compiling mongodb v1.2.2
[INFO] [stderr]    Compiling rocket_http v0.5.0-rc.1
[INFO] [stderr]    Compiling rocket_codegen v0.5.0-rc.1
[INFO] [stderr]    Compiling grok_list v0.1.0 (/opt/rustwide/workdir)
[INFO] [stdout] warning: unused import: `RepoError`
[INFO] [stdout]  --> src/user_handlers.rs:6:25
[INFO] [stdout]   |
[INFO] [stdout] 6 | use crate::repo::{Repo, RepoError};
[INFO] [stdout]   |                         ^^^^^^^^^
[INFO] [stdout]   |
[INFO] [stdout]   = note: `#[warn(unused_imports)]` on by default
[INFO] [stdout] 
[INFO] [stdout] 
[INFO] [stdout] warning: unused import: `create_user`
[INFO] [stdout]   --> src/user_handlers.rs:29:14
[INFO] [stdout]    |
[INFO] [stdout] 29 | pub async fn create_user(user: Json<User>, repo: &State<Repo>) -> Result<Json<User>, Status> {
[INFO] [stdout]    |              ^^^^^^^^^^^
[INFO] [stdout] 
[INFO] [stdout] 
[INFO] [stdout] warning: unused variable: `replace_result`
[INFO] [stdout]   --> src/repo.rs:98:13
[INFO] [stdout]    |
[INFO] [stdout] 98 |         let replace_result = db_collection
[INFO] [stdout]    |             ^^^^^^^^^^^^^^ help: if this is intentional, prefix it with an underscore: `_replace_result`
[INFO] [stdout]    |
[INFO] [stdout]    = note: `#[warn(unused_variables)]` on by default
[INFO] [stdout] 
[INFO] [stdout] 
[INFO] [stdout] warning: associated items `builder` and `add_item` are never used
[INFO] [stdout]   --> src/list.rs:15:12
[INFO] [stdout]    |
[INFO] [stdout] 14 | impl List {
[INFO] [stdout]    | --------- associated items in this implementation
[INFO] [stdout] 15 |     pub fn builder(name: String, user_id: ObjectId) -> ListBuilder {
[INFO] [stdout]    |            ^^^^^^^
[INFO] [stdout] ...
[INFO] [stdout] 19 |     pub fn add_item(&mut self, item: ListItem) {
[INFO] [stdout]    |            ^^^^^^^^
[INFO] [stdout]    |
[INFO] [stdout]    = note: `#[warn(dead_code)]` on by default
[INFO] [stdout] 
[INFO] [stdout] 
[INFO] [stdout] warning: associated items `new`, `build`, and `add_item` are never used
[INFO] [stdout]   --> src/list.rs:33:12
[INFO] [stdout]    |
[INFO] [stdout] 32 | impl ListBuilder {
[INFO] [stdout]    | ---------------- associated items in this implementation
[INFO] [stdout] 33 |     pub fn new(name: String, user_id: ObjectId) -> Self {
[INFO] [stdout]    |            ^^^
[INFO] [stdout] ...
[INFO] [stdout] 42 |     pub fn build(&self) -> List {
[INFO] [stdout]    |            ^^^^^
[INFO] [stdout] ...
[INFO] [stdout] 51 |     pub fn add_item(&mut self, item: ListItem) -> &mut Self {
[INFO] [stdout]    |            ^^^^^^^^
[INFO] [stdout] 
[INFO] [stdout] 
[INFO] [stdout] warning: associated function `builder` is never used
[INFO] [stdout]   --> src/list.rs:65:12
[INFO] [stdout]    |
[INFO] [stdout] 64 | impl ListItem {
[INFO] [stdout]    | ------------- associated function in this implementation
[INFO] [stdout] 65 |     pub fn builder(name: &str) -> ListItemBuilder {
[INFO] [stdout]    |            ^^^^^^^
[INFO] [stdout] 
[INFO] [stdout] 
[INFO] [stdout] warning: fields `name`, `category`, and `amount` are never read
[INFO] [stdout]   --> src/list.rs:72:5
[INFO] [stdout]    |
[INFO] [stdout] 71 | pub struct ListItemBuilder {
[INFO] [stdout]    |            --------------- fields in this struct
[INFO] [stdout] 72 |     name: String,
[INFO] [stdout]    |     ^^^^
[INFO] [stdout] 73 |     category: Option<String>,
[INFO] [stdout]    |     ^^^^^^^^
[INFO] [stdout] 74 |     amount: Option<String>,
[INFO] [stdout]    |     ^^^^^^
[INFO] [stdout]    |
[INFO] [stdout]    = note: `ListItemBuilder` has derived impls for the traits `Clone` and `Debug`, but these are intentionally ignored during dead code analysis
[INFO] [stdout] 
[INFO] [stdout] 
[INFO] [stdout] warning: associated items `new`, `category`, `amount`, and `build` are never used
[INFO] [stdout]   --> src/list.rs:78:12
[INFO] [stdout]    |
[INFO] [stdout] 77 | impl ListItemBuilder {
[INFO] [stdout]    | -------------------- associated items in this implementation
[INFO] [stdout] 78 |     pub fn new(name: &str) -> Self {
[INFO] [stdout]    |            ^^^
[INFO] [stdout] ...
[INFO] [stdout] 86 |     pub fn category<'a>(&'a mut self, category: &str) -> &'a mut Self {
[INFO] [stdout]    |            ^^^^^^^^
[INFO] [stdout] ...
[INFO] [stdout] 91 |     pub fn amount<'a>(&'a mut self, amount: &str) -> &'a mut Self {
[INFO] [stdout]    |            ^^^^^^
[INFO] [stdout] ...
[INFO] [stdout] 96 |     pub fn build(&self) -> ListItem {
[INFO] [stdout]    |            ^^^^^
[INFO] [stdout] 
[INFO] [stdout] 
[INFO] [stdout] warning: variant `ObjectNotFound` is never constructed
[INFO] [stdout]   --> src/repo.rs:25:5
[INFO] [stdout]    |
[INFO] [stdout] 15 | pub enum RepoError {
[INFO] [stdout]    |          --------- variant in this enum
[INFO] [stdout] ...
[INFO] [stdout] 25 |     ObjectNotFound(ObjectId, Collections)
[INFO] [stdout]    |     ^^^^^^^^^^^^^^
[INFO] [stdout]    |
[INFO] [stdout]    = note: `RepoError` has a derived impl for the trait `Debug`, but this is intentionally ignored during dead code analysis
[INFO] [stdout] 
[INFO] [stdout] 
[INFO] [stdout] warning: variants `Lists` and `Stores` are never constructed
[INFO] [stdout]   --> src/repo.rs:30:5
[INFO] [stdout]    |
[INFO] [stdout] 29 | pub enum Collections {
[INFO] [stdout]    |          ----------- variants in this enum
[INFO] [stdout] 30 |     Lists,
[INFO] [stdout]    |     ^^^^^
[INFO] [stdout] 31 |     Stores,
[INFO] [stdout]    |     ^^^^^^
[INFO] [stdout]    |
[INFO] [stdout]    = note: `Collections` has derived impls for the traits `Clone` and `Debug`, but these are intentionally ignored during dead code analysis
[INFO] [stdout] 
[INFO] [stdout] 
[INFO] [stdout] warning: multiple methods are never used
[INFO] [stdout]    --> src/repo.rs:90:14
[INFO] [stdout]     |
[INFO] [stdout] 49  | impl Repo {
[INFO] [stdout]     | --------- methods in this implementation
[INFO] [stdout] ...
[INFO] [stdout] 90  |     async fn replace_document_by_id<T: Serialize + DeserializeOwned + fmt::Debug>(
[INFO] [stdout]     |              ^^^^^^^^^^^^^^^^^^^^^^
[INFO] [stdout] ...
[INFO] [stdout] 104 |     async fn delete_document_by_id(
[INFO] [stdout]     |              ^^^^^^^^^^^^^^^^^^^^^
[INFO] [stdout] ...
[INFO] [stdout] 114 |     pub async fn add_list(&self, list: &List) -> Result<Option<List>, RepoError> {
[INFO] [stdout]     |                  ^^^^^^^^
[INFO] [stdout] ...
[INFO] [stdout] 118 |     pub async fn get_list_by_id(&self, id: &ObjectId) -> Result<Option<List>, RepoError> {
[INFO] [stdout]     |                  ^^^^^^^^^^^^^^
[INFO] [stdout] ...
[INFO] [stdout] 122 |     pub async fn delete_list_by_id(&self, id: &ObjectId) -> Result<i64, RepoError> {
[INFO] [stdout]     |                  ^^^^^^^^^^^^^^^^^
[INFO] [stdout] ...
[INFO] [stdout] 126 |     pub async fn add_store(&self, store: &Store) -> Result<Option<Store>, RepoError> {
[INFO] [stdout]     |                  ^^^^^^^^^
[INFO] [stdout] ...
[INFO] [stdout] 130 |     pub async fn get_store_by_id(&self, id: &ObjectId) -> Result<Option<Store>, RepoError> {
[INFO] [stdout]     |                  ^^^^^^^^^^^^^^^
[INFO] [stdout] ...
[INFO] [stdout] 134 |     pub async fn delete_store_by_id(&self, id: &ObjectId) -> Result<i64, RepoError> {
[INFO] [stdout]     |                  ^^^^^^^^^^^^^^^^^^
[INFO] [stdout] ...
[INFO] [stdout] 142 |     pub async fn get_user_by_name(&self, name: &str) -> Result<Option<User>, RepoError> {
[INFO] [stdout]     |                  ^^^^^^^^^^^^^^^^
[INFO] [stdout] ...
[INFO] [stdout] 153 |     pub async fn get_lists_by_user(
[INFO] [stdout]     |                  ^^^^^^^^^^^^^^^^^
[INFO] [stdout] ...
[INFO] [stdout] 174 |     pub async fn add_list_item(
[INFO] [stdout]     |                  ^^^^^^^^^^^^^
[INFO] [stdout] 
[INFO] [stdout] 
[INFO] [stdout] warning: associated items `new` and `add_category` are never used
[INFO] [stdout]   --> src/store.rs:13:12
[INFO] [stdout]    |
[INFO] [stdout] 12 | impl Store {
[INFO] [stdout]    | ---------- associated items in this implementation
[INFO] [stdout] 13 |     pub fn new(name: &str) -> Self {
[INFO] [stdout]    |            ^^^
[INFO] [stdout] ...
[INFO] [stdout] 21 |     pub fn add_category(&mut self, category: &str) {
[INFO] [stdout]    |            ^^^^^^^^^^^^
[INFO] [stdout] 
[INFO] [stdout] 
[INFO] [stdout] warning: 12 warnings emitted
[INFO] [stdout] 
[INFO] [stdout] 
[INFO] [stderr]     Finished dev [unoptimized + debuginfo] target(s) in 37.81s
[INFO] [stderr] warning: the following packages contain code that will be rejected by a future version of Rust: bson v1.2.2, ubyte v0.10.1
[INFO] [stderr] note: to see what the problems were, use the option `--future-incompat-report`, or run `cargo report future-incompatibilities --id 1`
[INFO] running `Command { std: "docker" "inspect" "bb6287b99e5eb84ac005b7753b15ad3e5e8f98229478999fafd2d4f599438ca7", kill_on_drop: false }`
[INFO] running `Command { std: "docker" "rm" "-f" "bb6287b99e5eb84ac005b7753b15ad3e5e8f98229478999fafd2d4f599438ca7", kill_on_drop: false }`
[INFO] [stdout] bb6287b99e5eb84ac005b7753b15ad3e5e8f98229478999fafd2d4f599438ca7
[INFO] running `Command { std: "docker" "create" "-v" "/var/lib/crater-agent-workspace/builds/worker-5-tc2/target:/opt/rustwide/target:rw,Z" "-v" "/var/lib/crater-agent-workspace/builds/worker-5-tc2/source:/opt/rustwide/workdir:ro,Z" "-v" "/var/lib/crater-agent-workspace/cargo-home:/opt/rustwide/cargo-home:ro,Z" "-v" "/var/lib/crater-agent-workspace/rustup-home:/opt/rustwide/rustup-home:ro,Z" "-e" "SOURCE_DIR=/opt/rustwide/workdir" "-e" "CARGO_TARGET_DIR=/opt/rustwide/target" "-e" "CARGO_INCREMENTAL=0" "-e" "RUST_BACKTRACE=full" "-e" "RUSTFLAGS=--cap-lints=warn" "-e" "RUSTDOCFLAGS=--cap-lints=warn" "-e" "CARGO_HOME=/opt/rustwide/cargo-home" "-e" "RUSTUP_HOME=/opt/rustwide/rustup-home" "-w" "/opt/rustwide/workdir" "-m" "1610612736" "--user" "0:0" "--network" "none" "ghcr.io/rust-lang/crates-build-env/linux@sha256:2788e3201cd34a07e3172128adcd8b3090168a8e3bcc40d7c032b9dda1df7d1c" "/opt/rustwide/cargo-home/bin/cargo" "+beta-2023-12-22" "test" "--frozen" "--no-run" "--message-format=json", kill_on_drop: false }`
[INFO] [stdout] 6b093154b83c9728656355eb89a973ce7f8ef8c5733cbd82f74cdb77c425371c
[INFO] running `Command { std: "docker" "start" "-a" "6b093154b83c9728656355eb89a973ce7f8ef8c5733cbd82f74cdb77c425371c", kill_on_drop: false }`
[INFO] [stderr]    Compiling grok_list v0.1.0 (/opt/rustwide/workdir)
[INFO] [stdout] warning: unused import: `RepoError`
[INFO] [stdout]  --> src/user_handlers.rs:6:25
[INFO] [stdout]   |
[INFO] [stdout] 6 | use crate::repo::{Repo, RepoError};
[INFO] [stdout]   |                         ^^^^^^^^^
[INFO] [stdout]   |
[INFO] [stdout]   = note: `#[warn(unused_imports)]` on by default
[INFO] [stdout] 
[INFO] [stdout] 
[INFO] [stdout] warning: unused import: `create_user`
[INFO] [stdout]   --> src/user_handlers.rs:29:14
[INFO] [stdout]    |
[INFO] [stdout] 29 | pub async fn create_user(user: Json<User>, repo: &State<Repo>) -> Result<Json<User>, Status> {
[INFO] [stdout]    |              ^^^^^^^^^^^
[INFO] [stdout] 
[INFO] [stdout] 
[INFO] [stdout] warning: unused variable: `replace_result`
[INFO] [stdout]   --> src/repo.rs:98:13
[INFO] [stdout]    |
[INFO] [stdout] 98 |         let replace_result = db_collection
[INFO] [stdout]    |             ^^^^^^^^^^^^^^ help: if this is intentional, prefix it with an underscore: `_replace_result`
[INFO] [stdout]    |
[INFO] [stdout]    = note: `#[warn(unused_variables)]` on by default
[INFO] [stdout] 
[INFO] [stdout] 
[INFO] [stdout] warning: unused variable: `inserted_user`
[INFO] [stdout]    --> src/repo.rs:294:13
[INFO] [stdout]     |
[INFO] [stdout] 294 |         let inserted_user = repo
[INFO] [stdout]     |             ^^^^^^^^^^^^^ help: if this is intentional, prefix it with an underscore: `_inserted_user`
[INFO] [stdout] 
[INFO] [stdout] 
[INFO] [stdout] warning: 4 warnings emitted
[INFO] [stdout] 
[INFO] [stdout] 
[INFO] [stderr]     Finished test [unoptimized + debuginfo] target(s) in 5.40s
[INFO] [stderr] warning: the following packages contain code that will be rejected by a future version of Rust: bson v1.2.2, ubyte v0.10.1
[INFO] [stderr] note: to see what the problems were, use the option `--future-incompat-report`, or run `cargo report future-incompatibilities --id 1`
[INFO] running `Command { std: "docker" "inspect" "6b093154b83c9728656355eb89a973ce7f8ef8c5733cbd82f74cdb77c425371c", kill_on_drop: false }`
[INFO] running `Command { std: "docker" "rm" "-f" "6b093154b83c9728656355eb89a973ce7f8ef8c5733cbd82f74cdb77c425371c", kill_on_drop: false }`
[INFO] [stdout] 6b093154b83c9728656355eb89a973ce7f8ef8c5733cbd82f74cdb77c425371c
[INFO] running `Command { std: "docker" "create" "-v" "/var/lib/crater-agent-workspace/builds/worker-5-tc2/target:/opt/rustwide/target:rw,Z" "-v" "/var/lib/crater-agent-workspace/builds/worker-5-tc2/source:/opt/rustwide/workdir:ro,Z" "-v" "/var/lib/crater-agent-workspace/cargo-home:/opt/rustwide/cargo-home:ro,Z" "-v" "/var/lib/crater-agent-workspace/rustup-home:/opt/rustwide/rustup-home:ro,Z" "-e" "SOURCE_DIR=/opt/rustwide/workdir" "-e" "CARGO_TARGET_DIR=/opt/rustwide/target" "-e" "CARGO_INCREMENTAL=0" "-e" "RUST_BACKTRACE=full" "-e" "RUSTFLAGS=--cap-lints=warn" "-e" "RUSTDOCFLAGS=--cap-lints=warn" "-e" "CARGO_HOME=/opt/rustwide/cargo-home" "-e" "RUSTUP_HOME=/opt/rustwide/rustup-home" "-w" "/opt/rustwide/workdir" "-m" "1610612736" "--user" "0:0" "--network" "none" "ghcr.io/rust-lang/crates-build-env/linux@sha256:2788e3201cd34a07e3172128adcd8b3090168a8e3bcc40d7c032b9dda1df7d1c" "/opt/rustwide/cargo-home/bin/cargo" "+beta-2023-12-22" "test" "--frozen", kill_on_drop: false }`
[INFO] [stdout] 6af1aefa30b7b820abcbf8255e5e2abb4bcba8bfdbb468728b3874bbd2aa22b9
[INFO] running `Command { std: "docker" "start" "-a" "6af1aefa30b7b820abcbf8255e5e2abb4bcba8bfdbb468728b3874bbd2aa22b9", kill_on_drop: false }`
[INFO] [stderr] warning: unused import: `RepoError`
[INFO] [stderr]  --> src/user_handlers.rs:6:25
[INFO] [stderr]   |
[INFO] [stderr] 6 | use crate::repo::{Repo, RepoError};
[INFO] [stderr]   |                         ^^^^^^^^^
[INFO] [stderr]   |
[INFO] [stderr]   = note: `#[warn(unused_imports)]` on by default
[INFO] [stderr] 
[INFO] [stderr] warning: unused import: `create_user`
[INFO] [stderr]   --> src/user_handlers.rs:29:14
[INFO] [stderr]    |
[INFO] [stderr] 29 | pub async fn create_user(user: Json<User>, repo: &State<Repo>) -> Result<Json<User>, Status> {
[INFO] [stderr]    |              ^^^^^^^^^^^
[INFO] [stderr] 
[INFO] [stderr] warning: unused variable: `replace_result`
[INFO] [stderr]   --> src/repo.rs:98:13
[INFO] [stderr]    |
[INFO] [stderr] 98 |         let replace_result = db_collection
[INFO] [stderr]    |             ^^^^^^^^^^^^^^ help: if this is intentional, prefix it with an underscore: `_replace_result`
[INFO] [stderr]    |
[INFO] [stderr]    = note: `#[warn(unused_variables)]` on by default
[INFO] [stderr] 
[INFO] [stderr] warning: unused variable: `inserted_user`
[INFO] [stderr]    --> src/repo.rs:294:13
[INFO] [stderr]     |
[INFO] [stderr] 294 |         let inserted_user = repo
[INFO] [stderr]     |             ^^^^^^^^^^^^^ help: if this is intentional, prefix it with an underscore: `_inserted_user`
[INFO] [stderr] 
[INFO] [stderr] warning: `grok_list` (bin "grok_list" test) generated 4 warnings (run `cargo fix --bin "grok_list" --tests` to apply 4 suggestions)
[INFO] [stderr]     Finished test [unoptimized + debuginfo] target(s) in 0.12s
[INFO] [stderr] warning: the following packages contain code that will be rejected by a future version of Rust: bson v1.2.2, ubyte v0.10.1
[INFO] [stderr] note: to see what the problems were, use the option `--future-incompat-report`, or run `cargo report future-incompatibilities --id 1`
[INFO] [stderr]      Running unittests src/main.rs (/opt/rustwide/target/debug/deps/grok_list-bc5d3ad7da73c359)
[INFO] [stdout] 
[INFO] [stdout] running 13 tests
[INFO] [stdout] test list::test::category_and_amount_none_by_default ... ok
[INFO] [stdout] test list::test::category_set_to_lowercase ... ok
[INFO] [stdout] test list::test::list_builder_requires_a_name_and_user ... ok
[INFO] [stdout] test list::test::list_builder_can_add_items ... ok
[INFO] [stdout] test list::test::list_can_add_items ... ok
[INFO] [stdout] test user::test::name_and_email_are_required ... ok
[INFO] [stdout] test store::test::categories_are_made_lowercase_when_added ... ok
[INFO] [stdout] test repo::test::can_add_items_to_existing_list ... FAILED
[INFO] [stdout] test repo::test::can_fetch_lists_by_user ... FAILED
[INFO] [stdout] test repo::test::can_insert_and_retrieve_categories_by_id ... FAILED
[INFO] [stdout] test repo::test::can_insert_user ... FAILED
[INFO] [stdout] test repo::test::can_insert_and_retrieve_lists_by_id ... FAILED
[INFO] [stdout] test test::can_add_user ... FAILED
[INFO] [stdout] 
[INFO] [stdout] failures:
[INFO] [stdout] 
[INFO] [stdout] ---- repo::test::can_add_items_to_existing_list stdout ----
[INFO] [stdout] Error: mongo returned an error: Error { kind: ServerSelectionError { message: "Server selection timeout: No available servers. Topology: { Type: Unknown, Servers: [ { Address: localhost:27017, Type: Unknown, Error: Cannot assign requested address (os error 99) }, ] }" }, labels: [] }
[INFO] [stdout] 
[INFO] [stdout] Caused by:
[INFO] [stdout]     Server selection timeout: No available servers. Topology: { Type: Unknown, Servers: [ { Address: localhost:27017, Type: Unknown, Error: Cannot assign requested address (os error 99) }, ] }
[INFO] [stdout] 
[INFO] [stdout] Location:
[INFO] [stdout]     src/repo.rs:366:29
[INFO] [stdout] 
[INFO] [stdout] ---- repo::test::can_fetch_lists_by_user stdout ----
[INFO] [stdout] Error: mongo returned an error: Error { kind: ServerSelectionError { message: "Server selection timeout: No available servers. Topology: { Type: Unknown, Servers: [ { Address: localhost:27017, Type: Unknown, Error: Cannot assign requested address (os error 99) }, ] }" }, labels: [] }
[INFO] [stdout] 
[INFO] [stdout] Caused by:
[INFO] [stdout]     Server selection timeout: No available servers. Topology: { Type: Unknown, Servers: [ { Address: localhost:27017, Type: Unknown, Error: Cannot assign requested address (os error 99) }, ] }
[INFO] [stdout] 
[INFO] [stdout] Location:
[INFO] [stdout]     src/repo.rs:317:29
[INFO] [stdout] 
[INFO] [stdout] ---- repo::test::can_insert_and_retrieve_categories_by_id stdout ----
[INFO] [stdout] Error: mongo returned an error: Error { kind: ServerSelectionError { message: "Server selection timeout: No available servers. Topology: { Type: Unknown, Servers: [ { Address: localhost:27017, Type: Unknown, Error: Cannot assign requested address (os error 99) }, ] }" }, labels: [] }
[INFO] [stdout] 
[INFO] [stdout] Caused by:
[INFO] [stdout]     Server selection timeout: No available servers. Topology: { Type: Unknown, Servers: [ { Address: localhost:27017, Type: Unknown, Error: Cannot assign requested address (os error 99) }, ] }
[INFO] [stdout] 
[INFO] [stdout] Location:
[INFO] [stdout]     src/repo.rs:256:30
[INFO] [stdout] 
[INFO] [stdout] ---- repo::test::can_insert_user stdout ----
[INFO] [stdout] Error: mongo returned an error: Error { kind: ServerSelectionError { message: "Server selection timeout: No available servers. Topology: { Type: Unknown, Servers: [ { Address: localhost:27017, Type: Unknown, Error: Cannot assign requested address (os error 99) }, ] }" }, labels: [] }
[INFO] [stdout] 
[INFO] [stdout] Caused by:
[INFO] [stdout]     Server selection timeout: No available servers. Topology: { Type: Unknown, Servers: [ { Address: localhost:27017, Type: Unknown, Error: Cannot assign requested address (os error 99) }, ] }
[INFO] [stdout] 
[INFO] [stdout] Location:
[INFO] [stdout]     src/repo.rs:294:29
[INFO] [stdout] 
[INFO] [stdout] ---- repo::test::can_insert_and_retrieve_lists_by_id stdout ----
[INFO] [stdout] Error: mongo returned an error: Error { kind: ServerSelectionError { message: "Server selection timeout: No available servers. Topology: { Type: Unknown, Servers: [ { Address: localhost:27017, Type: Unknown, Error: Cannot assign requested address (os error 99) }, ] }" }, labels: [] }
[INFO] [stdout] 
[INFO] [stdout] Caused by:
[INFO] [stdout]     Server selection timeout: No available servers. Topology: { Type: Unknown, Servers: [ { Address: localhost:27017, Type: Unknown, Error: Cannot assign requested address (os error 99) }, ] }
[INFO] [stdout] 
[INFO] [stdout] Location:
[INFO] [stdout]     src/repo.rs:221:29
[INFO] [stdout] 
[INFO] [stdout] ---- test::can_add_user stdout ----
[INFO] [stdout] Configured for test.
[INFO] [stdout]    >> address: 127.0.0.1
[INFO] [stdout]    >> port: 8000
[INFO] [stdout]    >> workers: 8
[INFO] [stdout]    >> ident: Rocket
[INFO] [stdout]    >> keep-alive: 5s
[INFO] [stdout]    >> limits: bytes = 8KiB, data-form = 2MiB, file = 1MiB, form = 32KiB, json = 1MiB, msgpack = 1MiB, string = 8KiB
[INFO] [stdout]    >> tls: disabled
[INFO] [stdout]    >> temp dir: /tmp
[INFO] [stdout]    >> log level: normal
[INFO] [stdout]    >> cli colors: true
[INFO] [stdout]    >> shutdown: ctrlc = true, force = true, signals = [SIGTERM], grace = 2s, mercy = 3s
[INFO] [stdout] Routes:
[INFO] [stdout]    >> (create_user) POST /api/users
[INFO] [stdout] Fairings:
[INFO] [stdout]    >> Mongo (ignite)
[INFO] [stdout]    >> Shield (liftoff, response, singleton)
[INFO] [stdout]    >> grok_list::DbConfig (ignite)
[INFO] [stdout] Shield:
[INFO] [stdout]    >> X-Content-Type-Options: nosniff
[INFO] [stdout]    >> Permissions-Policy: interest-cohort=()
[INFO] [stdout]    >> X-Frame-Options: SAMEORIGIN
[INFO] [stdout] Rocket has launched into local orbit
[INFO] [stdout] POST /api/users application/json:
[INFO] [stdout]    >> Matched: (create_user) POST /api/users
[INFO] [stdout] Error: MongoError(Error { kind: ServerSelectionError { message: "Server selection timeout: No available servers. Topology: { Type: Unknown, Servers: [ { Address: localhost:27017, Type: Unknown, Error: Cannot assign requested address (os error 99) }, ] }" }, labels: [] })
[INFO] [stdout]    >> Outcome: Failure
[INFO] [stdout]    >> No 500 catcher registered. Using Rocket default.
[INFO] [stdout] thread 'test::can_add_user' panicked at src/main.rs:89:9:
[INFO] [stdout] assertion `left == right` failed
[INFO] [stdout]   left: Status { code: 500 }
[INFO] [stdout]  right: Status { code: 200 }
[INFO] [stdout] stack backtrace:
[INFO] [stdout]    0:     0x55b96c854226 - std::backtrace_rs::backtrace::libunwind::trace::h261606ad26a499c1
[INFO] [stdout]                                at /rustc/0e09125c6c3c2fd70d7de961bcf0e51575235fad/library/std/src/../../backtrace/src/backtrace/libunwind.rs:104:5
[INFO] [stdout]    1:     0x55b96c854226 - std::backtrace_rs::backtrace::trace_unsynchronized::hd183f0625477fb28
[INFO] [stdout]                                at /rustc/0e09125c6c3c2fd70d7de961bcf0e51575235fad/library/std/src/../../backtrace/src/backtrace/mod.rs:66:5
[INFO] [stdout]    2:     0x55b96c854226 - std::sys_common::backtrace::_print_fmt::hd7f8fef21b4eda67
[INFO] [stdout]                                at /rustc/0e09125c6c3c2fd70d7de961bcf0e51575235fad/library/std/src/sys_common/backtrace.rs:68:5
[INFO] [stdout]    3:     0x55b96c854226 - <std::sys_common::backtrace::_print::DisplayBacktrace as core::fmt::Display>::fmt::h623d9b51f2f453f1
[INFO] [stdout]                                at /rustc/0e09125c6c3c2fd70d7de961bcf0e51575235fad/library/std/src/sys_common/backtrace.rs:44:22
[INFO] [stdout]    4:     0x55b96c883030 - core::fmt::rt::Argument::fmt::h9f417ac76a86f368
[INFO] [stdout]                                at /rustc/0e09125c6c3c2fd70d7de961bcf0e51575235fad/library/core/src/fmt/rt.rs:142:9
[INFO] [stdout]    5:     0x55b96c883030 - core::fmt::write::hc9b6faf4ac2aeff7
[INFO] [stdout]                                at /rustc/0e09125c6c3c2fd70d7de961bcf0e51575235fad/library/core/src/fmt/mod.rs:1120:17
[INFO] [stdout]    6:     0x55b96c850faf - std::io::Write::write_fmt::he04625a3a989fec3
[INFO] [stdout]                                at /rustc/0e09125c6c3c2fd70d7de961bcf0e51575235fad/library/std/src/io/mod.rs:1810:15
[INFO] [stdout]    7:     0x55b96c854004 - std::sys_common::backtrace::_print::hd5d66399c7df88a2
[INFO] [stdout]                                at /rustc/0e09125c6c3c2fd70d7de961bcf0e51575235fad/library/std/src/sys_common/backtrace.rs:47:5
[INFO] [stdout]    8:     0x55b96c854004 - std::sys_common::backtrace::print::he81ed2da642d37e5
[INFO] [stdout]                                at /rustc/0e09125c6c3c2fd70d7de961bcf0e51575235fad/library/std/src/sys_common/backtrace.rs:34:9
[INFO] [stdout]    9:     0x55b96c855d77 - std::panicking::default_hook::{{closure}}::h85773f4fa117163d
[INFO] [stdout]   10:     0x55b96c855a5d - std::panicking::default_hook::h6a1694a91d09b278
[INFO] [stdout]                                at /rustc/0e09125c6c3c2fd70d7de961bcf0e51575235fad/library/std/src/panicking.rs:289:9
[INFO] [stdout]   11:     0x55b96bd48907 - <alloc::boxed::Box<F,A> as core::ops::function::Fn<Args>>::call::h616ac37fa3cd6c8f
[INFO] [stdout]                                at /rustc/0e09125c6c3c2fd70d7de961bcf0e51575235fad/library/alloc/src/boxed.rs:2029:9
[INFO] [stdout]   12:     0x55b96bd48907 - test::test_main::{{closure}}::h00d84697cefdcbb6
[INFO] [stdout]                                at /rustc/0e09125c6c3c2fd70d7de961bcf0e51575235fad/library/test/src/lib.rs:138:21
[INFO] [stdout]   13:     0x55b96c856396 - <alloc::boxed::Box<F,A> as core::ops::function::Fn<Args>>::call::hcb3fe3b9bb537ba8
[INFO] [stdout]                                at /rustc/0e09125c6c3c2fd70d7de961bcf0e51575235fad/library/alloc/src/boxed.rs:2029:9
[INFO] [stdout]   14:     0x55b96c856396 - std::panicking::rust_panic_with_hook::h0a7ad96e90f7145b
[INFO] [stdout]                                at /rustc/0e09125c6c3c2fd70d7de961bcf0e51575235fad/library/std/src/panicking.rs:783:13
[INFO] [stdout]   15:     0x55b96c8560e2 - std::panicking::begin_panic_handler::{{closure}}::h7919090525c6485e
[INFO] [stdout]                                at /rustc/0e09125c6c3c2fd70d7de961bcf0e51575235fad/library/std/src/panicking.rs:657:13
[INFO] [stdout]   16:     0x55b96c854726 - std::sys_common::backtrace::__rust_end_short_backtrace::hf3289479464f7dfe
[INFO] [stdout]                                at /rustc/0e09125c6c3c2fd70d7de961bcf0e51575235fad/library/std/src/sys_common/backtrace.rs:171:18
[INFO] [stdout]   17:     0x55b96c855e40 - rust_begin_unwind
[INFO] [stdout]                                at /rustc/0e09125c6c3c2fd70d7de961bcf0e51575235fad/library/std/src/panicking.rs:645:5
[INFO] [stdout]   18:     0x55b96bbd96b5 - core::panicking::panic_fmt::hcc9f77c5c132af55
[INFO] [stdout]                                at /rustc/0e09125c6c3c2fd70d7de961bcf0e51575235fad/library/core/src/panicking.rs:72:14
[INFO] [stdout]   19:     0x55b96bbd9b2b - core::panicking::assert_failed_inner::h9f13e27dd63c3a08
[INFO] [stdout]                                at /rustc/0e09125c6c3c2fd70d7de961bcf0e51575235fad/library/core/src/panicking.rs:342:17
[INFO] [stdout]   20:     0x55b96bc5652e - core::panicking::assert_failed::h71709c81ba19a026
[INFO] [stdout]                                at /rustc/0e09125c6c3c2fd70d7de961bcf0e51575235fad/library/core/src/panicking.rs:297:5
[INFO] [stdout]   21:     0x55b96bc549ab - grok_list::test::can_add_user::{{closure}}::hcd825531fdf5272a
[INFO] [stdout]                                at /opt/rustwide/workdir/src/main.rs:89:9
[INFO] [stdout]   22:     0x55b96bc8866b - <core::pin::Pin<P> as core::future::future::Future>::poll::h9dff358245dce208
[INFO] [stdout]                                at /rustc/0e09125c6c3c2fd70d7de961bcf0e51575235fad/library/core/src/future/future.rs:124:9
[INFO] [stdout]   23:     0x55b96bc1d574 - tokio::runtime::basic_scheduler::Inner<P>::block_on::{{closure}}::{{closure}}::h75169cc09f0cd9f0
[INFO] [stdout]                                at /opt/rustwide/cargo-home/registry/src/index.crates.io-6f17d22bba15001f/tokio-0.3.6/src/runtime/basic_scheduler.rs:184:58
[INFO] [stdout]   24:     0x55b96bc14809 - tokio::coop::with_budget::{{closure}}::h08d00158012bd7c4
[INFO] [stdout]                                at /opt/rustwide/cargo-home/registry/src/index.crates.io-6f17d22bba15001f/tokio-0.3.6/src/coop.rs:121:9
[INFO] [stdout]   25:     0x55b96bc90e70 - std::thread::local::LocalKey<T>::try_with::ha7e707e12d6fd5e2
[INFO] [stdout]                                at /rustc/0e09125c6c3c2fd70d7de961bcf0e51575235fad/library/std/src/thread/local.rs:270:16
[INFO] [stdout]   26:     0x55b96bc8f10a - std::thread::local::LocalKey<T>::with::hf95bb413a1161ac0
[INFO] [stdout]                                at /rustc/0e09125c6c3c2fd70d7de961bcf0e51575235fad/library/std/src/thread/local.rs:246:9
[INFO] [stdout]   27:     0x55b96bc1a8dc - tokio::coop::with_budget::h81787f4875846d7a
[INFO] [stdout]                                at /opt/rustwide/cargo-home/registry/src/index.crates.io-6f17d22bba15001f/tokio-0.3.6/src/coop.rs:114:5
[INFO] [stdout]   28:     0x55b96bc1a8dc - tokio::coop::budget::hcccb4a5cb6fec27c
[INFO] [stdout]                                at /opt/rustwide/cargo-home/registry/src/index.crates.io-6f17d22bba15001f/tokio-0.3.6/src/coop.rs:98:5
[INFO] [stdout]   29:     0x55b96bc1a8dc - tokio::runtime::basic_scheduler::Inner<P>::block_on::{{closure}}::h74141eb4eb92a9d7
[INFO] [stdout]                                at /opt/rustwide/cargo-home/registry/src/index.crates.io-6f17d22bba15001f/tokio-0.3.6/src/runtime/basic_scheduler.rs:184:35
[INFO] [stdout]   30:     0x55b96bc21e41 - tokio::runtime::basic_scheduler::enter::{{closure}}::hcab472921c89d225
[INFO] [stdout]                                at /opt/rustwide/cargo-home/registry/src/index.crates.io-6f17d22bba15001f/tokio-0.3.6/src/runtime/basic_scheduler.rs:266:29
[INFO] [stdout]   31:     0x55b96bc93b77 - tokio::macros::scoped_tls::ScopedKey<T>::set::hdfe8e81117b7473a
[INFO] [stdout]                                at /opt/rustwide/cargo-home/registry/src/index.crates.io-6f17d22bba15001f/tokio-0.3.6/src/macros/scoped_tls.rs:61:9
[INFO] [stdout]   32:     0x55b96bc218db - tokio::runtime::basic_scheduler::enter::hdf3e79ec84745da4
[INFO] [stdout]                                at /opt/rustwide/cargo-home/registry/src/index.crates.io-6f17d22bba15001f/tokio-0.3.6/src/runtime/basic_scheduler.rs:266:5
[INFO] [stdout]   33:     0x55b96bc1949b - tokio::runtime::basic_scheduler::Inner<P>::block_on::h02e41eb2a6170a8c
[INFO] [stdout]                                at /opt/rustwide/cargo-home/registry/src/index.crates.io-6f17d22bba15001f/tokio-0.3.6/src/runtime/basic_scheduler.rs:176:9
[INFO] [stdout]   34:     0x55b96bc1db4e - tokio::runtime::basic_scheduler::InnerGuard<P>::block_on::h4e992296a5657186
[INFO] [stdout]                                at /opt/rustwide/cargo-home/registry/src/index.crates.io-6f17d22bba15001f/tokio-0.3.6/src/runtime/basic_scheduler.rs:405:9
[INFO] [stdout]   35:     0x55b96bc1f8f8 - tokio::runtime::basic_scheduler::BasicScheduler<P>::block_on::hdaabcc70ef891b0d
[INFO] [stdout]                                at /opt/rustwide/cargo-home/registry/src/index.crates.io-6f17d22bba15001f/tokio-0.3.6/src/runtime/basic_scheduler.rs:136:24
[INFO] [stdout]   36:     0x55b96bc49f62 - tokio::runtime::Runtime::block_on::hf70585058f231434
[INFO] [stdout]                                at /opt/rustwide/cargo-home/registry/src/index.crates.io-6f17d22bba15001f/tokio-0.3.6/src/runtime/mod.rs:450:46
[INFO] [stdout]   37:     0x55b96bc54199 - grok_list::test::can_add_user::h7506c4ead157c24d
[INFO] [stdout]                                at /opt/rustwide/workdir/src/main.rs:77:5
[INFO] [stdout]   38:     0x55b96bc540b7 - grok_list::test::can_add_user::{{closure}}::hfd02aee3d3a86bb9
[INFO] [stdout]                                at /opt/rustwide/workdir/src/main.rs:78:32
[INFO] [stdout]   39:     0x55b96bbdb4a6 - core::ops::function::FnOnce::call_once::hdc8ae626cd6d1c28
[INFO] [stdout]                                at /rustc/0e09125c6c3c2fd70d7de961bcf0e51575235fad/library/core/src/ops/function.rs:250:5
[INFO] [stdout]   40:     0x55b96bd4e1df - core::ops::function::FnOnce::call_once::hd64d26f405258157
[INFO] [stdout]                                at /rustc/0e09125c6c3c2fd70d7de961bcf0e51575235fad/library/core/src/ops/function.rs:250:5
[INFO] [stdout]   41:     0x55b96bd4e1df - test::__rust_begin_short_backtrace::he21b0b7a6d731bf9
[INFO] [stdout]                                at /rustc/0e09125c6c3c2fd70d7de961bcf0e51575235fad/library/test/src/lib.rs:627:18
[INFO] [stdout]   42:     0x55b96bd4cf61 - test::run_test_in_process::{{closure}}::hf5c73986d7bdfde2
[INFO] [stdout]                                at /rustc/0e09125c6c3c2fd70d7de961bcf0e51575235fad/library/test/src/lib.rs:650:60
[INFO] [stdout]   43:     0x55b96bd4cf61 - <core::panic::unwind_safe::AssertUnwindSafe<F> as core::ops::function::FnOnce<()>>::call_once::h330011ad032aadc0
[INFO] [stdout]                                at /rustc/0e09125c6c3c2fd70d7de961bcf0e51575235fad/library/core/src/panic/unwind_safe.rs:272:9
[INFO] [stdout]   44:     0x55b96bd4cf61 - std::panicking::try::do_call::he61b0a958b795a41
[INFO] [stdout]                                at /rustc/0e09125c6c3c2fd70d7de961bcf0e51575235fad/library/std/src/panicking.rs:552:40
[INFO] [stdout]   45:     0x55b96bd4cf61 - std::panicking::try::h7309da130f906eb7
[INFO] [stdout]                                at /rustc/0e09125c6c3c2fd70d7de961bcf0e51575235fad/library/std/src/panicking.rs:516:19
[INFO] [stdout]   46:     0x55b96bd4cf61 - std::panic::catch_unwind::hc5c3a06fdaf0a92a
[INFO] [stdout]                                at /rustc/0e09125c6c3c2fd70d7de961bcf0e51575235fad/library/std/src/panic.rs:142:14
[INFO] [stdout]   47:     0x55b96bd4cf61 - test::run_test_in_process::h7e7b7c71c3324e0f
[INFO] [stdout]                                at /rustc/0e09125c6c3c2fd70d7de961bcf0e51575235fad/library/test/src/lib.rs:650:27
[INFO] [stdout]   48:     0x55b96bd4cf61 - test::run_test::{{closure}}::h1f509f28f5cf20b1
[INFO] [stdout]                                at /rustc/0e09125c6c3c2fd70d7de961bcf0e51575235fad/library/test/src/lib.rs:573:43
[INFO] [stdout]   49:     0x55b96bd14296 - test::run_test::{{closure}}::h1754218abf443f6d
[INFO] [stdout]                                at /rustc/0e09125c6c3c2fd70d7de961bcf0e51575235fad/library/test/src/lib.rs:601:41
[INFO] [stdout]   50:     0x55b96bd14296 - std::sys_common::backtrace::__rust_begin_short_backtrace::h2ee174b9d5954948
[INFO] [stdout]                                at /rustc/0e09125c6c3c2fd70d7de961bcf0e51575235fad/library/std/src/sys_common/backtrace.rs:155:18
[INFO] [stdout]   51:     0x55b96bd192f7 - std::thread::Builder::spawn_unchecked_::{{closure}}::{{closure}}::hf60bee9c1a17ef09
[INFO] [stdout]                                at /rustc/0e09125c6c3c2fd70d7de961bcf0e51575235fad/library/std/src/thread/mod.rs:529:17
[INFO] [stdout]   52:     0x55b96bd192f7 - <core::panic::unwind_safe::AssertUnwindSafe<F> as core::ops::function::FnOnce<()>>::call_once::h33d0dddec5216160
[INFO] [stdout]                                at /rustc/0e09125c6c3c2fd70d7de961bcf0e51575235fad/library/core/src/panic/unwind_safe.rs:272:9
[INFO] [stdout]   53:     0x55b96bd192f7 - std::panicking::try::do_call::h144b3048b546f835
[INFO] [stdout]                                at /rustc/0e09125c6c3c2fd70d7de961bcf0e51575235fad/library/std/src/panicking.rs:552:40
[INFO] [stdout]   54:     0x55b96bd192f7 - std::panicking::try::h978244d04646189f
[INFO] [stdout]                                at /rustc/0e09125c6c3c2fd70d7de961bcf0e51575235fad/library/std/src/panicking.rs:516:19
[INFO] [stdout]   55:     0x55b96bd192f7 - std::panic::catch_unwind::hdf436369d188fe86
[INFO] [stdout]                                at /rustc/0e09125c6c3c2fd70d7de961bcf0e51575235fad/library/std/src/panic.rs:142:14
[INFO] [stdout]   56:     0x55b96bd192f7 - std::thread::Builder::spawn_unchecked_::{{closure}}::h87329cbdd33c79ec
[INFO] [stdout]                                at /rustc/0e09125c6c3c2fd70d7de961bcf0e51575235fad/library/std/src/thread/mod.rs:528:30
[INFO] [stdout]   57:     0x55b96bd192f7 - core::ops::function::FnOnce::call_once{{vtable.shim}}::h401abbe67897d450
[INFO] [stdout]                                at /rustc/0e09125c6c3c2fd70d7de961bcf0e51575235fad/library/core/src/ops/function.rs:250:5
[INFO] [stdout]   58:     0x55b96c85b3c5 - <alloc::boxed::Box<F,A> as core::ops::function::FnOnce<Args>>::call_once::h5d7c8f150ab9c84c
[INFO] [stdout]                                at /rustc/0e09125c6c3c2fd70d7de961bcf0e51575235fad/library/alloc/src/boxed.rs:2015:9
[INFO] [stdout]   59:     0x55b96c85b3c5 - <alloc::boxed::Box<F,A> as core::ops::function::FnOnce<Args>>::call_once::h570d5b005c242c15
[INFO] [stdout]                                at /rustc/0e09125c6c3c2fd70d7de961bcf0e51575235fad/library/alloc/src/boxed.rs:2015:9
[INFO] [stdout]   60:     0x55b96c85b3c5 - std::sys::unix::thread::Thread::new::thread_start::h36b0a20c0b2361ad
[INFO] [stdout]                                at /rustc/0e09125c6c3c2fd70d7de961bcf0e51575235fad/library/std/src/sys/unix/thread.rs:108:17
[INFO] [stdout]   61:     0x7fc60defdac3 - <unknown>
[INFO] [stdout]   62:     0x7fc60df8ebf4 - __clone
[INFO] [stdout]   63:                0x0 - <unknown>
[INFO] [stdout] 
[INFO] [stdout] 
[INFO] [stdout] failures:
[INFO] [stdout]     repo::test::can_add_items_to_existing_list
[INFO] [stdout]     repo::test::can_fetch_lists_by_user
[INFO] [stdout]     repo::test::can_insert_and_retrieve_categories_by_id
[INFO] [stdout]     repo::test::can_insert_and_retrieve_lists_by_id
[INFO] [stdout]     repo::test::can_insert_user
[INFO] [stdout]     test::can_add_user
[INFO] [stdout] 
[INFO] [stdout] test result: FAILED. 7 passed; 6 failed; 0 ignored; 0 measured; 0 filtered out; finished in 30.12s
[INFO] [stdout] 
[INFO] [stderr] error: test failed, to rerun pass `--bin grok_list`
[INFO] running `Command { std: "docker" "inspect" "6af1aefa30b7b820abcbf8255e5e2abb4bcba8bfdbb468728b3874bbd2aa22b9", kill_on_drop: false }`
[INFO] running `Command { std: "docker" "rm" "-f" "6af1aefa30b7b820abcbf8255e5e2abb4bcba8bfdbb468728b3874bbd2aa22b9", kill_on_drop: false }`
[INFO] [stdout] 6af1aefa30b7b820abcbf8255e5e2abb4bcba8bfdbb468728b3874bbd2aa22b9
