[INFO] cloning repository https://github.com/google/mdbook-i18n-helpers
[INFO] running `Command { std: "git" "-c" "credential.helper=" "-c" "credential.helper=/workspace/cargo-home/bin/git-credential-null" "clone" "--bare" "https://github.com/google/mdbook-i18n-helpers" "/workspace/cache/git-repos/https%3A%2F%2Fgithub.com%2Fgoogle%2Fmdbook-i18n-helpers", kill_on_drop: false }`
[INFO] [stderr] Cloning into bare repository '/workspace/cache/git-repos/https%3A%2F%2Fgithub.com%2Fgoogle%2Fmdbook-i18n-helpers'...
[INFO] running `Command { std: "git" "rev-parse" "HEAD", kill_on_drop: false }`
[INFO] [stdout] b3d61dbc21ddd1ca943e5beb9bf4b31980d6d39d
[INFO] testing google/mdbook-i18n-helpers against 1.75.0 for beta-1.76-1
[INFO] running `Command { std: "git" "clone" "/workspace/cache/git-repos/https%3A%2F%2Fgithub.com%2Fgoogle%2Fmdbook-i18n-helpers" "/workspace/builds/worker-7-tc1/source", kill_on_drop: false }`
[INFO] [stderr] Cloning into '/workspace/builds/worker-7-tc1/source'...
[INFO] [stderr] done.
[INFO] validating manifest of git repo https://github.com/google/mdbook-i18n-helpers on toolchain 1.75.0
[INFO] running `Command { std: CARGO_HOME="/workspace/cargo-home" RUSTUP_HOME="/workspace/rustup-home" "/workspace/cargo-home/bin/cargo" "+1.75.0" "metadata" "--manifest-path" "Cargo.toml" "--no-deps", kill_on_drop: false }`
[INFO] started tweaking git repo https://github.com/google/mdbook-i18n-helpers
[INFO] finished tweaking git repo https://github.com/google/mdbook-i18n-helpers
[INFO] tweaked toml for git repo https://github.com/google/mdbook-i18n-helpers written to /workspace/builds/worker-7-tc1/source/Cargo.toml
[INFO] crate git repo https://github.com/google/mdbook-i18n-helpers already has a lockfile, it will not be regenerated
[INFO] running `Command { std: CARGO_HOME="/workspace/cargo-home" RUSTUP_HOME="/workspace/rustup-home" "/workspace/cargo-home/bin/cargo" "+1.75.0" "fetch" "--manifest-path" "Cargo.toml", kill_on_drop: false }`
[INFO] [stderr]     Updating crates.io index
[INFO] [stderr]  Downloading crates ...
[INFO] [stderr]   Downloaded clap_complete v4.4.4
[INFO] [stderr]   Downloaded polib v0.2.0
[INFO] [stderr]   Downloaded linereader v0.4.0
[INFO] [stderr]   Downloaded opener v0.6.1
[INFO] [stderr]   Downloaded pulldown-cmark-to-cmark v11.0.2
[INFO] [stderr]   Downloaded topological-sort v0.2.2
[INFO] [stderr]   Downloaded deunicode v0.4.4
[INFO] [stderr]   Downloaded bstr v1.7.0
[INFO] [stderr]   Downloaded mdbook v0.4.36
[INFO] running `Command { std: "docker" "create" "-v" "/var/lib/crater-agent-workspace/builds/worker-7-tc1/target:/opt/rustwide/target:rw,Z" "-v" "/var/lib/crater-agent-workspace/builds/worker-7-tc1/source:/opt/rustwide/workdir:ro,Z" "-v" "/var/lib/crater-agent-workspace/cargo-home:/opt/rustwide/cargo-home:ro,Z" "-v" "/var/lib/crater-agent-workspace/rustup-home:/opt/rustwide/rustup-home:ro,Z" "-e" "SOURCE_DIR=/opt/rustwide/workdir" "-e" "CARGO_TARGET_DIR=/opt/rustwide/target" "-e" "CARGO_HOME=/opt/rustwide/cargo-home" "-e" "RUSTUP_HOME=/opt/rustwide/rustup-home" "-w" "/opt/rustwide/workdir" "-m" "1610612736" "--user" "0:0" "--network" "none" "ghcr.io/rust-lang/crates-build-env/linux@sha256:2788e3201cd34a07e3172128adcd8b3090168a8e3bcc40d7c032b9dda1df7d1c" "/opt/rustwide/cargo-home/bin/cargo" "+1.75.0" "metadata" "--no-deps" "--format-version=1", kill_on_drop: false }`
[INFO] [stdout] 19324cefc975883079e4a127db66ba6b4a04f49b90d39c6825479d5708da89f6
[INFO] running `Command { std: "docker" "start" "-a" "19324cefc975883079e4a127db66ba6b4a04f49b90d39c6825479d5708da89f6", kill_on_drop: false }`
[INFO] running `Command { std: "docker" "inspect" "19324cefc975883079e4a127db66ba6b4a04f49b90d39c6825479d5708da89f6", kill_on_drop: false }`
[INFO] running `Command { std: "docker" "rm" "-f" "19324cefc975883079e4a127db66ba6b4a04f49b90d39c6825479d5708da89f6", kill_on_drop: false }`
[INFO] [stdout] 19324cefc975883079e4a127db66ba6b4a04f49b90d39c6825479d5708da89f6
[INFO] running `Command { std: "docker" "create" "-v" "/var/lib/crater-agent-workspace/builds/worker-7-tc1/target:/opt/rustwide/target:rw,Z" "-v" "/var/lib/crater-agent-workspace/builds/worker-7-tc1/source:/opt/rustwide/workdir:ro,Z" "-v" "/var/lib/crater-agent-workspace/cargo-home:/opt/rustwide/cargo-home:ro,Z" "-v" "/var/lib/crater-agent-workspace/rustup-home:/opt/rustwide/rustup-home:ro,Z" "-e" "SOURCE_DIR=/opt/rustwide/workdir" "-e" "CARGO_TARGET_DIR=/opt/rustwide/target" "-e" "CARGO_INCREMENTAL=0" "-e" "RUST_BACKTRACE=full" "-e" "RUSTFLAGS=--cap-lints=warn" "-e" "RUSTDOCFLAGS=--cap-lints=warn" "-e" "CARGO_HOME=/opt/rustwide/cargo-home" "-e" "RUSTUP_HOME=/opt/rustwide/rustup-home" "-w" "/opt/rustwide/workdir" "-m" "1610612736" "--user" "0:0" "--network" "none" "ghcr.io/rust-lang/crates-build-env/linux@sha256:2788e3201cd34a07e3172128adcd8b3090168a8e3bcc40d7c032b9dda1df7d1c" "/opt/rustwide/cargo-home/bin/cargo" "+1.75.0" "build" "--frozen" "--message-format=json", kill_on_drop: false }`
[INFO] [stdout] dcac202c1e219271108bb53e25daeefaf43725df9423dcdbcc28f4053cc3ba7b
[INFO] running `Command { std: "docker" "start" "-a" "dcac202c1e219271108bb53e25daeefaf43725df9423dcdbcc28f4053cc3ba7b", kill_on_drop: false }`
[INFO] [stderr]    Compiling memchr v2.6.4
[INFO] [stderr]    Compiling proc-macro2 v1.0.75
[INFO] [stderr]    Compiling unicode-ident v1.0.12
[INFO] [stderr]    Compiling rustix v0.38.28
[INFO] [stderr]    Compiling bitflags v2.4.1
[INFO] [stderr]    Compiling serde v1.0.194
[INFO] [stderr]    Compiling thiserror v1.0.50
[INFO] [stderr]    Compiling linux-raw-sys v0.4.11
[INFO] [stderr]    Compiling libc v0.2.150
[INFO] [stderr]    Compiling once_cell v1.18.0
[INFO] [stderr]    Compiling utf8parse v0.2.1
[INFO] [stderr]    Compiling itoa v1.0.9
[INFO] [stderr]    Compiling version_check v0.9.4
[INFO] [stderr]    Compiling regex-syntax v0.8.2
[INFO] [stderr]    Compiling ucd-trie v0.1.6
[INFO] [stderr]    Compiling colorchoice v1.0.0
[INFO] [stderr]    Compiling anstyle-parse v0.2.2
[INFO] [stderr]    Compiling pkg-config v0.3.27
[INFO] [stderr]    Compiling bitflags v1.3.2
[INFO] [stderr]    Compiling anstyle v1.0.4
[INFO] [stderr]    Compiling autocfg v1.1.0
[INFO] [stderr]    Compiling anstyle-query v1.0.0
[INFO] [stderr]    Compiling serde_json v1.0.111
[INFO] [stderr]    Compiling crc32fast v1.3.2
[INFO] [stderr]    Compiling anstream v0.6.4
[INFO] [stderr]    Compiling pulldown-cmark v0.9.3
[INFO] [stderr]    Compiling strsim v0.10.0
[INFO] [stderr]    Compiling unicase v2.7.0
[INFO] [stderr]    Compiling powerfmt v0.2.0
[INFO] [stderr]    Compiling clap_lex v0.6.0
[INFO] [stderr]    Compiling ryu v1.0.15
[INFO] [stderr]    Compiling time-core v0.1.2
[INFO] [stderr]    Compiling aho-corasick v1.1.2
[INFO] [stderr]    Compiling num-traits v0.2.17
[INFO] [stderr]    Compiling deranged v0.3.9
[INFO] [stderr]    Compiling adler v1.0.2
[INFO] [stderr]    Compiling equivalent v1.0.1
[INFO] [stderr]    Compiling hashbrown v0.14.2
[INFO] [stderr]    Compiling safemem v0.3.3
[INFO] [stderr]    Compiling log v0.4.20
[INFO] [stderr]    Compiling anyhow v1.0.79
[INFO] [stderr]    Compiling line-wrap v0.1.1
[INFO] [stderr]    Compiling miniz_oxide v0.7.1
[INFO] [stderr]    Compiling quote v1.0.35
[INFO] [stderr]    Compiling quick-xml v0.31.0
[INFO] [stderr]    Compiling linked-hash-map v0.5.6
[INFO] [stderr]    Compiling syn v2.0.48
[INFO] [stderr]    Compiling cc v1.0.83
[INFO] [stderr]    Compiling fastrand v2.0.1
[INFO] [stderr]    Compiling base64 v0.21.5
[INFO] [stderr]    Compiling same-file v1.0.6
[INFO] [stderr]    Compiling iana-time-zone v0.1.58
[INFO] [stderr]    Compiling termcolor v1.3.0
[INFO] [stderr]    Compiling semver v1.0.21
[INFO] [stderr]    Compiling indexmap v2.1.0
[INFO] [stderr]    Compiling humantime v2.1.0
[INFO] [stderr]    Compiling time v0.3.30
[INFO] [stderr]    Compiling flate2 v1.0.28
[INFO] [stderr]    Compiling walkdir v2.4.0
[INFO] [stderr]    Compiling yaml-rust v0.4.5
[INFO] [stderr]    Compiling linereader v0.4.0
[INFO] [stderr]    Compiling topological-sort v0.2.2
[INFO] [stderr]    Compiling fnv v1.0.7
[INFO] [stderr]    Compiling pathdiff v0.2.1
[INFO] [stderr]    Compiling shlex v1.2.0
[INFO] [stderr]    Compiling regex-syntax v0.7.5
[INFO] [stderr]    Compiling polib v0.2.0
[INFO] [stderr]    Compiling pulldown-cmark-to-cmark v11.0.2
[INFO] [stderr]    Compiling textwrap v0.16.0
[INFO] [stderr]    Compiling regex-automata v0.4.3
[INFO] [stderr]    Compiling chrono v0.4.31
[INFO] [stderr]    Compiling onig_sys v69.8.1
[INFO] [stderr]    Compiling terminal_size v0.3.0
[INFO] [stderr]    Compiling is-terminal v0.4.9
[INFO] [stderr]    Compiling tempfile v3.9.0
[INFO] [stderr]    Compiling clap_builder v4.4.7
[INFO] [stderr]    Compiling thiserror-impl v1.0.50
[INFO] [stderr]    Compiling serde_derive v1.0.194
[INFO] [stderr]    Compiling clap v4.4.7
[INFO] [stderr]    Compiling pest v2.7.5
[INFO] [stderr]    Compiling clap_complete v4.4.4
[INFO] [stderr]    Compiling bstr v1.7.0
[INFO] [stderr]    Compiling regex v1.10.2
[INFO] [stderr]    Compiling opener v0.6.1
[INFO] [stderr]    Compiling env_logger v0.10.0
[INFO] [stderr]    Compiling pest_meta v2.7.5
[INFO] [stderr]    Compiling pest_generator v2.7.5
[INFO] [stderr]    Compiling pest_derive v2.7.5
[INFO] [stderr]    Compiling onig v6.4.0
[INFO] [stderr]    Compiling plist v1.6.0
[INFO] [stderr]    Compiling toml v0.5.11
[INFO] [stderr]    Compiling bincode v1.3.3
[INFO] [stderr]    Compiling handlebars v4.4.0
[INFO] [stderr]    Compiling syntect v5.1.0
[INFO] [stderr]    Compiling mdbook v0.4.36
[INFO] [stderr]    Compiling mdbook-i18n-helpers v0.3.1 (/opt/rustwide/workdir/i18n-helpers)
[INFO] [stderr]     Finished dev [unoptimized + debuginfo] target(s) in 21.14s
[INFO] running `Command { std: "docker" "inspect" "dcac202c1e219271108bb53e25daeefaf43725df9423dcdbcc28f4053cc3ba7b", kill_on_drop: false }`
[INFO] running `Command { std: "docker" "rm" "-f" "dcac202c1e219271108bb53e25daeefaf43725df9423dcdbcc28f4053cc3ba7b", kill_on_drop: false }`
[INFO] [stdout] dcac202c1e219271108bb53e25daeefaf43725df9423dcdbcc28f4053cc3ba7b
[INFO] running `Command { std: "docker" "create" "-v" "/var/lib/crater-agent-workspace/builds/worker-7-tc1/target:/opt/rustwide/target:rw,Z" "-v" "/var/lib/crater-agent-workspace/builds/worker-7-tc1/source:/opt/rustwide/workdir:ro,Z" "-v" "/var/lib/crater-agent-workspace/cargo-home:/opt/rustwide/cargo-home:ro,Z" "-v" "/var/lib/crater-agent-workspace/rustup-home:/opt/rustwide/rustup-home:ro,Z" "-e" "SOURCE_DIR=/opt/rustwide/workdir" "-e" "CARGO_TARGET_DIR=/opt/rustwide/target" "-e" "CARGO_INCREMENTAL=0" "-e" "RUST_BACKTRACE=full" "-e" "RUSTFLAGS=--cap-lints=warn" "-e" "RUSTDOCFLAGS=--cap-lints=warn" "-e" "CARGO_HOME=/opt/rustwide/cargo-home" "-e" "RUSTUP_HOME=/opt/rustwide/rustup-home" "-w" "/opt/rustwide/workdir" "-m" "1610612736" "--user" "0:0" "--network" "none" "ghcr.io/rust-lang/crates-build-env/linux@sha256:2788e3201cd34a07e3172128adcd8b3090168a8e3bcc40d7c032b9dda1df7d1c" "/opt/rustwide/cargo-home/bin/cargo" "+1.75.0" "test" "--frozen" "--no-run" "--message-format=json", kill_on_drop: false }`
[INFO] [stdout] 0290553a5d2e6f36dd1d8fb65e638d29570f1b145c3f5caf0aa5f781cfb15e43
[INFO] running `Command { std: "docker" "start" "-a" "0290553a5d2e6f36dd1d8fb65e638d29570f1b145c3f5caf0aa5f781cfb15e43", kill_on_drop: false }`
[INFO] [stderr]    Compiling diff v0.1.13
[INFO] [stderr]    Compiling yansi v0.5.1
[INFO] [stderr]    Compiling pretty_assertions v1.4.0
[INFO] [stderr]    Compiling mdbook-i18n-helpers v0.3.1 (/opt/rustwide/workdir/i18n-helpers)
[INFO] [stderr]     Finished test [unoptimized + debuginfo] target(s) in 5.81s
[INFO] running `Command { std: "docker" "inspect" "0290553a5d2e6f36dd1d8fb65e638d29570f1b145c3f5caf0aa5f781cfb15e43", kill_on_drop: false }`
[INFO] running `Command { std: "docker" "rm" "-f" "0290553a5d2e6f36dd1d8fb65e638d29570f1b145c3f5caf0aa5f781cfb15e43", kill_on_drop: false }`
[INFO] [stdout] 0290553a5d2e6f36dd1d8fb65e638d29570f1b145c3f5caf0aa5f781cfb15e43
[INFO] running `Command { std: "docker" "create" "-v" "/var/lib/crater-agent-workspace/builds/worker-7-tc1/target:/opt/rustwide/target:rw,Z" "-v" "/var/lib/crater-agent-workspace/builds/worker-7-tc1/source:/opt/rustwide/workdir:ro,Z" "-v" "/var/lib/crater-agent-workspace/cargo-home:/opt/rustwide/cargo-home:ro,Z" "-v" "/var/lib/crater-agent-workspace/rustup-home:/opt/rustwide/rustup-home:ro,Z" "-e" "SOURCE_DIR=/opt/rustwide/workdir" "-e" "CARGO_TARGET_DIR=/opt/rustwide/target" "-e" "CARGO_INCREMENTAL=0" "-e" "RUST_BACKTRACE=full" "-e" "RUSTFLAGS=--cap-lints=warn" "-e" "RUSTDOCFLAGS=--cap-lints=warn" "-e" "CARGO_HOME=/opt/rustwide/cargo-home" "-e" "RUSTUP_HOME=/opt/rustwide/rustup-home" "-w" "/opt/rustwide/workdir" "-m" "1610612736" "--user" "0:0" "--network" "none" "ghcr.io/rust-lang/crates-build-env/linux@sha256:2788e3201cd34a07e3172128adcd8b3090168a8e3bcc40d7c032b9dda1df7d1c" "/opt/rustwide/cargo-home/bin/cargo" "+1.75.0" "test" "--frozen", kill_on_drop: false }`
[INFO] [stdout] 536bce0f2197782812ed7acc2b68d20efc923b5246a14af7045f9203e3e97caf
[INFO] running `Command { std: "docker" "start" "-a" "536bce0f2197782812ed7acc2b68d20efc923b5246a14af7045f9203e3e97caf", kill_on_drop: false }`
[INFO] [stderr]     Finished test [unoptimized + debuginfo] target(s) in 0.18s
[INFO] [stderr]      Running unittests src/lib.rs (/opt/rustwide/target/debug/deps/mdbook_i18n_helpers-d64fced6500bac3e)
[INFO] [stdout] 
[INFO] [stdout] running 100 tests
[INFO] [stdout] test directives::tests::test_is_comment_skip_directive_simple ... ok
[INFO] [stdout] test directives::tests::test_is_comment_skip_directive_needs_to_be_a_comment ... ok
[INFO] [stdout] test directives::tests::test_is_comment_skip_directive_tolerates_dashes ... ok
[INFO] [stdout] test gettext::tests::test_translate_multiple_paragraphs ... ok
[INFO] [stdout] test gettext::tests::test_translate_paragraph_with_leading_newlines ... ok
[INFO] [stdout] test gettext::tests::test_translate_single_paragraph ... ok
[INFO] [stdout] test gettext::tests::test_add_stripped_summary_translations ... ok
[INFO] [stdout] test gettext::tests::test_translate_paragraph_with_trailing_newlines ... ok
[INFO] [stdout] test normalize::tests::test_normalize_block_quote ... ok
[INFO] [stdout] test directives::tests::test_translator_comment ... ok
[INFO] [stdout] test gettext::tests::test_strikethrough ... ok
[INFO] [stdout] test gettext::tests::test_tasklists ... ok
[INFO] [stdout] test directives::tests::test_is_comment_skip_directive_needs_skip ... ok
[INFO] [stdout] test gettext::tests::test_translate_multiple_paragraphs_extra_newlines ... ok
[INFO] [stdout] test gettext::tests::test_footnote ... ok
[INFO] [stdout] test gettext::tests::test_translate_single_line ... ok
[INFO] [stdout] test gettext::tests::test_heading_attributes ... ok
[INFO] [stdout] test directives::tests::test_translator_empty_comment_does_nothing ... ok
[INFO] [stdout] test normalize::tests::test_normalize_block_quote_with_list ... ok
[INFO] [stdout] test gettext::tests::test_translate_table ... ok
[INFO] [stdout] test normalize::tests::test_normalize_list_items ... ok
[INFO] [stdout] test normalize::tests::test_normalize_late_translation_wins ... ok
[INFO] [stdout] test normalize::tests::test_normalize_inline_link ... ok
[INFO] [stdout] test normalize::tests::test_normalize_fuzzy_list_items_too_many ... ok
[INFO] [stdout] test normalize::tests::test_normalize_first_wins ... ok
[INFO] [stdout] test normalize::tests::test_normalize_fuzzy_list_items_too_few ... ok
[INFO] [stdout] test normalize::tests::test_normalize_fuzzy_paragraphs_too_few ... ok
[INFO] [stdout] test normalize::tests::test_normalize_disappearing_html ... ok
[INFO] [stdout] test normalize::tests::test_normalize_fuzzy_wins ... ok
[INFO] [stdout] test normalize::tests::test_normalize_fuzzy_paragraphs_too_many ... ok
[INFO] [stdout] test normalize::tests::test_normalize_table ... ok
[INFO] [stdout] test normalize::tests::test_normalize_reference_link ... ok
[INFO] [stdout] test normalize::tests::test_normalize_softbreak ... ok
[INFO] [stdout] test tests::extract_events_empty ... ok
[INFO] [stdout] test directives::tests::test_is_comment_skip_directive_tolerates_spaces ... ok
[INFO] [stdout] test directives::tests::test_different_prefix ... ok
[INFO] [stdout] test tests::extract_events_softbreak ... ok
[INFO] [stdout] test normalize::tests::test_normalize_early_translation_wins ... ok
[INFO] [stdout] test normalize::tests::test_normalize_paragraphs ... ok
[INFO] [stdout] test tests::extract_messages_autolink ... ok
[INFO] [stdout] test tests::extract_events_paragraph ... ok
[INFO] [stdout] test tests::extract_events_list_item ... ok
[INFO] [stdout] test normalize::tests::test_normalize_untranslated ... ok
[INFO] [stdout] test tests::extract_events_heading ... ok
[INFO] [stdout] test tests::extract_events_code_block ... ok
[INFO] [stdout] test tests::extract_messages_backslashes ... ok
[INFO] [stdout] test tests::extract_messages_broken_reference_link ... ok
[INFO] [stdout] test tests::extract_messages_empty_html ... ok
[INFO] [stdout] test tests::extract_messages_empty ... ok
[INFO] [stdout] test tests::extract_messages_footnotes ... ok
[INFO] [stdout] test tests::extract_messages_headings ... ok
[INFO] [stdout] test tests::extract_messages_inline_html ... ok
[INFO] [stdout] test tests::extract_messages_inline_link ... ok
[INFO] [stdout] test tests::extract_messages_inline_skip_to_end_of_block ... ok
[INFO] [stdout] test tests::extract_messages_leading_newlines ... ok
[INFO] [stdout] test tests::extract_messages_list ... ok
[INFO] [stdout] test tests::extract_messages_details ... ok
[INFO] [stdout] test tests::extract_messages_list_with_paragraphs ... ok
[INFO] [stdout] test tests::extract_messages_block_quote ... ok
[INFO] [stdout] test tests::extract_messages_email ... ok
[INFO] [stdout] test tests::extract_messages_collapsed_link ... ok
[INFO] [stdout] test tests::extract_messages_inline_skips ... ok
[INFO] [stdout] test tests::extract_messages_reference_link ... ok
[INFO] [stdout] test tests::extract_messages_multilevel_list ... ok
[INFO] [stdout] test tests::extract_events_comments ... ok
[INFO] [stdout] test tests::extract_messages_single_line ... ok
[INFO] [stdout] test tests::extract_messages_skip_back_to_back ... ok
[INFO] [stdout] test tests::extract_messages_shortcut_link ... ok
[INFO] [stdout] test tests::extract_messages_skip_simple ... ok
[INFO] [stdout] test tests::extract_messages_skip_next_codeblock ... ok
[INFO] [stdout] test tests::extract_messages_skip_next_paragraph_ok ... ok
[INFO] [stdout] test tests::extract_messages_simple ... ok
[INFO] [stdout] test tests::extract_messages_skipping_inline_second_item ... ok
[INFO] [stdout] test tests::extract_messages_skipping_second_paragraphed_item ... ok
[INFO] [stdout] test tests::extract_messages_trailing_newlines ... ok
[INFO] [stdout] test tests::extract_messages_whitespace_only ... ok
[INFO] [stdout] test tests::extract_messages_styled_text ... ok
[INFO] [stdout] test tests::extract_messages_table ... ok
[INFO] [stdout] test tests::extract_messages_skipping_second_item ... ok
[INFO] [stdout] test xgettext::tests::test_create_catalog_duplicates ... ok
[INFO] [stdout] test xgettext::tests::test_create_catalog ... ok
[INFO] [stdout] test xgettext::tests::test_create_catalog_metadata ... ok
[INFO] [stdout] test xgettext::tests::test_create_catalog_defaults ... ok
[INFO] [stdout] test xgettext::tests::test_create_catalog_summary_formatting ... ok
[INFO] [stdout] test xgettext::tests::test_strip_link_with_formatting ... ok
[INFO] [stdout] test xgettext::tests::test_strip_link_text ... ok
[INFO] [stdout] test gettext::tests::test_translate_code_block ... ok
[INFO] [stdout] test tests::extract_messages_codeblock_in_codeblock ... ok
[INFO] [stdout] test xgettext::tests::test_strip_link_empty ... ok
[INFO] [stdout] test tests::extract_messages_code_block ... ok
[INFO] [stdout] test tests::extract_messages_quoted_code_block ... ok
[INFO] [stdout] test tests::extract_messages_code_block_with_continuous_line_comments ... ok
[INFO] [stdout] test tests::extract_messages_code_block_with_block_comment ... ok
[INFO] [stdout] test tests::extract_messages_code_followed_by_details ... ok
[INFO] [stdout] test tests::extract_messages_automatic_skipping_nontranslatable_codeblocks_simple ... ok
[INFO] [stdout] test tests::extract_messages_two_code_blocks ... ok
[INFO] [stdout] test normalize::tests::test_normalize_code_blocks ... ok
[INFO] [stdout] test tests::extract_messages_without_language_specifier ... ok
[INFO] [stdout] test tests::extract_messages_automatic_skipping_nontranslatable_codeblocks ... ok
[INFO] [stdout] test tests::extract_messages_multi_language_code_blocks ... ok
[INFO] [stdout] 
[INFO] [stdout] test result: ok. 100 passed; 0 failed; 0 ignored; 0 measured; 0 filtered out; finished in 0.65s
[INFO] [stdout] 
[INFO] [stderr]      Running unittests src/bin/mdbook-gettext.rs (/opt/rustwide/target/debug/deps/mdbook_gettext-5235effc87aa859a)
[INFO] [stdout] 
[INFO] [stdout] running 0 tests
[INFO] [stdout] 
[INFO] [stdout] test result: ok. 0 passed; 0 failed; 0 ignored; 0 measured; 0 filtered out; finished in 0.00s
[INFO] [stdout] 
[INFO] [stderr]      Running unittests src/bin/mdbook-i18n-normalize.rs (/opt/rustwide/target/debug/deps/mdbook_i18n_normalize-a12cc8c4007bd687)
[INFO] [stdout] 
[INFO] [stdout] running 0 tests
[INFO] [stdout] 
[INFO] [stdout] test result: ok. 0 passed; 0 failed; 0 ignored; 0 measured; 0 filtered out; finished in 0.00s
[INFO] [stdout] 
[INFO] [stderr]      Running unittests src/bin/mdbook-xgettext.rs (/opt/rustwide/target/debug/deps/mdbook_xgettext-7337dbf57108939a)
[INFO] [stdout] 
[INFO] [stdout] running 0 tests
[INFO] [stdout] 
[INFO] [stdout] test result: ok. 0 passed; 0 failed; 0 ignored; 0 measured; 0 filtered out; finished in 0.00s
[INFO] [stdout] 
[INFO] [stderr]    Doc-tests mdbook-i18n-helpers
[INFO] [stdout] 
[INFO] [stdout] running 6 tests
[INFO] [stdout] test i18n-helpers/src/lib.rs - group_events (line 169) ... FAILED
[INFO] [stdout] test i18n-helpers/src/lib.rs - reconstruct_markdown (line 506) ... ok
[INFO] [stdout] test i18n-helpers/src/lib.rs - extract_events (line 75) ... ok
[INFO] [stdout] test i18n-helpers/src/lib.rs - trim_paragraph (line 679) ... ok
[INFO] [stdout] test i18n-helpers/src/lib.rs - extract_messages (line 627) ... ok
[INFO] [stdout] test i18n-helpers/src/lib.rs - extract_messages (line 605) ... ok
[INFO] [stdout] 
[INFO] [stdout] failures:
[INFO] [stdout] 
[INFO] [stdout] ---- i18n-helpers/src/lib.rs - group_events (line 169) stdout ----
[INFO] [stdout] error: linking with `cc` failed: exit status: 1
[INFO] [stdout]   |
[INFO] [stdout]   = note: LC_ALL="C" PATH="/opt/rustwide/rustup-home/toolchains/1.75.0-x86_64-unknown-linux-gnu/lib/rustlib/x86_64-unknown-linux-gnu/bin:/opt/rustwide/cargo-home/bin:/usr/local/sbin:/usr/local/bin:/usr/sbin:/usr/bin:/sbin:/bin" VSLANG="1033" "cc" "-m64" "/tmp/rustcF2BxtY/symbols.o" "/tmp/rustdoctest7ew91J/rust_out.rust_out.263fb70ac1c95110-cgu.0.rcgu.o" "/tmp/rustdoctest7ew91J/rust_out.2uel00cfmdh5ufit.rcgu.o" "-Wl,--as-needed" "-L" "/opt/rustwide/target/debug/deps" "-L" "/opt/rustwide/target/debug/deps" "-L" "/opt/rustwide/target/debug/build/onig_sys-a2a01491ddba3727/out" "-L" "/opt/rustwide/rustup-home/toolchains/1.75.0-x86_64-unknown-linux-gnu/lib/rustlib/x86_64-unknown-linux-gnu/lib" "-Wl,-Bstatic" "/opt/rustwide/target/debug/deps/libmdbook_i18n_helpers-0460e61d2ea5684d.rlib" "/opt/rustwide/target/debug/deps/libtextwrap-9ca1bc41b5f43fc3.rlib" "/opt/rustwide/target/debug/deps/libchrono-19b74a110a98c899.rlib" "/opt/rustwide/target/debug/deps/libnum_traits-fbf3e4065138c85e.rlib" "/opt/rustwide/target/debug/deps/libiana_time_zone-a8226bfa732531ed.rlib" "/opt/rustwide/target/debug/deps/libmdbook-2a5eabda3ef24697.rlib" "/opt/rustwide/target/debug/deps/libanyhow-309ab2c875f40ec7.rlib" "/opt/rustwide/target/debug/deps/libhandlebars-1fa5b70f450ebfcf.rlib" "/opt/rustwide/target/debug/deps/libpest-df934b598725db51.rlib" "/opt/rustwide/target/debug/deps/libucd_trie-6132939a2ce7db4c.rlib" "/opt/rustwide/target/debug/deps/libshlex-bebfe14e61d76b8f.rlib" "/opt/rustwide/target/debug/deps/libtopological_sort-314724e9dffb1fa8.rlib" "/opt/rustwide/target/debug/deps/libtoml-7de05b37337ab898.rlib" "/opt/rustwide/target/debug/deps/libtempfile-27fb017ca393a5ff.rlib" "/opt/rustwide/target/debug/deps/libfastrand-10bb5c97af1a52e6.rlib" "/opt/rustwide/target/debug/deps/librustix-a40fcdd6ffbd2f8b.rlib" "/opt/rustwide/target/debug/deps/libbitflags-912d270082a3a4ea.rlib" "/opt/rustwide/target/debug/deps/liblinux_raw_sys-cb4ceb3b5f92b800.rlib" "/opt/rustwide/target/debug/deps/liblog-e491f2c1d0b13538.rlib" "/opt/rustwide/target/debug/deps/libregex-ac49b6fbcf5de00f.rlib" "/opt/rustwide/target/debug/deps/libregex_automata-462caa1b128be2f6.rlib" "/opt/rustwide/target/debug/deps/libaho_corasick-1143312c78fc67c2.rlib" "/opt/rustwide/target/debug/deps/libregex_syntax-e4dd3c3a3cb10e1d.rlib" "/opt/rustwide/target/debug/deps/libsyntect-7ecc7b9ad1e2ddbf.rlib" "/opt/rustwide/target/debug/deps/libthiserror-b5a53e3b3a3ab120.rlib" "/opt/rustwide/target/debug/deps/libwalkdir-855d0afe3de90c17.rlib" "/opt/rustwide/target/debug/deps/libsame_file-06a4c01142053b65.rlib" "/opt/rustwide/target/debug/deps/libonig-acc8a116c82c02e8.rlib" "/opt/rustwide/target/debug/deps/libonig_sys-c3fd25d8bf847560.rlib" "/opt/rustwide/target/debug/deps/libyaml_rust-dadeb9b0a1ae3c6e.rlib" "/opt/rustwide/target/debug/deps/liblinked_hash_map-55396135ba6b4b1c.rlib" "/opt/rustwide/target/debug/deps/libonce_cell-865e1c5018a0303a.rlib" "/opt/rustwide/target/debug/deps/libregex_syntax-92ff7cd7e2c66084.rlib" "/opt/rustwide/target/debug/deps/libfnv-18bf5144d055e772.rlib" "/opt/rustwide/target/debug/deps/libserde_json-9571eb07c0bb8253.rlib" "/opt/rustwide/target/debug/deps/libryu-f8e8abf733224b36.rlib" "/opt/rustwide/target/debug/deps/libplist-ae7dbe6796c775a1.rlib" "/opt/rustwide/target/debug/deps/libline_wrap-8d5d671595e9c530.rlib" "/opt/rustwide/target/debug/deps/libsafemem-4745ed10c8b13fe0.rlib" "/opt/rustwide/target/debug/deps/libtime-6b552327a1fd3ac3.rlib" "/opt/rustwide/target/debug/deps/libitoa-05fb7c91ffbc0a79.rlib" "/opt/rustwide/target/debug/deps/libtime_core-7af5d6eb87ec9652.rlib" "/opt/rustwide/target/debug/deps/libderanged-5c51eaaf3972a105.rlib" "/opt/rustwide/target/debug/deps/libpowerfmt-e8908707a005dea9.rlib" "/opt/rustwide/target/debug/deps/libquick_xml-f7e342c153c55d01.rlib" "/opt/rustwide/target/debug/deps/libbase64-c757f6e1d18850a5.rlib" "/opt/rustwide/target/debug/deps/libindexmap-22e0f4634bb72d96.rlib" "/opt/rustwide/target/debug/deps/libequivalent-daf5c71f5fc642dd.rlib" "/opt/rustwide/target/debug/deps/libhashbrown-d5d4385ff3f60687.rlib" "/opt/rustwide/target/debug/deps/libflate2-1347a47922d98cc4.rlib" "/opt/rustwide/target/debug/deps/libminiz_oxide-f272f5814aa49507.rlib" "/opt/rustwide/target/debug/deps/libadler-c8f2240c56a0abca.rlib" "/opt/rustwide/target/debug/deps/libcrc32fast-664446237529ebff.rlib" "/opt/rustwide/target/debug/deps/libcfg_if-61dc7a6799e72b18.rlib" "/opt/rustwide/target/debug/deps/libbincode-6f7f4121eb2f30ff.rlib" "/opt/rustwide/target/debug/deps/libserde-45e106c9ad1be78c.rlib" "/opt/rustwide/target/debug/deps/libpulldown_cmark_to_cmark-b514e0dcba23b94b.rlib" "/opt/rustwide/target/debug/deps/libpulldown_cmark-2d6f3f5795e009e9.rlib" "/opt/rustwide/target/debug/deps/libbitflags-b7cee2ca4fb438d0.rlib" "/opt/rustwide/target/debug/deps/libunicase-131885e46c9d146d.rlib" "/opt/rustwide/target/debug/deps/libpolib-9a02748b8ca3511d.rlib" "/opt/rustwide/target/debug/deps/liblinereader-3a1e065cd6938013.rlib" "/opt/rustwide/target/debug/deps/libmemchr-8adfc22b612d6f7a.rlib" "/opt/rustwide/rustup-home/toolchains/1.75.0-x86_64-unknown-linux-gnu/lib/rustlib/x86_64-unknown-linux-gnu/lib/libstd-90f6ddbf82de36ec.rlib" "/opt/rustwide/rustup-home/toolchains/1.75.0-x86_64-unknown-linux-gnu/lib/rustlib/x86_64-unknown-linux-gnu/lib/libpanic_unwind-480c41e9d4e1f677.rlib" "/opt/rustwide/rustup-home/toolchains/1.75.0-x86_64-unknown-linux-gnu/lib/rustlib/x86_64-unknown-linux-gnu/lib/libobject-db744c0ca03eed1d.rlib" "/opt/rustwide/rustup-home/toolchains/1.75.0-x86_64-unknown-linux-gnu/lib/rustlib/x86_64-unknown-linux-gnu/lib/libmemchr-8ba652dc7d4b285a.rlib" "/opt/rustwide/rustup-home/toolchains/1.75.0-x86_64-unknown-linux-gnu/lib/rustlib/x86_64-unknown-linux-gnu/lib/libaddr2line-d5f4520a9ebc0d58.rlib" "/opt/rustwide/rustup-home/toolchains/1.75.0-x86_64-unknown-linux-gnu/lib/rustlib/x86_64-unknown-linux-gnu/lib/libgimli-4ad84de58f0cb463.rlib" "/opt/rustwide/rustup-home/toolchains/1.75.0-x86_64-unknown-linux-gnu/lib/rustlib/x86_64-unknown-linux-gnu/lib/librustc_demangle-0d10aae2e0f38735.rlib" "/opt/rustwide/rustup-home/toolchains/1.75.0-x86_64-unknown-linux-gnu/lib/rustlib/x86_64-unknown-linux-gnu/lib/libstd_detect-0c17cff739e6745b.rlib" "/opt/rustwide/rustup-home/toolchains/1.75.0-x86_64-unknown-linux-gnu/lib/rustlib/x86_64-unknown-linux-gnu/lib/libhashbrown-b29e17139dde1aa8.rlib" "/opt/rustwide/rustup-home/toolchains/1.75.0-x86_64-unknown-linux-gnu/lib/rustlib/x86_64-unknown-linux-gnu/lib/librustc_std_workspace_alloc-1f975299829cc7bd.rlib" "/opt/rustwide/rustup-home/toolchains/1.75.0-x86_64-unknown-linux-gnu/lib/rustlib/x86_64-unknown-linux-gnu/lib/libminiz_oxide-86bae3bc3079f89b.rlib" "/opt/rustwide/rustup-home/toolchains/1.75.0-x86_64-unknown-linux-gnu/lib/rustlib/x86_64-unknown-linux-gnu/lib/libadler-321b82c30dffdf5f.rlib" "/opt/rustwide/rustup-home/toolchains/1.75.0-x86_64-unknown-linux-gnu/lib/rustlib/x86_64-unknown-linux-gnu/lib/libunwind-3dd8a6810a0bdfef.rlib" "/opt/rustwide/rustup-home/toolchains/1.75.0-x86_64-unknown-linux-gnu/lib/rustlib/x86_64-unknown-linux-gnu/lib/libcfg_if-eb39a61c0c879984.rlib" "/opt/rustwide/rustup-home/toolchains/1.75.0-x86_64-unknown-linux-gnu/lib/rustlib/x86_64-unknown-linux-gnu/lib/liblibc-aa769569f91c3548.rlib" "/opt/rustwide/rustup-home/toolchains/1.75.0-x86_64-unknown-linux-gnu/lib/rustlib/x86_64-unknown-linux-gnu/lib/liballoc-510a192a50a983ed.rlib" "/opt/rustwide/rustup-home/toolchains/1.75.0-x86_64-unknown-linux-gnu/lib/rustlib/x86_64-unknown-linux-gnu/lib/librustc_std_workspace_core-0577018320f99037.rlib" "/opt/rustwide/rustup-home/toolchains/1.75.0-x86_64-unknown-linux-gnu/lib/rustlib/x86_64-unknown-linux-gnu/lib/libcore-193cf992125ccd4c.rlib" "/opt/rustwide/rustup-home/toolchains/1.75.0-x86_64-unknown-linux-gnu/lib/rustlib/x86_64-unknown-linux-gnu/lib/libcompiler_builtins-8e138eaf26ebb4a8.rlib" "-Wl,-Bdynamic" "-lgcc_s" "-lutil" "-lrt" "-lpthread" "-lm" "-ldl" "-lc" "-Wl,--eh-frame-hdr" "-Wl,-z,noexecstack" "-L" "/opt/rustwide/rustup-home/toolchains/1.75.0-x86_64-unknown-linux-gnu/lib/rustlib/x86_64-unknown-linux-gnu/lib" "-o" "/tmp/rustdoctest7ew91J/rust_out" "-Wl,--gc-sections" "-pie" "-Wl,-z,relro,-z,now" "-nodefaultlibs"
[INFO] [stdout]   = note: collect2: fatal error: ld terminated with signal 9 [Killed]
[INFO] [stdout]           compilation terminated.
[INFO] [stdout]           
[INFO] [stdout] 
[INFO] [stdout] error: aborting due to previous error
[INFO] [stdout] 
[INFO] [stdout] Couldn't compile the test.
[INFO] [stdout] 
[INFO] [stdout] failures:
[INFO] [stdout]     i18n-helpers/src/lib.rs - group_events (line 169)
[INFO] [stdout] 
[INFO] [stdout] test result: FAILED. 5 passed; 1 failed; 0 ignored; 0 measured; 0 filtered out; finished in 7.25s
[INFO] [stdout] 
[INFO] [stderr] error: doctest failed, to rerun pass `--doc`
[INFO] running `Command { std: "docker" "inspect" "536bce0f2197782812ed7acc2b68d20efc923b5246a14af7045f9203e3e97caf", kill_on_drop: false }`
[INFO] running `Command { std: "docker" "rm" "-f" "536bce0f2197782812ed7acc2b68d20efc923b5246a14af7045f9203e3e97caf", kill_on_drop: false }`
[INFO] [stdout] 536bce0f2197782812ed7acc2b68d20efc923b5246a14af7045f9203e3e97caf
