[INFO] cloning repository https://github.com/golddranks/tiny_json_parser
[INFO] running `Command { std: "git" "-c" "credential.helper=" "-c" "credential.helper=/workspace/cargo-home/bin/git-credential-null" "clone" "--bare" "https://github.com/golddranks/tiny_json_parser" "/workspace/cache/git-repos/https%3A%2F%2Fgithub.com%2Fgolddranks%2Ftiny_json_parser", kill_on_drop: false }`
[INFO] [stderr] Cloning into bare repository '/workspace/cache/git-repos/https%3A%2F%2Fgithub.com%2Fgolddranks%2Ftiny_json_parser'...
[INFO] running `Command { std: "git" "rev-parse" "HEAD", kill_on_drop: false }`
[INFO] [stdout] 0b26d583b77e6255b1274906c16bc06eda5e1b91
[INFO] testing golddranks/tiny_json_parser against 1.75.0 for beta-1.76-1
[INFO] running `Command { std: "git" "clone" "/workspace/cache/git-repos/https%3A%2F%2Fgithub.com%2Fgolddranks%2Ftiny_json_parser" "/workspace/builds/worker-0-tc1/source", kill_on_drop: false }`
[INFO] [stderr] Cloning into '/workspace/builds/worker-0-tc1/source'...
[INFO] [stderr] done.
[INFO] validating manifest of git repo https://github.com/golddranks/tiny_json_parser on toolchain 1.75.0
[INFO] running `Command { std: CARGO_HOME="/workspace/cargo-home" RUSTUP_HOME="/workspace/rustup-home" "/workspace/cargo-home/bin/cargo" "+1.75.0" "metadata" "--manifest-path" "Cargo.toml" "--no-deps", kill_on_drop: false }`
[INFO] started tweaking git repo https://github.com/golddranks/tiny_json_parser
[INFO] finished tweaking git repo https://github.com/golddranks/tiny_json_parser
[INFO] tweaked toml for git repo https://github.com/golddranks/tiny_json_parser written to /workspace/builds/worker-0-tc1/source/Cargo.toml
[INFO] crate git repo https://github.com/golddranks/tiny_json_parser already has a lockfile, it will not be regenerated
[INFO] running `Command { std: CARGO_HOME="/workspace/cargo-home" RUSTUP_HOME="/workspace/rustup-home" "/workspace/cargo-home/bin/cargo" "+1.75.0" "fetch" "--manifest-path" "Cargo.toml", kill_on_drop: false }`
[INFO] running `Command { std: "docker" "create" "-v" "/var/lib/crater-agent-workspace/builds/worker-0-tc1/target:/opt/rustwide/target:rw,Z" "-v" "/var/lib/crater-agent-workspace/builds/worker-0-tc1/source:/opt/rustwide/workdir:ro,Z" "-v" "/var/lib/crater-agent-workspace/cargo-home:/opt/rustwide/cargo-home:ro,Z" "-v" "/var/lib/crater-agent-workspace/rustup-home:/opt/rustwide/rustup-home:ro,Z" "-e" "SOURCE_DIR=/opt/rustwide/workdir" "-e" "CARGO_TARGET_DIR=/opt/rustwide/target" "-e" "CARGO_HOME=/opt/rustwide/cargo-home" "-e" "RUSTUP_HOME=/opt/rustwide/rustup-home" "-w" "/opt/rustwide/workdir" "-m" "1610612736" "--user" "0:0" "--network" "none" "ghcr.io/rust-lang/crates-build-env/linux@sha256:2788e3201cd34a07e3172128adcd8b3090168a8e3bcc40d7c032b9dda1df7d1c" "/opt/rustwide/cargo-home/bin/cargo" "+1.75.0" "metadata" "--no-deps" "--format-version=1", kill_on_drop: false }`
[INFO] [stdout] e54512ca24e2843a48c110eb10008db2e0cfba4d37c8bc79466d8a67e0937c64
[INFO] running `Command { std: "docker" "start" "-a" "e54512ca24e2843a48c110eb10008db2e0cfba4d37c8bc79466d8a67e0937c64", kill_on_drop: false }`
[INFO] running `Command { std: "docker" "inspect" "e54512ca24e2843a48c110eb10008db2e0cfba4d37c8bc79466d8a67e0937c64", kill_on_drop: false }`
[INFO] running `Command { std: "docker" "rm" "-f" "e54512ca24e2843a48c110eb10008db2e0cfba4d37c8bc79466d8a67e0937c64", kill_on_drop: false }`
[INFO] [stdout] e54512ca24e2843a48c110eb10008db2e0cfba4d37c8bc79466d8a67e0937c64
[INFO] running `Command { std: "docker" "create" "-v" "/var/lib/crater-agent-workspace/builds/worker-0-tc1/target:/opt/rustwide/target:rw,Z" "-v" "/var/lib/crater-agent-workspace/builds/worker-0-tc1/source:/opt/rustwide/workdir:ro,Z" "-v" "/var/lib/crater-agent-workspace/cargo-home:/opt/rustwide/cargo-home:ro,Z" "-v" "/var/lib/crater-agent-workspace/rustup-home:/opt/rustwide/rustup-home:ro,Z" "-e" "SOURCE_DIR=/opt/rustwide/workdir" "-e" "CARGO_TARGET_DIR=/opt/rustwide/target" "-e" "CARGO_INCREMENTAL=0" "-e" "RUST_BACKTRACE=full" "-e" "RUSTFLAGS=--cap-lints=warn" "-e" "RUSTDOCFLAGS=--cap-lints=warn" "-e" "CARGO_HOME=/opt/rustwide/cargo-home" "-e" "RUSTUP_HOME=/opt/rustwide/rustup-home" "-w" "/opt/rustwide/workdir" "-m" "1610612736" "--user" "0:0" "--network" "none" "ghcr.io/rust-lang/crates-build-env/linux@sha256:2788e3201cd34a07e3172128adcd8b3090168a8e3bcc40d7c032b9dda1df7d1c" "/opt/rustwide/cargo-home/bin/cargo" "+1.75.0" "build" "--frozen" "--message-format=json", kill_on_drop: false }`
[INFO] [stdout] 5b782fd246b38a751446a6f4ba62aa70067a4663c0159166c6b8f1e6d3254112
[INFO] running `Command { std: "docker" "start" "-a" "5b782fd246b38a751446a6f4ba62aa70067a4663c0159166c6b8f1e6d3254112", kill_on_drop: false }`
[INFO] [stderr]    Compiling tiny_json_parser v0.1.0 (/opt/rustwide/workdir)
[INFO] [stderr]     Finished dev [unoptimized + debuginfo] target(s) in 0.34s
[INFO] running `Command { std: "docker" "inspect" "5b782fd246b38a751446a6f4ba62aa70067a4663c0159166c6b8f1e6d3254112", kill_on_drop: false }`
[INFO] running `Command { std: "docker" "rm" "-f" "5b782fd246b38a751446a6f4ba62aa70067a4663c0159166c6b8f1e6d3254112", kill_on_drop: false }`
[INFO] [stdout] 5b782fd246b38a751446a6f4ba62aa70067a4663c0159166c6b8f1e6d3254112
[INFO] running `Command { std: "docker" "create" "-v" "/var/lib/crater-agent-workspace/builds/worker-0-tc1/target:/opt/rustwide/target:rw,Z" "-v" "/var/lib/crater-agent-workspace/builds/worker-0-tc1/source:/opt/rustwide/workdir:ro,Z" "-v" "/var/lib/crater-agent-workspace/cargo-home:/opt/rustwide/cargo-home:ro,Z" "-v" "/var/lib/crater-agent-workspace/rustup-home:/opt/rustwide/rustup-home:ro,Z" "-e" "SOURCE_DIR=/opt/rustwide/workdir" "-e" "CARGO_TARGET_DIR=/opt/rustwide/target" "-e" "CARGO_INCREMENTAL=0" "-e" "RUST_BACKTRACE=full" "-e" "RUSTFLAGS=--cap-lints=warn" "-e" "RUSTDOCFLAGS=--cap-lints=warn" "-e" "CARGO_HOME=/opt/rustwide/cargo-home" "-e" "RUSTUP_HOME=/opt/rustwide/rustup-home" "-w" "/opt/rustwide/workdir" "-m" "1610612736" "--user" "0:0" "--network" "none" "ghcr.io/rust-lang/crates-build-env/linux@sha256:2788e3201cd34a07e3172128adcd8b3090168a8e3bcc40d7c032b9dda1df7d1c" "/opt/rustwide/cargo-home/bin/cargo" "+1.75.0" "test" "--frozen" "--no-run" "--message-format=json", kill_on_drop: false }`
[INFO] [stdout] 5eb51852e01e1a8b1cd924328b89c2f6611d34336b1017b23fa1d2b1e4959470
[INFO] running `Command { std: "docker" "start" "-a" "5eb51852e01e1a8b1cd924328b89c2f6611d34336b1017b23fa1d2b1e4959470", kill_on_drop: false }`
[INFO] [stderr]    Compiling tiny_json_parser v0.1.0 (/opt/rustwide/workdir)
[INFO] [stderr]     Finished test [unoptimized + debuginfo] target(s) in 0.30s
[INFO] running `Command { std: "docker" "inspect" "5eb51852e01e1a8b1cd924328b89c2f6611d34336b1017b23fa1d2b1e4959470", kill_on_drop: false }`
[INFO] running `Command { std: "docker" "rm" "-f" "5eb51852e01e1a8b1cd924328b89c2f6611d34336b1017b23fa1d2b1e4959470", kill_on_drop: false }`
[INFO] [stdout] 5eb51852e01e1a8b1cd924328b89c2f6611d34336b1017b23fa1d2b1e4959470
[INFO] running `Command { std: "docker" "create" "-v" "/var/lib/crater-agent-workspace/builds/worker-0-tc1/target:/opt/rustwide/target:rw,Z" "-v" "/var/lib/crater-agent-workspace/builds/worker-0-tc1/source:/opt/rustwide/workdir:ro,Z" "-v" "/var/lib/crater-agent-workspace/cargo-home:/opt/rustwide/cargo-home:ro,Z" "-v" "/var/lib/crater-agent-workspace/rustup-home:/opt/rustwide/rustup-home:ro,Z" "-e" "SOURCE_DIR=/opt/rustwide/workdir" "-e" "CARGO_TARGET_DIR=/opt/rustwide/target" "-e" "CARGO_INCREMENTAL=0" "-e" "RUST_BACKTRACE=full" "-e" "RUSTFLAGS=--cap-lints=warn" "-e" "RUSTDOCFLAGS=--cap-lints=warn" "-e" "CARGO_HOME=/opt/rustwide/cargo-home" "-e" "RUSTUP_HOME=/opt/rustwide/rustup-home" "-w" "/opt/rustwide/workdir" "-m" "1610612736" "--user" "0:0" "--network" "none" "ghcr.io/rust-lang/crates-build-env/linux@sha256:2788e3201cd34a07e3172128adcd8b3090168a8e3bcc40d7c032b9dda1df7d1c" "/opt/rustwide/cargo-home/bin/cargo" "+1.75.0" "test" "--frozen", kill_on_drop: false }`
[INFO] [stdout] ce3ffbf4590f3a8789def6dc3b082f9b4dba6d98665f18848a7cab2e77540b14
[INFO] running `Command { std: "docker" "start" "-a" "ce3ffbf4590f3a8789def6dc3b082f9b4dba6d98665f18848a7cab2e77540b14", kill_on_drop: false }`
[INFO] [stderr]     Finished test [unoptimized + debuginfo] target(s) in 0.00s
[INFO] [stderr]      Running unittests src/lib.rs (/opt/rustwide/target/debug/deps/tiny_json_parser-7c9287f477d33944)
[INFO] [stdout] 
[INFO] [stdout] running 0 tests
[INFO] [stdout] 
[INFO] [stdout] test result: ok. 0 passed; 0 failed; 0 ignored; 0 measured; 0 filtered out; finished in 0.00s
[INFO] [stdout] 
[INFO] [stderr]      Running unittests src/main.rs (/opt/rustwide/target/debug/deps/tiny_json_parser-f80f7bc8e986c5ae)
[INFO] [stdout] 
[INFO] [stdout] running 0 tests
[INFO] [stdout] 
[INFO] [stdout] test result: ok. 0 passed; 0 failed; 0 ignored; 0 measured; 0 filtered out; finished in 0.00s
[INFO] [stdout] 
[INFO] [stderr]      Running tests/validate.rs (/opt/rustwide/target/debug/deps/validate-cff7c70458c4a2b2)
[INFO] [stdout] 
[INFO] [stdout] running 2 tests
[INFO] [stdout] test kontio ... FAILED
[INFO] [stdout] test minefield ... ok
[INFO] [stdout] 
[INFO] [stdout] failures:
[INFO] [stdout] 
[INFO] [stdout] ---- kontio stdout ----
[INFO] [stdout] ERR	n_mixed_terminators.json
[INFO] [stdout] OK	y_whitespace_array_1.json
[INFO] [stdout] OK	y_whitespace_array_2.json
[INFO] [stdout] OK	y_whitespace_array_3.json
[INFO] [stdout] OK	y_whitespace_array_4.json
[INFO] [stdout] OK	y_whitespace_array_5.json
[INFO] [stdout] OK	y_whitespace_array_6.json
[INFO] [stdout] OK	y_whitespace_array_7.json
[INFO] [stdout] OK	y_whitespace_object_1.json
[INFO] [stdout] OK	y_whitespace_object_2.json
[INFO] [stdout] OK	y_whitespace_object_3.json
[INFO] [stdout] OK	y_whitespace_object_4.json
[INFO] [stdout] OK	y_whitespace_object_5.json
[INFO] [stdout] OK	y_whitespace_object_6.json
[INFO] [stdout] OK	y_whitespace_object_7.json
[INFO] [stdout] OK	y_whitespace_object_8.json
[INFO] [stdout] OK	y_whitespace_object_9.json
[INFO] [stdout] OK	y_whitespace_val_after.json
[INFO] [stdout] OK	y_whitespace_val_before.json
[INFO] [stdout] Error: " 1 errors"
[INFO] [stdout] 
[INFO] [stdout] 
[INFO] [stdout] failures:
[INFO] [stdout]     kontio
[INFO] [stdout] 
[INFO] [stdout] test result: FAILED. 1 passed; 1 failed; 0 ignored; 0 measured; 0 filtered out; finished in 0.02s
[INFO] [stdout] 
[INFO] [stderr] error: test failed, to rerun pass `--test validate`
[INFO] running `Command { std: "docker" "inspect" "ce3ffbf4590f3a8789def6dc3b082f9b4dba6d98665f18848a7cab2e77540b14", kill_on_drop: false }`
[INFO] running `Command { std: "docker" "rm" "-f" "ce3ffbf4590f3a8789def6dc3b082f9b4dba6d98665f18848a7cab2e77540b14", kill_on_drop: false }`
[INFO] [stdout] ce3ffbf4590f3a8789def6dc3b082f9b4dba6d98665f18848a7cab2e77540b14
[INFO] testing golddranks/tiny_json_parser against beta-2023-12-22 for beta-1.76-1
[INFO] running `Command { std: "git" "clone" "/workspace/cache/git-repos/https%3A%2F%2Fgithub.com%2Fgolddranks%2Ftiny_json_parser" "/workspace/builds/worker-0-tc2/source", kill_on_drop: false }`
[INFO] [stderr] Cloning into '/workspace/builds/worker-0-tc2/source'...
[INFO] [stderr] done.
[INFO] validating manifest of git repo https://github.com/golddranks/tiny_json_parser on toolchain beta-2023-12-22
[INFO] running `Command { std: CARGO_HOME="/workspace/cargo-home" RUSTUP_HOME="/workspace/rustup-home" "/workspace/cargo-home/bin/cargo" "+beta-2023-12-22" "metadata" "--manifest-path" "Cargo.toml" "--no-deps", kill_on_drop: false }`
[INFO] started tweaking git repo https://github.com/golddranks/tiny_json_parser
[INFO] finished tweaking git repo https://github.com/golddranks/tiny_json_parser
[INFO] tweaked toml for git repo https://github.com/golddranks/tiny_json_parser written to /workspace/builds/worker-0-tc2/source/Cargo.toml
[INFO] crate git repo https://github.com/golddranks/tiny_json_parser already has a lockfile, it will not be regenerated
[INFO] running `Command { std: CARGO_HOME="/workspace/cargo-home" RUSTUP_HOME="/workspace/rustup-home" "/workspace/cargo-home/bin/cargo" "+beta-2023-12-22" "fetch" "--manifest-path" "Cargo.toml", kill_on_drop: false }`
[INFO] running `Command { std: "docker" "create" "-v" "/var/lib/crater-agent-workspace/builds/worker-0-tc2/target:/opt/rustwide/target:rw,Z" "-v" "/var/lib/crater-agent-workspace/builds/worker-0-tc2/source:/opt/rustwide/workdir:ro,Z" "-v" "/var/lib/crater-agent-workspace/cargo-home:/opt/rustwide/cargo-home:ro,Z" "-v" "/var/lib/crater-agent-workspace/rustup-home:/opt/rustwide/rustup-home:ro,Z" "-e" "SOURCE_DIR=/opt/rustwide/workdir" "-e" "CARGO_TARGET_DIR=/opt/rustwide/target" "-e" "CARGO_HOME=/opt/rustwide/cargo-home" "-e" "RUSTUP_HOME=/opt/rustwide/rustup-home" "-w" "/opt/rustwide/workdir" "-m" "1610612736" "--user" "0:0" "--network" "none" "ghcr.io/rust-lang/crates-build-env/linux@sha256:2788e3201cd34a07e3172128adcd8b3090168a8e3bcc40d7c032b9dda1df7d1c" "/opt/rustwide/cargo-home/bin/cargo" "+beta-2023-12-22" "metadata" "--no-deps" "--format-version=1", kill_on_drop: false }`
[INFO] [stdout] bd78eaf30c48fca47fa111f49cd15c8e449617f95a05a10069566166b4ff025c
[INFO] running `Command { std: "docker" "start" "-a" "bd78eaf30c48fca47fa111f49cd15c8e449617f95a05a10069566166b4ff025c", kill_on_drop: false }`
[INFO] running `Command { std: "docker" "inspect" "bd78eaf30c48fca47fa111f49cd15c8e449617f95a05a10069566166b4ff025c", kill_on_drop: false }`
[INFO] running `Command { std: "docker" "rm" "-f" "bd78eaf30c48fca47fa111f49cd15c8e449617f95a05a10069566166b4ff025c", kill_on_drop: false }`
[INFO] [stdout] bd78eaf30c48fca47fa111f49cd15c8e449617f95a05a10069566166b4ff025c
[INFO] running `Command { std: "docker" "create" "-v" "/var/lib/crater-agent-workspace/builds/worker-0-tc2/target:/opt/rustwide/target:rw,Z" "-v" "/var/lib/crater-agent-workspace/builds/worker-0-tc2/source:/opt/rustwide/workdir:ro,Z" "-v" "/var/lib/crater-agent-workspace/cargo-home:/opt/rustwide/cargo-home:ro,Z" "-v" "/var/lib/crater-agent-workspace/rustup-home:/opt/rustwide/rustup-home:ro,Z" "-e" "SOURCE_DIR=/opt/rustwide/workdir" "-e" "CARGO_TARGET_DIR=/opt/rustwide/target" "-e" "CARGO_INCREMENTAL=0" "-e" "RUST_BACKTRACE=full" "-e" "RUSTFLAGS=--cap-lints=warn" "-e" "RUSTDOCFLAGS=--cap-lints=warn" "-e" "CARGO_HOME=/opt/rustwide/cargo-home" "-e" "RUSTUP_HOME=/opt/rustwide/rustup-home" "-w" "/opt/rustwide/workdir" "-m" "1610612736" "--user" "0:0" "--network" "none" "ghcr.io/rust-lang/crates-build-env/linux@sha256:2788e3201cd34a07e3172128adcd8b3090168a8e3bcc40d7c032b9dda1df7d1c" "/opt/rustwide/cargo-home/bin/cargo" "+beta-2023-12-22" "build" "--frozen" "--message-format=json", kill_on_drop: false }`
[INFO] [stdout] d5a3c4724619bb07eb56c44ad664baa8432ebe18b1d91e14c1b8213c2475ac26
[INFO] running `Command { std: "docker" "start" "-a" "d5a3c4724619bb07eb56c44ad664baa8432ebe18b1d91e14c1b8213c2475ac26", kill_on_drop: false }`
[INFO] [stderr]    Compiling tiny_json_parser v0.1.0 (/opt/rustwide/workdir)
[INFO] [stderr]     Finished dev [unoptimized + debuginfo] target(s) in 0.32s
[INFO] running `Command { std: "docker" "inspect" "d5a3c4724619bb07eb56c44ad664baa8432ebe18b1d91e14c1b8213c2475ac26", kill_on_drop: false }`
[INFO] running `Command { std: "docker" "rm" "-f" "d5a3c4724619bb07eb56c44ad664baa8432ebe18b1d91e14c1b8213c2475ac26", kill_on_drop: false }`
[INFO] [stdout] d5a3c4724619bb07eb56c44ad664baa8432ebe18b1d91e14c1b8213c2475ac26
[INFO] running `Command { std: "docker" "create" "-v" "/var/lib/crater-agent-workspace/builds/worker-0-tc2/target:/opt/rustwide/target:rw,Z" "-v" "/var/lib/crater-agent-workspace/builds/worker-0-tc2/source:/opt/rustwide/workdir:ro,Z" "-v" "/var/lib/crater-agent-workspace/cargo-home:/opt/rustwide/cargo-home:ro,Z" "-v" "/var/lib/crater-agent-workspace/rustup-home:/opt/rustwide/rustup-home:ro,Z" "-e" "SOURCE_DIR=/opt/rustwide/workdir" "-e" "CARGO_TARGET_DIR=/opt/rustwide/target" "-e" "CARGO_INCREMENTAL=0" "-e" "RUST_BACKTRACE=full" "-e" "RUSTFLAGS=--cap-lints=warn" "-e" "RUSTDOCFLAGS=--cap-lints=warn" "-e" "CARGO_HOME=/opt/rustwide/cargo-home" "-e" "RUSTUP_HOME=/opt/rustwide/rustup-home" "-w" "/opt/rustwide/workdir" "-m" "1610612736" "--user" "0:0" "--network" "none" "ghcr.io/rust-lang/crates-build-env/linux@sha256:2788e3201cd34a07e3172128adcd8b3090168a8e3bcc40d7c032b9dda1df7d1c" "/opt/rustwide/cargo-home/bin/cargo" "+beta-2023-12-22" "test" "--frozen" "--no-run" "--message-format=json", kill_on_drop: false }`
[INFO] [stdout] 70e4942ff6423bbac8273ecdd6a93ae753ce9e65e5b09af25d011b58ac2d9ab7
[INFO] running `Command { std: "docker" "start" "-a" "70e4942ff6423bbac8273ecdd6a93ae753ce9e65e5b09af25d011b58ac2d9ab7", kill_on_drop: false }`
[INFO] [stderr]    Compiling tiny_json_parser v0.1.0 (/opt/rustwide/workdir)
[INFO] [stderr]     Finished test [unoptimized + debuginfo] target(s) in 0.29s
[INFO] running `Command { std: "docker" "inspect" "70e4942ff6423bbac8273ecdd6a93ae753ce9e65e5b09af25d011b58ac2d9ab7", kill_on_drop: false }`
[INFO] running `Command { std: "docker" "rm" "-f" "70e4942ff6423bbac8273ecdd6a93ae753ce9e65e5b09af25d011b58ac2d9ab7", kill_on_drop: false }`
[INFO] [stdout] 70e4942ff6423bbac8273ecdd6a93ae753ce9e65e5b09af25d011b58ac2d9ab7
[INFO] running `Command { std: "docker" "create" "-v" "/var/lib/crater-agent-workspace/builds/worker-0-tc2/target:/opt/rustwide/target:rw,Z" "-v" "/var/lib/crater-agent-workspace/builds/worker-0-tc2/source:/opt/rustwide/workdir:ro,Z" "-v" "/var/lib/crater-agent-workspace/cargo-home:/opt/rustwide/cargo-home:ro,Z" "-v" "/var/lib/crater-agent-workspace/rustup-home:/opt/rustwide/rustup-home:ro,Z" "-e" "SOURCE_DIR=/opt/rustwide/workdir" "-e" "CARGO_TARGET_DIR=/opt/rustwide/target" "-e" "CARGO_INCREMENTAL=0" "-e" "RUST_BACKTRACE=full" "-e" "RUSTFLAGS=--cap-lints=warn" "-e" "RUSTDOCFLAGS=--cap-lints=warn" "-e" "CARGO_HOME=/opt/rustwide/cargo-home" "-e" "RUSTUP_HOME=/opt/rustwide/rustup-home" "-w" "/opt/rustwide/workdir" "-m" "1610612736" "--user" "0:0" "--network" "none" "ghcr.io/rust-lang/crates-build-env/linux@sha256:2788e3201cd34a07e3172128adcd8b3090168a8e3bcc40d7c032b9dda1df7d1c" "/opt/rustwide/cargo-home/bin/cargo" "+beta-2023-12-22" "test" "--frozen", kill_on_drop: false }`
[INFO] [stdout] 7cb29d57a811aeaa33096edd11831ebf3100773bc21c23d02a938f7683b3a368
[INFO] running `Command { std: "docker" "start" "-a" "7cb29d57a811aeaa33096edd11831ebf3100773bc21c23d02a938f7683b3a368", kill_on_drop: false }`
[INFO] [stderr]     Finished test [unoptimized + debuginfo] target(s) in 0.00s
[INFO] [stderr]      Running unittests src/lib.rs (/opt/rustwide/target/debug/deps/tiny_json_parser-49dfbb6d051126f5)
[INFO] [stdout] 
[INFO] [stdout] running 0 tests
[INFO] [stdout] 
[INFO] [stdout] test result: ok. 0 passed; 0 failed; 0 ignored; 0 measured; 0 filtered out; finished in 0.00s
[INFO] [stdout] 
[INFO] [stderr]      Running unittests src/main.rs (/opt/rustwide/target/debug/deps/tiny_json_parser-3180e2fc4452cda1)
[INFO] [stdout] 
[INFO] [stdout] running 0 tests
[INFO] [stdout] 
[INFO] [stdout] test result: ok. 0 passed; 0 failed; 0 ignored; 0 measured; 0 filtered out; finished in 0.00s
[INFO] [stdout] 
[INFO] [stderr]      Running tests/validate.rs (/opt/rustwide/target/debug/deps/validate-e0847f48dc952f1e)
[INFO] [stdout] 
[INFO] [stdout] running 2 tests
[INFO] [stdout] test kontio ... FAILED
[INFO] [stdout] test minefield ... ok
[INFO] [stdout] 
[INFO] [stdout] failures:
[INFO] [stdout] 
[INFO] [stdout] ---- kontio stdout ----
[INFO] [stdout] ERR	n_mixed_terminators.json
[INFO] [stdout] OK	y_whitespace_array_1.json
[INFO] [stdout] OK	y_whitespace_array_2.json
[INFO] [stdout] OK	y_whitespace_array_3.json
[INFO] [stdout] OK	y_whitespace_array_4.json
[INFO] [stdout] OK	y_whitespace_array_5.json
[INFO] [stdout] OK	y_whitespace_array_6.json
[INFO] [stdout] OK	y_whitespace_array_7.json
[INFO] [stdout] OK	y_whitespace_object_1.json
[INFO] [stdout] OK	y_whitespace_object_2.json
[INFO] [stdout] OK	y_whitespace_object_3.json
[INFO] [stdout] OK	y_whitespace_object_4.json
[INFO] [stdout] OK	y_whitespace_object_5.json
[INFO] [stdout] OK	y_whitespace_object_6.json
[INFO] [stdout] OK	y_whitespace_object_7.json
[INFO] [stdout] OK	y_whitespace_object_8.json
[INFO] [stdout] OK	y_whitespace_object_9.json
[INFO] [stdout] OK	y_whitespace_val_after.json
[INFO] [stdout] OK	y_whitespace_val_before.json
[INFO] [stdout] Error: " 1 errors"
[INFO] [stdout] 
[INFO] [stdout] 
[INFO] [stdout] failures:
[INFO] [stdout]     kontio
[INFO] [stdout] 
[INFO] [stdout] test result: FAILED. 1 passed; 1 failed; 0 ignored; 0 measured; 0 filtered out; finished in 0.02s
[INFO] [stdout] 
[INFO] [stderr] error: test failed, to rerun pass `--test validate`
[INFO] running `Command { std: "docker" "inspect" "7cb29d57a811aeaa33096edd11831ebf3100773bc21c23d02a938f7683b3a368", kill_on_drop: false }`
[INFO] running `Command { std: "docker" "rm" "-f" "7cb29d57a811aeaa33096edd11831ebf3100773bc21c23d02a938f7683b3a368", kill_on_drop: false }`
[INFO] [stdout] 7cb29d57a811aeaa33096edd11831ebf3100773bc21c23d02a938f7683b3a368
