[INFO] cloning repository https://github.com/glebpom/squeezer
[INFO] running `Command { std: "git" "-c" "credential.helper=" "-c" "credential.helper=/workspace/cargo-home/bin/git-credential-null" "clone" "--bare" "https://github.com/glebpom/squeezer" "/workspace/cache/git-repos/https%3A%2F%2Fgithub.com%2Fglebpom%2Fsqueezer", kill_on_drop: false }`
[INFO] [stderr] Cloning into bare repository '/workspace/cache/git-repos/https%3A%2F%2Fgithub.com%2Fglebpom%2Fsqueezer'...
[INFO] running `Command { std: "git" "rev-parse" "HEAD", kill_on_drop: false }`
[INFO] [stdout] 408ef1407a2b26857dde85eee0464c5ea54d7a56
[INFO] testing glebpom/squeezer against 1.75.0 for beta-1.76-1
[INFO] running `Command { std: "git" "clone" "/workspace/cache/git-repos/https%3A%2F%2Fgithub.com%2Fglebpom%2Fsqueezer" "/workspace/builds/worker-1-tc1/source", kill_on_drop: false }`
[INFO] [stderr] Cloning into '/workspace/builds/worker-1-tc1/source'...
[INFO] [stderr] done.
[INFO] validating manifest of git repo https://github.com/glebpom/squeezer on toolchain 1.75.0
[INFO] running `Command { std: CARGO_HOME="/workspace/cargo-home" RUSTUP_HOME="/workspace/rustup-home" "/workspace/cargo-home/bin/cargo" "+1.75.0" "metadata" "--manifest-path" "Cargo.toml" "--no-deps", kill_on_drop: false }`
[INFO] started tweaking git repo https://github.com/glebpom/squeezer
[INFO] finished tweaking git repo https://github.com/glebpom/squeezer
[INFO] tweaked toml for git repo https://github.com/glebpom/squeezer written to /workspace/builds/worker-1-tc1/source/Cargo.toml
[INFO] crate git repo https://github.com/glebpom/squeezer already has a lockfile, it will not be regenerated
[INFO] running `Command { std: CARGO_HOME="/workspace/cargo-home" RUSTUP_HOME="/workspace/rustup-home" "/workspace/cargo-home/bin/cargo" "+1.75.0" "fetch" "--manifest-path" "Cargo.toml", kill_on_drop: false }`
[INFO] [stderr]     Updating crates.io index
[INFO] [stderr]  Downloading crates ...
[INFO] [stderr]   Downloaded median v0.3.2
[INFO] running `Command { std: "docker" "create" "-v" "/var/lib/crater-agent-workspace/builds/worker-1-tc1/target:/opt/rustwide/target:rw,Z" "-v" "/var/lib/crater-agent-workspace/builds/worker-1-tc1/source:/opt/rustwide/workdir:ro,Z" "-v" "/var/lib/crater-agent-workspace/cargo-home:/opt/rustwide/cargo-home:ro,Z" "-v" "/var/lib/crater-agent-workspace/rustup-home:/opt/rustwide/rustup-home:ro,Z" "-e" "SOURCE_DIR=/opt/rustwide/workdir" "-e" "CARGO_TARGET_DIR=/opt/rustwide/target" "-e" "CARGO_HOME=/opt/rustwide/cargo-home" "-e" "RUSTUP_HOME=/opt/rustwide/rustup-home" "-w" "/opt/rustwide/workdir" "-m" "1610612736" "--user" "0:0" "--network" "none" "ghcr.io/rust-lang/crates-build-env/linux@sha256:2788e3201cd34a07e3172128adcd8b3090168a8e3bcc40d7c032b9dda1df7d1c" "/opt/rustwide/cargo-home/bin/cargo" "+1.75.0" "metadata" "--no-deps" "--format-version=1", kill_on_drop: false }`
[INFO] [stdout] 1bdd207b49f0b525c99a9370482661562ee2444ed28b00ae6fb0a638441a00f2
[INFO] running `Command { std: "docker" "start" "-a" "1bdd207b49f0b525c99a9370482661562ee2444ed28b00ae6fb0a638441a00f2", kill_on_drop: false }`
[INFO] running `Command { std: "docker" "inspect" "1bdd207b49f0b525c99a9370482661562ee2444ed28b00ae6fb0a638441a00f2", kill_on_drop: false }`
[INFO] running `Command { std: "docker" "rm" "-f" "1bdd207b49f0b525c99a9370482661562ee2444ed28b00ae6fb0a638441a00f2", kill_on_drop: false }`
[INFO] [stdout] 1bdd207b49f0b525c99a9370482661562ee2444ed28b00ae6fb0a638441a00f2
[INFO] running `Command { std: "docker" "create" "-v" "/var/lib/crater-agent-workspace/builds/worker-1-tc1/target:/opt/rustwide/target:rw,Z" "-v" "/var/lib/crater-agent-workspace/builds/worker-1-tc1/source:/opt/rustwide/workdir:ro,Z" "-v" "/var/lib/crater-agent-workspace/cargo-home:/opt/rustwide/cargo-home:ro,Z" "-v" "/var/lib/crater-agent-workspace/rustup-home:/opt/rustwide/rustup-home:ro,Z" "-e" "SOURCE_DIR=/opt/rustwide/workdir" "-e" "CARGO_TARGET_DIR=/opt/rustwide/target" "-e" "CARGO_INCREMENTAL=0" "-e" "RUST_BACKTRACE=full" "-e" "RUSTFLAGS=--cap-lints=warn" "-e" "RUSTDOCFLAGS=--cap-lints=warn" "-e" "CARGO_HOME=/opt/rustwide/cargo-home" "-e" "RUSTUP_HOME=/opt/rustwide/rustup-home" "-w" "/opt/rustwide/workdir" "-m" "1610612736" "--user" "0:0" "--network" "none" "ghcr.io/rust-lang/crates-build-env/linux@sha256:2788e3201cd34a07e3172128adcd8b3090168a8e3bcc40d7c032b9dda1df7d1c" "/opt/rustwide/cargo-home/bin/cargo" "+1.75.0" "build" "--frozen" "--message-format=json", kill_on_drop: false }`
[INFO] [stdout] 1e434bb7990a6c70442665ca87064f6c6260a6b36e6540abe5d6a92d11b5523c
[INFO] running `Command { std: "docker" "start" "-a" "1e434bb7990a6c70442665ca87064f6c6260a6b36e6540abe5d6a92d11b5523c", kill_on_drop: false }`
[INFO] [stderr]    Compiling libc v0.2.126
[INFO] [stderr]    Compiling proc-macro2 v1.0.39
[INFO] [stderr]    Compiling unicode-ident v1.0.1
[INFO] [stderr]    Compiling cfg-if v1.0.0
[INFO] [stderr]    Compiling syn v1.0.96
[INFO] [stderr]    Compiling futures-core v0.3.21
[INFO] [stderr]    Compiling log v0.4.17
[INFO] [stderr]    Compiling futures-task v0.3.21
[INFO] [stderr]    Compiling futures-channel v0.3.21
[INFO] [stderr]    Compiling pin-project-lite v0.2.9
[INFO] [stderr]    Compiling futures-util v0.3.21
[INFO] [stderr]    Compiling futures-sink v0.3.21
[INFO] [stderr]    Compiling signal-hook v0.3.14
[INFO] [stderr]    Compiling lock_api v0.4.7
[INFO] [stderr]    Compiling parking_lot_core v0.9.3
[INFO] [stderr]    Compiling typenum v1.15.0
[INFO] [stderr]    Compiling ahash v0.7.6
[INFO] [stderr]    Compiling generic-array v0.14.5
[INFO] [stderr]    Compiling once_cell v1.12.0
[INFO] [stderr]    Compiling scopeguard v1.1.0
[INFO] [stderr]    Compiling futures-io v0.3.21
[INFO] [stderr]    Compiling smallvec v1.8.0
[INFO] [stderr]    Compiling slab v0.4.6
[INFO] [stderr]    Compiling pin-utils v0.1.0
[INFO] [stderr]    Compiling ppv-lite86 v0.2.16
[INFO] [stderr]    Compiling histogram v0.6.9
[INFO] [stderr]    Compiling tap v1.0.1
[INFO] [stderr]    Compiling quote v1.0.18
[INFO] [stderr]    Compiling getrandom v0.2.7
[INFO] [stderr]    Compiling signal-hook-registry v1.4.0
[INFO] [stderr]    Compiling mio v0.8.3
[INFO] [stderr]    Compiling rand_core v0.6.3
[INFO] [stderr]    Compiling parking_lot v0.12.1
[INFO] [stderr]    Compiling rand_chacha v0.3.1
[INFO] [stderr]    Compiling hashbrown v0.12.1
[INFO] [stderr]    Compiling signal-hook-mio v0.2.3
[INFO] [stderr]    Compiling rand v0.8.5
[INFO] [stderr]    Compiling crossterm v0.23.2
[INFO] [stderr]    Compiling median v0.3.2
[INFO] [stderr]    Compiling futures-macro v0.3.21
[INFO] [stderr]    Compiling tokio-macros v1.8.0
[INFO] [stderr]    Compiling pin-project-internal v1.0.10
[INFO] [stderr]    Compiling thiserror-impl v1.0.31
[INFO] [stderr]    Compiling tokio v1.19.2
[INFO] [stderr]    Compiling pin-project v1.0.10
[INFO] [stderr]    Compiling thiserror v1.0.31
[INFO] [stderr]    Compiling futures-executor v0.3.21
[INFO] [stderr]    Compiling futures v0.3.21
[INFO] [stderr]    Compiling squeezer v0.1.0 (/opt/rustwide/workdir)
[INFO] [stdout] warning: unused import: `crate::plan::Plan`
[INFO] [stdout]  --> src/collector.rs:9:5
[INFO] [stdout]   |
[INFO] [stdout] 9 | use crate::plan::Plan;
[INFO] [stdout]   |     ^^^^^^^^^^^^^^^^^
[INFO] [stdout]   |
[INFO] [stdout]   = note: `#[warn(unused_imports)]` on by default
[INFO] [stdout] 
[INFO] [stdout] 
[INFO] [stdout] warning: unused variable: `k`
[INFO] [stdout]   --> src/executor.rs:80:14
[INFO] [stdout]    |
[INFO] [stdout] 80 |         for (k, v) in &self.results {
[INFO] [stdout]    |              ^ help: if this is intentional, prefix it with an underscore: `_k`
[INFO] [stdout]    |
[INFO] [stdout]    = note: `#[warn(unused_variables)]` on by default
[INFO] [stdout] 
[INFO] [stdout] 
[INFO] [stdout] warning: unused variable: `v`
[INFO] [stdout]   --> src/executor.rs:80:17
[INFO] [stdout]    |
[INFO] [stdout] 80 |         for (k, v) in &self.results {
[INFO] [stdout]    |                 ^ help: if this is intentional, prefix it with an underscore: `_v`
[INFO] [stdout] 
[INFO] [stdout] 
[INFO] [stdout] warning: method `load` is never used
[INFO] [stdout]    --> src/executor.rs:109:12
[INFO] [stdout]     |
[INFO] [stdout] 105 | / impl<const N: usize, O> ExecutorStats<N, O>
[INFO] [stdout] 106 | |     where
[INFO] [stdout] 107 | |         O: Hash + Eq + Send + Clone + 'static,
[INFO] [stdout]     | |______________________________________________- method in this implementation
[INFO] [stdout] 108 |   {
[INFO] [stdout] 109 |       pub fn load(&self) -> Option<ExecutorStatsFrozenData<N, O>> {
[INFO] [stdout]     |              ^^^^
[INFO] [stdout]     |
[INFO] [stdout]     = note: `#[warn(dead_code)]` on by default
[INFO] [stdout] 
[INFO] [stdout] 
[INFO] [stdout] warning: struct `Executor` is never constructed
[INFO] [stdout]    --> src/executor.rs:129:12
[INFO] [stdout]     |
[INFO] [stdout] 129 | pub struct Executor<const N: usize, P, O, F, Fn>
[INFO] [stdout]     |            ^^^^^^^^
[INFO] [stdout] 
[INFO] [stdout] 
[INFO] [stdout] warning: associated items `new`, `stats`, and `run` are never used
[INFO] [stdout]    --> src/executor.rs:150:12
[INFO] [stdout]     |
[INFO] [stdout] 143 | / impl<const N: usize, P, O, F, Fn> Executor<N, P, O, F, Fn>
[INFO] [stdout] 144 | |     where
[INFO] [stdout] 145 | |         P: Plan,
[INFO] [stdout] 146 | |         O: Hash + Eq + Send + Clone + 'static,
[INFO] [stdout] 147 | |         F: 'static + Future<Output=O> + Send,
[INFO] [stdout] 148 | |         Fn: 'static + FnMut() -> F + Send,
[INFO] [stdout]     | |__________________________________________- associated items in this implementation
[INFO] [stdout] 149 |   {
[INFO] [stdout] 150 |       pub fn new(plan: P, func: Fn, max_concurrency: usize) -> Self {
[INFO] [stdout]     |              ^^^
[INFO] [stdout] ...
[INFO] [stdout] 160 |       pub fn stats(&self) -> ExecutorStats<N, O> {
[INFO] [stdout]     |              ^^^^^
[INFO] [stdout] ...
[INFO] [stdout] 167 |       pub async fn run(self) {
[INFO] [stdout]     |                    ^^^
[INFO] [stdout] 
[INFO] [stdout] 
[INFO] [stdout] warning: struct `Generator` is never constructed
[INFO] [stdout]   --> src/gen.rs:12:12
[INFO] [stdout]    |
[INFO] [stdout] 12 | pub struct Generator<P> {
[INFO] [stdout]    |            ^^^^^^^^^
[INFO] [stdout] 
[INFO] [stdout] 
[INFO] [stdout] warning: associated items `new` and `start` are never used
[INFO] [stdout]   --> src/gen.rs:17:12
[INFO] [stdout]    |
[INFO] [stdout] 16 | impl<P: Plan> Generator<P> {
[INFO] [stdout]    | -------------------------- associated items in this implementation
[INFO] [stdout] 17 |     pub fn new(plan: P) -> Self {
[INFO] [stdout]    |            ^^^
[INFO] [stdout] ...
[INFO] [stdout] 21 |     pub fn start(self) -> GeneratorStream<P> {
[INFO] [stdout]    |            ^^^^^
[INFO] [stdout] 
[INFO] [stdout] 
[INFO] [stdout] warning: variant `New` is never constructed
[INFO] [stdout]   --> src/gen.rs:27:5
[INFO] [stdout]    |
[INFO] [stdout] 26 | enum GeneratorStreamState {
[INFO] [stdout]    |      -------------------- variant in this enum
[INFO] [stdout] 27 |     New,
[INFO] [stdout]    |     ^^^
[INFO] [stdout] 
[INFO] [stdout] 
[INFO] [stdout] warning: associated function `new` is never used
[INFO] [stdout]   --> src/gen.rs:45:8
[INFO] [stdout]    |
[INFO] [stdout] 44 | impl<P: Plan> GeneratorStream<P> {
[INFO] [stdout]    | -------------------------------- associated function in this implementation
[INFO] [stdout] 45 |     fn new(plan: P) -> Self {
[INFO] [stdout]    |        ^^^
[INFO] [stdout] 
[INFO] [stdout] 
[INFO] [stdout] warning: field `time` is never read
[INFO] [stdout]   --> src/measure.rs:18:5
[INFO] [stdout]    |
[INFO] [stdout] 17 | pub struct PerSecondMeasurementState<const N: usize, P: PushMetric> {
[INFO] [stdout]    |            ------------------------- field in this struct
[INFO] [stdout] 18 |     time: Instant,
[INFO] [stdout]    |     ^^^^
[INFO] [stdout]    |
[INFO] [stdout]    = note: `PerSecondMeasurementState` has derived impls for the traits `Clone` and `Debug`, but these are intentionally ignored during dead code analysis
[INFO] [stdout] 
[INFO] [stdout] 
[INFO] [stdout] warning: method `current_in_window` is never used
[INFO] [stdout]   --> src/measure.rs:24:12
[INFO] [stdout]    |
[INFO] [stdout] 23 | impl<const N: usize, P: PushMetric> PerSecondMeasurementState<N, P> {
[INFO] [stdout]    | ------------------------------------------------------------------- method in this implementation
[INFO] [stdout] 24 |     pub fn current_in_window(&self) -> u64 {
[INFO] [stdout]    |            ^^^^^^^^^^^^^^^^^
[INFO] [stdout] 
[INFO] [stdout] 
[INFO] [stdout] warning: field `state` is never read
[INFO] [stdout]   --> src/measure.rs:66:5
[INFO] [stdout]    |
[INFO] [stdout] 65 | pub struct QpsMeasure<const N: usize, P: PushMetric> {
[INFO] [stdout]    |            ---------- field in this struct
[INFO] [stdout] 66 |     state: Arc<Mutex<PerSecondMeasurementState<N, P>>>,
[INFO] [stdout]    |     ^^^^^
[INFO] [stdout] 
[INFO] [stdout] 
[INFO] [stdout] warning: methods `push_metric`, `current`, `current_in_window`, and `state` are never used
[INFO] [stdout]    --> src/measure.rs:111:12
[INFO] [stdout]     |
[INFO] [stdout] 76  | impl<const N: usize, P: PushMetric> QpsMeasure<N, P> {
[INFO] [stdout]     | ---------------------------------------------------- methods in this implementation
[INFO] [stdout] ...
[INFO] [stdout] 111 |     pub fn push_metric(&self, metric: u64) {
[INFO] [stdout]     |            ^^^^^^^^^^^
[INFO] [stdout] ...
[INFO] [stdout] 115 |     pub fn current(&self) -> u64 {
[INFO] [stdout]     |            ^^^^^^^
[INFO] [stdout] ...
[INFO] [stdout] 120 |     pub fn current_in_window(&self) -> u64 {
[INFO] [stdout]     |            ^^^^^^^^^^^^^^^^^
[INFO] [stdout] ...
[INFO] [stdout] 125 |     pub fn state(&self) -> PerSecondMeasurementState<N, P> {
[INFO] [stdout]     |            ^^^^^
[INFO] [stdout] 
[INFO] [stdout] 
[INFO] [stdout] warning: associated function `new` is never used
[INFO] [stdout]   --> src/plan/constant.rs:20:12
[INFO] [stdout]    |
[INFO] [stdout] 19 | impl Constant {
[INFO] [stdout]    | ------------- associated function in this implementation
[INFO] [stdout] 20 |     pub fn new(val: f64, period: Duration) -> Result<Self, ()> {
[INFO] [stdout]    |            ^^^
[INFO] [stdout] 
[INFO] [stdout] 
[INFO] [stdout] warning: variant `BadInputParams` is never constructed
[INFO] [stdout]   --> src/plan/linear.rs:26:5
[INFO] [stdout]    |
[INFO] [stdout] 24 | pub enum LinearError {
[INFO] [stdout]    |          ----------- variant in this enum
[INFO] [stdout] 25 |     #[error("bad input parameters")]
[INFO] [stdout] 26 |     BadInputParams,
[INFO] [stdout]    |     ^^^^^^^^^^^^^^
[INFO] [stdout]    |
[INFO] [stdout]    = note: `LinearError` has a derived impl for the trait `Debug`, but this is intentionally ignored during dead code analysis
[INFO] [stdout] 
[INFO] [stdout] 
[INFO] [stdout] warning: associated function `new` is never used
[INFO] [stdout]   --> src/plan/linear.rs:30:12
[INFO] [stdout]    |
[INFO] [stdout] 29 | impl Linear {
[INFO] [stdout]    | ----------- associated function in this implementation
[INFO] [stdout] 30 |     pub fn new(from: f64, to: f64, period: Duration) -> Result<Self, LinearError> {
[INFO] [stdout]    |            ^^^
[INFO] [stdout] 
[INFO] [stdout] 
[INFO] [stdout] warning: struct `Collector` is never constructed
[INFO] [stdout]   --> src/collector.rs:21:12
[INFO] [stdout]    |
[INFO] [stdout] 21 | pub struct Collector<const N: usize, O>
[INFO] [stdout]    |            ^^^^^^^^^
[INFO] [stdout] 
[INFO] [stdout] 
[INFO] [stdout] warning: associated items `new`, `spawn`, and `data_view` are never used
[INFO] [stdout]   --> src/collector.rs:34:12
[INFO] [stdout]    |
[INFO] [stdout] 30 | / impl<const N: usize, O> Collector<N, O>
[INFO] [stdout] 31 | |     where
[INFO] [stdout] 32 | |         O: Hash + Eq + Send + Clone + 'static,
[INFO] [stdout]    | |______________________________________________- associated items in this implementation
[INFO] [stdout] 33 |   {
[INFO] [stdout] 34 |       pub fn new(statistics: ExecutorStats<N, O>) -> Self {
[INFO] [stdout]    |              ^^^
[INFO] [stdout] ...
[INFO] [stdout] 41 |       pub fn spawn(&self) {
[INFO] [stdout]    |              ^^^^^
[INFO] [stdout] ...
[INFO] [stdout] 60 |       pub fn data_view(&self) -> MutexGuard<'_, RawMutex, Collections> {
[INFO] [stdout]    |              ^^^^^^^^^
[INFO] [stdout] 
[INFO] [stdout] 
[INFO] [stdout] warning: 19 warnings emitted
[INFO] [stdout] 
[INFO] [stdout] 
[INFO] [stderr]     Finished dev [unoptimized + debuginfo] target(s) in 6.28s
[INFO] running `Command { std: "docker" "inspect" "1e434bb7990a6c70442665ca87064f6c6260a6b36e6540abe5d6a92d11b5523c", kill_on_drop: false }`
[INFO] running `Command { std: "docker" "rm" "-f" "1e434bb7990a6c70442665ca87064f6c6260a6b36e6540abe5d6a92d11b5523c", kill_on_drop: false }`
[INFO] [stdout] 1e434bb7990a6c70442665ca87064f6c6260a6b36e6540abe5d6a92d11b5523c
[INFO] running `Command { std: "docker" "create" "-v" "/var/lib/crater-agent-workspace/builds/worker-1-tc1/target:/opt/rustwide/target:rw,Z" "-v" "/var/lib/crater-agent-workspace/builds/worker-1-tc1/source:/opt/rustwide/workdir:ro,Z" "-v" "/var/lib/crater-agent-workspace/cargo-home:/opt/rustwide/cargo-home:ro,Z" "-v" "/var/lib/crater-agent-workspace/rustup-home:/opt/rustwide/rustup-home:ro,Z" "-e" "SOURCE_DIR=/opt/rustwide/workdir" "-e" "CARGO_TARGET_DIR=/opt/rustwide/target" "-e" "CARGO_INCREMENTAL=0" "-e" "RUST_BACKTRACE=full" "-e" "RUSTFLAGS=--cap-lints=warn" "-e" "RUSTDOCFLAGS=--cap-lints=warn" "-e" "CARGO_HOME=/opt/rustwide/cargo-home" "-e" "RUSTUP_HOME=/opt/rustwide/rustup-home" "-w" "/opt/rustwide/workdir" "-m" "1610612736" "--user" "0:0" "--network" "none" "ghcr.io/rust-lang/crates-build-env/linux@sha256:2788e3201cd34a07e3172128adcd8b3090168a8e3bcc40d7c032b9dda1df7d1c" "/opt/rustwide/cargo-home/bin/cargo" "+1.75.0" "test" "--frozen" "--no-run" "--message-format=json", kill_on_drop: false }`
[INFO] [stdout] 5025b5bd71812e51c2868d292751fb65861a3d05765b6a570f69fce5566573cc
[INFO] running `Command { std: "docker" "start" "-a" "5025b5bd71812e51c2868d292751fb65861a3d05765b6a570f69fce5566573cc", kill_on_drop: false }`
[INFO] [stdout] warning: unused import: `crate::plan::Plan`
[INFO] [stdout]  --> src/collector.rs:9:5
[INFO] [stdout]   |
[INFO] [stdout] 9 | use crate::plan::Plan;
[INFO] [stdout]   |     ^^^^^^^^^^^^^^^^^
[INFO] [stdout]   |
[INFO] [stdout]   = note: `#[warn(unused_imports)]` on by default
[INFO] [stdout] 
[INFO] [stdout] 
[INFO] [stdout] warning: unused variable: `k`
[INFO] [stdout]   --> src/executor.rs:80:14
[INFO] [stdout]    |
[INFO] [stdout] 80 |         for (k, v) in &self.results {
[INFO] [stdout]    |              ^ help: if this is intentional, prefix it with an underscore: `_k`
[INFO] [stdout]    |
[INFO] [stdout]    = note: `#[warn(unused_variables)]` on by default
[INFO] [stdout] 
[INFO] [stdout] 
[INFO] [stdout] warning: unused variable: `v`
[INFO] [stdout]   --> src/executor.rs:80:17
[INFO] [stdout]    |
[INFO] [stdout] 80 |         for (k, v) in &self.results {
[INFO] [stdout]    |                 ^ help: if this is intentional, prefix it with an underscore: `_v`
[INFO] [stdout] 
[INFO] [stdout] 
[INFO] [stdout] warning: method `load` is never used
[INFO] [stdout]    --> src/executor.rs:109:12
[INFO] [stdout]     |
[INFO] [stdout] 105 | / impl<const N: usize, O> ExecutorStats<N, O>
[INFO] [stdout] 106 | |     where
[INFO] [stdout] 107 | |         O: Hash + Eq + Send + Clone + 'static,
[INFO] [stdout]     | |______________________________________________- method in this implementation
[INFO] [stdout] 108 |   {
[INFO] [stdout] 109 |       pub fn load(&self) -> Option<ExecutorStatsFrozenData<N, O>> {
[INFO] [stdout]     |              ^^^^
[INFO] [stdout]     |
[INFO] [stdout]     = note: `#[warn(dead_code)]` on by default
[INFO] [stdout] 
[INFO] [stdout] 
[INFO] [stdout] warning: struct `Executor` is never constructed
[INFO] [stdout]    --> src/executor.rs:129:12
[INFO] [stdout]     |
[INFO] [stdout] 129 | pub struct Executor<const N: usize, P, O, F, Fn>
[INFO] [stdout]     |            ^^^^^^^^
[INFO] [stdout] 
[INFO] [stdout] 
[INFO] [stdout] warning: associated items `new`, `stats`, and `run` are never used
[INFO] [stdout]    --> src/executor.rs:150:12
[INFO] [stdout]     |
[INFO] [stdout] 143 | / impl<const N: usize, P, O, F, Fn> Executor<N, P, O, F, Fn>
[INFO] [stdout] 144 | |     where
[INFO] [stdout] 145 | |         P: Plan,
[INFO] [stdout] 146 | |         O: Hash + Eq + Send + Clone + 'static,
[INFO] [stdout] 147 | |         F: 'static + Future<Output=O> + Send,
[INFO] [stdout] 148 | |         Fn: 'static + FnMut() -> F + Send,
[INFO] [stdout]     | |__________________________________________- associated items in this implementation
[INFO] [stdout] 149 |   {
[INFO] [stdout] 150 |       pub fn new(plan: P, func: Fn, max_concurrency: usize) -> Self {
[INFO] [stdout]     |              ^^^
[INFO] [stdout] ...
[INFO] [stdout] 160 |       pub fn stats(&self) -> ExecutorStats<N, O> {
[INFO] [stdout]     |              ^^^^^
[INFO] [stdout] ...
[INFO] [stdout] 167 |       pub async fn run(self) {
[INFO] [stdout]     |                    ^^^
[INFO] [stdout] 
[INFO] [stdout] 
[INFO] [stdout] warning: struct `Generator` is never constructed
[INFO] [stdout]   --> src/gen.rs:12:12
[INFO] [stdout]    |
[INFO] [stdout] 12 | pub struct Generator<P> {
[INFO] [stdout]    |            ^^^^^^^^^
[INFO] [stdout] 
[INFO] [stdout] 
[INFO] [stdout] warning: associated items `new` and `start` are never used
[INFO] [stdout]   --> src/gen.rs:17:12
[INFO] [stdout]    |
[INFO] [stdout] 16 | impl<P: Plan> Generator<P> {
[INFO] [stdout]    | -------------------------- associated items in this implementation
[INFO] [stdout] 17 |     pub fn new(plan: P) -> Self {
[INFO] [stdout]    |            ^^^
[INFO] [stdout] ...
[INFO] [stdout] 21 |     pub fn start(self) -> GeneratorStream<P> {
[INFO] [stdout]    |            ^^^^^
[INFO] [stdout] 
[INFO] [stdout] 
[INFO] [stdout] warning: variant `New` is never constructed
[INFO] [stdout]   --> src/gen.rs:27:5
[INFO] [stdout]    |
[INFO] [stdout] 26 | enum GeneratorStreamState {
[INFO] [stdout]    |      -------------------- variant in this enum
[INFO] [stdout] 27 |     New,
[INFO] [stdout]    |     ^^^
[INFO] [stdout] 
[INFO] [stdout] 
[INFO] [stdout] warning: associated function `new` is never used
[INFO] [stdout]   --> src/gen.rs:45:8
[INFO] [stdout]    |
[INFO] [stdout] 44 | impl<P: Plan> GeneratorStream<P> {
[INFO] [stdout]    | -------------------------------- associated function in this implementation
[INFO] [stdout] 45 |     fn new(plan: P) -> Self {
[INFO] [stdout]    |        ^^^
[INFO] [stdout] 
[INFO] [stdout] 
[INFO] [stdout] warning: field `time` is never read
[INFO] [stdout]   --> src/measure.rs:18:5
[INFO] [stdout]    |
[INFO] [stdout] 17 | pub struct PerSecondMeasurementState<const N: usize, P: PushMetric> {
[INFO] [stdout]    |            ------------------------- field in this struct
[INFO] [stdout] 18 |     time: Instant,
[INFO] [stdout]    |     ^^^^
[INFO] [stdout]    |
[INFO] [stdout]    = note: `PerSecondMeasurementState` has derived impls for the traits `Clone` and `Debug`, but these are intentionally ignored during dead code analysis
[INFO] [stdout] 
[INFO] [stdout] 
[INFO] [stdout] warning: method `current_in_window` is never used
[INFO] [stdout]   --> src/measure.rs:24:12
[INFO] [stdout]    |
[INFO] [stdout] 23 | impl<const N: usize, P: PushMetric> PerSecondMeasurementState<N, P> {
[INFO] [stdout]    | ------------------------------------------------------------------- method in this implementation
[INFO] [stdout] 24 |     pub fn current_in_window(&self) -> u64 {
[INFO] [stdout]    |            ^^^^^^^^^^^^^^^^^
[INFO] [stdout] 
[INFO] [stdout] 
[INFO] [stdout] warning: field `state` is never read
[INFO] [stdout]   --> src/measure.rs:66:5
[INFO] [stdout]    |
[INFO] [stdout] 65 | pub struct QpsMeasure<const N: usize, P: PushMetric> {
[INFO] [stdout]    |            ---------- field in this struct
[INFO] [stdout] 66 |     state: Arc<Mutex<PerSecondMeasurementState<N, P>>>,
[INFO] [stdout]    |     ^^^^^
[INFO] [stdout] 
[INFO] [stdout] 
[INFO] [stdout] warning: methods `push_metric`, `current`, `current_in_window`, and `state` are never used
[INFO] [stdout]    --> src/measure.rs:111:12
[INFO] [stdout]     |
[INFO] [stdout] 76  | impl<const N: usize, P: PushMetric> QpsMeasure<N, P> {
[INFO] [stdout]     | ---------------------------------------------------- methods in this implementation
[INFO] [stdout] ...
[INFO] [stdout] 111 |     pub fn push_metric(&self, metric: u64) {
[INFO] [stdout]     |            ^^^^^^^^^^^
[INFO] [stdout] ...
[INFO] [stdout] 115 |     pub fn current(&self) -> u64 {
[INFO] [stdout]     |            ^^^^^^^
[INFO] [stdout] ...
[INFO] [stdout] 120 |     pub fn current_in_window(&self) -> u64 {
[INFO] [stdout]     |            ^^^^^^^^^^^^^^^^^
[INFO] [stdout] ...
[INFO] [stdout] 125 |     pub fn state(&self) -> PerSecondMeasurementState<N, P> {
[INFO] [stdout]     |            ^^^^^
[INFO] [stdout] 
[INFO] [stdout] 
[INFO] [stdout] warning: associated function `new` is never used
[INFO] [stdout]   --> src/plan/constant.rs:20:12
[INFO] [stdout]    |
[INFO] [stdout] 19 | impl Constant {
[INFO] [stdout]    | ------------- associated function in this implementation
[INFO] [stdout] 20 |     pub fn new(val: f64, period: Duration) -> Result<Self, ()> {
[INFO] [stdout]    |            ^^^
[INFO] [stdout] 
[INFO] [stdout] 
[INFO] [stdout] warning: variant `BadInputParams` is never constructed
[INFO] [stdout]   --> src/plan/linear.rs:26:5
[INFO] [stdout]    |
[INFO] [stdout] 24 | pub enum LinearError {
[INFO] [stdout]    |          ----------- variant in this enum
[INFO] [stdout] 25 |     #[error("bad input parameters")]
[INFO] [stdout] 26 |     BadInputParams,
[INFO] [stdout]    |     ^^^^^^^^^^^^^^
[INFO] [stdout]    |
[INFO] [stdout]    = note: `LinearError` has a derived impl for the trait `Debug`, but this is intentionally ignored during dead code analysis
[INFO] [stdout] 
[INFO] [stdout] 
[INFO] [stdout] warning: associated function `new` is never used
[INFO] [stdout]   --> src/plan/linear.rs:30:12
[INFO] [stdout]    |
[INFO] [stdout] 29 | impl Linear {
[INFO] [stdout]    | ----------- associated function in this implementation
[INFO] [stdout] 30 |     pub fn new(from: f64, to: f64, period: Duration) -> Result<Self, LinearError> {
[INFO] [stdout]    |            ^^^
[INFO] [stdout] 
[INFO] [stdout] 
[INFO] [stdout] warning: struct `Collector` is never constructed
[INFO] [stdout]   --> src/collector.rs:21:12
[INFO] [stdout]    |
[INFO] [stdout] 21 | pub struct Collector<const N: usize, O>
[INFO] [stdout]    |            ^^^^^^^^^
[INFO] [stdout] 
[INFO] [stdout] 
[INFO] [stdout] warning: associated items `new`, `spawn`, and `data_view` are never used
[INFO] [stdout]   --> src/collector.rs:34:12
[INFO] [stdout]    |
[INFO] [stdout] 30 | / impl<const N: usize, O> Collector<N, O>
[INFO] [stdout] 31 | |     where
[INFO] [stdout] 32 | |         O: Hash + Eq + Send + Clone + 'static,
[INFO] [stdout]    | |______________________________________________- associated items in this implementation
[INFO] [stdout] 33 |   {
[INFO] [stdout] 34 |       pub fn new(statistics: ExecutorStats<N, O>) -> Self {
[INFO] [stdout]    |              ^^^
[INFO] [stdout] ...
[INFO] [stdout] 41 |       pub fn spawn(&self) {
[INFO] [stdout]    |              ^^^^^
[INFO] [stdout] ...
[INFO] [stdout] 60 |       pub fn data_view(&self) -> MutexGuard<'_, RawMutex, Collections> {
[INFO] [stdout]    |              ^^^^^^^^^
[INFO] [stdout] 
[INFO] [stdout] 
[INFO] [stderr]    Compiling squeezer v0.1.0 (/opt/rustwide/workdir)
[INFO] [stdout] warning: 19 warnings emitted
[INFO] [stdout] 
[INFO] [stdout] 
[INFO] [stdout] warning: unused import: `crate::plan::Plan`
[INFO] [stdout]  --> src/collector.rs:9:5
[INFO] [stdout]   |
[INFO] [stdout] 9 | use crate::plan::Plan;
[INFO] [stdout]   |     ^^^^^^^^^^^^^^^^^
[INFO] [stdout]   |
[INFO] [stdout]   = note: `#[warn(unused_imports)]` on by default
[INFO] [stdout] 
[INFO] [stdout] 
[INFO] [stdout] warning: unused variable: `k`
[INFO] [stdout]   --> src/executor.rs:80:14
[INFO] [stdout]    |
[INFO] [stdout] 80 |         for (k, v) in &self.results {
[INFO] [stdout]    |              ^ help: if this is intentional, prefix it with an underscore: `_k`
[INFO] [stdout]    |
[INFO] [stdout]    = note: `#[warn(unused_variables)]` on by default
[INFO] [stdout] 
[INFO] [stdout] 
[INFO] [stdout] warning: unused variable: `v`
[INFO] [stdout]   --> src/executor.rs:80:17
[INFO] [stdout]    |
[INFO] [stdout] 80 |         for (k, v) in &self.results {
[INFO] [stdout]    |                 ^ help: if this is intentional, prefix it with an underscore: `_v`
[INFO] [stdout] 
[INFO] [stdout] 
[INFO] [stdout] warning: field `time` is never read
[INFO] [stdout]   --> src/measure.rs:18:5
[INFO] [stdout]    |
[INFO] [stdout] 17 | pub struct PerSecondMeasurementState<const N: usize, P: PushMetric> {
[INFO] [stdout]    |            ------------------------- field in this struct
[INFO] [stdout] 18 |     time: Instant,
[INFO] [stdout]    |     ^^^^
[INFO] [stdout]    |
[INFO] [stdout]    = note: `PerSecondMeasurementState` has derived impls for the traits `Clone` and `Debug`, but these are intentionally ignored during dead code analysis
[INFO] [stdout]    = note: `#[warn(dead_code)]` on by default
[INFO] [stdout] 
[INFO] [stdout] 
[INFO] [stdout] warning: method `current` is never used
[INFO] [stdout]    --> src/measure.rs:115:12
[INFO] [stdout]     |
[INFO] [stdout] 76  | impl<const N: usize, P: PushMetric> QpsMeasure<N, P> {
[INFO] [stdout]     | ---------------------------------------------------- method in this implementation
[INFO] [stdout] ...
[INFO] [stdout] 115 |     pub fn current(&self) -> u64 {
[INFO] [stdout]     |            ^^^^^^^
[INFO] [stdout] 
[INFO] [stdout] 
[INFO] [stdout] warning: 5 warnings emitted
[INFO] [stdout] 
[INFO] [stdout] 
[INFO] [stderr]     Finished test [unoptimized + debuginfo] target(s) in 0.84s
[INFO] running `Command { std: "docker" "inspect" "5025b5bd71812e51c2868d292751fb65861a3d05765b6a570f69fce5566573cc", kill_on_drop: false }`
[INFO] running `Command { std: "docker" "rm" "-f" "5025b5bd71812e51c2868d292751fb65861a3d05765b6a570f69fce5566573cc", kill_on_drop: false }`
[INFO] [stdout] 5025b5bd71812e51c2868d292751fb65861a3d05765b6a570f69fce5566573cc
[INFO] running `Command { std: "docker" "create" "-v" "/var/lib/crater-agent-workspace/builds/worker-1-tc1/target:/opt/rustwide/target:rw,Z" "-v" "/var/lib/crater-agent-workspace/builds/worker-1-tc1/source:/opt/rustwide/workdir:ro,Z" "-v" "/var/lib/crater-agent-workspace/cargo-home:/opt/rustwide/cargo-home:ro,Z" "-v" "/var/lib/crater-agent-workspace/rustup-home:/opt/rustwide/rustup-home:ro,Z" "-e" "SOURCE_DIR=/opt/rustwide/workdir" "-e" "CARGO_TARGET_DIR=/opt/rustwide/target" "-e" "CARGO_INCREMENTAL=0" "-e" "RUST_BACKTRACE=full" "-e" "RUSTFLAGS=--cap-lints=warn" "-e" "RUSTDOCFLAGS=--cap-lints=warn" "-e" "CARGO_HOME=/opt/rustwide/cargo-home" "-e" "RUSTUP_HOME=/opt/rustwide/rustup-home" "-w" "/opt/rustwide/workdir" "-m" "1610612736" "--user" "0:0" "--network" "none" "ghcr.io/rust-lang/crates-build-env/linux@sha256:2788e3201cd34a07e3172128adcd8b3090168a8e3bcc40d7c032b9dda1df7d1c" "/opt/rustwide/cargo-home/bin/cargo" "+1.75.0" "test" "--frozen", kill_on_drop: false }`
[INFO] [stdout] 807fea210d188d58ffcad5fd6654164a1124556285d9659e06dde343c1edbe07
[INFO] running `Command { std: "docker" "start" "-a" "807fea210d188d58ffcad5fd6654164a1124556285d9659e06dde343c1edbe07", kill_on_drop: false }`
[INFO] [stderr] warning: unused import: `crate::plan::Plan`
[INFO] [stderr]  --> src/collector.rs:9:5
[INFO] [stderr]   |
[INFO] [stderr] 9 | use crate::plan::Plan;
[INFO] [stderr]   |     ^^^^^^^^^^^^^^^^^
[INFO] [stderr]   |
[INFO] [stderr]   = note: `#[warn(unused_imports)]` on by default
[INFO] [stderr] 
[INFO] [stderr] warning: unused variable: `k`
[INFO] [stderr]   --> src/executor.rs:80:14
[INFO] [stderr]    |
[INFO] [stderr] 80 |         for (k, v) in &self.results {
[INFO] [stderr]    |              ^ help: if this is intentional, prefix it with an underscore: `_k`
[INFO] [stderr]    |
[INFO] [stderr]    = note: `#[warn(unused_variables)]` on by default
[INFO] [stderr] 
[INFO] [stderr] warning: unused variable: `v`
[INFO] [stderr]   --> src/executor.rs:80:17
[INFO] [stderr]    |
[INFO] [stderr] 80 |         for (k, v) in &self.results {
[INFO] [stderr]    |                 ^ help: if this is intentional, prefix it with an underscore: `_v`
[INFO] [stderr] 
[INFO] [stderr] warning: method `load` is never used
[INFO] [stderr]    --> src/executor.rs:109:12
[INFO] [stderr]     |
[INFO] [stderr] 105 | / impl<const N: usize, O> ExecutorStats<N, O>
[INFO] [stderr] 106 | |     where
[INFO] [stderr] 107 | |         O: Hash + Eq + Send + Clone + 'static,
[INFO] [stderr]     | |______________________________________________- method in this implementation
[INFO] [stderr] 108 |   {
[INFO] [stderr] 109 |       pub fn load(&self) -> Option<ExecutorStatsFrozenData<N, O>> {
[INFO] [stderr]     |              ^^^^
[INFO] [stderr]     |
[INFO] [stderr]     = note: `#[warn(dead_code)]` on by default
[INFO] [stderr] 
[INFO] [stderr] warning: struct `Executor` is never constructed
[INFO] [stderr]    --> src/executor.rs:129:12
[INFO] [stderr]     |
[INFO] [stderr] 129 | pub struct Executor<const N: usize, P, O, F, Fn>
[INFO] [stderr]     |            ^^^^^^^^
[INFO] [stderr] 
[INFO] [stderr] warning: associated items `new`, `stats`, and `run` are never used
[INFO] [stderr]    --> src/executor.rs:150:12
[INFO] [stderr]     |
[INFO] [stderr] 143 | / impl<const N: usize, P, O, F, Fn> Executor<N, P, O, F, Fn>
[INFO] [stderr] 144 | |     where
[INFO] [stderr] 145 | |         P: Plan,
[INFO] [stderr] 146 | |         O: Hash + Eq + Send + Clone + 'static,
[INFO] [stderr] 147 | |         F: 'static + Future<Output=O> + Send,
[INFO] [stderr] 148 | |         Fn: 'static + FnMut() -> F + Send,
[INFO] [stderr]     | |__________________________________________- associated items in this implementation
[INFO] [stderr] 149 |   {
[INFO] [stderr] 150 |       pub fn new(plan: P, func: Fn, max_concurrency: usize) -> Self {
[INFO] [stderr]     |              ^^^
[INFO] [stderr] ...
[INFO] [stderr] 160 |       pub fn stats(&self) -> ExecutorStats<N, O> {
[INFO] [stderr]     |              ^^^^^
[INFO] [stderr] ...
[INFO] [stderr] 167 |       pub async fn run(self) {
[INFO] [stderr]     |                    ^^^
[INFO] [stderr] 
[INFO] [stderr] warning: struct `Generator` is never constructed
[INFO] [stderr]   --> src/gen.rs:12:12
[INFO] [stderr]    |
[INFO] [stderr] 12 | pub struct Generator<P> {
[INFO] [stderr]    |            ^^^^^^^^^
[INFO] [stderr] 
[INFO] [stderr] warning: associated items `new` and `start` are never used
[INFO] [stderr]   --> src/gen.rs:17:12
[INFO] [stderr]    |
[INFO] [stderr] 16 | impl<P: Plan> Generator<P> {
[INFO] [stderr]    | -------------------------- associated items in this implementation
[INFO] [stderr] 17 |     pub fn new(plan: P) -> Self {
[INFO] [stderr]    |            ^^^
[INFO] [stderr] ...
[INFO] [stderr] 21 |     pub fn start(self) -> GeneratorStream<P> {
[INFO] [stderr]    |            ^^^^^
[INFO] [stderr] 
[INFO] [stderr] warning: variant `New` is never constructed
[INFO] [stderr]   --> src/gen.rs:27:5
[INFO] [stderr]    |
[INFO] [stderr] 26 | enum GeneratorStreamState {
[INFO] [stderr]    |      -------------------- variant in this enum
[INFO] [stderr] 27 |     New,
[INFO] [stderr]    |     ^^^
[INFO] [stderr] 
[INFO] [stderr] warning: associated function `new` is never used
[INFO] [stderr]   --> src/gen.rs:45:8
[INFO] [stderr]    |
[INFO] [stderr] 44 | impl<P: Plan> GeneratorStream<P> {
[INFO] [stderr]    | -------------------------------- associated function in this implementation
[INFO] [stderr] 45 |     fn new(plan: P) -> Self {
[INFO] [stderr]    |        ^^^
[INFO] [stderr] 
[INFO] [stderr] warning: field `time` is never read
[INFO] [stderr]   --> src/measure.rs:18:5
[INFO] [stderr]    |
[INFO] [stderr] 17 | pub struct PerSecondMeasurementState<const N: usize, P: PushMetric> {
[INFO] [stderr]    |            ------------------------- field in this struct
[INFO] [stderr] 18 |     time: Instant,
[INFO] [stderr]    |     ^^^^
[INFO] [stderr]    |
[INFO] [stderr]    = note: `PerSecondMeasurementState` has derived impls for the traits `Clone` and `Debug`, but these are intentionally ignored during dead code analysis
[INFO] [stderr] 
[INFO] [stderr] warning: method `current_in_window` is never used
[INFO] [stderr]   --> src/measure.rs:24:12
[INFO] [stderr]    |
[INFO] [stderr] 23 | impl<const N: usize, P: PushMetric> PerSecondMeasurementState<N, P> {
[INFO] [stderr]    | ------------------------------------------------------------------- method in this implementation
[INFO] [stderr] 24 |     pub fn current_in_window(&self) -> u64 {
[INFO] [stderr]    |            ^^^^^^^^^^^^^^^^^
[INFO] [stderr] 
[INFO] [stderr] warning: field `state` is never read
[INFO] [stderr]   --> src/measure.rs:66:5
[INFO] [stderr]    |
[INFO] [stderr] 65 | pub struct QpsMeasure<const N: usize, P: PushMetric> {
[INFO] [stderr]    |            ---------- field in this struct
[INFO] [stderr] 66 |     state: Arc<Mutex<PerSecondMeasurementState<N, P>>>,
[INFO] [stderr]    |     ^^^^^
[INFO] [stderr] 
[INFO] [stderr] warning: methods `push_metric`, `current`, `current_in_window`, and `state` are never used
[INFO] [stderr]    --> src/measure.rs:111:12
[INFO] [stderr]     |
[INFO] [stderr] 76  | impl<const N: usize, P: PushMetric> QpsMeasure<N, P> {
[INFO] [stderr]     | ---------------------------------------------------- methods in this implementation
[INFO] [stderr] ...
[INFO] [stderr] 111 |     pub fn push_metric(&self, metric: u64) {
[INFO] [stderr]     |            ^^^^^^^^^^^
[INFO] [stderr] ...
[INFO] [stderr] 115 |     pub fn current(&self) -> u64 {
[INFO] [stderr]     |            ^^^^^^^
[INFO] [stderr] ...
[INFO] [stderr] 120 |     pub fn current_in_window(&self) -> u64 {
[INFO] [stderr]     |            ^^^^^^^^^^^^^^^^^
[INFO] [stderr] ...
[INFO] [stderr] 125 |     pub fn state(&self) -> PerSecondMeasurementState<N, P> {
[INFO] [stderr]     |            ^^^^^
[INFO] [stderr] 
[INFO] [stderr] warning: associated function `new` is never used
[INFO] [stderr]   --> src/plan/constant.rs:20:12
[INFO] [stderr]    |
[INFO] [stderr] 19 | impl Constant {
[INFO] [stderr]    | ------------- associated function in this implementation
[INFO] [stderr] 20 |     pub fn new(val: f64, period: Duration) -> Result<Self, ()> {
[INFO] [stderr]    |            ^^^
[INFO] [stderr] 
[INFO] [stderr] warning: variant `BadInputParams` is never constructed
[INFO] [stderr]   --> src/plan/linear.rs:26:5
[INFO] [stderr]    |
[INFO] [stderr] 24 | pub enum LinearError {
[INFO] [stderr]    |          ----------- variant in this enum
[INFO] [stderr] 25 |     #[error("bad input parameters")]
[INFO] [stderr] 26 |     BadInputParams,
[INFO] [stderr]    |     ^^^^^^^^^^^^^^
[INFO] [stderr]    |
[INFO] [stderr]    = note: `LinearError` has a derived impl for the trait `Debug`, but this is intentionally ignored during dead code analysis
[INFO] [stderr] 
[INFO] [stderr] warning: associated function `new` is never used
[INFO] [stderr]   --> src/plan/linear.rs:30:12
[INFO] [stderr]    |
[INFO] [stderr] 29 | impl Linear {
[INFO] [stderr]    | ----------- associated function in this implementation
[INFO] [stderr] 30 |     pub fn new(from: f64, to: f64, period: Duration) -> Result<Self, LinearError> {
[INFO] [stderr]    |            ^^^
[INFO] [stderr] 
[INFO] [stderr] warning: struct `Collector` is never constructed
[INFO] [stderr]   --> src/collector.rs:21:12
[INFO] [stderr]    |
[INFO] [stderr] 21 | pub struct Collector<const N: usize, O>
[INFO] [stderr]    |            ^^^^^^^^^
[INFO] [stderr] 
[INFO] [stderr] warning: associated items `new`, `spawn`, and `data_view` are never used
[INFO] [stderr]   --> src/collector.rs:34:12
[INFO] [stderr]    |
[INFO] [stderr] 30 | / impl<const N: usize, O> Collector<N, O>
[INFO] [stderr] 31 | |     where
[INFO] [stderr] 32 | |         O: Hash + Eq + Send + Clone + 'static,
[INFO] [stderr]    | |______________________________________________- associated items in this implementation
[INFO] [stderr] 33 |   {
[INFO] [stderr] 34 |       pub fn new(statistics: ExecutorStats<N, O>) -> Self {
[INFO] [stderr]    |              ^^^
[INFO] [stderr] ...
[INFO] [stderr] 41 |       pub fn spawn(&self) {
[INFO] [stderr]    |              ^^^^^
[INFO] [stderr] ...
[INFO] [stderr] 60 |       pub fn data_view(&self) -> MutexGuard<'_, RawMutex, Collections> {
[INFO] [stderr]    |              ^^^^^^^^^
[INFO] [stderr] 
[INFO] [stderr] warning: field `time` is never read
[INFO] [stderr]   --> src/measure.rs:18:5
[INFO] [stderr]    |
[INFO] [stderr] 17 | pub struct PerSecondMeasurementState<const N: usize, P: PushMetric> {
[INFO] [stderr]    |            ------------------------- field in this struct
[INFO] [stderr] 18 |     time: Instant,
[INFO] [stderr]    |     ^^^^
[INFO] [stderr]    |
[INFO] [stderr]    = note: `PerSecondMeasurementState` has derived impls for the traits `Clone` and `Debug`, but these are intentionally ignored during dead code analysis
[INFO] [stderr]    = note: `#[warn(dead_code)]` on by default
[INFO] [stderr] 
[INFO] [stderr] warning: method `current` is never used
[INFO] [stderr]    --> src/measure.rs:115:12
[INFO] [stderr]     |
[INFO] [stderr] 76  | impl<const N: usize, P: PushMetric> QpsMeasure<N, P> {
[INFO] [stderr]     | ---------------------------------------------------- method in this implementation
[INFO] [stderr] ...
[INFO] [stderr] 115 |     pub fn current(&self) -> u64 {
[INFO] [stderr]     |            ^^^^^^^
[INFO] [stderr] 
[INFO] [stderr] warning: `squeezer` (lib) generated 19 warnings (run `cargo fix --lib -p squeezer` to apply 3 suggestions)
[INFO] [stderr] warning: `squeezer` (lib test) generated 5 warnings (3 duplicates)
[INFO] [stderr]     Finished test [unoptimized + debuginfo] target(s) in 0.04s
[INFO] [stderr]      Running unittests src/lib.rs (/opt/rustwide/target/debug/deps/squeezer-c313ce0c3e69a2ce)
[INFO] [stdout] 
[INFO] [stdout] running 5 tests
[INFO] [stdout] test plan::constant::tests::test_constant ... ok
[INFO] [stdout] test plan::linear::tests::test_linear ... ok
[INFO] [stdout] test executor::tests::test_basic ... ok
[INFO] [stdout] test measure::tests::test_measurement ... FAILED
[INFO] [stdout] test gen::tests::test_generator ... ok
[INFO] [stdout] 
[INFO] [stdout] failures:
[INFO] [stdout] 
[INFO] [stdout] ---- measure::tests::test_measurement stdout ----
[INFO] [stdout] thread 'measure::tests::test_measurement' panicked at src/measure.rs:155:9:
[INFO] [stdout] assertion `left == right` failed
[INFO] [stdout]   left: 0
[INFO] [stdout]  right: 4
[INFO] [stdout] stack backtrace:
[INFO] [stdout]    0:     0x564188470bec - std::backtrace_rs::backtrace::libunwind::trace::ha637c64ce894333a
[INFO] [stdout]                                at /rustc/82e1608dfa6e0b5569232559e3d385fea5a93112/library/std/src/../../backtrace/src/backtrace/libunwind.rs:104:5
[INFO] [stdout]    1:     0x564188470bec - std::backtrace_rs::backtrace::trace_unsynchronized::h47f62dea28e0c88d
[INFO] [stdout]                                at /rustc/82e1608dfa6e0b5569232559e3d385fea5a93112/library/std/src/../../backtrace/src/backtrace/mod.rs:66:5
[INFO] [stdout]    2:     0x564188470bec - std::sys_common::backtrace::_print_fmt::h9eef0abe20ede486
[INFO] [stdout]                                at /rustc/82e1608dfa6e0b5569232559e3d385fea5a93112/library/std/src/sys_common/backtrace.rs:67:5
[INFO] [stdout]    3:     0x564188470bec - <std::sys_common::backtrace::_print::DisplayBacktrace as core::fmt::Display>::fmt::hed7f999df88cc644
[INFO] [stdout]                                at /rustc/82e1608dfa6e0b5569232559e3d385fea5a93112/library/std/src/sys_common/backtrace.rs:44:22
[INFO] [stdout]    4:     0x56418849adc0 - core::fmt::rt::Argument::fmt::h1539a9308b8d058d
[INFO] [stdout]                                at /rustc/82e1608dfa6e0b5569232559e3d385fea5a93112/library/core/src/fmt/rt.rs:142:9
[INFO] [stdout]    5:     0x56418849adc0 - core::fmt::write::h3a39390d8560d9c9
[INFO] [stdout]                                at /rustc/82e1608dfa6e0b5569232559e3d385fea5a93112/library/core/src/fmt/mod.rs:1120:17
[INFO] [stdout]    6:     0x56418846e44f - std::io::Write::write_fmt::h040b369f3a0f9cbc
[INFO] [stdout]                                at /rustc/82e1608dfa6e0b5569232559e3d385fea5a93112/library/std/src/io/mod.rs:1762:15
[INFO] [stdout]    7:     0x5641884709d4 - std::sys_common::backtrace::_print::h894006fb5c6f3d45
[INFO] [stdout]                                at /rustc/82e1608dfa6e0b5569232559e3d385fea5a93112/library/std/src/sys_common/backtrace.rs:47:5
[INFO] [stdout]    8:     0x5641884709d4 - std::sys_common::backtrace::print::h23a2d212c6fff936
[INFO] [stdout]                                at /rustc/82e1608dfa6e0b5569232559e3d385fea5a93112/library/std/src/sys_common/backtrace.rs:34:9
[INFO] [stdout]    9:     0x564188472697 - std::panicking::default_hook::{{closure}}::h8a1d2ee00185001a
[INFO] [stdout]   10:     0x564188472383 - std::panicking::default_hook::h6038f2eba384e475
[INFO] [stdout]                                at /rustc/82e1608dfa6e0b5569232559e3d385fea5a93112/library/std/src/panicking.rs:289:9
[INFO] [stdout]   11:     0x5641883b0287 - <alloc::boxed::Box<F,A> as core::ops::function::Fn<Args>>::call::h0ad024c9bdc6d768
[INFO] [stdout]                                at /rustc/82e1608dfa6e0b5569232559e3d385fea5a93112/library/alloc/src/boxed.rs:2021:9
[INFO] [stdout]   12:     0x5641883b0287 - test::test_main::{{closure}}::h7500b54257359db6
[INFO] [stdout]                                at /rustc/82e1608dfa6e0b5569232559e3d385fea5a93112/library/test/src/lib.rs:138:21
[INFO] [stdout]   13:     0x564188472ca8 - <alloc::boxed::Box<F,A> as core::ops::function::Fn<Args>>::call::h1f8f335eaa9cfaee
[INFO] [stdout]                                at /rustc/82e1608dfa6e0b5569232559e3d385fea5a93112/library/alloc/src/boxed.rs:2021:9
[INFO] [stdout]   14:     0x564188472ca8 - std::panicking::rust_panic_with_hook::h2b5517d590cab22e
[INFO] [stdout]                                at /rustc/82e1608dfa6e0b5569232559e3d385fea5a93112/library/std/src/panicking.rs:783:13
[INFO] [stdout]   15:     0x5641884729fe - std::panicking::begin_panic_handler::{{closure}}::h233112c06e0ef43e
[INFO] [stdout]                                at /rustc/82e1608dfa6e0b5569232559e3d385fea5a93112/library/std/src/panicking.rs:657:13
[INFO] [stdout]   16:     0x5641884710b6 - std::sys_common::backtrace::__rust_end_short_backtrace::h6e893f24d7ebbff8
[INFO] [stdout]                                at /rustc/82e1608dfa6e0b5569232559e3d385fea5a93112/library/std/src/sys_common/backtrace.rs:170:18
[INFO] [stdout]   17:     0x564188472762 - rust_begin_unwind
[INFO] [stdout]                                at /rustc/82e1608dfa6e0b5569232559e3d385fea5a93112/library/std/src/panicking.rs:645:5
[INFO] [stdout]   18:     0x56418833d1b5 - core::panicking::panic_fmt::hbf0e066aabfa482c
[INFO] [stdout]                                at /rustc/82e1608dfa6e0b5569232559e3d385fea5a93112/library/core/src/panicking.rs:72:14
[INFO] [stdout]   19:     0x56418833d5cb - core::panicking::assert_failed_inner::h0bba8b7c26ee4492
[INFO] [stdout]   20:     0x56418844b3fe - core::panicking::assert_failed::h9c4f6c25bfa56cdc
[INFO] [stdout]                                at /rustc/82e1608dfa6e0b5569232559e3d385fea5a93112/library/core/src/panicking.rs:279:5
[INFO] [stdout]   21:     0x56418836e873 - squeezer::measure::tests::test_measurement::{{closure}}::hccf8d2b283b7574d
[INFO] [stdout]                                at /opt/rustwide/workdir/src/measure.rs:155:9
[INFO] [stdout]   22:     0x564188364b9b - <core::pin::Pin<P> as core::future::future::Future>::poll::hf2be97d1690159bf
[INFO] [stdout]                                at /rustc/82e1608dfa6e0b5569232559e3d385fea5a93112/library/core/src/future/future.rs:125:9
[INFO] [stdout]   23:     0x5641883445a4 - tokio::runtime::basic_scheduler::CoreGuard::block_on::{{closure}}::{{closure}}::{{closure}}::h478c31e4b22e7875
[INFO] [stdout]                                at /opt/rustwide/cargo-home/registry/src/index.crates.io-6f17d22bba15001f/tokio-1.19.2/src/runtime/basic_scheduler.rs:508:48
[INFO] [stdout]   24:     0x564188370310 - tokio::coop::with_budget::{{closure}}::hbab1fc94e23e89cf
[INFO] [stdout]                                at /opt/rustwide/cargo-home/registry/src/index.crates.io-6f17d22bba15001f/tokio-1.19.2/src/coop.rs:102:9
[INFO] [stdout]   25:     0x56418836827e - std::thread::local::LocalKey<T>::try_with::hf704b0543a56724c
[INFO] [stdout]                                at /rustc/82e1608dfa6e0b5569232559e3d385fea5a93112/library/std/src/thread/local.rs:270:16
[INFO] [stdout]   26:     0x56418836730a - std::thread::local::LocalKey<T>::with::h5bb7e6a9490c6f51
[INFO] [stdout]                                at /rustc/82e1608dfa6e0b5569232559e3d385fea5a93112/library/std/src/thread/local.rs:246:9
[INFO] [stdout]   27:     0x564188344256 - tokio::coop::with_budget::h977d12192b6cb388
[INFO] [stdout]                                at /opt/rustwide/cargo-home/registry/src/index.crates.io-6f17d22bba15001f/tokio-1.19.2/src/coop.rs:95:5
[INFO] [stdout]   28:     0x564188344256 - tokio::coop::budget::h3e7cac1d9f49bf50
[INFO] [stdout]                                at /opt/rustwide/cargo-home/registry/src/index.crates.io-6f17d22bba15001f/tokio-1.19.2/src/coop.rs:72:5
[INFO] [stdout]   29:     0x564188344256 - tokio::runtime::basic_scheduler::CoreGuard::block_on::{{closure}}::{{closure}}::h006d06cc2b77370a
[INFO] [stdout]                                at /opt/rustwide/cargo-home/registry/src/index.crates.io-6f17d22bba15001f/tokio-1.19.2/src/runtime/basic_scheduler.rs:508:25
[INFO] [stdout]   30:     0x56418833fa0c - tokio::runtime::basic_scheduler::Context::enter::h77b411db4c4828f7
[INFO] [stdout]                                at /opt/rustwide/cargo-home/registry/src/index.crates.io-6f17d22bba15001f/tokio-1.19.2/src/runtime/basic_scheduler.rs:362:19
[INFO] [stdout]   31:     0x564188342ac8 - tokio::runtime::basic_scheduler::CoreGuard::block_on::{{closure}}::h1010da0abf18ef64
[INFO] [stdout]                                at /opt/rustwide/cargo-home/registry/src/index.crates.io-6f17d22bba15001f/tokio-1.19.2/src/runtime/basic_scheduler.rs:507:36
[INFO] [stdout]   32:     0x5641883427fb - tokio::runtime::basic_scheduler::CoreGuard::enter::{{closure}}::h69a4cb88516223d1
[INFO] [stdout]                                at /opt/rustwide/cargo-home/registry/src/index.crates.io-6f17d22bba15001f/tokio-1.19.2/src/runtime/basic_scheduler.rs:565:57
[INFO] [stdout]   33:     0x564188369207 - tokio::macros::scoped_tls::ScopedKey<T>::set::h4e63a395a66e201f
[INFO] [stdout]                                at /opt/rustwide/cargo-home/registry/src/index.crates.io-6f17d22bba15001f/tokio-1.19.2/src/macros/scoped_tls.rs:61:9
[INFO] [stdout]   34:     0x56418834254c - tokio::runtime::basic_scheduler::CoreGuard::enter::hafdec42ea87e8a6a
[INFO] [stdout]                                at /opt/rustwide/cargo-home/registry/src/index.crates.io-6f17d22bba15001f/tokio-1.19.2/src/runtime/basic_scheduler.rs:565:27
[INFO] [stdout]   35:     0x564188342838 - tokio::runtime::basic_scheduler::CoreGuard::block_on::hd1ae47a639694e7f
[INFO] [stdout]                                at /opt/rustwide/cargo-home/registry/src/index.crates.io-6f17d22bba15001f/tokio-1.19.2/src/runtime/basic_scheduler.rs:498:9
[INFO] [stdout]   36:     0x56418833e4fc - tokio::runtime::basic_scheduler::BasicScheduler::block_on::h5999dc83644139f9
[INFO] [stdout]                                at /opt/rustwide/cargo-home/registry/src/index.crates.io-6f17d22bba15001f/tokio-1.19.2/src/runtime/basic_scheduler.rs:174:24
[INFO] [stdout]   37:     0x5641883762f8 - tokio::runtime::Runtime::block_on::hf85a7ee5aa703881
[INFO] [stdout]                                at /opt/rustwide/cargo-home/registry/src/index.crates.io-6f17d22bba15001f/tokio-1.19.2/src/runtime/mod.rs:480:46
[INFO] [stdout]   38:     0x56418836ddb6 - squeezer::measure::tests::test_measurement::h427bb6ad60b6f39e
[INFO] [stdout]                                at /opt/rustwide/workdir/src/measure.rs:162:9
[INFO] [stdout]   39:     0x56418836dc77 - squeezer::measure::tests::test_measurement::{{closure}}::h6ee13f31f404a529
[INFO] [stdout]                                at /opt/rustwide/workdir/src/measure.rs:135:32
[INFO] [stdout]   40:     0x5641883524e6 - core::ops::function::FnOnce::call_once::h59349443943453cf
[INFO] [stdout]                                at /rustc/82e1608dfa6e0b5569232559e3d385fea5a93112/library/core/src/ops/function.rs:250:5
[INFO] [stdout]   41:     0x5641883b58df - core::ops::function::FnOnce::call_once::h2b5d431d5046312d
[INFO] [stdout]                                at /rustc/82e1608dfa6e0b5569232559e3d385fea5a93112/library/core/src/ops/function.rs:250:5
[INFO] [stdout]   42:     0x5641883b58df - test::__rust_begin_short_backtrace::h7714669af176e207
[INFO] [stdout]                                at /rustc/82e1608dfa6e0b5569232559e3d385fea5a93112/library/test/src/lib.rs:628:18
[INFO] [stdout]   43:     0x5641883b48f5 - test::run_test_in_process::{{closure}}::h85218797dcbcec12
[INFO] [stdout]                                at /rustc/82e1608dfa6e0b5569232559e3d385fea5a93112/library/test/src/lib.rs:651:60
[INFO] [stdout]   44:     0x5641883b48f5 - <core::panic::unwind_safe::AssertUnwindSafe<F> as core::ops::function::FnOnce<()>>::call_once::h76c106ea31c14d7b
[INFO] [stdout]                                at /rustc/82e1608dfa6e0b5569232559e3d385fea5a93112/library/core/src/panic/unwind_safe.rs:272:9
[INFO] [stdout]   45:     0x5641883b48f5 - std::panicking::try::do_call::h3bd5d0f6620ee946
[INFO] [stdout]                                at /rustc/82e1608dfa6e0b5569232559e3d385fea5a93112/library/std/src/panicking.rs:552:40
[INFO] [stdout]   46:     0x5641883b48f5 - std::panicking::try::h232e535e4744fe31
[INFO] [stdout]                                at /rustc/82e1608dfa6e0b5569232559e3d385fea5a93112/library/std/src/panicking.rs:516:19
[INFO] [stdout]   47:     0x5641883b48f5 - std::panic::catch_unwind::h3ce3bd6ca8dbac68
[INFO] [stdout]                                at /rustc/82e1608dfa6e0b5569232559e3d385fea5a93112/library/std/src/panic.rs:142:14
[INFO] [stdout]   48:     0x5641883b48f5 - test::run_test_in_process::hc97b257c9621286a
[INFO] [stdout]                                at /rustc/82e1608dfa6e0b5569232559e3d385fea5a93112/library/test/src/lib.rs:651:27
[INFO] [stdout]   49:     0x5641883b48f5 - test::run_test::{{closure}}::h2aa798823a438d38
[INFO] [stdout]                                at /rustc/82e1608dfa6e0b5569232559e3d385fea5a93112/library/test/src/lib.rs:574:43
[INFO] [stdout]   50:     0x56418837cbb6 - test::run_test::{{closure}}::h87d231c78fb59832
[INFO] [stdout]                                at /rustc/82e1608dfa6e0b5569232559e3d385fea5a93112/library/test/src/lib.rs:602:41
[INFO] [stdout]   51:     0x56418837cbb6 - std::sys_common::backtrace::__rust_begin_short_backtrace::he6df152596625789
[INFO] [stdout]                                at /rustc/82e1608dfa6e0b5569232559e3d385fea5a93112/library/std/src/sys_common/backtrace.rs:154:18
[INFO] [stdout]   52:     0x564188381c67 - std::thread::Builder::spawn_unchecked_::{{closure}}::{{closure}}::ha94be15d1e0acf36
[INFO] [stdout]                                at /rustc/82e1608dfa6e0b5569232559e3d385fea5a93112/library/std/src/thread/mod.rs:529:17
[INFO] [stdout]   53:     0x564188381c67 - <core::panic::unwind_safe::AssertUnwindSafe<F> as core::ops::function::FnOnce<()>>::call_once::h9dc6bd6372f16606
[INFO] [stdout]                                at /rustc/82e1608dfa6e0b5569232559e3d385fea5a93112/library/core/src/panic/unwind_safe.rs:272:9
[INFO] [stdout]   54:     0x564188381c67 - std::panicking::try::do_call::h9057517f80303cd4
[INFO] [stdout]                                at /rustc/82e1608dfa6e0b5569232559e3d385fea5a93112/library/std/src/panicking.rs:552:40
[INFO] [stdout]   55:     0x564188381c67 - std::panicking::try::he3a30b11ee45340c
[INFO] [stdout]                                at /rustc/82e1608dfa6e0b5569232559e3d385fea5a93112/library/std/src/panicking.rs:516:19
[INFO] [stdout]   56:     0x564188381c67 - std::panic::catch_unwind::h410458cfd3528b8b
[INFO] [stdout]                                at /rustc/82e1608dfa6e0b5569232559e3d385fea5a93112/library/std/src/panic.rs:142:14
[INFO] [stdout]   57:     0x564188381c67 - std::thread::Builder::spawn_unchecked_::{{closure}}::h72ac3bdb567b737b
[INFO] [stdout]                                at /rustc/82e1608dfa6e0b5569232559e3d385fea5a93112/library/std/src/thread/mod.rs:528:30
[INFO] [stdout]   58:     0x564188381c67 - core::ops::function::FnOnce::call_once{{vtable.shim}}::h38f34da3654a8344
[INFO] [stdout]                                at /rustc/82e1608dfa6e0b5569232559e3d385fea5a93112/library/core/src/ops/function.rs:250:5
[INFO] [stdout]   59:     0x564188477815 - <alloc::boxed::Box<F,A> as core::ops::function::FnOnce<Args>>::call_once::hc7eafaff61e32df9
[INFO] [stdout]                                at /rustc/82e1608dfa6e0b5569232559e3d385fea5a93112/library/alloc/src/boxed.rs:2007:9
[INFO] [stdout]   60:     0x564188477815 - <alloc::boxed::Box<F,A> as core::ops::function::FnOnce<Args>>::call_once::h6ba4a5de48dd2304
[INFO] [stdout]                                at /rustc/82e1608dfa6e0b5569232559e3d385fea5a93112/library/alloc/src/boxed.rs:2007:9
[INFO] [stdout]   61:     0x564188477815 - std::sys::unix::thread::Thread::new::thread_start::he469335aef763e45
[INFO] [stdout]                                at /rustc/82e1608dfa6e0b5569232559e3d385fea5a93112/library/std/src/sys/unix/thread.rs:108:17
[INFO] [stdout]   62:     0x7eff67767ac3 - <unknown>
[INFO] [stdout]   63:     0x7eff677f8bf4 - __clone
[INFO] [stdout]   64:                0x0 - <unknown>
[INFO] [stdout] 
[INFO] [stdout] 
[INFO] [stdout] failures:
[INFO] [stdout]     measure::tests::test_measurement
[INFO] [stdout] 
[INFO] [stdout] test result: FAILED. 4 passed; 1 failed; 0 ignored; 0 measured; 0 filtered out; finished in 10.01s
[INFO] [stdout] 
[INFO] [stderr] error: test failed, to rerun pass `--lib`
[INFO] running `Command { std: "docker" "inspect" "807fea210d188d58ffcad5fd6654164a1124556285d9659e06dde343c1edbe07", kill_on_drop: false }`
[INFO] running `Command { std: "docker" "rm" "-f" "807fea210d188d58ffcad5fd6654164a1124556285d9659e06dde343c1edbe07", kill_on_drop: false }`
[INFO] [stdout] 807fea210d188d58ffcad5fd6654164a1124556285d9659e06dde343c1edbe07
[INFO] testing glebpom/squeezer against beta-2023-12-22 for beta-1.76-1
[INFO] running `Command { std: "git" "clone" "/workspace/cache/git-repos/https%3A%2F%2Fgithub.com%2Fglebpom%2Fsqueezer" "/workspace/builds/worker-1-tc2/source", kill_on_drop: false }`
[INFO] [stderr] Cloning into '/workspace/builds/worker-1-tc2/source'...
[INFO] [stderr] done.
[INFO] validating manifest of git repo https://github.com/glebpom/squeezer on toolchain beta-2023-12-22
[INFO] running `Command { std: CARGO_HOME="/workspace/cargo-home" RUSTUP_HOME="/workspace/rustup-home" "/workspace/cargo-home/bin/cargo" "+beta-2023-12-22" "metadata" "--manifest-path" "Cargo.toml" "--no-deps", kill_on_drop: false }`
[INFO] started tweaking git repo https://github.com/glebpom/squeezer
[INFO] finished tweaking git repo https://github.com/glebpom/squeezer
[INFO] tweaked toml for git repo https://github.com/glebpom/squeezer written to /workspace/builds/worker-1-tc2/source/Cargo.toml
[INFO] crate git repo https://github.com/glebpom/squeezer already has a lockfile, it will not be regenerated
[INFO] running `Command { std: CARGO_HOME="/workspace/cargo-home" RUSTUP_HOME="/workspace/rustup-home" "/workspace/cargo-home/bin/cargo" "+beta-2023-12-22" "fetch" "--manifest-path" "Cargo.toml", kill_on_drop: false }`
[INFO] running `Command { std: "docker" "create" "-v" "/var/lib/crater-agent-workspace/builds/worker-1-tc2/target:/opt/rustwide/target:rw,Z" "-v" "/var/lib/crater-agent-workspace/builds/worker-1-tc2/source:/opt/rustwide/workdir:ro,Z" "-v" "/var/lib/crater-agent-workspace/cargo-home:/opt/rustwide/cargo-home:ro,Z" "-v" "/var/lib/crater-agent-workspace/rustup-home:/opt/rustwide/rustup-home:ro,Z" "-e" "SOURCE_DIR=/opt/rustwide/workdir" "-e" "CARGO_TARGET_DIR=/opt/rustwide/target" "-e" "CARGO_HOME=/opt/rustwide/cargo-home" "-e" "RUSTUP_HOME=/opt/rustwide/rustup-home" "-w" "/opt/rustwide/workdir" "-m" "1610612736" "--user" "0:0" "--network" "none" "ghcr.io/rust-lang/crates-build-env/linux@sha256:2788e3201cd34a07e3172128adcd8b3090168a8e3bcc40d7c032b9dda1df7d1c" "/opt/rustwide/cargo-home/bin/cargo" "+beta-2023-12-22" "metadata" "--no-deps" "--format-version=1", kill_on_drop: false }`
[INFO] [stdout] a0e1219cbfe1f8af7272fd7670a6d71563d5eb0e1a7ca628752732face988d55
[INFO] running `Command { std: "docker" "start" "-a" "a0e1219cbfe1f8af7272fd7670a6d71563d5eb0e1a7ca628752732face988d55", kill_on_drop: false }`
[INFO] running `Command { std: "docker" "inspect" "a0e1219cbfe1f8af7272fd7670a6d71563d5eb0e1a7ca628752732face988d55", kill_on_drop: false }`
[INFO] running `Command { std: "docker" "rm" "-f" "a0e1219cbfe1f8af7272fd7670a6d71563d5eb0e1a7ca628752732face988d55", kill_on_drop: false }`
[INFO] [stdout] a0e1219cbfe1f8af7272fd7670a6d71563d5eb0e1a7ca628752732face988d55
[INFO] running `Command { std: "docker" "create" "-v" "/var/lib/crater-agent-workspace/builds/worker-1-tc2/target:/opt/rustwide/target:rw,Z" "-v" "/var/lib/crater-agent-workspace/builds/worker-1-tc2/source:/opt/rustwide/workdir:ro,Z" "-v" "/var/lib/crater-agent-workspace/cargo-home:/opt/rustwide/cargo-home:ro,Z" "-v" "/var/lib/crater-agent-workspace/rustup-home:/opt/rustwide/rustup-home:ro,Z" "-e" "SOURCE_DIR=/opt/rustwide/workdir" "-e" "CARGO_TARGET_DIR=/opt/rustwide/target" "-e" "CARGO_INCREMENTAL=0" "-e" "RUST_BACKTRACE=full" "-e" "RUSTFLAGS=--cap-lints=warn" "-e" "RUSTDOCFLAGS=--cap-lints=warn" "-e" "CARGO_HOME=/opt/rustwide/cargo-home" "-e" "RUSTUP_HOME=/opt/rustwide/rustup-home" "-w" "/opt/rustwide/workdir" "-m" "1610612736" "--user" "0:0" "--network" "none" "ghcr.io/rust-lang/crates-build-env/linux@sha256:2788e3201cd34a07e3172128adcd8b3090168a8e3bcc40d7c032b9dda1df7d1c" "/opt/rustwide/cargo-home/bin/cargo" "+beta-2023-12-22" "build" "--frozen" "--message-format=json", kill_on_drop: false }`
[INFO] [stdout] e76059405f922a7c8895ee3e0275478eb563ca9c8347d798404887b0548ebd6c
[INFO] running `Command { std: "docker" "start" "-a" "e76059405f922a7c8895ee3e0275478eb563ca9c8347d798404887b0548ebd6c", kill_on_drop: false }`
[INFO] [stderr]    Compiling libc v0.2.126
[INFO] [stderr]    Compiling proc-macro2 v1.0.39
[INFO] [stderr]    Compiling unicode-ident v1.0.1
[INFO] [stderr]    Compiling cfg-if v1.0.0
[INFO] [stderr]    Compiling syn v1.0.96
[INFO] [stderr]    Compiling futures-core v0.3.21
[INFO] [stderr]    Compiling futures-channel v0.3.21
[INFO] [stderr]    Compiling log v0.4.17
[INFO] [stderr]    Compiling futures-task v0.3.21
[INFO] [stderr]    Compiling typenum v1.15.0
[INFO] [stderr]    Compiling signal-hook v0.3.14
[INFO] [stderr]    Compiling futures-util v0.3.21
[INFO] [stderr]    Compiling pin-project-lite v0.2.9
[INFO] [stderr]    Compiling lock_api v0.4.7
[INFO] [stderr]    Compiling parking_lot_core v0.9.3
[INFO] [stderr]    Compiling futures-sink v0.3.21
[INFO] [stderr]    Compiling generic-array v0.14.5
[INFO] [stderr]    Compiling ahash v0.7.6
[INFO] [stderr]    Compiling once_cell v1.12.0
[INFO] [stderr]    Compiling smallvec v1.8.0
[INFO] [stderr]    Compiling pin-utils v0.1.0
[INFO] [stderr]    Compiling scopeguard v1.1.0
[INFO] [stderr]    Compiling futures-io v0.3.21
[INFO] [stderr]    Compiling slab v0.4.6
[INFO] [stderr]    Compiling ppv-lite86 v0.2.16
[INFO] [stderr]    Compiling tap v1.0.1
[INFO] [stderr]    Compiling histogram v0.6.9
[INFO] [stderr]    Compiling quote v1.0.18
[INFO] [stderr]    Compiling getrandom v0.2.7
[INFO] [stderr]    Compiling signal-hook-registry v1.4.0
[INFO] [stderr]    Compiling mio v0.8.3
[INFO] [stderr]    Compiling rand_core v0.6.3
[INFO] [stderr]    Compiling parking_lot v0.12.1
[INFO] [stderr]    Compiling rand_chacha v0.3.1
[INFO] [stderr]    Compiling hashbrown v0.12.1
[INFO] [stderr]    Compiling signal-hook-mio v0.2.3
[INFO] [stderr]    Compiling crossterm v0.23.2
[INFO] [stderr]    Compiling rand v0.8.5
[INFO] [stderr]    Compiling median v0.3.2
[INFO] [stderr]    Compiling futures-macro v0.3.21
[INFO] [stderr]    Compiling thiserror-impl v1.0.31
[INFO] [stderr]    Compiling pin-project-internal v1.0.10
[INFO] [stderr]    Compiling tokio-macros v1.8.0
[INFO] [stderr]    Compiling tokio v1.19.2
[INFO] [stderr]    Compiling thiserror v1.0.31
[INFO] [stderr]    Compiling pin-project v1.0.10
[INFO] [stderr]    Compiling futures-executor v0.3.21
[INFO] [stderr]    Compiling futures v0.3.21
[INFO] [stderr]    Compiling squeezer v0.1.0 (/opt/rustwide/workdir)
[INFO] [stdout] warning: unused import: `crate::plan::Plan`
[INFO] [stdout]  --> src/collector.rs:9:5
[INFO] [stdout]   |
[INFO] [stdout] 9 | use crate::plan::Plan;
[INFO] [stdout]   |     ^^^^^^^^^^^^^^^^^
[INFO] [stdout]   |
[INFO] [stdout]   = note: `#[warn(unused_imports)]` on by default
[INFO] [stdout] 
[INFO] [stdout] 
[INFO] [stdout] warning: unused variable: `k`
[INFO] [stdout]   --> src/executor.rs:80:14
[INFO] [stdout]    |
[INFO] [stdout] 80 |         for (k, v) in &self.results {
[INFO] [stdout]    |              ^ help: if this is intentional, prefix it with an underscore: `_k`
[INFO] [stdout]    |
[INFO] [stdout]    = note: `#[warn(unused_variables)]` on by default
[INFO] [stdout] 
[INFO] [stdout] 
[INFO] [stdout] warning: unused variable: `v`
[INFO] [stdout]   --> src/executor.rs:80:17
[INFO] [stdout]    |
[INFO] [stdout] 80 |         for (k, v) in &self.results {
[INFO] [stdout]    |                 ^ help: if this is intentional, prefix it with an underscore: `_v`
[INFO] [stdout] 
[INFO] [stdout] 
[INFO] [stdout] warning: method `load` is never used
[INFO] [stdout]    --> src/executor.rs:109:12
[INFO] [stdout]     |
[INFO] [stdout] 105 | / impl<const N: usize, O> ExecutorStats<N, O>
[INFO] [stdout] 106 | |     where
[INFO] [stdout] 107 | |         O: Hash + Eq + Send + Clone + 'static,
[INFO] [stdout]     | |______________________________________________- method in this implementation
[INFO] [stdout] 108 |   {
[INFO] [stdout] 109 |       pub fn load(&self) -> Option<ExecutorStatsFrozenData<N, O>> {
[INFO] [stdout]     |              ^^^^
[INFO] [stdout]     |
[INFO] [stdout]     = note: `#[warn(dead_code)]` on by default
[INFO] [stdout] 
[INFO] [stdout] 
[INFO] [stdout] warning: struct `Executor` is never constructed
[INFO] [stdout]    --> src/executor.rs:129:12
[INFO] [stdout]     |
[INFO] [stdout] 129 | pub struct Executor<const N: usize, P, O, F, Fn>
[INFO] [stdout]     |            ^^^^^^^^
[INFO] [stdout] 
[INFO] [stdout] 
[INFO] [stdout] warning: associated items `new`, `stats`, and `run` are never used
[INFO] [stdout]    --> src/executor.rs:150:12
[INFO] [stdout]     |
[INFO] [stdout] 143 | / impl<const N: usize, P, O, F, Fn> Executor<N, P, O, F, Fn>
[INFO] [stdout] 144 | |     where
[INFO] [stdout] 145 | |         P: Plan,
[INFO] [stdout] 146 | |         O: Hash + Eq + Send + Clone + 'static,
[INFO] [stdout] 147 | |         F: 'static + Future<Output=O> + Send,
[INFO] [stdout] 148 | |         Fn: 'static + FnMut() -> F + Send,
[INFO] [stdout]     | |__________________________________________- associated items in this implementation
[INFO] [stdout] 149 |   {
[INFO] [stdout] 150 |       pub fn new(plan: P, func: Fn, max_concurrency: usize) -> Self {
[INFO] [stdout]     |              ^^^
[INFO] [stdout] ...
[INFO] [stdout] 160 |       pub fn stats(&self) -> ExecutorStats<N, O> {
[INFO] [stdout]     |              ^^^^^
[INFO] [stdout] ...
[INFO] [stdout] 167 |       pub async fn run(self) {
[INFO] [stdout]     |                    ^^^
[INFO] [stdout] 
[INFO] [stdout] 
[INFO] [stdout] warning: struct `Generator` is never constructed
[INFO] [stdout]   --> src/gen.rs:12:12
[INFO] [stdout]    |
[INFO] [stdout] 12 | pub struct Generator<P> {
[INFO] [stdout]    |            ^^^^^^^^^
[INFO] [stdout] 
[INFO] [stdout] 
[INFO] [stdout] warning: associated items `new` and `start` are never used
[INFO] [stdout]   --> src/gen.rs:17:12
[INFO] [stdout]    |
[INFO] [stdout] 16 | impl<P: Plan> Generator<P> {
[INFO] [stdout]    | -------------------------- associated items in this implementation
[INFO] [stdout] 17 |     pub fn new(plan: P) -> Self {
[INFO] [stdout]    |            ^^^
[INFO] [stdout] ...
[INFO] [stdout] 21 |     pub fn start(self) -> GeneratorStream<P> {
[INFO] [stdout]    |            ^^^^^
[INFO] [stdout] 
[INFO] [stdout] 
[INFO] [stdout] warning: variant `New` is never constructed
[INFO] [stdout]   --> src/gen.rs:27:5
[INFO] [stdout]    |
[INFO] [stdout] 26 | enum GeneratorStreamState {
[INFO] [stdout]    |      -------------------- variant in this enum
[INFO] [stdout] 27 |     New,
[INFO] [stdout]    |     ^^^
[INFO] [stdout] 
[INFO] [stdout] 
[INFO] [stdout] warning: associated function `new` is never used
[INFO] [stdout]   --> src/gen.rs:45:8
[INFO] [stdout]    |
[INFO] [stdout] 44 | impl<P: Plan> GeneratorStream<P> {
[INFO] [stdout]    | -------------------------------- associated function in this implementation
[INFO] [stdout] 45 |     fn new(plan: P) -> Self {
[INFO] [stdout]    |        ^^^
[INFO] [stdout] 
[INFO] [stdout] 
[INFO] [stdout] warning: field `time` is never read
[INFO] [stdout]   --> src/measure.rs:18:5
[INFO] [stdout]    |
[INFO] [stdout] 17 | pub struct PerSecondMeasurementState<const N: usize, P: PushMetric> {
[INFO] [stdout]    |            ------------------------- field in this struct
[INFO] [stdout] 18 |     time: Instant,
[INFO] [stdout]    |     ^^^^
[INFO] [stdout]    |
[INFO] [stdout]    = note: `PerSecondMeasurementState` has derived impls for the traits `Clone` and `Debug`, but these are intentionally ignored during dead code analysis
[INFO] [stdout] 
[INFO] [stdout] 
[INFO] [stdout] warning: method `current_in_window` is never used
[INFO] [stdout]   --> src/measure.rs:24:12
[INFO] [stdout]    |
[INFO] [stdout] 23 | impl<const N: usize, P: PushMetric> PerSecondMeasurementState<N, P> {
[INFO] [stdout]    | ------------------------------------------------------------------- method in this implementation
[INFO] [stdout] 24 |     pub fn current_in_window(&self) -> u64 {
[INFO] [stdout]    |            ^^^^^^^^^^^^^^^^^
[INFO] [stdout] 
[INFO] [stdout] 
[INFO] [stdout] warning: field `state` is never read
[INFO] [stdout]   --> src/measure.rs:66:5
[INFO] [stdout]    |
[INFO] [stdout] 65 | pub struct QpsMeasure<const N: usize, P: PushMetric> {
[INFO] [stdout]    |            ---------- field in this struct
[INFO] [stdout] 66 |     state: Arc<Mutex<PerSecondMeasurementState<N, P>>>,
[INFO] [stdout]    |     ^^^^^
[INFO] [stdout] 
[INFO] [stdout] 
[INFO] [stdout] warning: methods `push_metric`, `current`, `current_in_window`, and `state` are never used
[INFO] [stdout]    --> src/measure.rs:111:12
[INFO] [stdout]     |
[INFO] [stdout] 76  | impl<const N: usize, P: PushMetric> QpsMeasure<N, P> {
[INFO] [stdout]     | ---------------------------------------------------- methods in this implementation
[INFO] [stdout] ...
[INFO] [stdout] 111 |     pub fn push_metric(&self, metric: u64) {
[INFO] [stdout]     |            ^^^^^^^^^^^
[INFO] [stdout] ...
[INFO] [stdout] 115 |     pub fn current(&self) -> u64 {
[INFO] [stdout]     |            ^^^^^^^
[INFO] [stdout] ...
[INFO] [stdout] 120 |     pub fn current_in_window(&self) -> u64 {
[INFO] [stdout]     |            ^^^^^^^^^^^^^^^^^
[INFO] [stdout] ...
[INFO] [stdout] 125 |     pub fn state(&self) -> PerSecondMeasurementState<N, P> {
[INFO] [stdout]     |            ^^^^^
[INFO] [stdout] 
[INFO] [stdout] 
[INFO] [stdout] warning: associated function `new` is never used
[INFO] [stdout]   --> src/plan/constant.rs:20:12
[INFO] [stdout]    |
[INFO] [stdout] 19 | impl Constant {
[INFO] [stdout]    | ------------- associated function in this implementation
[INFO] [stdout] 20 |     pub fn new(val: f64, period: Duration) -> Result<Self, ()> {
[INFO] [stdout]    |            ^^^
[INFO] [stdout] 
[INFO] [stdout] 
[INFO] [stdout] warning: variant `BadInputParams` is never constructed
[INFO] [stdout]   --> src/plan/linear.rs:26:5
[INFO] [stdout]    |
[INFO] [stdout] 24 | pub enum LinearError {
[INFO] [stdout]    |          ----------- variant in this enum
[INFO] [stdout] 25 |     #[error("bad input parameters")]
[INFO] [stdout] 26 |     BadInputParams,
[INFO] [stdout]    |     ^^^^^^^^^^^^^^
[INFO] [stdout]    |
[INFO] [stdout]    = note: `LinearError` has a derived impl for the trait `Debug`, but this is intentionally ignored during dead code analysis
[INFO] [stdout] 
[INFO] [stdout] 
[INFO] [stdout] warning: associated function `new` is never used
[INFO] [stdout]   --> src/plan/linear.rs:30:12
[INFO] [stdout]    |
[INFO] [stdout] 29 | impl Linear {
[INFO] [stdout]    | ----------- associated function in this implementation
[INFO] [stdout] 30 |     pub fn new(from: f64, to: f64, period: Duration) -> Result<Self, LinearError> {
[INFO] [stdout]    |            ^^^
[INFO] [stdout] 
[INFO] [stdout] 
[INFO] [stdout] warning: struct `Collector` is never constructed
[INFO] [stdout]   --> src/collector.rs:21:12
[INFO] [stdout]    |
[INFO] [stdout] 21 | pub struct Collector<const N: usize, O>
[INFO] [stdout]    |            ^^^^^^^^^
[INFO] [stdout] 
[INFO] [stdout] 
[INFO] [stdout] warning: associated items `new`, `spawn`, and `data_view` are never used
[INFO] [stdout]   --> src/collector.rs:34:12
[INFO] [stdout]    |
[INFO] [stdout] 30 | / impl<const N: usize, O> Collector<N, O>
[INFO] [stdout] 31 | |     where
[INFO] [stdout] 32 | |         O: Hash + Eq + Send + Clone + 'static,
[INFO] [stdout]    | |______________________________________________- associated items in this implementation
[INFO] [stdout] 33 |   {
[INFO] [stdout] 34 |       pub fn new(statistics: ExecutorStats<N, O>) -> Self {
[INFO] [stdout]    |              ^^^
[INFO] [stdout] ...
[INFO] [stdout] 41 |       pub fn spawn(&self) {
[INFO] [stdout]    |              ^^^^^
[INFO] [stdout] ...
[INFO] [stdout] 60 |       pub fn data_view(&self) -> MutexGuard<'_, RawMutex, Collections> {
[INFO] [stdout]    |              ^^^^^^^^^
[INFO] [stdout] 
[INFO] [stdout] 
[INFO] [stdout] warning: 19 warnings emitted
[INFO] [stdout] 
[INFO] [stdout] 
[INFO] [stderr]     Finished dev [unoptimized + debuginfo] target(s) in 5.64s
[INFO] running `Command { std: "docker" "inspect" "e76059405f922a7c8895ee3e0275478eb563ca9c8347d798404887b0548ebd6c", kill_on_drop: false }`
[INFO] running `Command { std: "docker" "rm" "-f" "e76059405f922a7c8895ee3e0275478eb563ca9c8347d798404887b0548ebd6c", kill_on_drop: false }`
[INFO] [stdout] e76059405f922a7c8895ee3e0275478eb563ca9c8347d798404887b0548ebd6c
[INFO] running `Command { std: "docker" "create" "-v" "/var/lib/crater-agent-workspace/builds/worker-1-tc2/target:/opt/rustwide/target:rw,Z" "-v" "/var/lib/crater-agent-workspace/builds/worker-1-tc2/source:/opt/rustwide/workdir:ro,Z" "-v" "/var/lib/crater-agent-workspace/cargo-home:/opt/rustwide/cargo-home:ro,Z" "-v" "/var/lib/crater-agent-workspace/rustup-home:/opt/rustwide/rustup-home:ro,Z" "-e" "SOURCE_DIR=/opt/rustwide/workdir" "-e" "CARGO_TARGET_DIR=/opt/rustwide/target" "-e" "CARGO_INCREMENTAL=0" "-e" "RUST_BACKTRACE=full" "-e" "RUSTFLAGS=--cap-lints=warn" "-e" "RUSTDOCFLAGS=--cap-lints=warn" "-e" "CARGO_HOME=/opt/rustwide/cargo-home" "-e" "RUSTUP_HOME=/opt/rustwide/rustup-home" "-w" "/opt/rustwide/workdir" "-m" "1610612736" "--user" "0:0" "--network" "none" "ghcr.io/rust-lang/crates-build-env/linux@sha256:2788e3201cd34a07e3172128adcd8b3090168a8e3bcc40d7c032b9dda1df7d1c" "/opt/rustwide/cargo-home/bin/cargo" "+beta-2023-12-22" "test" "--frozen" "--no-run" "--message-format=json", kill_on_drop: false }`
[INFO] [stdout] 8e27b86a142bca265a494d92dd3b6c43a31809e95d6153cea8c00f6d60c6b230
[INFO] running `Command { std: "docker" "start" "-a" "8e27b86a142bca265a494d92dd3b6c43a31809e95d6153cea8c00f6d60c6b230", kill_on_drop: false }`
[INFO] [stdout] warning: unused import: `crate::plan::Plan`
[INFO] [stdout]  --> src/collector.rs:9:5
[INFO] [stdout]   |
[INFO] [stdout] 9 | use crate::plan::Plan;
[INFO] [stdout]   |     ^^^^^^^^^^^^^^^^^
[INFO] [stdout]   |
[INFO] [stdout]   = note: `#[warn(unused_imports)]` on by default
[INFO] [stdout] 
[INFO] [stdout] 
[INFO] [stdout] warning: unused variable: `k`
[INFO] [stdout]   --> src/executor.rs:80:14
[INFO] [stdout]    |
[INFO] [stdout] 80 |         for (k, v) in &self.results {
[INFO] [stdout]    |              ^ help: if this is intentional, prefix it with an underscore: `_k`
[INFO] [stdout]    |
[INFO] [stdout]    = note: `#[warn(unused_variables)]` on by default
[INFO] [stdout] 
[INFO] [stdout] 
[INFO] [stdout] warning: unused variable: `v`
[INFO] [stdout]   --> src/executor.rs:80:17
[INFO] [stdout]    |
[INFO] [stdout] 80 |         for (k, v) in &self.results {
[INFO] [stdout]    |                 ^ help: if this is intentional, prefix it with an underscore: `_v`
[INFO] [stdout] 
[INFO] [stdout] 
[INFO] [stdout] warning: method `load` is never used
[INFO] [stdout]    --> src/executor.rs:109:12
[INFO] [stdout]     |
[INFO] [stdout] 105 | / impl<const N: usize, O> ExecutorStats<N, O>
[INFO] [stdout] 106 | |     where
[INFO] [stdout] 107 | |         O: Hash + Eq + Send + Clone + 'static,
[INFO] [stdout]     | |______________________________________________- method in this implementation
[INFO] [stdout] 108 |   {
[INFO] [stdout] 109 |       pub fn load(&self) -> Option<ExecutorStatsFrozenData<N, O>> {
[INFO] [stdout]     |              ^^^^
[INFO] [stdout]     |
[INFO] [stdout]     = note: `#[warn(dead_code)]` on by default
[INFO] [stdout] 
[INFO] [stdout] 
[INFO] [stdout] warning: struct `Executor` is never constructed
[INFO] [stdout]    --> src/executor.rs:129:12
[INFO] [stdout]     |
[INFO] [stdout] 129 | pub struct Executor<const N: usize, P, O, F, Fn>
[INFO] [stdout]     |            ^^^^^^^^
[INFO] [stdout] 
[INFO] [stdout] 
[INFO] [stdout] warning: associated items `new`, `stats`, and `run` are never used
[INFO] [stdout]    --> src/executor.rs:150:12
[INFO] [stdout]     |
[INFO] [stdout] 143 | / impl<const N: usize, P, O, F, Fn> Executor<N, P, O, F, Fn>
[INFO] [stdout] 144 | |     where
[INFO] [stdout] 145 | |         P: Plan,
[INFO] [stdout] 146 | |         O: Hash + Eq + Send + Clone + 'static,
[INFO] [stdout] 147 | |         F: 'static + Future<Output=O> + Send,
[INFO] [stdout] 148 | |         Fn: 'static + FnMut() -> F + Send,
[INFO] [stdout]     | |__________________________________________- associated items in this implementation
[INFO] [stdout] 149 |   {
[INFO] [stdout] 150 |       pub fn new(plan: P, func: Fn, max_concurrency: usize) -> Self {
[INFO] [stdout]     |              ^^^
[INFO] [stdout] ...
[INFO] [stdout] 160 |       pub fn stats(&self) -> ExecutorStats<N, O> {
[INFO] [stdout]     |              ^^^^^
[INFO] [stdout] ...
[INFO] [stdout] 167 |       pub async fn run(self) {
[INFO] [stdout]     |                    ^^^
[INFO] [stdout] 
[INFO] [stdout] 
[INFO] [stdout] warning: struct `Generator` is never constructed
[INFO] [stdout]   --> src/gen.rs:12:12
[INFO] [stdout]    |
[INFO] [stdout] 12 | pub struct Generator<P> {
[INFO] [stdout]    |            ^^^^^^^^^
[INFO] [stdout] 
[INFO] [stdout] 
[INFO] [stdout] warning: associated items `new` and `start` are never used
[INFO] [stdout]   --> src/gen.rs:17:12
[INFO] [stdout]    |
[INFO] [stdout] 16 | impl<P: Plan> Generator<P> {
[INFO] [stdout]    | -------------------------- associated items in this implementation
[INFO] [stdout] 17 |     pub fn new(plan: P) -> Self {
[INFO] [stdout]    |            ^^^
[INFO] [stdout] ...
[INFO] [stdout] 21 |     pub fn start(self) -> GeneratorStream<P> {
[INFO] [stdout]    |            ^^^^^
[INFO] [stdout] 
[INFO] [stdout] 
[INFO] [stdout] warning: variant `New` is never constructed
[INFO] [stdout]   --> src/gen.rs:27:5
[INFO] [stdout]    |
[INFO] [stdout] 26 | enum GeneratorStreamState {
[INFO] [stdout]    |      -------------------- variant in this enum
[INFO] [stdout] 27 |     New,
[INFO] [stdout]    |     ^^^
[INFO] [stdout] 
[INFO] [stdout] 
[INFO] [stdout] warning: associated function `new` is never used
[INFO] [stdout]   --> src/gen.rs:45:8
[INFO] [stdout]    |
[INFO] [stdout] 44 | impl<P: Plan> GeneratorStream<P> {
[INFO] [stdout]    | -------------------------------- associated function in this implementation
[INFO] [stdout] 45 |     fn new(plan: P) -> Self {
[INFO] [stdout]    |        ^^^
[INFO] [stdout] 
[INFO] [stdout] 
[INFO] [stdout] warning: field `time` is never read
[INFO] [stdout]   --> src/measure.rs:18:5
[INFO] [stdout]    |
[INFO] [stdout] 17 | pub struct PerSecondMeasurementState<const N: usize, P: PushMetric> {
[INFO] [stdout]    |            ------------------------- field in this struct
[INFO] [stdout] 18 |     time: Instant,
[INFO] [stdout]    |     ^^^^
[INFO] [stdout]    |
[INFO] [stdout]    = note: `PerSecondMeasurementState` has derived impls for the traits `Clone` and `Debug`, but these are intentionally ignored during dead code analysis
[INFO] [stdout] 
[INFO] [stdout] 
[INFO] [stdout] warning: method `current_in_window` is never used
[INFO] [stdout]   --> src/measure.rs:24:12
[INFO] [stdout]    |
[INFO] [stdout] 23 | impl<const N: usize, P: PushMetric> PerSecondMeasurementState<N, P> {
[INFO] [stdout]    | ------------------------------------------------------------------- method in this implementation
[INFO] [stdout] 24 |     pub fn current_in_window(&self) -> u64 {
[INFO] [stdout]    |            ^^^^^^^^^^^^^^^^^
[INFO] [stdout] 
[INFO] [stdout] 
[INFO] [stdout] warning: field `state` is never read
[INFO] [stdout]   --> src/measure.rs:66:5
[INFO] [stdout]    |
[INFO] [stdout] 65 | pub struct QpsMeasure<const N: usize, P: PushMetric> {
[INFO] [stdout]    |            ---------- field in this struct
[INFO] [stdout] 66 |     state: Arc<Mutex<PerSecondMeasurementState<N, P>>>,
[INFO] [stdout]    |     ^^^^^
[INFO] [stdout] 
[INFO] [stdout] 
[INFO] [stdout] warning: methods `push_metric`, `current`, `current_in_window`, and `state` are never used
[INFO] [stdout]    --> src/measure.rs:111:12
[INFO] [stdout]     |
[INFO] [stdout] 76  | impl<const N: usize, P: PushMetric> QpsMeasure<N, P> {
[INFO] [stdout]     | ---------------------------------------------------- methods in this implementation
[INFO] [stdout] ...
[INFO] [stdout] 111 |     pub fn push_metric(&self, metric: u64) {
[INFO] [stdout]     |            ^^^^^^^^^^^
[INFO] [stdout] ...
[INFO] [stdout] 115 |     pub fn current(&self) -> u64 {
[INFO] [stdout]     |            ^^^^^^^
[INFO] [stdout] ...
[INFO] [stdout] 120 |     pub fn current_in_window(&self) -> u64 {
[INFO] [stdout]     |            ^^^^^^^^^^^^^^^^^
[INFO] [stdout] ...
[INFO] [stdout] 125 |     pub fn state(&self) -> PerSecondMeasurementState<N, P> {
[INFO] [stdout]     |            ^^^^^
[INFO] [stdout] 
[INFO] [stdout] 
[INFO] [stdout] warning: associated function `new` is never used
[INFO] [stdout]   --> src/plan/constant.rs:20:12
[INFO] [stdout]    |
[INFO] [stdout] 19 | impl Constant {
[INFO] [stdout]    | ------------- associated function in this implementation
[INFO] [stdout] 20 |     pub fn new(val: f64, period: Duration) -> Result<Self, ()> {
[INFO] [stdout]    |            ^^^
[INFO] [stdout] 
[INFO] [stdout] 
[INFO] [stdout] warning: variant `BadInputParams` is never constructed
[INFO] [stdout]   --> src/plan/linear.rs:26:5
[INFO] [stdout]    |
[INFO] [stdout] 24 | pub enum LinearError {
[INFO] [stdout]    |          ----------- variant in this enum
[INFO] [stdout] 25 |     #[error("bad input parameters")]
[INFO] [stdout] 26 |     BadInputParams,
[INFO] [stdout]    |     ^^^^^^^^^^^^^^
[INFO] [stdout]    |
[INFO] [stdout]    = note: `LinearError` has a derived impl for the trait `Debug`, but this is intentionally ignored during dead code analysis
[INFO] [stdout] 
[INFO] [stdout] 
[INFO] [stdout] warning: associated function `new` is never used
[INFO] [stdout]   --> src/plan/linear.rs:30:12
[INFO] [stdout]    |
[INFO] [stdout] 29 | impl Linear {
[INFO] [stdout]    | ----------- associated function in this implementation
[INFO] [stdout] 30 |     pub fn new(from: f64, to: f64, period: Duration) -> Result<Self, LinearError> {
[INFO] [stdout]    |            ^^^
[INFO] [stdout] 
[INFO] [stdout] 
[INFO] [stdout] warning: struct `Collector` is never constructed
[INFO] [stdout]   --> src/collector.rs:21:12
[INFO] [stdout]    |
[INFO] [stdout] 21 | pub struct Collector<const N: usize, O>
[INFO] [stdout]    |            ^^^^^^^^^
[INFO] [stdout] 
[INFO] [stdout] 
[INFO] [stdout] warning: associated items `new`, `spawn`, and `data_view` are never used
[INFO] [stdout]   --> src/collector.rs:34:12
[INFO] [stdout]    |
[INFO] [stdout] 30 | / impl<const N: usize, O> Collector<N, O>
[INFO] [stdout] 31 | |     where
[INFO] [stdout] 32 | |         O: Hash + Eq + Send + Clone + 'static,
[INFO] [stdout]    | |______________________________________________- associated items in this implementation
[INFO] [stdout] 33 |   {
[INFO] [stdout] 34 |       pub fn new(statistics: ExecutorStats<N, O>) -> Self {
[INFO] [stdout]    |              ^^^
[INFO] [stdout] ...
[INFO] [stdout] 41 |       pub fn spawn(&self) {
[INFO] [stdout]    |              ^^^^^
[INFO] [stdout] ...
[INFO] [stdout] 60 |       pub fn data_view(&self) -> MutexGuard<'_, RawMutex, Collections> {
[INFO] [stdout]    |              ^^^^^^^^^
[INFO] [stdout] 
[INFO] [stdout] 
[INFO] [stderr]    Compiling squeezer v0.1.0 (/opt/rustwide/workdir)
[INFO] [stdout] warning: 19 warnings emitted
[INFO] [stdout] 
[INFO] [stdout] 
[INFO] [stdout] warning: unused import: `crate::plan::Plan`
[INFO] [stdout]  --> src/collector.rs:9:5
[INFO] [stdout]   |
[INFO] [stdout] 9 | use crate::plan::Plan;
[INFO] [stdout]   |     ^^^^^^^^^^^^^^^^^
[INFO] [stdout]   |
[INFO] [stdout]   = note: `#[warn(unused_imports)]` on by default
[INFO] [stdout] 
[INFO] [stdout] 
[INFO] [stdout] warning: unused variable: `k`
[INFO] [stdout]   --> src/executor.rs:80:14
[INFO] [stdout]    |
[INFO] [stdout] 80 |         for (k, v) in &self.results {
[INFO] [stdout]    |              ^ help: if this is intentional, prefix it with an underscore: `_k`
[INFO] [stdout]    |
[INFO] [stdout]    = note: `#[warn(unused_variables)]` on by default
[INFO] [stdout] 
[INFO] [stdout] 
[INFO] [stdout] warning: unused variable: `v`
[INFO] [stdout]   --> src/executor.rs:80:17
[INFO] [stdout]    |
[INFO] [stdout] 80 |         for (k, v) in &self.results {
[INFO] [stdout]    |                 ^ help: if this is intentional, prefix it with an underscore: `_v`
[INFO] [stdout] 
[INFO] [stdout] 
[INFO] [stdout] warning: field `time` is never read
[INFO] [stdout]   --> src/measure.rs:18:5
[INFO] [stdout]    |
[INFO] [stdout] 17 | pub struct PerSecondMeasurementState<const N: usize, P: PushMetric> {
[INFO] [stdout]    |            ------------------------- field in this struct
[INFO] [stdout] 18 |     time: Instant,
[INFO] [stdout]    |     ^^^^
[INFO] [stdout]    |
[INFO] [stdout]    = note: `PerSecondMeasurementState` has derived impls for the traits `Clone` and `Debug`, but these are intentionally ignored during dead code analysis
[INFO] [stdout]    = note: `#[warn(dead_code)]` on by default
[INFO] [stdout] 
[INFO] [stdout] 
[INFO] [stdout] warning: method `current` is never used
[INFO] [stdout]    --> src/measure.rs:115:12
[INFO] [stdout]     |
[INFO] [stdout] 76  | impl<const N: usize, P: PushMetric> QpsMeasure<N, P> {
[INFO] [stdout]     | ---------------------------------------------------- method in this implementation
[INFO] [stdout] ...
[INFO] [stdout] 115 |     pub fn current(&self) -> u64 {
[INFO] [stdout]     |            ^^^^^^^
[INFO] [stdout] 
[INFO] [stdout] 
[INFO] [stdout] warning: 5 warnings emitted
[INFO] [stdout] 
[INFO] [stdout] 
[INFO] [stderr]     Finished test [unoptimized + debuginfo] target(s) in 0.81s
[INFO] running `Command { std: "docker" "inspect" "8e27b86a142bca265a494d92dd3b6c43a31809e95d6153cea8c00f6d60c6b230", kill_on_drop: false }`
[INFO] running `Command { std: "docker" "rm" "-f" "8e27b86a142bca265a494d92dd3b6c43a31809e95d6153cea8c00f6d60c6b230", kill_on_drop: false }`
[INFO] [stdout] 8e27b86a142bca265a494d92dd3b6c43a31809e95d6153cea8c00f6d60c6b230
[INFO] running `Command { std: "docker" "create" "-v" "/var/lib/crater-agent-workspace/builds/worker-1-tc2/target:/opt/rustwide/target:rw,Z" "-v" "/var/lib/crater-agent-workspace/builds/worker-1-tc2/source:/opt/rustwide/workdir:ro,Z" "-v" "/var/lib/crater-agent-workspace/cargo-home:/opt/rustwide/cargo-home:ro,Z" "-v" "/var/lib/crater-agent-workspace/rustup-home:/opt/rustwide/rustup-home:ro,Z" "-e" "SOURCE_DIR=/opt/rustwide/workdir" "-e" "CARGO_TARGET_DIR=/opt/rustwide/target" "-e" "CARGO_INCREMENTAL=0" "-e" "RUST_BACKTRACE=full" "-e" "RUSTFLAGS=--cap-lints=warn" "-e" "RUSTDOCFLAGS=--cap-lints=warn" "-e" "CARGO_HOME=/opt/rustwide/cargo-home" "-e" "RUSTUP_HOME=/opt/rustwide/rustup-home" "-w" "/opt/rustwide/workdir" "-m" "1610612736" "--user" "0:0" "--network" "none" "ghcr.io/rust-lang/crates-build-env/linux@sha256:2788e3201cd34a07e3172128adcd8b3090168a8e3bcc40d7c032b9dda1df7d1c" "/opt/rustwide/cargo-home/bin/cargo" "+beta-2023-12-22" "test" "--frozen", kill_on_drop: false }`
[INFO] [stdout] 69998faed1e7e1f98cce6106217f39b9ee4b458e26f44dd677d893e7cefcf892
[INFO] running `Command { std: "docker" "start" "-a" "69998faed1e7e1f98cce6106217f39b9ee4b458e26f44dd677d893e7cefcf892", kill_on_drop: false }`
[INFO] [stderr] warning: unused import: `crate::plan::Plan`
[INFO] [stderr]  --> src/collector.rs:9:5
[INFO] [stderr]   |
[INFO] [stderr] 9 | use crate::plan::Plan;
[INFO] [stderr]   |     ^^^^^^^^^^^^^^^^^
[INFO] [stderr]   |
[INFO] [stderr]   = note: `#[warn(unused_imports)]` on by default
[INFO] [stderr] 
[INFO] [stderr] warning: unused variable: `k`
[INFO] [stderr]   --> src/executor.rs:80:14
[INFO] [stderr]    |
[INFO] [stderr] 80 |         for (k, v) in &self.results {
[INFO] [stderr]    |              ^ help: if this is intentional, prefix it with an underscore: `_k`
[INFO] [stderr]    |
[INFO] [stderr]    = note: `#[warn(unused_variables)]` on by default
[INFO] [stderr] 
[INFO] [stderr] warning: unused variable: `v`
[INFO] [stderr]   --> src/executor.rs:80:17
[INFO] [stderr]    |
[INFO] [stderr] 80 |         for (k, v) in &self.results {
[INFO] [stderr]    |                 ^ help: if this is intentional, prefix it with an underscore: `_v`
[INFO] [stderr] 
[INFO] [stderr] warning: method `load` is never used
[INFO] [stderr]    --> src/executor.rs:109:12
[INFO] [stderr]     |
[INFO] [stderr] 105 | / impl<const N: usize, O> ExecutorStats<N, O>
[INFO] [stderr] 106 | |     where
[INFO] [stderr] 107 | |         O: Hash + Eq + Send + Clone + 'static,
[INFO] [stderr]     | |______________________________________________- method in this implementation
[INFO] [stderr] 108 |   {
[INFO] [stderr] 109 |       pub fn load(&self) -> Option<ExecutorStatsFrozenData<N, O>> {
[INFO] [stderr]     |              ^^^^
[INFO] [stderr]     |
[INFO] [stderr]     = note: `#[warn(dead_code)]` on by default
[INFO] [stderr] 
[INFO] [stderr] warning: struct `Executor` is never constructed
[INFO] [stderr]    --> src/executor.rs:129:12
[INFO] [stderr]     |
[INFO] [stderr] 129 | pub struct Executor<const N: usize, P, O, F, Fn>
[INFO] [stderr]     |            ^^^^^^^^
[INFO] [stderr] 
[INFO] [stderr] warning: associated items `new`, `stats`, and `run` are never used
[INFO] [stderr]    --> src/executor.rs:150:12
[INFO] [stderr]     |
[INFO] [stderr] 143 | / impl<const N: usize, P, O, F, Fn> Executor<N, P, O, F, Fn>
[INFO] [stderr] 144 | |     where
[INFO] [stderr] 145 | |         P: Plan,
[INFO] [stderr] 146 | |         O: Hash + Eq + Send + Clone + 'static,
[INFO] [stderr] 147 | |         F: 'static + Future<Output=O> + Send,
[INFO] [stderr] 148 | |         Fn: 'static + FnMut() -> F + Send,
[INFO] [stderr]     | |__________________________________________- associated items in this implementation
[INFO] [stderr] 149 |   {
[INFO] [stderr] 150 |       pub fn new(plan: P, func: Fn, max_concurrency: usize) -> Self {
[INFO] [stderr]     |              ^^^
[INFO] [stderr] ...
[INFO] [stderr] 160 |       pub fn stats(&self) -> ExecutorStats<N, O> {
[INFO] [stderr]     |              ^^^^^
[INFO] [stderr] ...
[INFO] [stderr] 167 |       pub async fn run(self) {
[INFO] [stderr]     |                    ^^^
[INFO] [stderr] 
[INFO] [stderr] warning: struct `Generator` is never constructed
[INFO] [stderr]   --> src/gen.rs:12:12
[INFO] [stderr]    |
[INFO] [stderr] 12 | pub struct Generator<P> {
[INFO] [stderr]    |            ^^^^^^^^^
[INFO] [stderr] 
[INFO] [stderr] warning: associated items `new` and `start` are never used
[INFO] [stderr]   --> src/gen.rs:17:12
[INFO] [stderr]    |
[INFO] [stderr] 16 | impl<P: Plan> Generator<P> {
[INFO] [stderr]    | -------------------------- associated items in this implementation
[INFO] [stderr] 17 |     pub fn new(plan: P) -> Self {
[INFO] [stderr]    |            ^^^
[INFO] [stderr] ...
[INFO] [stderr] 21 |     pub fn start(self) -> GeneratorStream<P> {
[INFO] [stderr]    |            ^^^^^
[INFO] [stderr] 
[INFO] [stderr] warning: variant `New` is never constructed
[INFO] [stderr]   --> src/gen.rs:27:5
[INFO] [stderr]    |
[INFO] [stderr] 26 | enum GeneratorStreamState {
[INFO] [stderr]    |      -------------------- variant in this enum
[INFO] [stderr] 27 |     New,
[INFO] [stderr]    |     ^^^
[INFO] [stderr] 
[INFO] [stderr] warning: associated function `new` is never used
[INFO] [stderr]   --> src/gen.rs:45:8
[INFO] [stderr]    |
[INFO] [stderr] 44 | impl<P: Plan> GeneratorStream<P> {
[INFO] [stderr]    | -------------------------------- associated function in this implementation
[INFO] [stderr] 45 |     fn new(plan: P) -> Self {
[INFO] [stderr]    |        ^^^
[INFO] [stderr] 
[INFO] [stderr] warning: field `time` is never read
[INFO] [stderr]   --> src/measure.rs:18:5
[INFO] [stderr]    |
[INFO] [stderr] 17 | pub struct PerSecondMeasurementState<const N: usize, P: PushMetric> {
[INFO] [stderr]    |            ------------------------- field in this struct
[INFO] [stderr] 18 |     time: Instant,
[INFO] [stderr]    |     ^^^^
[INFO] [stderr]    |
[INFO] [stderr]    = note: `PerSecondMeasurementState` has derived impls for the traits `Clone` and `Debug`, but these are intentionally ignored during dead code analysis
[INFO] [stderr] 
[INFO] [stderr] warning: method `current_in_window` is never used
[INFO] [stderr]   --> src/measure.rs:24:12
[INFO] [stderr]    |
[INFO] [stderr] 23 | impl<const N: usize, P: PushMetric> PerSecondMeasurementState<N, P> {
[INFO] [stderr]    | ------------------------------------------------------------------- method in this implementation
[INFO] [stderr] 24 |     pub fn current_in_window(&self) -> u64 {
[INFO] [stderr]    |            ^^^^^^^^^^^^^^^^^
[INFO] [stderr] 
[INFO] [stderr] warning: field `state` is never read
[INFO] [stderr]   --> src/measure.rs:66:5
[INFO] [stderr]    |
[INFO] [stderr] 65 | pub struct QpsMeasure<const N: usize, P: PushMetric> {
[INFO] [stderr]    |            ---------- field in this struct
[INFO] [stderr] 66 |     state: Arc<Mutex<PerSecondMeasurementState<N, P>>>,
[INFO] [stderr]    |     ^^^^^
[INFO] [stderr] 
[INFO] [stderr] warning: methods `push_metric`, `current`, `current_in_window`, and `state` are never used
[INFO] [stderr]    --> src/measure.rs:111:12
[INFO] [stderr]     |
[INFO] [stderr] 76  | impl<const N: usize, P: PushMetric> QpsMeasure<N, P> {
[INFO] [stderr]     | ---------------------------------------------------- methods in this implementation
[INFO] [stderr] ...
[INFO] [stderr] 111 |     pub fn push_metric(&self, metric: u64) {
[INFO] [stderr]     |            ^^^^^^^^^^^
[INFO] [stderr] ...
[INFO] [stderr] 115 |     pub fn current(&self) -> u64 {
[INFO] [stderr]     |            ^^^^^^^
[INFO] [stderr] ...
[INFO] [stderr] 120 |     pub fn current_in_window(&self) -> u64 {
[INFO] [stderr]     |            ^^^^^^^^^^^^^^^^^
[INFO] [stderr] ...
[INFO] [stderr] 125 |     pub fn state(&self) -> PerSecondMeasurementState<N, P> {
[INFO] [stderr]     |            ^^^^^
[INFO] [stderr] 
[INFO] [stderr] warning: associated function `new` is never used
[INFO] [stderr]   --> src/plan/constant.rs:20:12
[INFO] [stderr]    |
[INFO] [stderr] 19 | impl Constant {
[INFO] [stderr]    | ------------- associated function in this implementation
[INFO] [stderr] 20 |     pub fn new(val: f64, period: Duration) -> Result<Self, ()> {
[INFO] [stderr]    |            ^^^
[INFO] [stderr] 
[INFO] [stderr] warning: variant `BadInputParams` is never constructed
[INFO] [stderr]   --> src/plan/linear.rs:26:5
[INFO] [stderr]    |
[INFO] [stderr] 24 | pub enum LinearError {
[INFO] [stderr]    |          ----------- variant in this enum
[INFO] [stderr] 25 |     #[error("bad input parameters")]
[INFO] [stderr] 26 |     BadInputParams,
[INFO] [stderr]    |     ^^^^^^^^^^^^^^
[INFO] [stderr]    |
[INFO] [stderr]    = note: `LinearError` has a derived impl for the trait `Debug`, but this is intentionally ignored during dead code analysis
[INFO] [stderr] 
[INFO] [stderr] warning: associated function `new` is never used
[INFO] [stderr]   --> src/plan/linear.rs:30:12
[INFO] [stderr]    |
[INFO] [stderr] 29 | impl Linear {
[INFO] [stderr]    | ----------- associated function in this implementation
[INFO] [stderr] 30 |     pub fn new(from: f64, to: f64, period: Duration) -> Result<Self, LinearError> {
[INFO] [stderr]    |            ^^^
[INFO] [stderr] 
[INFO] [stderr] warning: struct `Collector` is never constructed
[INFO] [stderr]   --> src/collector.rs:21:12
[INFO] [stderr]    |
[INFO] [stderr] 21 | pub struct Collector<const N: usize, O>
[INFO] [stderr]    |            ^^^^^^^^^
[INFO] [stderr] 
[INFO] [stderr] warning: associated items `new`, `spawn`, and `data_view` are never used
[INFO] [stderr]   --> src/collector.rs:34:12
[INFO] [stderr]    |
[INFO] [stderr] 30 | / impl<const N: usize, O> Collector<N, O>
[INFO] [stderr] 31 | |     where
[INFO] [stderr] 32 | |         O: Hash + Eq + Send + Clone + 'static,
[INFO] [stderr]    | |______________________________________________- associated items in this implementation
[INFO] [stderr] 33 |   {
[INFO] [stderr] 34 |       pub fn new(statistics: ExecutorStats<N, O>) -> Self {
[INFO] [stderr]    |              ^^^
[INFO] [stderr] ...
[INFO] [stderr] 41 |       pub fn spawn(&self) {
[INFO] [stderr]    |              ^^^^^
[INFO] [stderr] ...
[INFO] [stderr] 60 |       pub fn data_view(&self) -> MutexGuard<'_, RawMutex, Collections> {
[INFO] [stderr]    |              ^^^^^^^^^
[INFO] [stderr] 
[INFO] [stderr] warning: field `time` is never read
[INFO] [stderr]   --> src/measure.rs:18:5
[INFO] [stderr]    |
[INFO] [stderr] 17 | pub struct PerSecondMeasurementState<const N: usize, P: PushMetric> {
[INFO] [stderr]    |            ------------------------- field in this struct
[INFO] [stderr] 18 |     time: Instant,
[INFO] [stderr]    |     ^^^^
[INFO] [stderr]    |
[INFO] [stderr]    = note: `PerSecondMeasurementState` has derived impls for the traits `Clone` and `Debug`, but these are intentionally ignored during dead code analysis
[INFO] [stderr]    = note: `#[warn(dead_code)]` on by default
[INFO] [stderr] 
[INFO] [stderr] warning: method `current` is never used
[INFO] [stderr]    --> src/measure.rs:115:12
[INFO] [stderr]     |
[INFO] [stderr] 76  | impl<const N: usize, P: PushMetric> QpsMeasure<N, P> {
[INFO] [stderr]     | ---------------------------------------------------- method in this implementation
[INFO] [stderr] ...
[INFO] [stderr] 115 |     pub fn current(&self) -> u64 {
[INFO] [stderr]     |            ^^^^^^^
[INFO] [stderr] 
[INFO] [stderr] warning: `squeezer` (lib) generated 19 warnings (run `cargo fix --lib -p squeezer` to apply 3 suggestions)
[INFO] [stderr] warning: `squeezer` (lib test) generated 5 warnings (3 duplicates)
[INFO] [stderr]     Finished test [unoptimized + debuginfo] target(s) in 0.03s
[INFO] [stderr]      Running unittests src/lib.rs (/opt/rustwide/target/debug/deps/squeezer-92cfbce7f1978822)
[INFO] [stdout] 
[INFO] [stdout] running 5 tests
[INFO] [stdout] test plan::constant::tests::test_constant ... ok
[INFO] [stdout] test plan::linear::tests::test_linear ... ok
[INFO] [stdout] test executor::tests::test_basic ... ok
[INFO] [stdout] test measure::tests::test_measurement ... FAILED
[INFO] [stdout] test gen::tests::test_generator ... ok
[INFO] [stdout] 
[INFO] [stdout] failures:
[INFO] [stdout] 
[INFO] [stdout] ---- measure::tests::test_measurement stdout ----
[INFO] [stdout] thread 'measure::tests::test_measurement' panicked at src/measure.rs:155:9:
[INFO] [stdout] assertion `left == right` failed
[INFO] [stdout]   left: 0
[INFO] [stdout]  right: 4
[INFO] [stdout] stack backtrace:
[INFO] [stdout]    0:     0x55712c532f56 - std::backtrace_rs::backtrace::libunwind::trace::h261606ad26a499c1
[INFO] [stdout]                                at /rustc/0e09125c6c3c2fd70d7de961bcf0e51575235fad/library/std/src/../../backtrace/src/backtrace/libunwind.rs:104:5
[INFO] [stdout]    1:     0x55712c532f56 - std::backtrace_rs::backtrace::trace_unsynchronized::hd183f0625477fb28
[INFO] [stdout]                                at /rustc/0e09125c6c3c2fd70d7de961bcf0e51575235fad/library/std/src/../../backtrace/src/backtrace/mod.rs:66:5
[INFO] [stdout]    2:     0x55712c532f56 - std::sys_common::backtrace::_print_fmt::hd7f8fef21b4eda67
[INFO] [stdout]                                at /rustc/0e09125c6c3c2fd70d7de961bcf0e51575235fad/library/std/src/sys_common/backtrace.rs:68:5
[INFO] [stdout]    3:     0x55712c532f56 - <std::sys_common::backtrace::_print::DisplayBacktrace as core::fmt::Display>::fmt::h623d9b51f2f453f1
[INFO] [stdout]                                at /rustc/0e09125c6c3c2fd70d7de961bcf0e51575235fad/library/std/src/sys_common/backtrace.rs:44:22
[INFO] [stdout]    4:     0x55712c55c430 - core::fmt::rt::Argument::fmt::h9f417ac76a86f368
[INFO] [stdout]                                at /rustc/0e09125c6c3c2fd70d7de961bcf0e51575235fad/library/core/src/fmt/rt.rs:142:9
[INFO] [stdout]    5:     0x55712c55c430 - core::fmt::write::hc9b6faf4ac2aeff7
[INFO] [stdout]                                at /rustc/0e09125c6c3c2fd70d7de961bcf0e51575235fad/library/core/src/fmt/mod.rs:1120:17
[INFO] [stdout]    6:     0x55712c53087f - std::io::Write::write_fmt::he04625a3a989fec3
[INFO] [stdout]                                at /rustc/0e09125c6c3c2fd70d7de961bcf0e51575235fad/library/std/src/io/mod.rs:1810:15
[INFO] [stdout]    7:     0x55712c532d34 - std::sys_common::backtrace::_print::hd5d66399c7df88a2
[INFO] [stdout]                                at /rustc/0e09125c6c3c2fd70d7de961bcf0e51575235fad/library/std/src/sys_common/backtrace.rs:47:5
[INFO] [stdout]    8:     0x55712c532d34 - std::sys_common::backtrace::print::he81ed2da642d37e5
[INFO] [stdout]                                at /rustc/0e09125c6c3c2fd70d7de961bcf0e51575235fad/library/std/src/sys_common/backtrace.rs:34:9
[INFO] [stdout]    9:     0x55712c534aa7 - std::panicking::default_hook::{{closure}}::h85773f4fa117163d
[INFO] [stdout]   10:     0x55712c53478d - std::panicking::default_hook::h6a1694a91d09b278
[INFO] [stdout]                                at /rustc/0e09125c6c3c2fd70d7de961bcf0e51575235fad/library/std/src/panicking.rs:289:9
[INFO] [stdout]   11:     0x55712c473c47 - <alloc::boxed::Box<F,A> as core::ops::function::Fn<Args>>::call::h616ac37fa3cd6c8f
[INFO] [stdout]                                at /rustc/0e09125c6c3c2fd70d7de961bcf0e51575235fad/library/alloc/src/boxed.rs:2029:9
[INFO] [stdout]   12:     0x55712c473c47 - test::test_main::{{closure}}::h00d84697cefdcbb6
[INFO] [stdout]                                at /rustc/0e09125c6c3c2fd70d7de961bcf0e51575235fad/library/test/src/lib.rs:138:21
[INFO] [stdout]   13:     0x55712c5350c6 - <alloc::boxed::Box<F,A> as core::ops::function::Fn<Args>>::call::hcb3fe3b9bb537ba8
[INFO] [stdout]                                at /rustc/0e09125c6c3c2fd70d7de961bcf0e51575235fad/library/alloc/src/boxed.rs:2029:9
[INFO] [stdout]   14:     0x55712c5350c6 - std::panicking::rust_panic_with_hook::h0a7ad96e90f7145b
[INFO] [stdout]                                at /rustc/0e09125c6c3c2fd70d7de961bcf0e51575235fad/library/std/src/panicking.rs:783:13
[INFO] [stdout]   15:     0x55712c534e12 - std::panicking::begin_panic_handler::{{closure}}::h7919090525c6485e
[INFO] [stdout]                                at /rustc/0e09125c6c3c2fd70d7de961bcf0e51575235fad/library/std/src/panicking.rs:657:13
[INFO] [stdout]   16:     0x55712c533456 - std::sys_common::backtrace::__rust_end_short_backtrace::hf3289479464f7dfe
[INFO] [stdout]                                at /rustc/0e09125c6c3c2fd70d7de961bcf0e51575235fad/library/std/src/sys_common/backtrace.rs:171:18
[INFO] [stdout]   17:     0x55712c534b70 - rust_begin_unwind
[INFO] [stdout]                                at /rustc/0e09125c6c3c2fd70d7de961bcf0e51575235fad/library/std/src/panicking.rs:645:5
[INFO] [stdout]   18:     0x55712c400195 - core::panicking::panic_fmt::hcc9f77c5c132af55
[INFO] [stdout]                                at /rustc/0e09125c6c3c2fd70d7de961bcf0e51575235fad/library/core/src/panicking.rs:72:14
[INFO] [stdout]   19:     0x55712c4005cb - core::panicking::assert_failed_inner::h9f13e27dd63c3a08
[INFO] [stdout]                                at /rustc/0e09125c6c3c2fd70d7de961bcf0e51575235fad/library/core/src/panicking.rs:342:17
[INFO] [stdout]   20:     0x55712c4c690e - core::panicking::assert_failed::hecac5fb87a69436d
[INFO] [stdout]                                at /rustc/0e09125c6c3c2fd70d7de961bcf0e51575235fad/library/core/src/panicking.rs:297:5
[INFO] [stdout]   21:     0x55712c42461b - squeezer::measure::tests::test_measurement::{{closure}}::h60c8cb51cb3e0bd0
[INFO] [stdout]                                at /opt/rustwide/workdir/src/measure.rs:155:9
[INFO] [stdout]   22:     0x55712c41ffbb - <core::pin::Pin<P> as core::future::future::Future>::poll::h049cd30e7919e4c7
[INFO] [stdout]                                at /rustc/0e09125c6c3c2fd70d7de961bcf0e51575235fad/library/core/src/future/future.rs:124:9
[INFO] [stdout]   23:     0x55712c4074a4 - tokio::runtime::basic_scheduler::CoreGuard::block_on::{{closure}}::{{closure}}::{{closure}}::h15939dc762023af4
[INFO] [stdout]                                at /opt/rustwide/cargo-home/registry/src/index.crates.io-6f17d22bba15001f/tokio-1.19.2/src/runtime/basic_scheduler.rs:508:48
[INFO] [stdout]   24:     0x55712c41b5d0 - tokio::coop::with_budget::{{closure}}::h99126c08d0bc61f5
[INFO] [stdout]                                at /opt/rustwide/cargo-home/registry/src/index.crates.io-6f17d22bba15001f/tokio-1.19.2/src/coop.rs:102:9
[INFO] [stdout]   25:     0x55712c42655e - std::thread::local::LocalKey<T>::try_with::hac7d3bfd874f9a5a
[INFO] [stdout]                                at /rustc/0e09125c6c3c2fd70d7de961bcf0e51575235fad/library/std/src/thread/local.rs:270:16
[INFO] [stdout]   26:     0x55712c4259ba - std::thread::local::LocalKey<T>::with::ha4f43293d7007b56
[INFO] [stdout]                                at /rustc/0e09125c6c3c2fd70d7de961bcf0e51575235fad/library/std/src/thread/local.rs:246:9
[INFO] [stdout]   27:     0x55712c407306 - tokio::coop::with_budget::hbaaba21535d6cd4d
[INFO] [stdout]                                at /opt/rustwide/cargo-home/registry/src/index.crates.io-6f17d22bba15001f/tokio-1.19.2/src/coop.rs:95:5
[INFO] [stdout]   28:     0x55712c407306 - tokio::coop::budget::h5e57574158be1c2b
[INFO] [stdout]                                at /opt/rustwide/cargo-home/registry/src/index.crates.io-6f17d22bba15001f/tokio-1.19.2/src/coop.rs:72:5
[INFO] [stdout]   29:     0x55712c407306 - tokio::runtime::basic_scheduler::CoreGuard::block_on::{{closure}}::{{closure}}::hb78d9fd7826cf633
[INFO] [stdout]                                at /opt/rustwide/cargo-home/registry/src/index.crates.io-6f17d22bba15001f/tokio-1.19.2/src/runtime/basic_scheduler.rs:508:25
[INFO] [stdout]   30:     0x55712c40303c - tokio::runtime::basic_scheduler::Context::enter::hf33c07623c159d30
[INFO] [stdout]                                at /opt/rustwide/cargo-home/registry/src/index.crates.io-6f17d22bba15001f/tokio-1.19.2/src/runtime/basic_scheduler.rs:362:19
[INFO] [stdout]   31:     0x55712c406248 - tokio::runtime::basic_scheduler::CoreGuard::block_on::{{closure}}::h7b9a555c8db50875
[INFO] [stdout]                                at /opt/rustwide/cargo-home/registry/src/index.crates.io-6f17d22bba15001f/tokio-1.19.2/src/runtime/basic_scheduler.rs:507:36
[INFO] [stdout]   32:     0x55712c40572b - tokio::runtime::basic_scheduler::CoreGuard::enter::{{closure}}::h69d3c964e6a55c12
[INFO] [stdout]                                at /opt/rustwide/cargo-home/registry/src/index.crates.io-6f17d22bba15001f/tokio-1.19.2/src/runtime/basic_scheduler.rs:565:57
[INFO] [stdout]   33:     0x55712c4366d7 - tokio::macros::scoped_tls::ScopedKey<T>::set::hb79852b466ddb5a5
[INFO] [stdout]                                at /opt/rustwide/cargo-home/registry/src/index.crates.io-6f17d22bba15001f/tokio-1.19.2/src/macros/scoped_tls.rs:61:9
[INFO] [stdout]   34:     0x55712c4050cc - tokio::runtime::basic_scheduler::CoreGuard::enter::h9d933b7841301289
[INFO] [stdout]                                at /opt/rustwide/cargo-home/registry/src/index.crates.io-6f17d22bba15001f/tokio-1.19.2/src/runtime/basic_scheduler.rs:565:27
[INFO] [stdout]   35:     0x55712c405768 - tokio::runtime::basic_scheduler::CoreGuard::block_on::hbaf14422b0d4b974
[INFO] [stdout]                                at /opt/rustwide/cargo-home/registry/src/index.crates.io-6f17d22bba15001f/tokio-1.19.2/src/runtime/basic_scheduler.rs:498:9
[INFO] [stdout]   36:     0x55712c4014ec - tokio::runtime::basic_scheduler::BasicScheduler::block_on::h31a81964b0c61442
[INFO] [stdout]                                at /opt/rustwide/cargo-home/registry/src/index.crates.io-6f17d22bba15001f/tokio-1.19.2/src/runtime/basic_scheduler.rs:174:24
[INFO] [stdout]   37:     0x55712c436dc8 - tokio::runtime::Runtime::block_on::he4e7d909c3c4277e
[INFO] [stdout]                                at /opt/rustwide/cargo-home/registry/src/index.crates.io-6f17d22bba15001f/tokio-1.19.2/src/runtime/mod.rs:480:46
[INFO] [stdout]   38:     0x55712c423b66 - squeezer::measure::tests::test_measurement::h027d0f7a6e97f951
[INFO] [stdout]                                at /opt/rustwide/workdir/src/measure.rs:162:9
[INFO] [stdout]   39:     0x55712c423a27 - squeezer::measure::tests::test_measurement::{{closure}}::h1f6cadd543b0f77e
[INFO] [stdout]                                at /opt/rustwide/workdir/src/measure.rs:135:32
[INFO] [stdout]   40:     0x55712c433206 - core::ops::function::FnOnce::call_once::he92f30b83f05f943
[INFO] [stdout]                                at /rustc/0e09125c6c3c2fd70d7de961bcf0e51575235fad/library/core/src/ops/function.rs:250:5
[INFO] [stdout]   41:     0x55712c47951f - core::ops::function::FnOnce::call_once::hd64d26f405258157
[INFO] [stdout]                                at /rustc/0e09125c6c3c2fd70d7de961bcf0e51575235fad/library/core/src/ops/function.rs:250:5
[INFO] [stdout]   42:     0x55712c47951f - test::__rust_begin_short_backtrace::he21b0b7a6d731bf9
[INFO] [stdout]                                at /rustc/0e09125c6c3c2fd70d7de961bcf0e51575235fad/library/test/src/lib.rs:627:18
[INFO] [stdout]   43:     0x55712c4782a1 - test::run_test_in_process::{{closure}}::hf5c73986d7bdfde2
[INFO] [stdout]                                at /rustc/0e09125c6c3c2fd70d7de961bcf0e51575235fad/library/test/src/lib.rs:650:60
[INFO] [stdout]   44:     0x55712c4782a1 - <core::panic::unwind_safe::AssertUnwindSafe<F> as core::ops::function::FnOnce<()>>::call_once::h330011ad032aadc0
[INFO] [stdout]                                at /rustc/0e09125c6c3c2fd70d7de961bcf0e51575235fad/library/core/src/panic/unwind_safe.rs:272:9
[INFO] [stdout]   45:     0x55712c4782a1 - std::panicking::try::do_call::he61b0a958b795a41
[INFO] [stdout]                                at /rustc/0e09125c6c3c2fd70d7de961bcf0e51575235fad/library/std/src/panicking.rs:552:40
[INFO] [stdout]   46:     0x55712c4782a1 - std::panicking::try::h7309da130f906eb7
[INFO] [stdout]                                at /rustc/0e09125c6c3c2fd70d7de961bcf0e51575235fad/library/std/src/panicking.rs:516:19
[INFO] [stdout]   47:     0x55712c4782a1 - std::panic::catch_unwind::hc5c3a06fdaf0a92a
[INFO] [stdout]                                at /rustc/0e09125c6c3c2fd70d7de961bcf0e51575235fad/library/std/src/panic.rs:142:14
[INFO] [stdout]   48:     0x55712c4782a1 - test::run_test_in_process::h7e7b7c71c3324e0f
[INFO] [stdout]                                at /rustc/0e09125c6c3c2fd70d7de961bcf0e51575235fad/library/test/src/lib.rs:650:27
[INFO] [stdout]   49:     0x55712c4782a1 - test::run_test::{{closure}}::h1f509f28f5cf20b1
[INFO] [stdout]                                at /rustc/0e09125c6c3c2fd70d7de961bcf0e51575235fad/library/test/src/lib.rs:573:43
[INFO] [stdout]   50:     0x55712c43f5d6 - test::run_test::{{closure}}::h1754218abf443f6d
[INFO] [stdout]                                at /rustc/0e09125c6c3c2fd70d7de961bcf0e51575235fad/library/test/src/lib.rs:601:41
[INFO] [stdout]   51:     0x55712c43f5d6 - std::sys_common::backtrace::__rust_begin_short_backtrace::h2ee174b9d5954948
[INFO] [stdout]                                at /rustc/0e09125c6c3c2fd70d7de961bcf0e51575235fad/library/std/src/sys_common/backtrace.rs:155:18
[INFO] [stdout]   52:     0x55712c444637 - std::thread::Builder::spawn_unchecked_::{{closure}}::{{closure}}::hf60bee9c1a17ef09
[INFO] [stdout]                                at /rustc/0e09125c6c3c2fd70d7de961bcf0e51575235fad/library/std/src/thread/mod.rs:529:17
[INFO] [stdout]   53:     0x55712c444637 - <core::panic::unwind_safe::AssertUnwindSafe<F> as core::ops::function::FnOnce<()>>::call_once::h33d0dddec5216160
[INFO] [stdout]                                at /rustc/0e09125c6c3c2fd70d7de961bcf0e51575235fad/library/core/src/panic/unwind_safe.rs:272:9
[INFO] [stdout]   54:     0x55712c444637 - std::panicking::try::do_call::h144b3048b546f835
[INFO] [stdout]                                at /rustc/0e09125c6c3c2fd70d7de961bcf0e51575235fad/library/std/src/panicking.rs:552:40
[INFO] [stdout]   55:     0x55712c444637 - std::panicking::try::h978244d04646189f
[INFO] [stdout]                                at /rustc/0e09125c6c3c2fd70d7de961bcf0e51575235fad/library/std/src/panicking.rs:516:19
[INFO] [stdout]   56:     0x55712c444637 - std::panic::catch_unwind::hdf436369d188fe86
[INFO] [stdout]                                at /rustc/0e09125c6c3c2fd70d7de961bcf0e51575235fad/library/std/src/panic.rs:142:14
[INFO] [stdout]   57:     0x55712c444637 - std::thread::Builder::spawn_unchecked_::{{closure}}::h87329cbdd33c79ec
[INFO] [stdout]                                at /rustc/0e09125c6c3c2fd70d7de961bcf0e51575235fad/library/std/src/thread/mod.rs:528:30
[INFO] [stdout]   58:     0x55712c444637 - core::ops::function::FnOnce::call_once{{vtable.shim}}::h401abbe67897d450
[INFO] [stdout]                                at /rustc/0e09125c6c3c2fd70d7de961bcf0e51575235fad/library/core/src/ops/function.rs:250:5
[INFO] [stdout]   59:     0x55712c539c55 - <alloc::boxed::Box<F,A> as core::ops::function::FnOnce<Args>>::call_once::h5d7c8f150ab9c84c
[INFO] [stdout]                                at /rustc/0e09125c6c3c2fd70d7de961bcf0e51575235fad/library/alloc/src/boxed.rs:2015:9
[INFO] [stdout]   60:     0x55712c539c55 - <alloc::boxed::Box<F,A> as core::ops::function::FnOnce<Args>>::call_once::h570d5b005c242c15
[INFO] [stdout]                                at /rustc/0e09125c6c3c2fd70d7de961bcf0e51575235fad/library/alloc/src/boxed.rs:2015:9
[INFO] [stdout]   61:     0x55712c539c55 - std::sys::unix::thread::Thread::new::thread_start::h36b0a20c0b2361ad
[INFO] [stdout]                                at /rustc/0e09125c6c3c2fd70d7de961bcf0e51575235fad/library/std/src/sys/unix/thread.rs:108:17
[INFO] [stdout]   62:     0x7fe7ef161ac3 - <unknown>
[INFO] [stdout]   63:     0x7fe7ef1f2bf4 - __clone
[INFO] [stdout]   64:                0x0 - <unknown>
[INFO] [stdout] 
[INFO] [stdout] 
[INFO] [stdout] failures:
[INFO] [stdout]     measure::tests::test_measurement
[INFO] [stdout] 
[INFO] [stdout] test result: FAILED. 4 passed; 1 failed; 0 ignored; 0 measured; 0 filtered out; finished in 10.01s
[INFO] [stdout] 
[INFO] [stderr] error: test failed, to rerun pass `--lib`
[INFO] running `Command { std: "docker" "inspect" "69998faed1e7e1f98cce6106217f39b9ee4b458e26f44dd677d893e7cefcf892", kill_on_drop: false }`
[INFO] running `Command { std: "docker" "rm" "-f" "69998faed1e7e1f98cce6106217f39b9ee4b458e26f44dd677d893e7cefcf892", kill_on_drop: false }`
[INFO] [stdout] 69998faed1e7e1f98cce6106217f39b9ee4b458e26f44dd677d893e7cefcf892
