[INFO] cloning repository https://github.com/gky360/acick
[INFO] running `Command { std: "git" "-c" "credential.helper=" "-c" "credential.helper=/workspace/cargo-home/bin/git-credential-null" "clone" "--bare" "https://github.com/gky360/acick" "/workspace/cache/git-repos/https%3A%2F%2Fgithub.com%2Fgky360%2Facick", kill_on_drop: false }`
[INFO] [stderr] Cloning into bare repository '/workspace/cache/git-repos/https%3A%2F%2Fgithub.com%2Fgky360%2Facick'...
[INFO] running `Command { std: "git" "rev-parse" "HEAD", kill_on_drop: false }`
[INFO] [stdout] 68b6da79fa2bbbdfd1d0fa180db120bc1bc69d7b
[INFO] testing gky360/acick against 1.75.0 for beta-1.76-1
[INFO] running `Command { std: "git" "clone" "/workspace/cache/git-repos/https%3A%2F%2Fgithub.com%2Fgky360%2Facick" "/workspace/builds/worker-3-tc1/source", kill_on_drop: false }`
[INFO] [stderr] Cloning into '/workspace/builds/worker-3-tc1/source'...
[INFO] [stderr] done.
[INFO] validating manifest of git repo https://github.com/gky360/acick on toolchain 1.75.0
[INFO] running `Command { std: CARGO_HOME="/workspace/cargo-home" RUSTUP_HOME="/workspace/rustup-home" "/workspace/cargo-home/bin/cargo" "+1.75.0" "metadata" "--manifest-path" "Cargo.toml" "--no-deps", kill_on_drop: false }`
[INFO] started tweaking git repo https://github.com/gky360/acick
[INFO] finished tweaking git repo https://github.com/gky360/acick
[INFO] tweaked toml for git repo https://github.com/gky360/acick written to /workspace/builds/worker-3-tc1/source/Cargo.toml
[INFO] crate git repo https://github.com/gky360/acick already has a lockfile, it will not be regenerated
[INFO] running `Command { std: CARGO_HOME="/workspace/cargo-home" RUSTUP_HOME="/workspace/rustup-home" "/workspace/cargo-home/bin/cargo" "+1.75.0" "fetch" "--manifest-path" "Cargo.toml", kill_on_drop: false }`
[INFO] [stderr]     Updating crates.io index
[INFO] [stderr]  Downloading crates ...
[INFO] [stderr]   Downloaded bytefmt v0.1.7
[INFO] [stderr]   Downloaded tera v1.15.0
[INFO] [stderr]   Downloaded retry v1.3.0
[INFO] [stderr]   Downloaded dropbox-sdk v0.14.0
[INFO] running `Command { std: "docker" "create" "-v" "/var/lib/crater-agent-workspace/builds/worker-3-tc1/target:/opt/rustwide/target:rw,Z" "-v" "/var/lib/crater-agent-workspace/builds/worker-3-tc1/source:/opt/rustwide/workdir:ro,Z" "-v" "/var/lib/crater-agent-workspace/cargo-home:/opt/rustwide/cargo-home:ro,Z" "-v" "/var/lib/crater-agent-workspace/rustup-home:/opt/rustwide/rustup-home:ro,Z" "-e" "SOURCE_DIR=/opt/rustwide/workdir" "-e" "CARGO_TARGET_DIR=/opt/rustwide/target" "-e" "CARGO_HOME=/opt/rustwide/cargo-home" "-e" "RUSTUP_HOME=/opt/rustwide/rustup-home" "-w" "/opt/rustwide/workdir" "-m" "1610612736" "--user" "0:0" "--network" "none" "ghcr.io/rust-lang/crates-build-env/linux@sha256:2788e3201cd34a07e3172128adcd8b3090168a8e3bcc40d7c032b9dda1df7d1c" "/opt/rustwide/cargo-home/bin/cargo" "+1.75.0" "metadata" "--no-deps" "--format-version=1", kill_on_drop: false }`
[INFO] [stdout] a0344911989e95defd586022c8d93714589084156be06ae41bbc7607b04cfd97
[INFO] running `Command { std: "docker" "start" "-a" "a0344911989e95defd586022c8d93714589084156be06ae41bbc7607b04cfd97", kill_on_drop: false }`
[INFO] running `Command { std: "docker" "inspect" "a0344911989e95defd586022c8d93714589084156be06ae41bbc7607b04cfd97", kill_on_drop: false }`
[INFO] running `Command { std: "docker" "rm" "-f" "a0344911989e95defd586022c8d93714589084156be06ae41bbc7607b04cfd97", kill_on_drop: false }`
[INFO] [stdout] a0344911989e95defd586022c8d93714589084156be06ae41bbc7607b04cfd97
[INFO] running `Command { std: "docker" "create" "-v" "/var/lib/crater-agent-workspace/builds/worker-3-tc1/target:/opt/rustwide/target:rw,Z" "-v" "/var/lib/crater-agent-workspace/builds/worker-3-tc1/source:/opt/rustwide/workdir:ro,Z" "-v" "/var/lib/crater-agent-workspace/cargo-home:/opt/rustwide/cargo-home:ro,Z" "-v" "/var/lib/crater-agent-workspace/rustup-home:/opt/rustwide/rustup-home:ro,Z" "-e" "SOURCE_DIR=/opt/rustwide/workdir" "-e" "CARGO_TARGET_DIR=/opt/rustwide/target" "-e" "CARGO_INCREMENTAL=0" "-e" "RUST_BACKTRACE=full" "-e" "RUSTFLAGS=--cap-lints=warn" "-e" "RUSTDOCFLAGS=--cap-lints=warn" "-e" "CARGO_HOME=/opt/rustwide/cargo-home" "-e" "RUSTUP_HOME=/opt/rustwide/rustup-home" "-w" "/opt/rustwide/workdir" "-m" "1610612736" "--user" "0:0" "--network" "none" "ghcr.io/rust-lang/crates-build-env/linux@sha256:2788e3201cd34a07e3172128adcd8b3090168a8e3bcc40d7c032b9dda1df7d1c" "/opt/rustwide/cargo-home/bin/cargo" "+1.75.0" "build" "--frozen" "--message-format=json", kill_on_drop: false }`
[INFO] [stdout] f2a81feb5acae82a9732f7a85e842d6e715419ca1e9c94fd125f01da99874860
[INFO] running `Command { std: "docker" "start" "-a" "f2a81feb5acae82a9732f7a85e842d6e715419ca1e9c94fd125f01da99874860", kill_on_drop: false }`
[INFO] [stderr]    Compiling libc v0.2.108
[INFO] [stderr]    Compiling cfg-if v1.0.0
[INFO] [stderr]    Compiling proc-macro2 v1.0.32
[INFO] [stderr]    Compiling unicode-xid v0.2.2
[INFO] [stderr]    Compiling syn v1.0.81
[INFO] [stderr]    Compiling version_check v0.9.3
[INFO] [stderr]    Compiling ppv-lite86 v0.2.15
[INFO] [stderr]    Compiling log v0.4.14
[INFO] [stderr]    Compiling autocfg v1.0.1
[INFO] [stderr]    Compiling siphasher v0.3.7
[INFO] [stderr]    Compiling memchr v2.4.1
[INFO] [stderr]    Compiling lazy_static v1.4.0
[INFO] [stderr]    Compiling getrandom v0.1.16
[INFO] [stderr]    Compiling once_cell v1.8.0
[INFO] [stderr]    Compiling serde_derive v1.0.130
[INFO] [stderr]    Compiling cc v1.0.72
[INFO] [stderr]    Compiling serde v1.0.130
[INFO] [stderr]    Compiling spin v0.5.2
[INFO] [stderr]    Compiling proc-macro-hack v0.5.19
[INFO] [stderr]    Compiling phf_shared v0.8.0
[INFO] [stderr]    Compiling itoa v0.4.8
[INFO] [stderr]    Compiling untrusted v0.7.1
[INFO] [stderr]    Compiling regex-syntax v0.6.25
[INFO] [stderr]    Compiling fnv v1.0.7
[INFO] [stderr]    Compiling matches v0.1.9
[INFO] [stderr]    Compiling futures-core v0.3.18
[INFO] [stderr]    Compiling percent-encoding v2.1.0
[INFO] [stderr]    Compiling slab v0.4.5
[INFO] [stderr]    Compiling scopeguard v1.1.0
[INFO] [stderr]    Compiling cfg-if v0.1.10
[INFO] [stderr]    Compiling uncased v0.9.6
[INFO] [stderr]    Compiling tinyvec_macros v0.1.0
[INFO] [stderr]    Compiling bytes v0.5.6
[INFO] [stderr]    Compiling crossbeam-utils v0.8.5
[INFO] [stderr]    Compiling ryu v1.0.5
[INFO] [stderr]    Compiling smallvec v1.7.0
[INFO] [stderr]    Compiling tinyvec v1.5.1
[INFO] [stderr]    Compiling form_urlencoded v1.0.1
[INFO] [stderr]    Compiling indexmap v1.7.0
[INFO] [stderr]    Compiling standback v0.2.17
[INFO] [stderr]    Compiling parking_lot_core v0.8.5
[INFO] [stderr]    Compiling pin-project-lite v0.2.7
[INFO] [stderr]    Compiling unicode-bidi v0.3.7
[INFO] [stderr]    Compiling futures-task v0.3.18
[INFO] [stderr]    Compiling aho-corasick v0.7.18
[INFO] [stderr]    Compiling pin-project-lite v0.1.12
[INFO] [stderr]    Compiling unicode-width v0.1.9
[INFO] [stderr]    Compiling quote v1.0.10
[INFO] [stderr]    Compiling phf_shared v0.10.0
[INFO] [stderr]    Compiling unicase v2.6.0
[INFO] [stderr]    Compiling proc-macro-error-attr v1.0.4
[INFO] [stderr]    Compiling tracing-core v0.1.21
[INFO] [stderr]    Compiling instant v0.1.12
[INFO] [stderr]    Compiling iovec v0.1.4
[INFO] [stderr]    Compiling getrandom v0.2.3
[INFO] [stderr]    Compiling net2 v0.2.37
[INFO] [stderr]    Compiling num_cpus v1.13.0
[INFO] [stderr]    Compiling rand_core v0.5.1
[INFO] [stderr]    Compiling signal-hook-registry v1.4.0
[INFO] [stderr]    Compiling futures-util v0.3.18
[INFO] [stderr]    Compiling ring v0.16.20
[INFO] [stderr]    Compiling rand_core v0.6.3
[INFO] [stderr]    Compiling bitflags v1.3.2
[INFO] [stderr]    Compiling rand_pcg v0.2.1
[INFO] [stderr]    Compiling rand_chacha v0.2.2
[INFO] [stderr]    Compiling mio v0.6.23
[INFO] [stderr]    Compiling unicode-normalization v0.1.19
[INFO] [stderr]    Compiling hashbrown v0.11.2
[INFO] [stderr]    Compiling rand_chacha v0.3.1
[INFO] [stderr]    Compiling bytes v1.1.0
[INFO] [stderr]    Compiling new_debug_unreachable v1.0.4
[INFO] [stderr]    Compiling rand v0.7.3
[INFO] [stderr]    Compiling tracing v0.1.29
[INFO] [stderr]    Compiling rand v0.8.4
[INFO] [stderr]    Compiling lock_api v0.4.5
[INFO] [stderr]    Compiling proc-macro-error v1.0.4
[INFO] [stderr]    Compiling ucd-trie v0.1.3
[INFO] [stderr]    Compiling http v0.2.5
[INFO] [stderr]    Compiling mio-uds v0.6.8
[INFO] [stderr]    Compiling futures-channel v0.3.18
[INFO] [stderr]    Compiling regex v1.5.4
[INFO] [stderr]    Compiling serde_json v1.0.71
[INFO] [stderr]    Compiling dtoa v0.4.8
[INFO] [stderr]    Compiling precomputed-hash v0.1.1
[INFO] [stderr]    Compiling idna v0.2.3
[INFO] [stderr]    Compiling futures-sink v0.3.18
[INFO] [stderr]    Compiling pin-utils v0.1.0
[INFO] [stderr]    Compiling mac v0.1.1
[INFO] [stderr]    Compiling const_fn v0.4.8
[INFO] [stderr]    Compiling unicode-segmentation v1.8.0
[INFO] [stderr]    Compiling httparse v1.5.1
[INFO] [stderr]    Compiling phf_generator v0.8.0
[INFO] [stderr]    Compiling futures-io v0.3.18
[INFO] [stderr]    Compiling phf_codegen v0.8.0
[INFO] [stderr]    Compiling string_cache_codegen v0.5.1
[INFO] [stderr]    Compiling phf_generator v0.10.0
[INFO] [stderr]    Compiling futf v0.1.4
[INFO] [stderr]    Compiling parking_lot v0.11.2
[INFO] [stderr]    Compiling pest v2.1.3
[INFO] [stderr]    Compiling num-traits v0.2.14
[INFO] [stderr]    Compiling time v0.2.27
[INFO] [stderr]    Compiling heck v0.3.3
[INFO] [stderr]    Compiling url v2.2.2
[INFO] [stderr]    Compiling try-lock v0.2.3
[INFO] [stderr]    Compiling utf-8 v0.7.6
[INFO] [stderr]    Compiling base64 v0.12.3
[INFO] [stderr]    Compiling want v0.3.0
[INFO] [stderr]    Compiling tendril v0.4.2
[INFO] [stderr]    Compiling markup5ever v0.10.1
[INFO] [stderr]    Compiling mime_guess v2.0.3
[INFO] [stderr]    Compiling selectors v0.22.0
[INFO] [stderr]    Compiling parse-zoneinfo v0.3.0
[INFO] [stderr]    Compiling phf_codegen v0.10.0
[INFO] [stderr]    Compiling dtoa-short v0.3.3
[INFO] [stderr]    Compiling socket2 v0.3.19
[INFO] [stderr]    Compiling phf v0.10.0
[INFO] [stderr]    Compiling num-integer v0.1.44
[INFO] [stderr]    Compiling memoffset v0.6.4
[INFO] [stderr]    Compiling cookie v0.14.4
[INFO] [stderr]    Compiling convert_case v0.4.0
[INFO] [stderr]    Compiling base64 v0.13.0
[INFO] [stderr]    Compiling http-body v0.3.1
[INFO] [stderr]    Compiling stable_deref_trait v1.2.0
[INFO] [stderr]    Compiling encoding_rs v0.8.29
[INFO] [stderr]    Compiling byteorder v1.4.3
[INFO] [stderr]    Compiling tower-service v0.3.1
[INFO] [stderr]    Compiling httpdate v0.3.2
[INFO] [stderr]    Compiling nodrop v0.1.14
[INFO] [stderr]    Compiling servo_arc v0.1.1
[INFO] [stderr]    Compiling chrono-tz-build v0.0.2
[INFO] [stderr]    Compiling terminal_size v0.1.17
[INFO] [stderr]    Compiling dirs-sys-next v0.1.2
[INFO] [stderr]    Compiling bstr v0.2.17
[INFO] [stderr]    Compiling thin-slice v0.1.1
[INFO] [stderr]    Compiling fxhash v0.2.1
[INFO] [stderr]    Compiling mime v0.3.16
[INFO] [stderr]    Compiling unic-common v0.9.0
[INFO] [stderr]    Compiling maplit v1.0.2
[INFO] [stderr]    Compiling crossbeam-epoch v0.9.5
[INFO] [stderr]    Compiling same-file v1.0.6
[INFO] [stderr]    Compiling unic-char-range v0.9.0
[INFO] [stderr]    Compiling anyhow v1.0.48
[INFO] [stderr]    Compiling pest_meta v2.1.3
[INFO] [stderr]    Compiling dirs-next v2.0.0
[INFO] [stderr]    Compiling unic-char-property v0.9.0
[INFO] [stderr]    Compiling walkdir v2.3.2
[INFO] [stderr]    Compiling unic-ucd-version v0.9.0
[INFO] [stderr]    Compiling console v0.15.0
[INFO] [stderr]    Compiling publicsuffix v1.5.6
[INFO] [stderr]    Compiling atty v0.2.14
[INFO] [stderr]    Compiling dirs-sys v0.3.6
[INFO] [stderr]    Compiling globset v0.4.8
[INFO] [stderr]    Compiling time v0.1.43
[INFO] [stderr]    Compiling getopts v0.2.21
[INFO] [stderr]    Compiling thread_local v1.1.3
[INFO] [stderr]    Compiling ego-tree v0.6.2
[INFO] [stderr]    Compiling rayon-core v1.9.1
[INFO] [stderr]    Compiling humantime v2.1.0
[INFO] [stderr]    Compiling number_prefix v0.3.0
[INFO] [stderr]    Compiling ipnet v2.3.1
[INFO] [stderr]    Compiling indicatif v0.15.0
[INFO] [stderr]    Compiling ignore v0.4.18
[INFO] [stderr]    Compiling dirs v3.0.2
[INFO] [stderr]    Compiling unic-ucd-segment v0.9.0
[INFO] [stderr]    Compiling shellexpand v2.1.0
[INFO] [stderr]    Compiling bytefmt v0.1.7
[INFO] [stderr]    Compiling retry v1.3.0
[INFO] [stderr]    Compiling webpki v0.21.4
[INFO] [stderr]    Compiling sct v0.6.1
[INFO] [stderr]    Compiling webpki v0.22.0
[INFO] [stderr]    Compiling sct v0.7.0
[INFO] [stderr]    Compiling fs2 v0.4.3
[INFO] [stderr]    Compiling deunicode v0.4.3
[INFO] [stderr]    Compiling rustls v0.18.1
[INFO] [stderr]    Compiling webpki-roots v0.20.0
[INFO] [stderr]    Compiling webbrowser v0.5.5
[INFO] [stderr]    Compiling pest_generator v2.1.3
[INFO] [stderr]    Compiling chunked_transfer v1.4.0
[INFO] [stderr]    Compiling webpki-roots v0.22.2
[INFO] [stderr]    Compiling rustls v0.20.2
[INFO] [stderr]    Compiling linked-hash-map v0.5.4
[INFO] [stderr]    Compiling globwalk v0.8.1
[INFO] [stderr]    Compiling slug v0.1.4
[INFO] [stderr]    Compiling yaml-rust v0.4.5
[INFO] [stderr]    Compiling unic-segment v0.9.0
[INFO] [stderr]    Compiling crossbeam-deque v0.8.1
[INFO] [stderr]    Compiling semver-parser v0.10.2
[INFO] [stderr]    Compiling crossbeam-channel v0.5.1
[INFO] [stderr]    Compiling rayon v1.5.1
[INFO] [stderr]    Compiling humansize v1.1.1
[INFO] [stderr]    Compiling either v1.6.1
[INFO] [stderr]    Compiling textwrap v0.11.0
[INFO] [stderr]    Compiling remove_dir_all v0.5.3
[INFO] [stderr]    Compiling strsim v0.8.0
[INFO] [stderr]    Compiling semver v0.11.0
[INFO] [stderr]    Compiling vec_map v0.8.2
[INFO] [stderr]    Compiling ansi_term v0.11.0
[INFO] [stderr]    Compiling tempfile v3.2.0
[INFO] [stderr]    Compiling chrono-tz v0.6.0
[INFO] [stderr]    Compiling itertools v0.9.0
[INFO] [stderr]    Compiling clap v2.33.3
[INFO] [stderr]    Compiling tokio-macros v0.2.6
[INFO] [stderr]    Compiling phf_macros v0.8.0
[INFO] [stderr]    Compiling pin-project-internal v1.0.8
[INFO] [stderr]    Compiling futures-macro v0.3.18
[INFO] [stderr]    Compiling cssparser v0.27.2
[INFO] [stderr]    Compiling time-macros-impl v0.1.2
[INFO] [stderr]    Compiling html5ever v0.25.1
[INFO] [stderr]    Compiling cssparser-macros v0.6.0
[INFO] [stderr]    Compiling derive_more v0.99.16
[INFO] [stderr]    Compiling strum_macros v0.19.4
[INFO] [stderr]    Compiling getset v0.1.1
[INFO] [stderr]    Compiling thiserror-impl v1.0.30
[INFO] [stderr]    Compiling tokio v0.2.25
[INFO] [stderr]    Compiling time-macros v0.1.1
[INFO] [stderr]    Compiling phf v0.8.0
[INFO] [stderr]    Compiling ureq v2.4.0
[INFO] [stderr]    Compiling pest_derive v2.1.0
[INFO] [stderr]    Compiling pin-project v1.0.8
[INFO] [stderr]    Compiling tracing-futures v0.2.5
[INFO] [stderr]    Compiling strum v0.19.5
[INFO] [stderr]    Compiling structopt-derive v0.4.18
[INFO] [stderr]    Compiling thiserror v1.0.30
[INFO] [stderr]    Compiling structopt v0.3.25
[INFO] [stderr]    Compiling tokio-util v0.3.1
[INFO] [stderr]    Compiling tokio-rustls v0.14.1
[INFO] [stderr]    Compiling h2 v0.2.7
[INFO] [stderr]    Compiling string_cache v0.8.2
[INFO] [stderr]    Compiling serde_urlencoded v0.7.0
[INFO] [stderr]    Compiling humantime-serde v1.0.1
[INFO] [stderr]    Compiling chrono v0.4.19
[INFO] [stderr]    Compiling serde_yaml v0.8.21
[INFO] [stderr]    Compiling hyper v0.13.10
[INFO] [stderr]    Compiling cookie_store v0.12.0
[INFO] [stderr]    Compiling dropbox-sdk v0.14.0
[INFO] [stderr]    Compiling scraper v0.12.0
[INFO] [stderr]    Compiling hyper-rustls v0.21.0
[INFO] [stderr]    Compiling tera v1.15.0
[INFO] [stderr]    Compiling reqwest v0.10.10
[INFO] [stderr]    Compiling acick-util v0.2.0 (/opt/rustwide/workdir/acick-util)
[INFO] [stderr]    Compiling acick-config v0.2.0 (/opt/rustwide/workdir/acick-config)
[INFO] [stderr]    Compiling acick-dropbox v0.2.0 (/opt/rustwide/workdir/acick-dropbox)
[INFO] [stderr]    Compiling acick-atcoder v0.2.0 (/opt/rustwide/workdir/acick-atcoder)
[INFO] [stdout] warning: unused import: `LoginPage`
[INFO] [stdout]   --> acick-atcoder/src/page/mod.rs:19:17
[INFO] [stdout]    |
[INFO] [stdout] 19 | pub use login::{LoginPage, LoginPageBuilder};
[INFO] [stdout]    |                 ^^^^^^^^^
[INFO] [stdout]    |
[INFO] [stdout]    = note: `#[warn(unused_imports)]` on by default
[INFO] [stdout] 
[INFO] [stdout] 
[INFO] [stdout] warning: unused import: `SettingsPage`
[INFO] [stdout]   --> acick-atcoder/src/page/mod.rs:20:20
[INFO] [stdout]    |
[INFO] [stdout] 20 | pub use settings::{SettingsPage, SettingsPageBuilder};
[INFO] [stdout]    |                    ^^^^^^^^^^^^
[INFO] [stdout] 
[INFO] [stdout] 
[INFO] [stdout] warning: unused import: `SubmitPage`
[INFO] [stdout]   --> acick-atcoder/src/page/mod.rs:21:18
[INFO] [stdout]    |
[INFO] [stdout] 21 | pub use submit::{SubmitPage, SubmitPageBuilder};
[INFO] [stdout]    |                  ^^^^^^^^^^
[INFO] [stdout] 
[INFO] [stdout] 
[INFO] [stdout] warning: unused import: `TasksPage`
[INFO] [stdout]   --> acick-atcoder/src/page/mod.rs:22:17
[INFO] [stdout]    |
[INFO] [stdout] 22 | pub use tasks::{TasksPage, TasksPageBuilder};
[INFO] [stdout]    |                 ^^^^^^^^^
[INFO] [stdout] 
[INFO] [stdout] 
[INFO] [stdout] warning: unused import: `TasksPrintPage`
[INFO] [stdout]   --> acick-atcoder/src/page/mod.rs:23:23
[INFO] [stdout]    |
[INFO] [stdout] 23 | pub use tasks_print::{TasksPrintPage, TasksPrintPageBuilder};
[INFO] [stdout]    |                       ^^^^^^^^^^^^^^
[INFO] [stdout] 
[INFO] [stdout] 
[INFO] [stderr]    Compiling acick v0.2.0 (/opt/rustwide/workdir)
[INFO] [stdout] warning: unused import: `InitOutcome`
[INFO] [stdout]   --> src/cmd/mod.rs:24:25
[INFO] [stdout]    |
[INFO] [stdout] 24 | pub use init::{InitOpt, InitOutcome};
[INFO] [stdout]    |                         ^^^^^^^^^^^
[INFO] [stdout]    |
[INFO] [stdout]    = note: `#[warn(unused_imports)]` on by default
[INFO] [stdout] 
[INFO] [stdout] 
[INFO] [stdout] warning: unused import: `LoginOutcome`
[INFO] [stdout]   --> src/cmd/mod.rs:25:27
[INFO] [stdout]    |
[INFO] [stdout] 25 | pub use login::{LoginOpt, LoginOutcome};
[INFO] [stdout]    |                           ^^^^^^^^^^^^
[INFO] [stdout] 
[INFO] [stdout] 
[INFO] [stdout] warning: unused import: `LogoutOutcome`
[INFO] [stdout]   --> src/cmd/mod.rs:26:29
[INFO] [stdout]    |
[INFO] [stdout] 26 | pub use logout::{LogoutOpt, LogoutOutcome};
[INFO] [stdout]    |                             ^^^^^^^^^^^^^
[INFO] [stdout] 
[INFO] [stdout] 
[INFO] [stdout] warning: unused import: `MeOutcome`
[INFO] [stdout]   --> src/cmd/mod.rs:27:21
[INFO] [stdout]    |
[INFO] [stdout] 27 | pub use me::{MeOpt, MeOutcome};
[INFO] [stdout]    |                     ^^^^^^^^^
[INFO] [stdout] 
[INFO] [stdout] 
[INFO] [stdout] warning: unused import: `ShowOutcome`
[INFO] [stdout]   --> src/cmd/mod.rs:28:25
[INFO] [stdout]    |
[INFO] [stdout] 28 | pub use show::{ShowOpt, ShowOutcome};
[INFO] [stdout]    |                         ^^^^^^^^^^^
[INFO] [stdout] 
[INFO] [stdout] 
[INFO] [stdout] warning: unused import: `SubmitOutcome`
[INFO] [stdout]   --> src/cmd/mod.rs:29:29
[INFO] [stdout]    |
[INFO] [stdout] 29 | pub use submit::{SubmitOpt, SubmitOutcome};
[INFO] [stdout]    |                             ^^^^^^^^^^^^^
[INFO] [stdout] 
[INFO] [stdout] 
[INFO] [stdout] warning: unused import: `TestOutcome`
[INFO] [stdout]   --> src/cmd/mod.rs:30:25
[INFO] [stdout]    |
[INFO] [stdout] 30 | pub use test::{TestOpt, TestOutcome};
[INFO] [stdout]    |                         ^^^^^^^^^^^
[INFO] [stdout] 
[INFO] [stdout] 
[INFO] [stdout] warning: 5 warnings emitted
[INFO] [stdout] 
[INFO] [stdout] 
[INFO] [stdout] warning: 7 warnings emitted
[INFO] [stdout] 
[INFO] [stdout] 
[INFO] [stderr]     Finished dev [unoptimized + debuginfo] target(s) in 42.77s
[INFO] [stderr] warning: the following packages contain code that will be rejected by a future version of Rust: html5ever v0.25.1
[INFO] [stderr] note: to see what the problems were, use the option `--future-incompat-report`, or run `cargo report future-incompatibilities --id 1`
[INFO] running `Command { std: "docker" "inspect" "f2a81feb5acae82a9732f7a85e842d6e715419ca1e9c94fd125f01da99874860", kill_on_drop: false }`
[INFO] running `Command { std: "docker" "rm" "-f" "f2a81feb5acae82a9732f7a85e842d6e715419ca1e9c94fd125f01da99874860", kill_on_drop: false }`
[INFO] [stdout] f2a81feb5acae82a9732f7a85e842d6e715419ca1e9c94fd125f01da99874860
[INFO] running `Command { std: "docker" "create" "-v" "/var/lib/crater-agent-workspace/builds/worker-3-tc1/target:/opt/rustwide/target:rw,Z" "-v" "/var/lib/crater-agent-workspace/builds/worker-3-tc1/source:/opt/rustwide/workdir:ro,Z" "-v" "/var/lib/crater-agent-workspace/cargo-home:/opt/rustwide/cargo-home:ro,Z" "-v" "/var/lib/crater-agent-workspace/rustup-home:/opt/rustwide/rustup-home:ro,Z" "-e" "SOURCE_DIR=/opt/rustwide/workdir" "-e" "CARGO_TARGET_DIR=/opt/rustwide/target" "-e" "CARGO_INCREMENTAL=0" "-e" "RUST_BACKTRACE=full" "-e" "RUSTFLAGS=--cap-lints=warn" "-e" "RUSTDOCFLAGS=--cap-lints=warn" "-e" "CARGO_HOME=/opt/rustwide/cargo-home" "-e" "RUSTUP_HOME=/opt/rustwide/rustup-home" "-w" "/opt/rustwide/workdir" "-m" "1610612736" "--user" "0:0" "--network" "none" "ghcr.io/rust-lang/crates-build-env/linux@sha256:2788e3201cd34a07e3172128adcd8b3090168a8e3bcc40d7c032b9dda1df7d1c" "/opt/rustwide/cargo-home/bin/cargo" "+1.75.0" "test" "--frozen" "--no-run" "--message-format=json", kill_on_drop: false }`
[INFO] [stdout] a47fb3f157b7bc2afaf929de4518627b41d6ba4f056dc956cc48eb1f1d39996e
[INFO] running `Command { std: "docker" "start" "-a" "a47fb3f157b7bc2afaf929de4518627b41d6ba4f056dc956cc48eb1f1d39996e", kill_on_drop: false }`
[INFO] [stdout] warning: unused import: `LoginPage`
[INFO] [stdout]   --> acick-atcoder/src/page/mod.rs:19:17
[INFO] [stdout]    |
[INFO] [stdout] 19 | pub use login::{LoginPage, LoginPageBuilder};
[INFO] [stdout]    |                 ^^^^^^^^^
[INFO] [stdout]    |
[INFO] [stdout]    = note: `#[warn(unused_imports)]` on by default
[INFO] [stdout] 
[INFO] [stdout] 
[INFO] [stdout] warning: unused import: `SettingsPage`
[INFO] [stdout]   --> acick-atcoder/src/page/mod.rs:20:20
[INFO] [stdout]    |
[INFO] [stdout] 20 | pub use settings::{SettingsPage, SettingsPageBuilder};
[INFO] [stdout]    |                    ^^^^^^^^^^^^
[INFO] [stdout] 
[INFO] [stdout] 
[INFO] [stdout] warning: unused import: `SubmitPage`
[INFO] [stdout]   --> acick-atcoder/src/page/mod.rs:21:18
[INFO] [stdout]    |
[INFO] [stdout] 21 | pub use submit::{SubmitPage, SubmitPageBuilder};
[INFO] [stdout]    |                  ^^^^^^^^^^
[INFO] [stdout] 
[INFO] [stdout] 
[INFO] [stdout] warning: unused import: `TasksPage`
[INFO] [stdout]   --> acick-atcoder/src/page/mod.rs:22:17
[INFO] [stdout]    |
[INFO] [stdout] 22 | pub use tasks::{TasksPage, TasksPageBuilder};
[INFO] [stdout]    |                 ^^^^^^^^^
[INFO] [stdout] 
[INFO] [stdout] 
[INFO] [stdout] warning: unused import: `TasksPrintPage`
[INFO] [stdout]   --> acick-atcoder/src/page/mod.rs:23:23
[INFO] [stdout]    |
[INFO] [stdout] 23 | pub use tasks_print::{TasksPrintPage, TasksPrintPageBuilder};
[INFO] [stdout]    |                       ^^^^^^^^^^^^^^
[INFO] [stdout] 
[INFO] [stdout] 
[INFO] [stdout] warning: 5 warnings emitted
[INFO] [stdout] 
[INFO] [stdout] 
[INFO] [stdout] warning: unused import: `InitOutcome`
[INFO] [stdout]   --> src/cmd/mod.rs:24:25
[INFO] [stdout]    |
[INFO] [stdout] 24 | pub use init::{InitOpt, InitOutcome};
[INFO] [stdout]    |                         ^^^^^^^^^^^
[INFO] [stdout]    |
[INFO] [stdout]    = note: `#[warn(unused_imports)]` on by default
[INFO] [stdout] 
[INFO] [stdout] 
[INFO] [stdout] warning: unused import: `LoginOutcome`
[INFO] [stdout]   --> src/cmd/mod.rs:25:27
[INFO] [stdout]    |
[INFO] [stdout] 25 | pub use login::{LoginOpt, LoginOutcome};
[INFO] [stdout]    |                           ^^^^^^^^^^^^
[INFO] [stdout] 
[INFO] [stdout] 
[INFO] [stdout] warning: unused import: `LogoutOutcome`
[INFO] [stdout]   --> src/cmd/mod.rs:26:29
[INFO] [stdout]    |
[INFO] [stdout] 26 | pub use logout::{LogoutOpt, LogoutOutcome};
[INFO] [stdout]    |                             ^^^^^^^^^^^^^
[INFO] [stdout] 
[INFO] [stdout] 
[INFO] [stdout] warning: unused import: `MeOutcome`
[INFO] [stdout]   --> src/cmd/mod.rs:27:21
[INFO] [stdout]    |
[INFO] [stdout] 27 | pub use me::{MeOpt, MeOutcome};
[INFO] [stdout]    |                     ^^^^^^^^^
[INFO] [stdout] 
[INFO] [stdout] 
[INFO] [stdout] warning: unused import: `ShowOutcome`
[INFO] [stdout]   --> src/cmd/mod.rs:28:25
[INFO] [stdout]    |
[INFO] [stdout] 28 | pub use show::{ShowOpt, ShowOutcome};
[INFO] [stdout]    |                         ^^^^^^^^^^^
[INFO] [stdout] 
[INFO] [stdout] 
[INFO] [stdout] warning: unused import: `SubmitOutcome`
[INFO] [stdout]   --> src/cmd/mod.rs:29:29
[INFO] [stdout]    |
[INFO] [stdout] 29 | pub use submit::{SubmitOpt, SubmitOutcome};
[INFO] [stdout]    |                             ^^^^^^^^^^^^^
[INFO] [stdout] 
[INFO] [stdout] 
[INFO] [stderr]    Compiling acick v0.2.0 (/opt/rustwide/workdir)
[INFO] [stdout] warning: unused import: `TestOutcome`
[INFO] [stdout]   --> src/cmd/mod.rs:30:25
[INFO] [stdout]    |
[INFO] [stdout] 30 | pub use test::{TestOpt, TestOutcome};
[INFO] [stdout]    |                         ^^^^^^^^^^^
[INFO] [stdout] 
[INFO] [stdout] 
[INFO] [stdout] warning: 7 warnings emitted
[INFO] [stdout] 
[INFO] [stdout] 
[INFO] [stdout] warning: unused import: `InitOutcome`
[INFO] [stdout]   --> src/cmd/mod.rs:24:25
[INFO] [stdout]    |
[INFO] [stdout] 24 | pub use init::{InitOpt, InitOutcome};
[INFO] [stdout]    |                         ^^^^^^^^^^^
[INFO] [stdout]    |
[INFO] [stdout]    = note: `#[warn(unused_imports)]` on by default
[INFO] [stdout] 
[INFO] [stdout] 
[INFO] [stdout] warning: unused import: `LoginOutcome`
[INFO] [stdout]   --> src/cmd/mod.rs:25:27
[INFO] [stdout]    |
[INFO] [stdout] 25 | pub use login::{LoginOpt, LoginOutcome};
[INFO] [stdout]    |                           ^^^^^^^^^^^^
[INFO] [stdout] 
[INFO] [stdout] 
[INFO] [stdout] warning: unused import: `LogoutOutcome`
[INFO] [stdout]   --> src/cmd/mod.rs:26:29
[INFO] [stdout]    |
[INFO] [stdout] 26 | pub use logout::{LogoutOpt, LogoutOutcome};
[INFO] [stdout]    |                             ^^^^^^^^^^^^^
[INFO] [stdout] 
[INFO] [stdout] 
[INFO] [stdout] warning: unused import: `MeOutcome`
[INFO] [stdout]   --> src/cmd/mod.rs:27:21
[INFO] [stdout]    |
[INFO] [stdout] 27 | pub use me::{MeOpt, MeOutcome};
[INFO] [stdout]    |                     ^^^^^^^^^
[INFO] [stdout] 
[INFO] [stdout] 
[INFO] [stdout] warning: unused import: `ShowOutcome`
[INFO] [stdout]   --> src/cmd/mod.rs:28:25
[INFO] [stdout]    |
[INFO] [stdout] 28 | pub use show::{ShowOpt, ShowOutcome};
[INFO] [stdout]    |                         ^^^^^^^^^^^
[INFO] [stdout] 
[INFO] [stdout] 
[INFO] [stdout] warning: unused import: `SubmitOutcome`
[INFO] [stdout]   --> src/cmd/mod.rs:29:29
[INFO] [stdout]    |
[INFO] [stdout] 29 | pub use submit::{SubmitOpt, SubmitOutcome};
[INFO] [stdout]    |                             ^^^^^^^^^^^^^
[INFO] [stdout] 
[INFO] [stdout] 
[INFO] [stdout] warning: unused import: `TestOutcome`
[INFO] [stdout]   --> src/cmd/mod.rs:30:25
[INFO] [stdout]    |
[INFO] [stdout] 30 | pub use test::{TestOpt, TestOutcome};
[INFO] [stdout]    |                         ^^^^^^^^^^^
[INFO] [stdout] 
[INFO] [stdout] 
[INFO] [stdout] warning: 7 warnings emitted
[INFO] [stdout] 
[INFO] [stdout] 
[INFO] [stderr]     Finished test [unoptimized + debuginfo] target(s) in 10.29s
[INFO] [stderr] warning: the following packages contain code that will be rejected by a future version of Rust: html5ever v0.25.1
[INFO] [stderr] note: to see what the problems were, use the option `--future-incompat-report`, or run `cargo report future-incompatibilities --id 1`
[INFO] running `Command { std: "docker" "inspect" "a47fb3f157b7bc2afaf929de4518627b41d6ba4f056dc956cc48eb1f1d39996e", kill_on_drop: false }`
[INFO] running `Command { std: "docker" "rm" "-f" "a47fb3f157b7bc2afaf929de4518627b41d6ba4f056dc956cc48eb1f1d39996e", kill_on_drop: false }`
[INFO] [stdout] a47fb3f157b7bc2afaf929de4518627b41d6ba4f056dc956cc48eb1f1d39996e
[INFO] running `Command { std: "docker" "create" "-v" "/var/lib/crater-agent-workspace/builds/worker-3-tc1/target:/opt/rustwide/target:rw,Z" "-v" "/var/lib/crater-agent-workspace/builds/worker-3-tc1/source:/opt/rustwide/workdir:ro,Z" "-v" "/var/lib/crater-agent-workspace/cargo-home:/opt/rustwide/cargo-home:ro,Z" "-v" "/var/lib/crater-agent-workspace/rustup-home:/opt/rustwide/rustup-home:ro,Z" "-e" "SOURCE_DIR=/opt/rustwide/workdir" "-e" "CARGO_TARGET_DIR=/opt/rustwide/target" "-e" "CARGO_INCREMENTAL=0" "-e" "RUST_BACKTRACE=full" "-e" "RUSTFLAGS=--cap-lints=warn" "-e" "RUSTDOCFLAGS=--cap-lints=warn" "-e" "CARGO_HOME=/opt/rustwide/cargo-home" "-e" "RUSTUP_HOME=/opt/rustwide/rustup-home" "-w" "/opt/rustwide/workdir" "-m" "1610612736" "--user" "0:0" "--network" "none" "ghcr.io/rust-lang/crates-build-env/linux@sha256:2788e3201cd34a07e3172128adcd8b3090168a8e3bcc40d7c032b9dda1df7d1c" "/opt/rustwide/cargo-home/bin/cargo" "+1.75.0" "test" "--frozen", kill_on_drop: false }`
[INFO] [stdout] f9f897212a7bb7c97b1b4c65dc5e5a0a6e12b008d8144378176ba051ecbfa01a
[INFO] running `Command { std: "docker" "start" "-a" "f9f897212a7bb7c97b1b4c65dc5e5a0a6e12b008d8144378176ba051ecbfa01a", kill_on_drop: false }`
[INFO] [stderr] warning: unused import: `LoginPage`
[INFO] [stderr]   --> acick-atcoder/src/page/mod.rs:19:17
[INFO] [stderr]    |
[INFO] [stderr] 19 | pub use login::{LoginPage, LoginPageBuilder};
[INFO] [stderr]    |                 ^^^^^^^^^
[INFO] [stderr]    |
[INFO] [stderr]    = note: `#[warn(unused_imports)]` on by default
[INFO] [stderr] 
[INFO] [stderr] warning: unused import: `SettingsPage`
[INFO] [stderr]   --> acick-atcoder/src/page/mod.rs:20:20
[INFO] [stderr]    |
[INFO] [stderr] 20 | pub use settings::{SettingsPage, SettingsPageBuilder};
[INFO] [stderr]    |                    ^^^^^^^^^^^^
[INFO] [stderr] 
[INFO] [stderr] warning: unused import: `SubmitPage`
[INFO] [stderr]   --> acick-atcoder/src/page/mod.rs:21:18
[INFO] [stderr]    |
[INFO] [stderr] 21 | pub use submit::{SubmitPage, SubmitPageBuilder};
[INFO] [stderr]    |                  ^^^^^^^^^^
[INFO] [stderr] 
[INFO] [stderr] warning: unused import: `TasksPage`
[INFO] [stderr]   --> acick-atcoder/src/page/mod.rs:22:17
[INFO] [stderr]    |
[INFO] [stderr] 22 | pub use tasks::{TasksPage, TasksPageBuilder};
[INFO] [stderr]    |                 ^^^^^^^^^
[INFO] [stderr] 
[INFO] [stderr] warning: unused import: `TasksPrintPage`
[INFO] [stderr]   --> acick-atcoder/src/page/mod.rs:23:23
[INFO] [stderr]    |
[INFO] [stderr] 23 | pub use tasks_print::{TasksPrintPage, TasksPrintPageBuilder};
[INFO] [stderr]    |                       ^^^^^^^^^^^^^^
[INFO] [stderr] 
[INFO] [stderr] warning: `acick-atcoder` (lib) generated 5 warnings (run `cargo fix --lib -p acick-atcoder` to apply 5 suggestions)
[INFO] [stderr] warning: unused import: `InitOutcome`
[INFO] [stderr]   --> src/cmd/mod.rs:24:25
[INFO] [stderr]    |
[INFO] [stderr] 24 | pub use init::{InitOpt, InitOutcome};
[INFO] [stderr]    |                         ^^^^^^^^^^^
[INFO] [stderr]    |
[INFO] [stderr]    = note: `#[warn(unused_imports)]` on by default
[INFO] [stderr] 
[INFO] [stderr] warning: unused import: `LoginOutcome`
[INFO] [stderr]   --> src/cmd/mod.rs:25:27
[INFO] [stderr]    |
[INFO] [stderr] 25 | pub use login::{LoginOpt, LoginOutcome};
[INFO] [stderr]    |                           ^^^^^^^^^^^^
[INFO] [stderr] 
[INFO] [stderr] warning: unused import: `LogoutOutcome`
[INFO] [stderr]   --> src/cmd/mod.rs:26:29
[INFO] [stderr]    |
[INFO] [stderr] 26 | pub use logout::{LogoutOpt, LogoutOutcome};
[INFO] [stderr]    |                             ^^^^^^^^^^^^^
[INFO] [stderr] 
[INFO] [stderr] warning: unused import: `MeOutcome`
[INFO] [stderr]   --> src/cmd/mod.rs:27:21
[INFO] [stderr]    |
[INFO] [stderr] 27 | pub use me::{MeOpt, MeOutcome};
[INFO] [stderr]    |                     ^^^^^^^^^
[INFO] [stderr] 
[INFO] [stderr] warning: unused import: `ShowOutcome`
[INFO] [stderr]   --> src/cmd/mod.rs:28:25
[INFO] [stderr]    |
[INFO] [stderr] 28 | pub use show::{ShowOpt, ShowOutcome};
[INFO] [stderr]    |                         ^^^^^^^^^^^
[INFO] [stderr] 
[INFO] [stderr] warning: unused import: `SubmitOutcome`
[INFO] [stderr]   --> src/cmd/mod.rs:29:29
[INFO] [stderr]    |
[INFO] [stderr] 29 | pub use submit::{SubmitOpt, SubmitOutcome};
[INFO] [stderr]    |                             ^^^^^^^^^^^^^
[INFO] [stderr] 
[INFO] [stderr] warning: unused import: `TestOutcome`
[INFO] [stderr]   --> src/cmd/mod.rs:30:25
[INFO] [stderr]    |
[INFO] [stderr] 30 | pub use test::{TestOpt, TestOutcome};
[INFO] [stderr]    |                         ^^^^^^^^^^^
[INFO] [stderr] 
[INFO] [stderr] warning: `acick` (lib) generated 7 warnings (run `cargo fix --lib -p acick` to apply 7 suggestions)
[INFO] [stderr] warning: `acick` (lib test) generated 7 warnings (7 duplicates)
[INFO] [stderr]     Finished test [unoptimized + debuginfo] target(s) in 0.44s
[INFO] [stderr] warning: the following packages contain code that will be rejected by a future version of Rust: html5ever v0.25.1
[INFO] [stderr] note: to see what the problems were, use the option `--future-incompat-report`, or run `cargo report future-incompatibilities --id 1`
[INFO] [stderr]      Running unittests src/lib.rs (/opt/rustwide/target/debug/deps/acick-8c8cd564bc2bc6cb)
[INFO] [stdout] 
[INFO] [stdout] running 9 tests
[INFO] [stdout] test cmd::submit::tests::run_default ... ignored
[INFO] [stdout] test cmd::show::tests::run_default ... ok
[INFO] [stdout] test cmd::logout::tests::run_default ... ok
[INFO] [stdout] test cmd::login::tests::check_envs_for_user_and_pass ... FAILED
[INFO] [stdout] test cmd::init::tests::run_default ... ok
[INFO] [stdout] test cmd::login::tests::run_default ... FAILED
[INFO] [stdout] test cmd::me::tests::run_default ... FAILED
[INFO] [stdout] test cmd::test::tests::run_default ... FAILED
[INFO] [stdout] test cmd::fetch::tests::run_default ... FAILED
[INFO] [stdout] 
[INFO] [stdout] failures:
[INFO] [stdout] 
[INFO] [stdout] ---- cmd::login::tests::check_envs_for_user_and_pass stdout ----
[INFO] [stdout] Error: environment variable not found
[INFO] [stdout] 
[INFO] [stdout] ---- cmd::login::tests::run_default stdout ----
[INFO] [stdout] /opt/rustwide/workdir
[INFO] [stdout] username: password: 
[INFO] [stdout] GET     https://atcoder.jp/login ... failed
[INFO] [stdout] GET     https://atcoder.jp/login ... failed
[INFO] [stdout] GET     https://atcoder.jp/login ... failed
[INFO] [stdout] GET     https://atcoder.jp/login ... failed
[INFO] [stdout] GET     https://atcoder.jp/login ... failed
[INFO] [stdout] 
[INFO] [stdout] Error: Could not send request
[INFO] [stdout] 
[INFO] [stdout] Caused by:
[INFO] [stdout]     0: error sending request for url (https://atcoder.jp/login): error trying to connect: dns error: failed to lookup address information: Temporary failure in name resolution
[INFO] [stdout]     1: error trying to connect: dns error: failed to lookup address information: Temporary failure in name resolution
[INFO] [stdout]     2: dns error: failed to lookup address information: Temporary failure in name resolution
[INFO] [stdout]     3: failed to lookup address information: Temporary failure in name resolution
[INFO] [stdout] 
[INFO] [stdout] ---- cmd::me::tests::run_default stdout ----
[INFO] [stdout] /opt/rustwide/workdir
[INFO] [stdout] username: password: 
[INFO] [stdout] GET     https://atcoder.jp/login ... failed
[INFO] [stdout] GET     https://atcoder.jp/login ... failed
[INFO] [stdout] GET     https://atcoder.jp/login ... failed
[INFO] [stdout] GET     https://atcoder.jp/login ... failed
[INFO] [stdout] GET     https://atcoder.jp/login ... failed
[INFO] [stdout] 
[INFO] [stdout] Error: Could not send request
[INFO] [stdout] 
[INFO] [stdout] Caused by:
[INFO] [stdout]     0: error sending request for url (https://atcoder.jp/login): error trying to connect: dns error: failed to lookup address information: Temporary failure in name resolution
[INFO] [stdout]     1: error trying to connect: dns error: failed to lookup address information: Temporary failure in name resolution
[INFO] [stdout]     2: dns error: failed to lookup address information: Temporary failure in name resolution
[INFO] [stdout]     3: failed to lookup address information: Temporary failure in name resolution
[INFO] [stdout] 
[INFO] [stdout] ---- cmd::test::tests::run_default stdout ----
[INFO] [stdout] /opt/rustwide/workdir
[INFO] [stdout] GET     https://atcoder.jp/contests/arc100/tasks ... failed
[INFO] [stdout] GET     https://atcoder.jp/contests/arc100/tasks ... failed
[INFO] [stdout] GET     https://atcoder.jp/contests/arc100/tasks ... failed
[INFO] [stdout] GET     https://atcoder.jp/contests/arc100/tasks ... failed
[INFO] [stdout] GET     https://atcoder.jp/contests/arc100/tasks ... failed
[INFO] [stdout] 
[INFO] [stdout] Error: Could not send request
[INFO] [stdout] 
[INFO] [stdout] Caused by:
[INFO] [stdout]     0: error sending request for url (https://atcoder.jp/contests/arc100/tasks): error trying to connect: dns error: failed to lookup address information: Temporary failure in name resolution
[INFO] [stdout]     1: error trying to connect: dns error: failed to lookup address information: Temporary failure in name resolution
[INFO] [stdout]     2: dns error: failed to lookup address information: Temporary failure in name resolution
[INFO] [stdout]     3: failed to lookup address information: Temporary failure in name resolution
[INFO] [stdout] 
[INFO] [stdout] ---- cmd::fetch::tests::run_default stdout ----
[INFO] [stdout] /opt/rustwide/workdir
[INFO] [stdout] GET     https://atcoder.jp/contests/arc100/tasks ... failed
[INFO] [stdout] GET     https://atcoder.jp/contests/arc100/tasks ... failed
[INFO] [stdout] GET     https://atcoder.jp/contests/arc100/tasks ... failed
[INFO] [stdout] GET     https://atcoder.jp/contests/arc100/tasks ... failed
[INFO] [stdout] GET     https://atcoder.jp/contests/arc100/tasks ... failed
[INFO] [stdout] 
[INFO] [stdout] Error: Could not send request
[INFO] [stdout] 
[INFO] [stdout] Caused by:
[INFO] [stdout]     0: error sending request for url (https://atcoder.jp/contests/arc100/tasks): error trying to connect: dns error: failed to lookup address information: Temporary failure in name resolution
[INFO] [stdout]     1: error trying to connect: dns error: failed to lookup address information: Temporary failure in name resolution
[INFO] [stdout]     2: dns error: failed to lookup address information: Temporary failure in name resolution
[INFO] [stdout]     3: failed to lookup address information: Temporary failure in name resolution
[INFO] [stdout] 
[INFO] [stdout] 
[INFO] [stdout] failures:
[INFO] [stdout]     cmd::fetch::tests::run_default
[INFO] [stdout]     cmd::login::tests::check_envs_for_user_and_pass
[INFO] [stdout]     cmd::login::tests::run_default
[INFO] [stdout]     cmd::me::tests::run_default
[INFO] [stdout]     cmd::test::tests::run_default
[INFO] [stdout] 
[INFO] [stdout] test result: FAILED. 3 passed; 5 failed; 1 ignored; 0 measured; 0 filtered out; finished in 8.07s
[INFO] [stdout] 
[INFO] [stderr] error: test failed, to rerun pass `--lib`
[INFO] running `Command { std: "docker" "inspect" "f9f897212a7bb7c97b1b4c65dc5e5a0a6e12b008d8144378176ba051ecbfa01a", kill_on_drop: false }`
[INFO] running `Command { std: "docker" "rm" "-f" "f9f897212a7bb7c97b1b4c65dc5e5a0a6e12b008d8144378176ba051ecbfa01a", kill_on_drop: false }`
[INFO] [stdout] f9f897212a7bb7c97b1b4c65dc5e5a0a6e12b008d8144378176ba051ecbfa01a
[INFO] testing gky360/acick against beta-2023-12-22 for beta-1.76-1
[INFO] running `Command { std: "git" "clone" "/workspace/cache/git-repos/https%3A%2F%2Fgithub.com%2Fgky360%2Facick" "/workspace/builds/worker-3-tc2/source", kill_on_drop: false }`
[INFO] [stderr] Cloning into '/workspace/builds/worker-3-tc2/source'...
[INFO] [stderr] done.
[INFO] validating manifest of git repo https://github.com/gky360/acick on toolchain beta-2023-12-22
[INFO] running `Command { std: CARGO_HOME="/workspace/cargo-home" RUSTUP_HOME="/workspace/rustup-home" "/workspace/cargo-home/bin/cargo" "+beta-2023-12-22" "metadata" "--manifest-path" "Cargo.toml" "--no-deps", kill_on_drop: false }`
[INFO] started tweaking git repo https://github.com/gky360/acick
[INFO] finished tweaking git repo https://github.com/gky360/acick
[INFO] tweaked toml for git repo https://github.com/gky360/acick written to /workspace/builds/worker-3-tc2/source/Cargo.toml
[INFO] crate git repo https://github.com/gky360/acick already has a lockfile, it will not be regenerated
[INFO] running `Command { std: CARGO_HOME="/workspace/cargo-home" RUSTUP_HOME="/workspace/rustup-home" "/workspace/cargo-home/bin/cargo" "+beta-2023-12-22" "fetch" "--manifest-path" "Cargo.toml", kill_on_drop: false }`
[INFO] running `Command { std: "docker" "create" "-v" "/var/lib/crater-agent-workspace/builds/worker-3-tc2/target:/opt/rustwide/target:rw,Z" "-v" "/var/lib/crater-agent-workspace/builds/worker-3-tc2/source:/opt/rustwide/workdir:ro,Z" "-v" "/var/lib/crater-agent-workspace/cargo-home:/opt/rustwide/cargo-home:ro,Z" "-v" "/var/lib/crater-agent-workspace/rustup-home:/opt/rustwide/rustup-home:ro,Z" "-e" "SOURCE_DIR=/opt/rustwide/workdir" "-e" "CARGO_TARGET_DIR=/opt/rustwide/target" "-e" "CARGO_HOME=/opt/rustwide/cargo-home" "-e" "RUSTUP_HOME=/opt/rustwide/rustup-home" "-w" "/opt/rustwide/workdir" "-m" "1610612736" "--user" "0:0" "--network" "none" "ghcr.io/rust-lang/crates-build-env/linux@sha256:2788e3201cd34a07e3172128adcd8b3090168a8e3bcc40d7c032b9dda1df7d1c" "/opt/rustwide/cargo-home/bin/cargo" "+beta-2023-12-22" "metadata" "--no-deps" "--format-version=1", kill_on_drop: false }`
[INFO] [stdout] 542a458875f322d3da4c7da60d58192e5155f1a22d7fa4a76c2b92164832d76e
[INFO] running `Command { std: "docker" "start" "-a" "542a458875f322d3da4c7da60d58192e5155f1a22d7fa4a76c2b92164832d76e", kill_on_drop: false }`
[INFO] running `Command { std: "docker" "inspect" "542a458875f322d3da4c7da60d58192e5155f1a22d7fa4a76c2b92164832d76e", kill_on_drop: false }`
[INFO] running `Command { std: "docker" "rm" "-f" "542a458875f322d3da4c7da60d58192e5155f1a22d7fa4a76c2b92164832d76e", kill_on_drop: false }`
[INFO] [stdout] 542a458875f322d3da4c7da60d58192e5155f1a22d7fa4a76c2b92164832d76e
[INFO] running `Command { std: "docker" "create" "-v" "/var/lib/crater-agent-workspace/builds/worker-3-tc2/target:/opt/rustwide/target:rw,Z" "-v" "/var/lib/crater-agent-workspace/builds/worker-3-tc2/source:/opt/rustwide/workdir:ro,Z" "-v" "/var/lib/crater-agent-workspace/cargo-home:/opt/rustwide/cargo-home:ro,Z" "-v" "/var/lib/crater-agent-workspace/rustup-home:/opt/rustwide/rustup-home:ro,Z" "-e" "SOURCE_DIR=/opt/rustwide/workdir" "-e" "CARGO_TARGET_DIR=/opt/rustwide/target" "-e" "CARGO_INCREMENTAL=0" "-e" "RUST_BACKTRACE=full" "-e" "RUSTFLAGS=--cap-lints=warn" "-e" "RUSTDOCFLAGS=--cap-lints=warn" "-e" "CARGO_HOME=/opt/rustwide/cargo-home" "-e" "RUSTUP_HOME=/opt/rustwide/rustup-home" "-w" "/opt/rustwide/workdir" "-m" "1610612736" "--user" "0:0" "--network" "none" "ghcr.io/rust-lang/crates-build-env/linux@sha256:2788e3201cd34a07e3172128adcd8b3090168a8e3bcc40d7c032b9dda1df7d1c" "/opt/rustwide/cargo-home/bin/cargo" "+beta-2023-12-22" "build" "--frozen" "--message-format=json", kill_on_drop: false }`
[INFO] [stdout] f05b21b82774bab72491f3f619feffe36e9ceac71318b8717cccaa880fcd0f2d
[INFO] running `Command { std: "docker" "start" "-a" "f05b21b82774bab72491f3f619feffe36e9ceac71318b8717cccaa880fcd0f2d", kill_on_drop: false }`
[INFO] [stderr]    Compiling libc v0.2.108
[INFO] [stderr]    Compiling cfg-if v1.0.0
[INFO] [stderr]    Compiling proc-macro2 v1.0.32
[INFO] [stderr]    Compiling unicode-xid v0.2.2
[INFO] [stderr]    Compiling syn v1.0.81
[INFO] [stderr]    Compiling version_check v0.9.3
[INFO] [stderr]    Compiling ppv-lite86 v0.2.15
[INFO] [stderr]    Compiling log v0.4.14
[INFO] [stderr]    Compiling autocfg v1.0.1
[INFO] [stderr]    Compiling siphasher v0.3.7
[INFO] [stderr]    Compiling memchr v2.4.1
[INFO] [stderr]    Compiling lazy_static v1.4.0
[INFO] [stderr]    Compiling getrandom v0.1.16
[INFO] [stderr]    Compiling once_cell v1.8.0
[INFO] [stderr]    Compiling serde_derive v1.0.130
[INFO] [stderr]    Compiling cc v1.0.72
[INFO] [stderr]    Compiling serde v1.0.130
[INFO] [stderr]    Compiling proc-macro-hack v0.5.19
[INFO] [stderr]    Compiling untrusted v0.7.1
[INFO] [stderr]    Compiling phf_shared v0.8.0
[INFO] [stderr]    Compiling spin v0.5.2
[INFO] [stderr]    Compiling itoa v0.4.8
[INFO] [stderr]    Compiling fnv v1.0.7
[INFO] [stderr]    Compiling regex-syntax v0.6.25
[INFO] [stderr]    Compiling matches v0.1.9
[INFO] [stderr]    Compiling futures-core v0.3.18
[INFO] [stderr]    Compiling slab v0.4.5
[INFO] [stderr]    Compiling percent-encoding v2.1.0
[INFO] [stderr]    Compiling scopeguard v1.1.0
[INFO] [stderr]    Compiling cfg-if v0.1.10
[INFO] [stderr]    Compiling uncased v0.9.6
[INFO] [stderr]    Compiling tinyvec_macros v0.1.0
[INFO] [stderr]    Compiling smallvec v1.7.0
[INFO] [stderr]    Compiling bytes v0.5.6
[INFO] [stderr]    Compiling crossbeam-utils v0.8.5
[INFO] [stderr]    Compiling tinyvec v1.5.1
[INFO] [stderr]    Compiling ryu v1.0.5
[INFO] [stderr]    Compiling indexmap v1.7.0
[INFO] [stderr]    Compiling form_urlencoded v1.0.1
[INFO] [stderr]    Compiling standback v0.2.17
[INFO] [stderr]    Compiling pin-project-lite v0.1.12
[INFO] [stderr]    Compiling pin-project-lite v0.2.7
[INFO] [stderr]    Compiling parking_lot_core v0.8.5
[INFO] [stderr]    Compiling unicode-bidi v0.3.7
[INFO] [stderr]    Compiling unicode-width v0.1.9
[INFO] [stderr]    Compiling futures-task v0.3.18
[INFO] [stderr]    Compiling phf_shared v0.10.0
[INFO] [stderr]    Compiling aho-corasick v0.7.18
[INFO] [stderr]    Compiling unicase v2.6.0
[INFO] [stderr]    Compiling proc-macro-error-attr v1.0.4
[INFO] [stderr]    Compiling tracing-core v0.1.21
[INFO] [stderr]    Compiling quote v1.0.10
[INFO] [stderr]    Compiling instant v0.1.12
[INFO] [stderr]    Compiling num_cpus v1.13.0
[INFO] [stderr]    Compiling ring v0.16.20
[INFO] [stderr]    Compiling rand_core v0.5.1
[INFO] [stderr]    Compiling getrandom v0.2.3
[INFO] [stderr]    Compiling iovec v0.1.4
[INFO] [stderr]    Compiling net2 v0.2.37
[INFO] [stderr]    Compiling signal-hook-registry v1.4.0
[INFO] [stderr]    Compiling bytes v1.1.0
[INFO] [stderr]    Compiling rand_core v0.6.3
[INFO] [stderr]    Compiling futures-util v0.3.18
[INFO] [stderr]    Compiling bitflags v1.3.2
[INFO] [stderr]    Compiling rand_chacha v0.2.2
[INFO] [stderr]    Compiling rand_pcg v0.2.1
[INFO] [stderr]    Compiling mio v0.6.23
[INFO] [stderr]    Compiling rand_chacha v0.3.1
[INFO] [stderr]    Compiling hashbrown v0.11.2
[INFO] [stderr]    Compiling new_debug_unreachable v1.0.4
[INFO] [stderr]    Compiling tracing v0.1.29
[INFO] [stderr]    Compiling rand v0.7.3
[INFO] [stderr]    Compiling unicode-normalization v0.1.19
[INFO] [stderr]    Compiling http v0.2.5
[INFO] [stderr]    Compiling rand v0.8.4
[INFO] [stderr]    Compiling lock_api v0.4.5
[INFO] [stderr]    Compiling proc-macro-error v1.0.4
[INFO] [stderr]    Compiling serde_json v1.0.71
[INFO] [stderr]    Compiling regex v1.5.4
[INFO] [stderr]    Compiling mio-uds v0.6.8
[INFO] [stderr]    Compiling dtoa v0.4.8
[INFO] [stderr]    Compiling futures-io v0.3.18
[INFO] [stderr]    Compiling httparse v1.5.1
[INFO] [stderr]    Compiling precomputed-hash v0.1.1
[INFO] [stderr]    Compiling mac v0.1.1
[INFO] [stderr]    Compiling pin-utils v0.1.0
[INFO] [stderr]    Compiling const_fn v0.4.8
[INFO] [stderr]    Compiling ucd-trie v0.1.3
[INFO] [stderr]    Compiling futures-sink v0.3.18
[INFO] [stderr]    Compiling futures-channel v0.3.18
[INFO] [stderr]    Compiling unicode-segmentation v1.8.0
[INFO] [stderr]    Compiling phf_generator v0.8.0
[INFO] [stderr]    Compiling idna v0.2.3
[INFO] [stderr]    Compiling phf_codegen v0.8.0
[INFO] [stderr]    Compiling string_cache_codegen v0.5.1
[INFO] [stderr]    Compiling pest v2.1.3
[INFO] [stderr]    Compiling phf_generator v0.10.0
[INFO] [stderr]    Compiling futf v0.1.4
[INFO] [stderr]    Compiling parking_lot v0.11.2
[INFO] [stderr]    Compiling heck v0.3.3
[INFO] [stderr]    Compiling time v0.2.27
[INFO] [stderr]    Compiling num-traits v0.2.14
[INFO] [stderr]    Compiling try-lock v0.2.3
[INFO] [stderr]    Compiling utf-8 v0.7.6
[INFO] [stderr]    Compiling base64 v0.12.3
[INFO] [stderr]    Compiling mime_guess v2.0.3
[INFO] [stderr]    Compiling tendril v0.4.2
[INFO] [stderr]    Compiling want v0.3.0
[INFO] [stderr]    Compiling url v2.2.2
[INFO] [stderr]    Compiling parse-zoneinfo v0.3.0
[INFO] [stderr]    Compiling phf_codegen v0.10.0
[INFO] [stderr]    Compiling selectors v0.22.0
[INFO] [stderr]    Compiling markup5ever v0.10.1
[INFO] [stderr]    Compiling dtoa-short v0.3.3
[INFO] [stderr]    Compiling http-body v0.3.1
[INFO] [stderr]    Compiling socket2 v0.3.19
[INFO] [stderr]    Compiling phf v0.10.0
[INFO] [stderr]    Compiling memoffset v0.6.4
[INFO] [stderr]    Compiling cookie v0.14.4
[INFO] [stderr]    Compiling num-integer v0.1.44
[INFO] [stderr]    Compiling encoding_rs v0.8.29
[INFO] [stderr]    Compiling base64 v0.13.0
[INFO] [stderr]    Compiling nodrop v0.1.14
[INFO] [stderr]    Compiling stable_deref_trait v1.2.0
[INFO] [stderr]    Compiling tower-service v0.3.1
[INFO] [stderr]    Compiling convert_case v0.4.0
[INFO] [stderr]    Compiling httpdate v0.3.2
[INFO] [stderr]    Compiling byteorder v1.4.3
[INFO] [stderr]    Compiling servo_arc v0.1.1
[INFO] [stderr]    Compiling chrono-tz-build v0.0.2
[INFO] [stderr]    Compiling dirs-sys-next v0.1.2
[INFO] [stderr]    Compiling terminal_size v0.1.17
[INFO] [stderr]    Compiling bstr v0.2.17
[INFO] [stderr]    Compiling same-file v1.0.6
[INFO] [stderr]    Compiling maplit v1.0.2
[INFO] [stderr]    Compiling crossbeam-epoch v0.9.5
[INFO] [stderr]    Compiling fxhash v0.2.1
[INFO] [stderr]    Compiling mime v0.3.16
[INFO] [stderr]    Compiling unic-char-range v0.9.0
[INFO] [stderr]    Compiling thin-slice v0.1.1
[INFO] [stderr]    Compiling anyhow v1.0.48
[INFO] [stderr]    Compiling unic-common v0.9.0
[INFO] [stderr]    Compiling unic-char-property v0.9.0
[INFO] [stderr]    Compiling dirs-next v2.0.0
[INFO] [stderr]    Compiling walkdir v2.3.2
[INFO] [stderr]    Compiling unic-ucd-version v0.9.0
[INFO] [stderr]    Compiling pest_meta v2.1.3
[INFO] [stderr]    Compiling console v0.15.0
[INFO] [stderr]    Compiling globset v0.4.8
[INFO] [stderr]    Compiling publicsuffix v1.5.6
[INFO] [stderr]    Compiling time v0.1.43
[INFO] [stderr]    Compiling dirs-sys v0.3.6
[INFO] [stderr]    Compiling atty v0.2.14
[INFO] [stderr]    Compiling getopts v0.2.21
[INFO] [stderr]    Compiling thread_local v1.1.3
[INFO] [stderr]    Compiling humantime v2.1.0
[INFO] [stderr]    Compiling ego-tree v0.6.2
[INFO] [stderr]    Compiling number_prefix v0.3.0
[INFO] [stderr]    Compiling rayon-core v1.9.1
[INFO] [stderr]    Compiling ipnet v2.3.1
[INFO] [stderr]    Compiling indicatif v0.15.0
[INFO] [stderr]    Compiling ignore v0.4.18
[INFO] [stderr]    Compiling dirs v3.0.2
[INFO] [stderr]    Compiling unic-ucd-segment v0.9.0
[INFO] [stderr]    Compiling shellexpand v2.1.0
[INFO] [stderr]    Compiling bytefmt v0.1.7
[INFO] [stderr]    Compiling retry v1.3.0
[INFO] [stderr]    Compiling fs2 v0.4.3
[INFO] [stderr]    Compiling deunicode v0.4.3
[INFO] [stderr]    Compiling linked-hash-map v0.5.4
[INFO] [stderr]    Compiling chunked_transfer v1.4.0
[INFO] [stderr]    Compiling webbrowser v0.5.5
[INFO] [stderr]    Compiling yaml-rust v0.4.5
[INFO] [stderr]    Compiling slug v0.1.4
[INFO] [stderr]    Compiling pest_generator v2.1.3
[INFO] [stderr]    Compiling unic-segment v0.9.0
[INFO] [stderr]    Compiling webpki v0.21.4
[INFO] [stderr]    Compiling sct v0.6.1
[INFO] [stderr]    Compiling webpki v0.22.0
[INFO] [stderr]    Compiling sct v0.7.0
[INFO] [stderr]    Compiling globwalk v0.8.1
[INFO] [stderr]    Compiling crossbeam-deque v0.8.1
[INFO] [stderr]    Compiling semver-parser v0.10.2
[INFO] [stderr]    Compiling rustls v0.18.1
[INFO] [stderr]    Compiling webpki-roots v0.20.0
[INFO] [stderr]    Compiling rustls v0.20.2
[INFO] [stderr]    Compiling webpki-roots v0.22.2
[INFO] [stderr]    Compiling crossbeam-channel v0.5.1
[INFO] [stderr]    Compiling rayon v1.5.1
[INFO] [stderr]    Compiling either v1.6.1
[INFO] [stderr]    Compiling humansize v1.1.1
[INFO] [stderr]    Compiling semver v0.11.0
[INFO] [stderr]    Compiling chrono-tz v0.6.0
[INFO] [stderr]    Compiling textwrap v0.11.0
[INFO] [stderr]    Compiling strsim v0.8.0
[INFO] [stderr]    Compiling remove_dir_all v0.5.3
[INFO] [stderr]    Compiling vec_map v0.8.2
[INFO] [stderr]    Compiling ansi_term v0.11.0
[INFO] [stderr]    Compiling tempfile v3.2.0
[INFO] [stderr]    Compiling itertools v0.9.0
[INFO] [stderr]    Compiling clap v2.33.3
[INFO] [stderr]    Compiling tokio-macros v0.2.6
[INFO] [stderr]    Compiling phf_macros v0.8.0
[INFO] [stderr]    Compiling pin-project-internal v1.0.8
[INFO] [stderr]    Compiling futures-macro v0.3.18
[INFO] [stderr]    Compiling time-macros-impl v0.1.2
[INFO] [stderr]    Compiling cssparser v0.27.2
[INFO] [stderr]    Compiling html5ever v0.25.1
[INFO] [stderr]    Compiling cssparser-macros v0.6.0
[INFO] [stderr]    Compiling derive_more v0.99.16
[INFO] [stderr]    Compiling strum_macros v0.19.4
[INFO] [stderr]    Compiling thiserror-impl v1.0.30
[INFO] [stderr]    Compiling getset v0.1.1
[INFO] [stderr]    Compiling time-macros v0.1.1
[INFO] [stderr]    Compiling tokio v0.2.25
[INFO] [stderr]    Compiling phf v0.8.0
[INFO] [stderr]    Compiling ureq v2.4.0
[INFO] [stderr]    Compiling pest_derive v2.1.0
[INFO] [stderr]    Compiling strum v0.19.5
[INFO] [stderr]    Compiling structopt-derive v0.4.18
[INFO] [stderr]    Compiling pin-project v1.0.8
[INFO] [stderr]    Compiling tracing-futures v0.2.5
[INFO] [stderr]    Compiling thiserror v1.0.30
[INFO] [stderr]    Compiling structopt v0.3.25
[INFO] [stderr]    Compiling tokio-util v0.3.1
[INFO] [stderr]    Compiling tokio-rustls v0.14.1
[INFO] [stderr]    Compiling h2 v0.2.7
[INFO] [stderr]    Compiling string_cache v0.8.2
[INFO] [stderr]    Compiling serde_urlencoded v0.7.0
[INFO] [stderr]    Compiling humantime-serde v1.0.1
[INFO] [stderr]    Compiling chrono v0.4.19
[INFO] [stderr]    Compiling serde_yaml v0.8.21
[INFO] [stderr]    Compiling hyper v0.13.10
[INFO] [stderr]    Compiling cookie_store v0.12.0
[INFO] [stderr]    Compiling dropbox-sdk v0.14.0
[INFO] [stderr]    Compiling scraper v0.12.0
[INFO] [stderr]    Compiling hyper-rustls v0.21.0
[INFO] [stderr]    Compiling reqwest v0.10.10
[INFO] [stderr]    Compiling tera v1.15.0
[INFO] [stderr]    Compiling acick-util v0.2.0 (/opt/rustwide/workdir/acick-util)
[INFO] [stderr]    Compiling acick-config v0.2.0 (/opt/rustwide/workdir/acick-config)
[INFO] [stderr]    Compiling acick-dropbox v0.2.0 (/opt/rustwide/workdir/acick-dropbox)
[INFO] [stderr]    Compiling acick-atcoder v0.2.0 (/opt/rustwide/workdir/acick-atcoder)
[INFO] [stdout] warning: unused import: `LoginPage`
[INFO] [stdout]   --> acick-atcoder/src/page/mod.rs:19:17
[INFO] [stdout]    |
[INFO] [stdout] 19 | pub use login::{LoginPage, LoginPageBuilder};
[INFO] [stdout]    |                 ^^^^^^^^^
[INFO] [stdout]    |
[INFO] [stdout]    = note: `#[warn(unused_imports)]` on by default
[INFO] [stdout] 
[INFO] [stdout] 
[INFO] [stdout] warning: unused import: `SettingsPage`
[INFO] [stdout]   --> acick-atcoder/src/page/mod.rs:20:20
[INFO] [stdout]    |
[INFO] [stdout] 20 | pub use settings::{SettingsPage, SettingsPageBuilder};
[INFO] [stdout]    |                    ^^^^^^^^^^^^
[INFO] [stdout] 
[INFO] [stdout] 
[INFO] [stdout] warning: unused import: `SubmitPage`
[INFO] [stdout]   --> acick-atcoder/src/page/mod.rs:21:18
[INFO] [stdout]    |
[INFO] [stdout] 21 | pub use submit::{SubmitPage, SubmitPageBuilder};
[INFO] [stdout]    |                  ^^^^^^^^^^
[INFO] [stdout] 
[INFO] [stdout] 
[INFO] [stdout] warning: unused import: `TasksPage`
[INFO] [stdout]   --> acick-atcoder/src/page/mod.rs:22:17
[INFO] [stdout]    |
[INFO] [stdout] 22 | pub use tasks::{TasksPage, TasksPageBuilder};
[INFO] [stdout]    |                 ^^^^^^^^^
[INFO] [stdout] 
[INFO] [stdout] 
[INFO] [stdout] warning: unused import: `TasksPrintPage`
[INFO] [stdout]   --> acick-atcoder/src/page/mod.rs:23:23
[INFO] [stdout]    |
[INFO] [stdout] 23 | pub use tasks_print::{TasksPrintPage, TasksPrintPageBuilder};
[INFO] [stdout]    |                       ^^^^^^^^^^^^^^
[INFO] [stdout] 
[INFO] [stdout] 
[INFO] [stderr]    Compiling acick v0.2.0 (/opt/rustwide/workdir)
[INFO] [stdout] warning: unused import: `InitOutcome`
[INFO] [stdout]   --> src/cmd/mod.rs:24:25
[INFO] [stdout]    |
[INFO] [stdout] 24 | pub use init::{InitOpt, InitOutcome};
[INFO] [stdout]    |                         ^^^^^^^^^^^
[INFO] [stdout]    |
[INFO] [stdout]    = note: `#[warn(unused_imports)]` on by default
[INFO] [stdout] 
[INFO] [stdout] 
[INFO] [stdout] warning: unused import: `LoginOutcome`
[INFO] [stdout]   --> src/cmd/mod.rs:25:27
[INFO] [stdout]    |
[INFO] [stdout] 25 | pub use login::{LoginOpt, LoginOutcome};
[INFO] [stdout]    |                           ^^^^^^^^^^^^
[INFO] [stdout] 
[INFO] [stdout] 
[INFO] [stdout] warning: unused import: `LogoutOutcome`
[INFO] [stdout]   --> src/cmd/mod.rs:26:29
[INFO] [stdout]    |
[INFO] [stdout] 26 | pub use logout::{LogoutOpt, LogoutOutcome};
[INFO] [stdout]    |                             ^^^^^^^^^^^^^
[INFO] [stdout] 
[INFO] [stdout] 
[INFO] [stdout] warning: unused import: `MeOutcome`
[INFO] [stdout]   --> src/cmd/mod.rs:27:21
[INFO] [stdout]    |
[INFO] [stdout] 27 | pub use me::{MeOpt, MeOutcome};
[INFO] [stdout]    |                     ^^^^^^^^^
[INFO] [stdout] 
[INFO] [stdout] 
[INFO] [stdout] warning: unused import: `ShowOutcome`
[INFO] [stdout]   --> src/cmd/mod.rs:28:25
[INFO] [stdout]    |
[INFO] [stdout] 28 | pub use show::{ShowOpt, ShowOutcome};
[INFO] [stdout]    |                         ^^^^^^^^^^^
[INFO] [stdout] 
[INFO] [stdout] 
[INFO] [stdout] warning: unused import: `SubmitOutcome`
[INFO] [stdout]   --> src/cmd/mod.rs:29:29
[INFO] [stdout]    |
[INFO] [stdout] 29 | pub use submit::{SubmitOpt, SubmitOutcome};
[INFO] [stdout]    |                             ^^^^^^^^^^^^^
[INFO] [stdout] 
[INFO] [stdout] 
[INFO] [stdout] warning: unused import: `TestOutcome`
[INFO] [stdout]   --> src/cmd/mod.rs:30:25
[INFO] [stdout]    |
[INFO] [stdout] 30 | pub use test::{TestOpt, TestOutcome};
[INFO] [stdout]    |                         ^^^^^^^^^^^
[INFO] [stdout] 
[INFO] [stdout] 
[INFO] [stdout] warning: 5 warnings emitted
[INFO] [stdout] 
[INFO] [stdout] 
[INFO] [stdout] warning: 7 warnings emitted
[INFO] [stdout] 
[INFO] [stdout] 
[INFO] [stderr]     Finished dev [unoptimized + debuginfo] target(s) in 32.82s
[INFO] [stderr] warning: the following packages contain code that will be rejected by a future version of Rust: html5ever v0.25.1
[INFO] [stderr] note: to see what the problems were, use the option `--future-incompat-report`, or run `cargo report future-incompatibilities --id 1`
[INFO] running `Command { std: "docker" "inspect" "f05b21b82774bab72491f3f619feffe36e9ceac71318b8717cccaa880fcd0f2d", kill_on_drop: false }`
[INFO] running `Command { std: "docker" "rm" "-f" "f05b21b82774bab72491f3f619feffe36e9ceac71318b8717cccaa880fcd0f2d", kill_on_drop: false }`
[INFO] [stdout] f05b21b82774bab72491f3f619feffe36e9ceac71318b8717cccaa880fcd0f2d
[INFO] running `Command { std: "docker" "create" "-v" "/var/lib/crater-agent-workspace/builds/worker-3-tc2/target:/opt/rustwide/target:rw,Z" "-v" "/var/lib/crater-agent-workspace/builds/worker-3-tc2/source:/opt/rustwide/workdir:ro,Z" "-v" "/var/lib/crater-agent-workspace/cargo-home:/opt/rustwide/cargo-home:ro,Z" "-v" "/var/lib/crater-agent-workspace/rustup-home:/opt/rustwide/rustup-home:ro,Z" "-e" "SOURCE_DIR=/opt/rustwide/workdir" "-e" "CARGO_TARGET_DIR=/opt/rustwide/target" "-e" "CARGO_INCREMENTAL=0" "-e" "RUST_BACKTRACE=full" "-e" "RUSTFLAGS=--cap-lints=warn" "-e" "RUSTDOCFLAGS=--cap-lints=warn" "-e" "CARGO_HOME=/opt/rustwide/cargo-home" "-e" "RUSTUP_HOME=/opt/rustwide/rustup-home" "-w" "/opt/rustwide/workdir" "-m" "1610612736" "--user" "0:0" "--network" "none" "ghcr.io/rust-lang/crates-build-env/linux@sha256:2788e3201cd34a07e3172128adcd8b3090168a8e3bcc40d7c032b9dda1df7d1c" "/opt/rustwide/cargo-home/bin/cargo" "+beta-2023-12-22" "test" "--frozen" "--no-run" "--message-format=json", kill_on_drop: false }`
[INFO] [stdout] 6eabe55a5288dad21f4ea8a388e656f2ea3f2251be9ea13c19420155433ede51
[INFO] running `Command { std: "docker" "start" "-a" "6eabe55a5288dad21f4ea8a388e656f2ea3f2251be9ea13c19420155433ede51", kill_on_drop: false }`
[INFO] [stdout] warning: unused import: `LoginPage`
[INFO] [stdout]   --> acick-atcoder/src/page/mod.rs:19:17
[INFO] [stdout]    |
[INFO] [stdout] 19 | pub use login::{LoginPage, LoginPageBuilder};
[INFO] [stdout]    |                 ^^^^^^^^^
[INFO] [stdout]    |
[INFO] [stdout]    = note: `#[warn(unused_imports)]` on by default
[INFO] [stdout] 
[INFO] [stdout] 
[INFO] [stdout] warning: unused import: `SettingsPage`
[INFO] [stdout]   --> acick-atcoder/src/page/mod.rs:20:20
[INFO] [stdout]    |
[INFO] [stdout] 20 | pub use settings::{SettingsPage, SettingsPageBuilder};
[INFO] [stdout]    |                    ^^^^^^^^^^^^
[INFO] [stdout] 
[INFO] [stdout] 
[INFO] [stdout] warning: unused import: `SubmitPage`
[INFO] [stdout]   --> acick-atcoder/src/page/mod.rs:21:18
[INFO] [stdout]    |
[INFO] [stdout] 21 | pub use submit::{SubmitPage, SubmitPageBuilder};
[INFO] [stdout]    |                  ^^^^^^^^^^
[INFO] [stdout] 
[INFO] [stdout] 
[INFO] [stdout] warning: unused import: `TasksPage`
[INFO] [stdout]   --> acick-atcoder/src/page/mod.rs:22:17
[INFO] [stdout]    |
[INFO] [stdout] 22 | pub use tasks::{TasksPage, TasksPageBuilder};
[INFO] [stdout]    |                 ^^^^^^^^^
[INFO] [stdout] 
[INFO] [stdout] 
[INFO] [stdout] warning: unused import: `TasksPrintPage`
[INFO] [stdout]   --> acick-atcoder/src/page/mod.rs:23:23
[INFO] [stdout]    |
[INFO] [stdout] 23 | pub use tasks_print::{TasksPrintPage, TasksPrintPageBuilder};
[INFO] [stdout]    |                       ^^^^^^^^^^^^^^
[INFO] [stdout] 
[INFO] [stdout] 
[INFO] [stdout] warning: 5 warnings emitted
[INFO] [stdout] 
[INFO] [stdout] 
[INFO] [stdout] warning: unused import: `InitOutcome`
[INFO] [stdout]   --> src/cmd/mod.rs:24:25
[INFO] [stdout]    |
[INFO] [stdout] 24 | pub use init::{InitOpt, InitOutcome};
[INFO] [stdout]    |                         ^^^^^^^^^^^
[INFO] [stdout]    |
[INFO] [stdout]    = note: `#[warn(unused_imports)]` on by default
[INFO] [stdout] 
[INFO] [stdout] 
[INFO] [stdout] warning: unused import: `LoginOutcome`
[INFO] [stdout]   --> src/cmd/mod.rs:25:27
[INFO] [stdout]    |
[INFO] [stdout] 25 | pub use login::{LoginOpt, LoginOutcome};
[INFO] [stdout]    |                           ^^^^^^^^^^^^
[INFO] [stdout] 
[INFO] [stdout] 
[INFO] [stdout] warning: unused import: `LogoutOutcome`
[INFO] [stdout]   --> src/cmd/mod.rs:26:29
[INFO] [stdout]    |
[INFO] [stdout] 26 | pub use logout::{LogoutOpt, LogoutOutcome};
[INFO] [stdout]    |                             ^^^^^^^^^^^^^
[INFO] [stdout] 
[INFO] [stdout] 
[INFO] [stdout] warning: unused import: `MeOutcome`
[INFO] [stdout]   --> src/cmd/mod.rs:27:21
[INFO] [stdout]    |
[INFO] [stdout] 27 | pub use me::{MeOpt, MeOutcome};
[INFO] [stdout]    |                     ^^^^^^^^^
[INFO] [stdout] 
[INFO] [stdout] 
[INFO] [stdout] warning: unused import: `ShowOutcome`
[INFO] [stdout]   --> src/cmd/mod.rs:28:25
[INFO] [stdout]    |
[INFO] [stdout] 28 | pub use show::{ShowOpt, ShowOutcome};
[INFO] [stdout]    |                         ^^^^^^^^^^^
[INFO] [stdout] 
[INFO] [stdout] 
[INFO] [stdout] warning: unused import: `SubmitOutcome`
[INFO] [stdout]   --> src/cmd/mod.rs:29:29
[INFO] [stdout]    |
[INFO] [stdout] 29 | pub use submit::{SubmitOpt, SubmitOutcome};
[INFO] [stdout]    |                             ^^^^^^^^^^^^^
[INFO] [stdout] 
[INFO] [stdout] 
[INFO] [stdout] warning: unused import: `TestOutcome`
[INFO] [stdout]   --> src/cmd/mod.rs:30:25
[INFO] [stdout]    |
[INFO] [stdout] 30 | pub use test::{TestOpt, TestOutcome};
[INFO] [stdout]    |                         ^^^^^^^^^^^
[INFO] [stdout] 
[INFO] [stdout] 
[INFO] [stdout] warning: 7 warnings emitted
[INFO] [stdout] 
[INFO] [stdout] 
[INFO] [stderr]    Compiling acick v0.2.0 (/opt/rustwide/workdir)
[INFO] [stdout] warning: unused import: `InitOutcome`
[INFO] [stdout]   --> src/cmd/mod.rs:24:25
[INFO] [stdout]    |
[INFO] [stdout] 24 | pub use init::{InitOpt, InitOutcome};
[INFO] [stdout]    |                         ^^^^^^^^^^^
[INFO] [stdout]    |
[INFO] [stdout]    = note: `#[warn(unused_imports)]` on by default
[INFO] [stdout] 
[INFO] [stdout] 
[INFO] [stdout] warning: unused import: `LoginOutcome`
[INFO] [stdout]   --> src/cmd/mod.rs:25:27
[INFO] [stdout]    |
[INFO] [stdout] 25 | pub use login::{LoginOpt, LoginOutcome};
[INFO] [stdout]    |                           ^^^^^^^^^^^^
[INFO] [stdout] 
[INFO] [stdout] 
[INFO] [stdout] warning: unused import: `LogoutOutcome`
[INFO] [stdout]   --> src/cmd/mod.rs:26:29
[INFO] [stdout]    |
[INFO] [stdout] 26 | pub use logout::{LogoutOpt, LogoutOutcome};
[INFO] [stdout]    |                             ^^^^^^^^^^^^^
[INFO] [stdout] 
[INFO] [stdout] 
[INFO] [stdout] warning: unused import: `MeOutcome`
[INFO] [stdout]   --> src/cmd/mod.rs:27:21
[INFO] [stdout]    |
[INFO] [stdout] 27 | pub use me::{MeOpt, MeOutcome};
[INFO] [stdout]    |                     ^^^^^^^^^
[INFO] [stdout] 
[INFO] [stdout] 
[INFO] [stdout] warning: unused import: `ShowOutcome`
[INFO] [stdout]   --> src/cmd/mod.rs:28:25
[INFO] [stdout]    |
[INFO] [stdout] 28 | pub use show::{ShowOpt, ShowOutcome};
[INFO] [stdout]    |                         ^^^^^^^^^^^
[INFO] [stdout] 
[INFO] [stdout] 
[INFO] [stdout] warning: unused import: `SubmitOutcome`
[INFO] [stdout]   --> src/cmd/mod.rs:29:29
[INFO] [stdout]    |
[INFO] [stdout] 29 | pub use submit::{SubmitOpt, SubmitOutcome};
[INFO] [stdout]    |                             ^^^^^^^^^^^^^
[INFO] [stdout] 
[INFO] [stdout] 
[INFO] [stdout] warning: unused import: `TestOutcome`
[INFO] [stdout]   --> src/cmd/mod.rs:30:25
[INFO] [stdout]    |
[INFO] [stdout] 30 | pub use test::{TestOpt, TestOutcome};
[INFO] [stdout]    |                         ^^^^^^^^^^^
[INFO] [stdout] 
[INFO] [stdout] 
[INFO] [stdout] warning: 7 warnings emitted
[INFO] [stdout] 
[INFO] [stdout] 
[INFO] [stderr]     Finished test [unoptimized + debuginfo] target(s) in 8.73s
[INFO] [stderr] warning: the following packages contain code that will be rejected by a future version of Rust: html5ever v0.25.1
[INFO] [stderr] note: to see what the problems were, use the option `--future-incompat-report`, or run `cargo report future-incompatibilities --id 1`
[INFO] running `Command { std: "docker" "inspect" "6eabe55a5288dad21f4ea8a388e656f2ea3f2251be9ea13c19420155433ede51", kill_on_drop: false }`
[INFO] running `Command { std: "docker" "rm" "-f" "6eabe55a5288dad21f4ea8a388e656f2ea3f2251be9ea13c19420155433ede51", kill_on_drop: false }`
[INFO] [stdout] 6eabe55a5288dad21f4ea8a388e656f2ea3f2251be9ea13c19420155433ede51
[INFO] running `Command { std: "docker" "create" "-v" "/var/lib/crater-agent-workspace/builds/worker-3-tc2/target:/opt/rustwide/target:rw,Z" "-v" "/var/lib/crater-agent-workspace/builds/worker-3-tc2/source:/opt/rustwide/workdir:ro,Z" "-v" "/var/lib/crater-agent-workspace/cargo-home:/opt/rustwide/cargo-home:ro,Z" "-v" "/var/lib/crater-agent-workspace/rustup-home:/opt/rustwide/rustup-home:ro,Z" "-e" "SOURCE_DIR=/opt/rustwide/workdir" "-e" "CARGO_TARGET_DIR=/opt/rustwide/target" "-e" "CARGO_INCREMENTAL=0" "-e" "RUST_BACKTRACE=full" "-e" "RUSTFLAGS=--cap-lints=warn" "-e" "RUSTDOCFLAGS=--cap-lints=warn" "-e" "CARGO_HOME=/opt/rustwide/cargo-home" "-e" "RUSTUP_HOME=/opt/rustwide/rustup-home" "-w" "/opt/rustwide/workdir" "-m" "1610612736" "--user" "0:0" "--network" "none" "ghcr.io/rust-lang/crates-build-env/linux@sha256:2788e3201cd34a07e3172128adcd8b3090168a8e3bcc40d7c032b9dda1df7d1c" "/opt/rustwide/cargo-home/bin/cargo" "+beta-2023-12-22" "test" "--frozen", kill_on_drop: false }`
[INFO] [stdout] 92cd67d17c9943206f5876134fe7f3c3d46b60389a9516e26a70a3891c5b4fbc
[INFO] running `Command { std: "docker" "start" "-a" "92cd67d17c9943206f5876134fe7f3c3d46b60389a9516e26a70a3891c5b4fbc", kill_on_drop: false }`
[INFO] [stderr] warning: unused import: `LoginPage`
[INFO] [stderr]   --> acick-atcoder/src/page/mod.rs:19:17
[INFO] [stderr]    |
[INFO] [stderr] 19 | pub use login::{LoginPage, LoginPageBuilder};
[INFO] [stderr]    |                 ^^^^^^^^^
[INFO] [stderr]    |
[INFO] [stderr]    = note: `#[warn(unused_imports)]` on by default
[INFO] [stderr] 
[INFO] [stderr] warning: unused import: `SettingsPage`
[INFO] [stderr]   --> acick-atcoder/src/page/mod.rs:20:20
[INFO] [stderr]    |
[INFO] [stderr] 20 | pub use settings::{SettingsPage, SettingsPageBuilder};
[INFO] [stderr]    |                    ^^^^^^^^^^^^
[INFO] [stderr] 
[INFO] [stderr] warning: unused import: `SubmitPage`
[INFO] [stderr]   --> acick-atcoder/src/page/mod.rs:21:18
[INFO] [stderr]    |
[INFO] [stderr] 21 | pub use submit::{SubmitPage, SubmitPageBuilder};
[INFO] [stderr]    |                  ^^^^^^^^^^
[INFO] [stderr] 
[INFO] [stderr] warning: unused import: `TasksPage`
[INFO] [stderr]   --> acick-atcoder/src/page/mod.rs:22:17
[INFO] [stderr]    |
[INFO] [stderr] 22 | pub use tasks::{TasksPage, TasksPageBuilder};
[INFO] [stderr]    |                 ^^^^^^^^^
[INFO] [stderr] 
[INFO] [stderr] warning: unused import: `TasksPrintPage`
[INFO] [stderr]   --> acick-atcoder/src/page/mod.rs:23:23
[INFO] [stderr]    |
[INFO] [stderr] 23 | pub use tasks_print::{TasksPrintPage, TasksPrintPageBuilder};
[INFO] [stderr]    |                       ^^^^^^^^^^^^^^
[INFO] [stderr] 
[INFO] [stderr] warning: `acick-atcoder` (lib) generated 5 warnings (run `cargo fix --lib -p acick-atcoder` to apply 5 suggestions)
[INFO] [stderr] warning: unused import: `InitOutcome`
[INFO] [stderr]   --> src/cmd/mod.rs:24:25
[INFO] [stderr]    |
[INFO] [stderr] 24 | pub use init::{InitOpt, InitOutcome};
[INFO] [stderr]    |                         ^^^^^^^^^^^
[INFO] [stderr]    |
[INFO] [stderr]    = note: `#[warn(unused_imports)]` on by default
[INFO] [stderr] 
[INFO] [stderr] warning: unused import: `LoginOutcome`
[INFO] [stderr]   --> src/cmd/mod.rs:25:27
[INFO] [stderr]    |
[INFO] [stderr] 25 | pub use login::{LoginOpt, LoginOutcome};
[INFO] [stderr]    |                           ^^^^^^^^^^^^
[INFO] [stderr] 
[INFO] [stderr] warning: unused import: `LogoutOutcome`
[INFO] [stderr]   --> src/cmd/mod.rs:26:29
[INFO] [stderr]    |
[INFO] [stderr] 26 | pub use logout::{LogoutOpt, LogoutOutcome};
[INFO] [stderr]    |                             ^^^^^^^^^^^^^
[INFO] [stderr] 
[INFO] [stderr] warning: unused import: `MeOutcome`
[INFO] [stderr]   --> src/cmd/mod.rs:27:21
[INFO] [stderr]    |
[INFO] [stderr] 27 | pub use me::{MeOpt, MeOutcome};
[INFO] [stderr]    |                     ^^^^^^^^^
[INFO] [stderr] 
[INFO] [stderr] warning: unused import: `ShowOutcome`
[INFO] [stderr]   --> src/cmd/mod.rs:28:25
[INFO] [stderr]    |
[INFO] [stderr] 28 | pub use show::{ShowOpt, ShowOutcome};
[INFO] [stderr]    |                         ^^^^^^^^^^^
[INFO] [stderr] 
[INFO] [stderr] warning: unused import: `SubmitOutcome`
[INFO] [stderr]   --> src/cmd/mod.rs:29:29
[INFO] [stderr]    |
[INFO] [stderr] 29 | pub use submit::{SubmitOpt, SubmitOutcome};
[INFO] [stderr]    |                             ^^^^^^^^^^^^^
[INFO] [stderr] 
[INFO] [stderr] warning: unused import: `TestOutcome`
[INFO] [stderr]   --> src/cmd/mod.rs:30:25
[INFO] [stderr]    |
[INFO] [stderr] 30 | pub use test::{TestOpt, TestOutcome};
[INFO] [stderr]    |                         ^^^^^^^^^^^
[INFO] [stderr] 
[INFO] [stderr] warning: `acick` (lib) generated 7 warnings (run `cargo fix --lib -p acick` to apply 7 suggestions)
[INFO] [stderr] warning: `acick` (lib test) generated 7 warnings (7 duplicates)
[INFO] [stderr]     Finished test [unoptimized + debuginfo] target(s) in 0.48s
[INFO] [stderr] warning: the following packages contain code that will be rejected by a future version of Rust: html5ever v0.25.1
[INFO] [stderr] note: to see what the problems were, use the option `--future-incompat-report`, or run `cargo report future-incompatibilities --id 1`
[INFO] [stderr]      Running unittests src/lib.rs (/opt/rustwide/target/debug/deps/acick-9b71404efa21a662)
[INFO] [stdout] 
[INFO] [stdout] running 9 tests
[INFO] [stdout] test cmd::login::tests::check_envs_for_user_and_pass ... FAILED
[INFO] [stdout] test cmd::submit::tests::run_default ... ignored
[INFO] [stdout] test cmd::show::tests::run_default ... ok
[INFO] [stdout] test cmd::logout::tests::run_default ... ok
[INFO] [stdout] test cmd::init::tests::run_default ... ok
[INFO] [stdout] test cmd::fetch::tests::run_default ... FAILED
[INFO] [stdout] test cmd::login::tests::run_default ... FAILED
[INFO] [stdout] test cmd::test::tests::run_default ... FAILED
[INFO] [stdout] test cmd::me::tests::run_default ... FAILED
[INFO] [stderr] error: test failed, to rerun pass `--lib`
[INFO] [stdout] 
[INFO] [stdout] failures:
[INFO] [stdout] 
[INFO] [stdout] ---- cmd::login::tests::check_envs_for_user_and_pass stdout ----
[INFO] [stdout] Error: environment variable not found
[INFO] [stdout] 
[INFO] [stdout] ---- cmd::fetch::tests::run_default stdout ----
[INFO] [stdout] /opt/rustwide/workdir
[INFO] [stdout] GET     https://atcoder.jp/contests/arc100/tasks ... failed
[INFO] [stdout] GET     https://atcoder.jp/contests/arc100/tasks ... failed
[INFO] [stdout] GET     https://atcoder.jp/contests/arc100/tasks ... failed
[INFO] [stdout] GET     https://atcoder.jp/contests/arc100/tasks ... failed
[INFO] [stdout] GET     https://atcoder.jp/contests/arc100/tasks ... failed
[INFO] [stdout] 
[INFO] [stdout] Error: Could not send request
[INFO] [stdout] 
[INFO] [stdout] Caused by:
[INFO] [stdout]     0: error sending request for url (https://atcoder.jp/contests/arc100/tasks): error trying to connect: dns error: failed to lookup address information: Temporary failure in name resolution
[INFO] [stdout]     1: error trying to connect: dns error: failed to lookup address information: Temporary failure in name resolution
[INFO] [stdout]     2: dns error: failed to lookup address information: Temporary failure in name resolution
[INFO] [stdout]     3: failed to lookup address information: Temporary failure in name resolution
[INFO] [stdout] 
[INFO] [stdout] ---- cmd::login::tests::run_default stdout ----
[INFO] [stdout] /opt/rustwide/workdir
[INFO] [stdout] username: password: 
[INFO] [stdout] GET     https://atcoder.jp/login ... failed
[INFO] [stdout] GET     https://atcoder.jp/login ... failed
[INFO] [stdout] GET     https://atcoder.jp/login ... failed
[INFO] [stdout] GET     https://atcoder.jp/login ... failed
[INFO] [stdout] GET     https://atcoder.jp/login ... failed
[INFO] [stdout] 
[INFO] [stdout] Error: Could not send request
[INFO] [stdout] 
[INFO] [stdout] Caused by:
[INFO] [stdout]     0: error sending request for url (https://atcoder.jp/login): error trying to connect: dns error: failed to lookup address information: Temporary failure in name resolution
[INFO] [stdout]     1: error trying to connect: dns error: failed to lookup address information: Temporary failure in name resolution
[INFO] [stdout]     2: dns error: failed to lookup address information: Temporary failure in name resolution
[INFO] [stdout]     3: failed to lookup address information: Temporary failure in name resolution
[INFO] [stdout] 
[INFO] [stdout] ---- cmd::test::tests::run_default stdout ----
[INFO] [stdout] /opt/rustwide/workdir
[INFO] [stdout] GET     https://atcoder.jp/contests/arc100/tasks ... failed
[INFO] [stdout] GET     https://atcoder.jp/contests/arc100/tasks ... failed
[INFO] [stdout] GET     https://atcoder.jp/contests/arc100/tasks ... failed
[INFO] [stdout] GET     https://atcoder.jp/contests/arc100/tasks ... failed
[INFO] [stdout] GET     https://atcoder.jp/contests/arc100/tasks ... failed
[INFO] [stdout] 
[INFO] [stdout] Error: Could not send request
[INFO] [stdout] 
[INFO] [stdout] Caused by:
[INFO] [stdout]     0: error sending request for url (https://atcoder.jp/contests/arc100/tasks): error trying to connect: dns error: failed to lookup address information: Temporary failure in name resolution
[INFO] [stdout]     1: error trying to connect: dns error: failed to lookup address information: Temporary failure in name resolution
[INFO] [stdout]     2: dns error: failed to lookup address information: Temporary failure in name resolution
[INFO] [stdout]     3: failed to lookup address information: Temporary failure in name resolution
[INFO] [stdout] 
[INFO] [stdout] ---- cmd::me::tests::run_default stdout ----
[INFO] [stdout] /opt/rustwide/workdir
[INFO] [stdout] username: password: 
[INFO] [stdout] GET     https://atcoder.jp/login ... failed
[INFO] [stdout] GET     https://atcoder.jp/login ... failed
[INFO] [stdout] GET     https://atcoder.jp/login ... failed
[INFO] [stdout] GET     https://atcoder.jp/login ... failed
[INFO] [stdout] GET     https://atcoder.jp/login ... failed
[INFO] [stdout] 
[INFO] [stdout] Error: Could not send request
[INFO] [stdout] 
[INFO] [stdout] Caused by:
[INFO] [stdout]     0: error sending request for url (https://atcoder.jp/login): error trying to connect: dns error: failed to lookup address information: Temporary failure in name resolution
[INFO] [stdout]     1: error trying to connect: dns error: failed to lookup address information: Temporary failure in name resolution
[INFO] [stdout]     2: dns error: failed to lookup address information: Temporary failure in name resolution
[INFO] [stdout]     3: failed to lookup address information: Temporary failure in name resolution
[INFO] [stdout] 
[INFO] [stdout] 
[INFO] [stdout] failures:
[INFO] [stdout]     cmd::fetch::tests::run_default
[INFO] [stdout]     cmd::login::tests::check_envs_for_user_and_pass
[INFO] [stdout]     cmd::login::tests::run_default
[INFO] [stdout]     cmd::me::tests::run_default
[INFO] [stdout]     cmd::test::tests::run_default
[INFO] [stdout] 
[INFO] [stdout] test result: FAILED. 3 passed; 5 failed; 1 ignored; 0 measured; 0 filtered out; finished in 8.15s
[INFO] [stdout] 
[INFO] running `Command { std: "docker" "inspect" "92cd67d17c9943206f5876134fe7f3c3d46b60389a9516e26a70a3891c5b4fbc", kill_on_drop: false }`
[INFO] running `Command { std: "docker" "rm" "-f" "92cd67d17c9943206f5876134fe7f3c3d46b60389a9516e26a70a3891c5b4fbc", kill_on_drop: false }`
[INFO] [stdout] 92cd67d17c9943206f5876134fe7f3c3d46b60389a9516e26a70a3891c5b4fbc
