[INFO] cloning repository https://github.com/gferon/redis-sentinel-rs
[INFO] running `Command { std: "git" "-c" "credential.helper=" "-c" "credential.helper=/workspace/cargo-home/bin/git-credential-null" "clone" "--bare" "https://github.com/gferon/redis-sentinel-rs" "/workspace/cache/git-repos/https%3A%2F%2Fgithub.com%2Fgferon%2Fredis-sentinel-rs", kill_on_drop: false }`
[INFO] [stderr] Cloning into bare repository '/workspace/cache/git-repos/https%3A%2F%2Fgithub.com%2Fgferon%2Fredis-sentinel-rs'...
[INFO] running `Command { std: "git" "rev-parse" "HEAD", kill_on_drop: false }`
[INFO] [stdout] 602cbf8a038202a1208f67e65c03027e65c177d0
[INFO] testing gferon/redis-sentinel-rs against 1.75.0 for beta-1.76-1
[INFO] running `Command { std: "git" "clone" "/workspace/cache/git-repos/https%3A%2F%2Fgithub.com%2Fgferon%2Fredis-sentinel-rs" "/workspace/builds/worker-0-tc1/source", kill_on_drop: false }`
[INFO] [stderr] Cloning into '/workspace/builds/worker-0-tc1/source'...
[INFO] [stderr] done.
[INFO] validating manifest of git repo https://github.com/gferon/redis-sentinel-rs on toolchain 1.75.0
[INFO] running `Command { std: CARGO_HOME="/workspace/cargo-home" RUSTUP_HOME="/workspace/rustup-home" "/workspace/cargo-home/bin/cargo" "+1.75.0" "metadata" "--manifest-path" "Cargo.toml" "--no-deps", kill_on_drop: false }`
[INFO] started tweaking git repo https://github.com/gferon/redis-sentinel-rs
[INFO] finished tweaking git repo https://github.com/gferon/redis-sentinel-rs
[INFO] tweaked toml for git repo https://github.com/gferon/redis-sentinel-rs written to /workspace/builds/worker-0-tc1/source/Cargo.toml
[INFO] crate git repo https://github.com/gferon/redis-sentinel-rs already has a lockfile, it will not be regenerated
[INFO] running `Command { std: CARGO_HOME="/workspace/cargo-home" RUSTUP_HOME="/workspace/rustup-home" "/workspace/cargo-home/bin/cargo" "+1.75.0" "fetch" "--manifest-path" "Cargo.toml", kill_on_drop: false }`
[INFO] [stderr]  Downloading crates ...
[INFO] [stderr]   Downloaded tokio-util v0.6.1
[INFO] [stderr]   Downloaded redis v0.20.0
[INFO] running `Command { std: "docker" "create" "-v" "/var/lib/crater-agent-workspace/builds/worker-0-tc1/target:/opt/rustwide/target:rw,Z" "-v" "/var/lib/crater-agent-workspace/builds/worker-0-tc1/source:/opt/rustwide/workdir:ro,Z" "-v" "/var/lib/crater-agent-workspace/cargo-home:/opt/rustwide/cargo-home:ro,Z" "-v" "/var/lib/crater-agent-workspace/rustup-home:/opt/rustwide/rustup-home:ro,Z" "-e" "SOURCE_DIR=/opt/rustwide/workdir" "-e" "CARGO_TARGET_DIR=/opt/rustwide/target" "-e" "CARGO_HOME=/opt/rustwide/cargo-home" "-e" "RUSTUP_HOME=/opt/rustwide/rustup-home" "-w" "/opt/rustwide/workdir" "-m" "1610612736" "--user" "0:0" "--network" "none" "ghcr.io/rust-lang/crates-build-env/linux@sha256:2788e3201cd34a07e3172128adcd8b3090168a8e3bcc40d7c032b9dda1df7d1c" "/opt/rustwide/cargo-home/bin/cargo" "+1.75.0" "metadata" "--no-deps" "--format-version=1", kill_on_drop: false }`
[INFO] [stdout] 321703361cc1d98d1fd4b37b8c7ed4b97cc065bc70a6c898962e6a6155b2f568
[INFO] running `Command { std: "docker" "start" "-a" "321703361cc1d98d1fd4b37b8c7ed4b97cc065bc70a6c898962e6a6155b2f568", kill_on_drop: false }`
[INFO] running `Command { std: "docker" "inspect" "321703361cc1d98d1fd4b37b8c7ed4b97cc065bc70a6c898962e6a6155b2f568", kill_on_drop: false }`
[INFO] running `Command { std: "docker" "rm" "-f" "321703361cc1d98d1fd4b37b8c7ed4b97cc065bc70a6c898962e6a6155b2f568", kill_on_drop: false }`
[INFO] [stdout] 321703361cc1d98d1fd4b37b8c7ed4b97cc065bc70a6c898962e6a6155b2f568
[INFO] running `Command { std: "docker" "create" "-v" "/var/lib/crater-agent-workspace/builds/worker-0-tc1/target:/opt/rustwide/target:rw,Z" "-v" "/var/lib/crater-agent-workspace/builds/worker-0-tc1/source:/opt/rustwide/workdir:ro,Z" "-v" "/var/lib/crater-agent-workspace/cargo-home:/opt/rustwide/cargo-home:ro,Z" "-v" "/var/lib/crater-agent-workspace/rustup-home:/opt/rustwide/rustup-home:ro,Z" "-e" "SOURCE_DIR=/opt/rustwide/workdir" "-e" "CARGO_TARGET_DIR=/opt/rustwide/target" "-e" "CARGO_INCREMENTAL=0" "-e" "RUST_BACKTRACE=full" "-e" "RUSTFLAGS=--cap-lints=warn" "-e" "RUSTDOCFLAGS=--cap-lints=warn" "-e" "CARGO_HOME=/opt/rustwide/cargo-home" "-e" "RUSTUP_HOME=/opt/rustwide/rustup-home" "-w" "/opt/rustwide/workdir" "-m" "1610612736" "--user" "0:0" "--network" "none" "ghcr.io/rust-lang/crates-build-env/linux@sha256:2788e3201cd34a07e3172128adcd8b3090168a8e3bcc40d7c032b9dda1df7d1c" "/opt/rustwide/cargo-home/bin/cargo" "+1.75.0" "build" "--frozen" "--message-format=json", kill_on_drop: false }`
[INFO] [stdout] 3374116cc0796f747ca6b0a605036d497072c2dc3ca269912de66759aedb6e06
[INFO] running `Command { std: "docker" "start" "-a" "3374116cc0796f747ca6b0a605036d497072c2dc3ca269912de66759aedb6e06", kill_on_drop: false }`
[INFO] [stderr]    Compiling proc-macro2 v1.0.24
[INFO] [stderr]    Compiling unicode-xid v0.2.1
[INFO] [stderr]    Compiling libc v0.2.82
[INFO] [stderr]    Compiling syn v1.0.58
[INFO] [stderr]    Compiling log v0.4.13
[INFO] [stderr]    Compiling memchr v2.3.4
[INFO] [stderr]    Compiling autocfg v1.0.1
[INFO] [stderr]    Compiling cfg-if v0.1.10
[INFO] [stderr]    Compiling pin-project-lite v0.2.4
[INFO] [stderr]    Compiling futures-core v0.3.11
[INFO] [stderr]    Compiling getrandom v0.2.1
[INFO] [stderr]    Compiling proc-macro-hack v0.5.19
[INFO] [stderr]    Compiling tokio v1.0.2
[INFO] [stderr]    Compiling bytes v1.0.1
[INFO] [stderr]    Compiling matches v0.1.8
[INFO] [stderr]    Compiling proc-macro-nested v0.1.7
[INFO] [stderr]    Compiling cfg-if v1.0.0
[INFO] [stderr]    Compiling tinyvec_macros v0.1.0
[INFO] [stderr]    Compiling futures-sink v0.3.11
[INFO] [stderr]    Compiling tinyvec v1.1.0
[INFO] [stderr]    Compiling once_cell v1.5.2
[INFO] [stderr]    Compiling futures-channel v0.3.11
[INFO] [stderr]    Compiling quote v1.0.8
[INFO] [stderr]    Compiling mio v0.7.7
[INFO] [stderr]    Compiling futures-task v0.3.11
[INFO] [stderr]    Compiling unicode-bidi v0.3.4
[INFO] [stderr]    Compiling rand_core v0.6.1
[INFO] [stderr]    Compiling pin-utils v0.1.0
[INFO] [stderr]    Compiling crc16 v0.4.0
[INFO] [stderr]    Compiling futures-io v0.3.11
[INFO] [stderr]    Compiling slab v0.4.2
[INFO] [stderr]    Compiling ppv-lite86 v0.2.10
[INFO] [stderr]    Compiling unicode-normalization v0.1.16
[INFO] [stderr]    Compiling percent-encoding v2.1.0
[INFO] [stderr]    Compiling itoa v0.4.7
[INFO] [stderr]    Compiling form_urlencoded v1.0.0
[INFO] [stderr]    Compiling dtoa v0.4.7
[INFO] [stderr]    Compiling rand_chacha v0.3.0
[INFO] [stderr]    Compiling sha1 v0.6.0
[INFO] [stderr]    Compiling idna v0.2.0
[INFO] [stderr]    Compiling rand v0.8.2
[INFO] [stderr]    Compiling url v2.2.0
[INFO] [stderr]    Compiling tokio-macros v1.1.0
[INFO] [stderr]    Compiling futures-macro v0.3.11
[INFO] [stderr]    Compiling async-trait v0.1.42
[INFO] [stderr]    Compiling futures-util v0.3.11
[INFO] [stderr]    Compiling tokio-stream v0.1.2
[INFO] [stderr]    Compiling combine v4.5.2
[INFO] [stderr]    Compiling tokio-util v0.6.1
[INFO] [stderr]    Compiling redis v0.20.0
[INFO] [stderr]    Compiling redis-sentinel v0.1.0 (/opt/rustwide/workdir)
[INFO] [stderr]     Finished dev [unoptimized + debuginfo] target(s) in 18.74s
[INFO] [stderr] warning: the following packages contain code that will be rejected by a future version of Rust: redis v0.20.0
[INFO] [stderr] note: to see what the problems were, use the option `--future-incompat-report`, or run `cargo report future-incompatibilities --id 1`
[INFO] running `Command { std: "docker" "inspect" "3374116cc0796f747ca6b0a605036d497072c2dc3ca269912de66759aedb6e06", kill_on_drop: false }`
[INFO] running `Command { std: "docker" "rm" "-f" "3374116cc0796f747ca6b0a605036d497072c2dc3ca269912de66759aedb6e06", kill_on_drop: false }`
[INFO] [stdout] 3374116cc0796f747ca6b0a605036d497072c2dc3ca269912de66759aedb6e06
[INFO] running `Command { std: "docker" "create" "-v" "/var/lib/crater-agent-workspace/builds/worker-0-tc1/target:/opt/rustwide/target:rw,Z" "-v" "/var/lib/crater-agent-workspace/builds/worker-0-tc1/source:/opt/rustwide/workdir:ro,Z" "-v" "/var/lib/crater-agent-workspace/cargo-home:/opt/rustwide/cargo-home:ro,Z" "-v" "/var/lib/crater-agent-workspace/rustup-home:/opt/rustwide/rustup-home:ro,Z" "-e" "SOURCE_DIR=/opt/rustwide/workdir" "-e" "CARGO_TARGET_DIR=/opt/rustwide/target" "-e" "CARGO_INCREMENTAL=0" "-e" "RUST_BACKTRACE=full" "-e" "RUSTFLAGS=--cap-lints=warn" "-e" "RUSTDOCFLAGS=--cap-lints=warn" "-e" "CARGO_HOME=/opt/rustwide/cargo-home" "-e" "RUSTUP_HOME=/opt/rustwide/rustup-home" "-w" "/opt/rustwide/workdir" "-m" "1610612736" "--user" "0:0" "--network" "none" "ghcr.io/rust-lang/crates-build-env/linux@sha256:2788e3201cd34a07e3172128adcd8b3090168a8e3bcc40d7c032b9dda1df7d1c" "/opt/rustwide/cargo-home/bin/cargo" "+1.75.0" "test" "--frozen" "--no-run" "--message-format=json", kill_on_drop: false }`
[INFO] [stdout] 1c563fa89a0640bed2832a998f81bcf0fe28c9f8eb59c6e2498de2525773f9f2
[INFO] running `Command { std: "docker" "start" "-a" "1c563fa89a0640bed2832a998f81bcf0fe28c9f8eb59c6e2498de2525773f9f2", kill_on_drop: false }`
[INFO] [stderr]    Compiling anyhow v1.0.38
[INFO] [stderr]    Compiling futures-executor v0.3.11
[INFO] [stderr]    Compiling instant v0.1.9
[INFO] [stderr]    Compiling remove_dir_all v0.5.3
[INFO] [stderr]    Compiling net2 v0.2.37
[INFO] [stderr]    Compiling backoff v0.3.0
[INFO] [stderr]    Compiling tempfile v3.2.0
[INFO] [stderr]    Compiling futures v0.3.11
[INFO] [stderr]    Compiling redis-sentinel v0.1.0 (/opt/rustwide/workdir)
[INFO] [stderr]     Finished test [unoptimized + debuginfo] target(s) in 2.33s
[INFO] [stderr] warning: the following packages contain code that will be rejected by a future version of Rust: redis v0.20.0
[INFO] [stderr] note: to see what the problems were, use the option `--future-incompat-report`, or run `cargo report future-incompatibilities --id 1`
[INFO] running `Command { std: "docker" "inspect" "1c563fa89a0640bed2832a998f81bcf0fe28c9f8eb59c6e2498de2525773f9f2", kill_on_drop: false }`
[INFO] running `Command { std: "docker" "rm" "-f" "1c563fa89a0640bed2832a998f81bcf0fe28c9f8eb59c6e2498de2525773f9f2", kill_on_drop: false }`
[INFO] [stdout] 1c563fa89a0640bed2832a998f81bcf0fe28c9f8eb59c6e2498de2525773f9f2
[INFO] running `Command { std: "docker" "create" "-v" "/var/lib/crater-agent-workspace/builds/worker-0-tc1/target:/opt/rustwide/target:rw,Z" "-v" "/var/lib/crater-agent-workspace/builds/worker-0-tc1/source:/opt/rustwide/workdir:ro,Z" "-v" "/var/lib/crater-agent-workspace/cargo-home:/opt/rustwide/cargo-home:ro,Z" "-v" "/var/lib/crater-agent-workspace/rustup-home:/opt/rustwide/rustup-home:ro,Z" "-e" "SOURCE_DIR=/opt/rustwide/workdir" "-e" "CARGO_TARGET_DIR=/opt/rustwide/target" "-e" "CARGO_INCREMENTAL=0" "-e" "RUST_BACKTRACE=full" "-e" "RUSTFLAGS=--cap-lints=warn" "-e" "RUSTDOCFLAGS=--cap-lints=warn" "-e" "CARGO_HOME=/opt/rustwide/cargo-home" "-e" "RUSTUP_HOME=/opt/rustwide/rustup-home" "-w" "/opt/rustwide/workdir" "-m" "1610612736" "--user" "0:0" "--network" "none" "ghcr.io/rust-lang/crates-build-env/linux@sha256:2788e3201cd34a07e3172128adcd8b3090168a8e3bcc40d7c032b9dda1df7d1c" "/opt/rustwide/cargo-home/bin/cargo" "+1.75.0" "test" "--frozen", kill_on_drop: false }`
[INFO] [stdout] 5de28e876d53918a5395ba0672a5829c3c1739877e170e36642c0450b44be77d
[INFO] running `Command { std: "docker" "start" "-a" "5de28e876d53918a5395ba0672a5829c3c1739877e170e36642c0450b44be77d", kill_on_drop: false }`
[INFO] [stderr]     Finished test [unoptimized + debuginfo] target(s) in 0.05s
[INFO] [stderr] warning: the following packages contain code that will be rejected by a future version of Rust: redis v0.20.0
[INFO] [stderr] note: to see what the problems were, use the option `--future-incompat-report`, or run `cargo report future-incompatibilities --id 1`
[INFO] [stderr]      Running unittests src/lib.rs (/opt/rustwide/target/debug/deps/redis_sentinel-dd47e6f43f799869)
[INFO] [stdout] 
[INFO] [stdout] running 0 tests
[INFO] [stdout] 
[INFO] [stdout] test result: ok. 0 passed; 0 failed; 0 ignored; 0 measured; 0 filtered out; finished in 0.00s
[INFO] [stdout] 
[INFO] [stderr]      Running tests/sentinel.rs (/opt/rustwide/target/debug/deps/sentinel-5778a01ea23f9d0b)
[INFO] [stdout] 
[INFO] [stdout] running 1 test
[INFO] [stdout] test test_master_failover ... FAILED
[INFO] [stdout] 
[INFO] [stdout] failures:
[INFO] [stdout] 
[INFO] [stdout] ---- test_master_failover stdout ----
[INFO] [stdout] Error: No such file or directory (os error 2)
[INFO] [stdout] 
[INFO] [stdout] 
[INFO] [stdout] failures:
[INFO] [stdout]     test_master_failover
[INFO] [stdout] 
[INFO] [stdout] test result: FAILED. 0 passed; 1 failed; 0 ignored; 0 measured; 0 filtered out; finished in 0.00s
[INFO] [stdout] 
[INFO] [stderr] error: test failed, to rerun pass `--test sentinel`
[INFO] running `Command { std: "docker" "inspect" "5de28e876d53918a5395ba0672a5829c3c1739877e170e36642c0450b44be77d", kill_on_drop: false }`
[INFO] running `Command { std: "docker" "rm" "-f" "5de28e876d53918a5395ba0672a5829c3c1739877e170e36642c0450b44be77d", kill_on_drop: false }`
[INFO] [stdout] 5de28e876d53918a5395ba0672a5829c3c1739877e170e36642c0450b44be77d
[INFO] testing gferon/redis-sentinel-rs against beta-2023-12-22 for beta-1.76-1
[INFO] running `Command { std: "git" "clone" "/workspace/cache/git-repos/https%3A%2F%2Fgithub.com%2Fgferon%2Fredis-sentinel-rs" "/workspace/builds/worker-0-tc2/source", kill_on_drop: false }`
[INFO] [stderr] Cloning into '/workspace/builds/worker-0-tc2/source'...
[INFO] [stderr] done.
[INFO] validating manifest of git repo https://github.com/gferon/redis-sentinel-rs on toolchain beta-2023-12-22
[INFO] running `Command { std: CARGO_HOME="/workspace/cargo-home" RUSTUP_HOME="/workspace/rustup-home" "/workspace/cargo-home/bin/cargo" "+beta-2023-12-22" "metadata" "--manifest-path" "Cargo.toml" "--no-deps", kill_on_drop: false }`
[INFO] started tweaking git repo https://github.com/gferon/redis-sentinel-rs
[INFO] finished tweaking git repo https://github.com/gferon/redis-sentinel-rs
[INFO] tweaked toml for git repo https://github.com/gferon/redis-sentinel-rs written to /workspace/builds/worker-0-tc2/source/Cargo.toml
[INFO] crate git repo https://github.com/gferon/redis-sentinel-rs already has a lockfile, it will not be regenerated
[INFO] running `Command { std: CARGO_HOME="/workspace/cargo-home" RUSTUP_HOME="/workspace/rustup-home" "/workspace/cargo-home/bin/cargo" "+beta-2023-12-22" "fetch" "--manifest-path" "Cargo.toml", kill_on_drop: false }`
[INFO] running `Command { std: "docker" "create" "-v" "/var/lib/crater-agent-workspace/builds/worker-0-tc2/target:/opt/rustwide/target:rw,Z" "-v" "/var/lib/crater-agent-workspace/builds/worker-0-tc2/source:/opt/rustwide/workdir:ro,Z" "-v" "/var/lib/crater-agent-workspace/cargo-home:/opt/rustwide/cargo-home:ro,Z" "-v" "/var/lib/crater-agent-workspace/rustup-home:/opt/rustwide/rustup-home:ro,Z" "-e" "SOURCE_DIR=/opt/rustwide/workdir" "-e" "CARGO_TARGET_DIR=/opt/rustwide/target" "-e" "CARGO_HOME=/opt/rustwide/cargo-home" "-e" "RUSTUP_HOME=/opt/rustwide/rustup-home" "-w" "/opt/rustwide/workdir" "-m" "1610612736" "--user" "0:0" "--network" "none" "ghcr.io/rust-lang/crates-build-env/linux@sha256:2788e3201cd34a07e3172128adcd8b3090168a8e3bcc40d7c032b9dda1df7d1c" "/opt/rustwide/cargo-home/bin/cargo" "+beta-2023-12-22" "metadata" "--no-deps" "--format-version=1", kill_on_drop: false }`
[INFO] [stdout] 31dc3c28c1e667e84d601c3875d3452dccaeba01e5ec5083e042d5d9c343f589
[INFO] running `Command { std: "docker" "start" "-a" "31dc3c28c1e667e84d601c3875d3452dccaeba01e5ec5083e042d5d9c343f589", kill_on_drop: false }`
[INFO] running `Command { std: "docker" "inspect" "31dc3c28c1e667e84d601c3875d3452dccaeba01e5ec5083e042d5d9c343f589", kill_on_drop: false }`
[INFO] running `Command { std: "docker" "rm" "-f" "31dc3c28c1e667e84d601c3875d3452dccaeba01e5ec5083e042d5d9c343f589", kill_on_drop: false }`
[INFO] [stdout] 31dc3c28c1e667e84d601c3875d3452dccaeba01e5ec5083e042d5d9c343f589
[INFO] running `Command { std: "docker" "create" "-v" "/var/lib/crater-agent-workspace/builds/worker-0-tc2/target:/opt/rustwide/target:rw,Z" "-v" "/var/lib/crater-agent-workspace/builds/worker-0-tc2/source:/opt/rustwide/workdir:ro,Z" "-v" "/var/lib/crater-agent-workspace/cargo-home:/opt/rustwide/cargo-home:ro,Z" "-v" "/var/lib/crater-agent-workspace/rustup-home:/opt/rustwide/rustup-home:ro,Z" "-e" "SOURCE_DIR=/opt/rustwide/workdir" "-e" "CARGO_TARGET_DIR=/opt/rustwide/target" "-e" "CARGO_INCREMENTAL=0" "-e" "RUST_BACKTRACE=full" "-e" "RUSTFLAGS=--cap-lints=warn" "-e" "RUSTDOCFLAGS=--cap-lints=warn" "-e" "CARGO_HOME=/opt/rustwide/cargo-home" "-e" "RUSTUP_HOME=/opt/rustwide/rustup-home" "-w" "/opt/rustwide/workdir" "-m" "1610612736" "--user" "0:0" "--network" "none" "ghcr.io/rust-lang/crates-build-env/linux@sha256:2788e3201cd34a07e3172128adcd8b3090168a8e3bcc40d7c032b9dda1df7d1c" "/opt/rustwide/cargo-home/bin/cargo" "+beta-2023-12-22" "build" "--frozen" "--message-format=json", kill_on_drop: false }`
[INFO] [stdout] 6149238d4d9853c77e54bbcf88e84b5569fbc699bdc6838a769369eddbb5304d
[INFO] running `Command { std: "docker" "start" "-a" "6149238d4d9853c77e54bbcf88e84b5569fbc699bdc6838a769369eddbb5304d", kill_on_drop: false }`
[INFO] [stderr]    Compiling proc-macro2 v1.0.24
[INFO] [stderr]    Compiling unicode-xid v0.2.1
[INFO] [stderr]    Compiling libc v0.2.82
[INFO] [stderr]    Compiling syn v1.0.58
[INFO] [stderr]    Compiling log v0.4.13
[INFO] [stderr]    Compiling memchr v2.3.4
[INFO] [stderr]    Compiling cfg-if v0.1.10
[INFO] [stderr]    Compiling autocfg v1.0.1
[INFO] [stderr]    Compiling getrandom v0.2.1
[INFO] [stderr]    Compiling futures-core v0.3.11
[INFO] [stderr]    Compiling pin-project-lite v0.2.4
[INFO] [stderr]    Compiling proc-macro-hack v0.5.19
[INFO] [stderr]    Compiling cfg-if v1.0.0
[INFO] [stderr]    Compiling proc-macro-nested v0.1.7
[INFO] [stderr]    Compiling futures-sink v0.3.11
[INFO] [stderr]    Compiling matches v0.1.8
[INFO] [stderr]    Compiling tokio v1.0.2
[INFO] [stderr]    Compiling tinyvec_macros v0.1.0
[INFO] [stderr]    Compiling bytes v1.0.1
[INFO] [stderr]    Compiling tinyvec v1.1.0
[INFO] [stderr]    Compiling once_cell v1.5.2
[INFO] [stderr]    Compiling quote v1.0.8
[INFO] [stderr]    Compiling mio v0.7.7
[INFO] [stderr]    Compiling futures-task v0.3.11
[INFO] [stderr]    Compiling rand_core v0.6.1
[INFO] [stderr]    Compiling futures-channel v0.3.11
[INFO] [stderr]    Compiling unicode-bidi v0.3.4
[INFO] [stderr]    Compiling futures-io v0.3.11
[INFO] [stderr]    Compiling crc16 v0.4.0
[INFO] [stderr]    Compiling percent-encoding v2.1.0
[INFO] [stderr]    Compiling ppv-lite86 v0.2.10
[INFO] [stderr]    Compiling slab v0.4.2
[INFO] [stderr]    Compiling pin-utils v0.1.0
[INFO] [stderr]    Compiling form_urlencoded v1.0.0
[INFO] [stderr]    Compiling dtoa v0.4.7
[INFO] [stderr]    Compiling sha1 v0.6.0
[INFO] [stderr]    Compiling rand_chacha v0.3.0
[INFO] [stderr]    Compiling itoa v0.4.7
[INFO] [stderr]    Compiling unicode-normalization v0.1.16
[INFO] [stderr]    Compiling rand v0.8.2
[INFO] [stderr]    Compiling idna v0.2.0
[INFO] [stderr]    Compiling url v2.2.0
[INFO] [stderr]    Compiling tokio-macros v1.1.0
[INFO] [stderr]    Compiling futures-macro v0.3.11
[INFO] [stderr]    Compiling async-trait v0.1.42
[INFO] [stderr]    Compiling futures-util v0.3.11
[INFO] [stderr]    Compiling tokio-stream v0.1.2
[INFO] [stderr]    Compiling combine v4.5.2
[INFO] [stderr]    Compiling tokio-util v0.6.1
[INFO] [stderr]    Compiling redis v0.20.0
[INFO] [stderr]    Compiling redis-sentinel v0.1.0 (/opt/rustwide/workdir)
[INFO] [stderr]     Finished dev [unoptimized + debuginfo] target(s) in 17.39s
[INFO] [stderr] warning: the following packages contain code that will be rejected by a future version of Rust: redis v0.20.0
[INFO] [stderr] note: to see what the problems were, use the option `--future-incompat-report`, or run `cargo report future-incompatibilities --id 1`
[INFO] running `Command { std: "docker" "inspect" "6149238d4d9853c77e54bbcf88e84b5569fbc699bdc6838a769369eddbb5304d", kill_on_drop: false }`
[INFO] running `Command { std: "docker" "rm" "-f" "6149238d4d9853c77e54bbcf88e84b5569fbc699bdc6838a769369eddbb5304d", kill_on_drop: false }`
[INFO] [stdout] 6149238d4d9853c77e54bbcf88e84b5569fbc699bdc6838a769369eddbb5304d
[INFO] running `Command { std: "docker" "create" "-v" "/var/lib/crater-agent-workspace/builds/worker-0-tc2/target:/opt/rustwide/target:rw,Z" "-v" "/var/lib/crater-agent-workspace/builds/worker-0-tc2/source:/opt/rustwide/workdir:ro,Z" "-v" "/var/lib/crater-agent-workspace/cargo-home:/opt/rustwide/cargo-home:ro,Z" "-v" "/var/lib/crater-agent-workspace/rustup-home:/opt/rustwide/rustup-home:ro,Z" "-e" "SOURCE_DIR=/opt/rustwide/workdir" "-e" "CARGO_TARGET_DIR=/opt/rustwide/target" "-e" "CARGO_INCREMENTAL=0" "-e" "RUST_BACKTRACE=full" "-e" "RUSTFLAGS=--cap-lints=warn" "-e" "RUSTDOCFLAGS=--cap-lints=warn" "-e" "CARGO_HOME=/opt/rustwide/cargo-home" "-e" "RUSTUP_HOME=/opt/rustwide/rustup-home" "-w" "/opt/rustwide/workdir" "-m" "1610612736" "--user" "0:0" "--network" "none" "ghcr.io/rust-lang/crates-build-env/linux@sha256:2788e3201cd34a07e3172128adcd8b3090168a8e3bcc40d7c032b9dda1df7d1c" "/opt/rustwide/cargo-home/bin/cargo" "+beta-2023-12-22" "test" "--frozen" "--no-run" "--message-format=json", kill_on_drop: false }`
[INFO] [stdout] 1a726eaaa52c38b3ccc7cf44b194c3640574efdb719eacc4ffcf06c9ead172e5
[INFO] running `Command { std: "docker" "start" "-a" "1a726eaaa52c38b3ccc7cf44b194c3640574efdb719eacc4ffcf06c9ead172e5", kill_on_drop: false }`
[INFO] [stderr]    Compiling anyhow v1.0.38
[INFO] [stderr]    Compiling futures-executor v0.3.11
[INFO] [stderr]    Compiling instant v0.1.9
[INFO] [stderr]    Compiling remove_dir_all v0.5.3
[INFO] [stderr]    Compiling net2 v0.2.37
[INFO] [stderr]    Compiling tempfile v3.2.0
[INFO] [stderr]    Compiling backoff v0.3.0
[INFO] [stderr]    Compiling futures v0.3.11
[INFO] [stderr]    Compiling redis-sentinel v0.1.0 (/opt/rustwide/workdir)
[INFO] [stderr]     Finished test [unoptimized + debuginfo] target(s) in 2.45s
[INFO] [stderr] warning: the following packages contain code that will be rejected by a future version of Rust: redis v0.20.0
[INFO] [stderr] note: to see what the problems were, use the option `--future-incompat-report`, or run `cargo report future-incompatibilities --id 1`
[INFO] running `Command { std: "docker" "inspect" "1a726eaaa52c38b3ccc7cf44b194c3640574efdb719eacc4ffcf06c9ead172e5", kill_on_drop: false }`
[INFO] running `Command { std: "docker" "rm" "-f" "1a726eaaa52c38b3ccc7cf44b194c3640574efdb719eacc4ffcf06c9ead172e5", kill_on_drop: false }`
[INFO] [stdout] 1a726eaaa52c38b3ccc7cf44b194c3640574efdb719eacc4ffcf06c9ead172e5
[INFO] running `Command { std: "docker" "create" "-v" "/var/lib/crater-agent-workspace/builds/worker-0-tc2/target:/opt/rustwide/target:rw,Z" "-v" "/var/lib/crater-agent-workspace/builds/worker-0-tc2/source:/opt/rustwide/workdir:ro,Z" "-v" "/var/lib/crater-agent-workspace/cargo-home:/opt/rustwide/cargo-home:ro,Z" "-v" "/var/lib/crater-agent-workspace/rustup-home:/opt/rustwide/rustup-home:ro,Z" "-e" "SOURCE_DIR=/opt/rustwide/workdir" "-e" "CARGO_TARGET_DIR=/opt/rustwide/target" "-e" "CARGO_INCREMENTAL=0" "-e" "RUST_BACKTRACE=full" "-e" "RUSTFLAGS=--cap-lints=warn" "-e" "RUSTDOCFLAGS=--cap-lints=warn" "-e" "CARGO_HOME=/opt/rustwide/cargo-home" "-e" "RUSTUP_HOME=/opt/rustwide/rustup-home" "-w" "/opt/rustwide/workdir" "-m" "1610612736" "--user" "0:0" "--network" "none" "ghcr.io/rust-lang/crates-build-env/linux@sha256:2788e3201cd34a07e3172128adcd8b3090168a8e3bcc40d7c032b9dda1df7d1c" "/opt/rustwide/cargo-home/bin/cargo" "+beta-2023-12-22" "test" "--frozen", kill_on_drop: false }`
[INFO] [stdout] 109b9f9a8848b8acb2c858f421b386cd97ac6150ba910395fe9b62de0a60308c
[INFO] running `Command { std: "docker" "start" "-a" "109b9f9a8848b8acb2c858f421b386cd97ac6150ba910395fe9b62de0a60308c", kill_on_drop: false }`
[INFO] [stderr]     Finished test [unoptimized + debuginfo] target(s) in 0.05s
[INFO] [stderr] warning: the following packages contain code that will be rejected by a future version of Rust: redis v0.20.0
[INFO] [stderr] note: to see what the problems were, use the option `--future-incompat-report`, or run `cargo report future-incompatibilities --id 1`
[INFO] [stderr]      Running unittests src/lib.rs (/opt/rustwide/target/debug/deps/redis_sentinel-edd42abdc5a58c36)
[INFO] [stdout] 
[INFO] [stdout] running 0 tests
[INFO] [stdout] 
[INFO] [stdout] test result: ok. 0 passed; 0 failed; 0 ignored; 0 measured; 0 filtered out; finished in 0.00s
[INFO] [stdout] 
[INFO] [stderr]      Running tests/sentinel.rs (/opt/rustwide/target/debug/deps/sentinel-f238a681580401de)
[INFO] [stdout] 
[INFO] [stdout] running 1 test
[INFO] [stdout] test test_master_failover ... FAILED
[INFO] [stdout] 
[INFO] [stdout] failures:
[INFO] [stdout] 
[INFO] [stdout] ---- test_master_failover stdout ----
[INFO] [stdout] Error: No such file or directory (os error 2)
[INFO] [stdout] 
[INFO] [stdout] 
[INFO] [stdout] failures:
[INFO] [stdout]     test_master_failover
[INFO] [stdout] 
[INFO] [stdout] test result: FAILED. 0 passed; 1 failed; 0 ignored; 0 measured; 0 filtered out; finished in 0.00s
[INFO] [stdout] 
[INFO] [stderr] error: test failed, to rerun pass `--test sentinel`
[INFO] running `Command { std: "docker" "inspect" "109b9f9a8848b8acb2c858f421b386cd97ac6150ba910395fe9b62de0a60308c", kill_on_drop: false }`
[INFO] running `Command { std: "docker" "rm" "-f" "109b9f9a8848b8acb2c858f421b386cd97ac6150ba910395fe9b62de0a60308c", kill_on_drop: false }`
[INFO] [stdout] 109b9f9a8848b8acb2c858f421b386cd97ac6150ba910395fe9b62de0a60308c
