[INFO] cloning repository https://github.com/geropl/tarfs
[INFO] running `Command { std: "git" "-c" "credential.helper=" "-c" "credential.helper=/workspace/cargo-home/bin/git-credential-null" "clone" "--bare" "https://github.com/geropl/tarfs" "/workspace/cache/git-repos/https%3A%2F%2Fgithub.com%2Fgeropl%2Ftarfs", kill_on_drop: false }`
[INFO] [stderr] Cloning into bare repository '/workspace/cache/git-repos/https%3A%2F%2Fgithub.com%2Fgeropl%2Ftarfs'...
[INFO] running `Command { std: "git" "rev-parse" "HEAD", kill_on_drop: false }`
[INFO] [stdout] fc86245e694caa004ad8f0cbcfa7a2fbf8ecda6f
[INFO] testing geropl/tarfs against 1.75.0 for beta-1.76-1
[INFO] running `Command { std: "git" "clone" "/workspace/cache/git-repos/https%3A%2F%2Fgithub.com%2Fgeropl%2Ftarfs" "/workspace/builds/worker-5-tc1/source", kill_on_drop: false }`
[INFO] [stderr] Cloning into '/workspace/builds/worker-5-tc1/source'...
[INFO] [stderr] done.
[INFO] validating manifest of git repo https://github.com/geropl/tarfs on toolchain 1.75.0
[INFO] running `Command { std: CARGO_HOME="/workspace/cargo-home" RUSTUP_HOME="/workspace/rustup-home" "/workspace/cargo-home/bin/cargo" "+1.75.0" "metadata" "--manifest-path" "Cargo.toml" "--no-deps", kill_on_drop: false }`
[INFO] started tweaking git repo https://github.com/geropl/tarfs
[INFO] finished tweaking git repo https://github.com/geropl/tarfs
[INFO] tweaked toml for git repo https://github.com/geropl/tarfs written to /workspace/builds/worker-5-tc1/source/Cargo.toml
[INFO] crate git repo https://github.com/geropl/tarfs already has a lockfile, it will not be regenerated
[INFO] running `Command { std: CARGO_HOME="/workspace/cargo-home" RUSTUP_HOME="/workspace/rustup-home" "/workspace/cargo-home/bin/cargo" "+1.75.0" "fetch" "--manifest-path" "Cargo.toml", kill_on_drop: false }`
[INFO] [stderr]     Updating crates.io index
[INFO] [stderr]  Downloading crates ...
[INFO] [stderr]   Downloaded ctor v0.1.9
[INFO] [stderr]   Downloaded fuse v0.3.1
[INFO] running `Command { std: "docker" "create" "-v" "/var/lib/crater-agent-workspace/builds/worker-5-tc1/target:/opt/rustwide/target:rw,Z" "-v" "/var/lib/crater-agent-workspace/builds/worker-5-tc1/source:/opt/rustwide/workdir:ro,Z" "-v" "/var/lib/crater-agent-workspace/cargo-home:/opt/rustwide/cargo-home:ro,Z" "-v" "/var/lib/crater-agent-workspace/rustup-home:/opt/rustwide/rustup-home:ro,Z" "-e" "SOURCE_DIR=/opt/rustwide/workdir" "-e" "CARGO_TARGET_DIR=/opt/rustwide/target" "-e" "CARGO_HOME=/opt/rustwide/cargo-home" "-e" "RUSTUP_HOME=/opt/rustwide/rustup-home" "-w" "/opt/rustwide/workdir" "-m" "1610612736" "--user" "0:0" "--network" "none" "ghcr.io/rust-lang/crates-build-env/linux@sha256:2788e3201cd34a07e3172128adcd8b3090168a8e3bcc40d7c032b9dda1df7d1c" "/opt/rustwide/cargo-home/bin/cargo" "+1.75.0" "metadata" "--no-deps" "--format-version=1", kill_on_drop: false }`
[INFO] [stdout] 2830f9215373817bf3f3cac1ee6955003aea0acb67fc50969042fc6a215c779a
[INFO] running `Command { std: "docker" "start" "-a" "2830f9215373817bf3f3cac1ee6955003aea0acb67fc50969042fc6a215c779a", kill_on_drop: false }`
[INFO] running `Command { std: "docker" "inspect" "2830f9215373817bf3f3cac1ee6955003aea0acb67fc50969042fc6a215c779a", kill_on_drop: false }`
[INFO] running `Command { std: "docker" "rm" "-f" "2830f9215373817bf3f3cac1ee6955003aea0acb67fc50969042fc6a215c779a", kill_on_drop: false }`
[INFO] [stdout] 2830f9215373817bf3f3cac1ee6955003aea0acb67fc50969042fc6a215c779a
[INFO] running `Command { std: "docker" "create" "-v" "/var/lib/crater-agent-workspace/builds/worker-5-tc1/target:/opt/rustwide/target:rw,Z" "-v" "/var/lib/crater-agent-workspace/builds/worker-5-tc1/source:/opt/rustwide/workdir:ro,Z" "-v" "/var/lib/crater-agent-workspace/cargo-home:/opt/rustwide/cargo-home:ro,Z" "-v" "/var/lib/crater-agent-workspace/rustup-home:/opt/rustwide/rustup-home:ro,Z" "-e" "SOURCE_DIR=/opt/rustwide/workdir" "-e" "CARGO_TARGET_DIR=/opt/rustwide/target" "-e" "CARGO_INCREMENTAL=0" "-e" "RUST_BACKTRACE=full" "-e" "RUSTFLAGS=--cap-lints=warn" "-e" "RUSTDOCFLAGS=--cap-lints=warn" "-e" "CARGO_HOME=/opt/rustwide/cargo-home" "-e" "RUSTUP_HOME=/opt/rustwide/rustup-home" "-w" "/opt/rustwide/workdir" "-m" "1610612736" "--user" "0:0" "--network" "none" "ghcr.io/rust-lang/crates-build-env/linux@sha256:2788e3201cd34a07e3172128adcd8b3090168a8e3bcc40d7c032b9dda1df7d1c" "/opt/rustwide/cargo-home/bin/cargo" "+1.75.0" "build" "--frozen" "--message-format=json", kill_on_drop: false }`
[INFO] [stdout] 2cea3a1df89b46d08a9a1e919b1e6d275e747758aa6be8d702d85da8e4e6cf10
[INFO] running `Command { std: "docker" "start" "-a" "2cea3a1df89b46d08a9a1e919b1e6d275e747758aa6be8d702d85da8e4e6cf10", kill_on_drop: false }`
[INFO] [stderr]    Compiling libc v0.2.60
[INFO] [stderr]    Compiling cfg-if v0.1.9
[INFO] [stderr]    Compiling proc-macro2 v0.4.30
[INFO] [stderr]    Compiling unicode-xid v0.1.0
[INFO] [stderr]    Compiling log v0.4.7
[INFO] [stderr]    Compiling syn v0.15.42
[INFO] [stderr]    Compiling memchr v2.2.1
[INFO] [stderr]    Compiling cc v1.0.40
[INFO] [stderr]    Compiling failure_derive v0.1.5
[INFO] [stderr]    Compiling pkg-config v0.3.14
[INFO] [stderr]    Compiling bitflags v1.1.0
[INFO] [stderr]    Compiling lazy_static v1.3.0
[INFO] [stderr]    Compiling regex-syntax v0.6.11
[INFO] [stderr]    Compiling quick-error v1.2.2
[INFO] [stderr]    Compiling unicode-width v0.1.6
[INFO] [stderr]    Compiling rustc-demangle v0.1.16
[INFO] [stderr]    Compiling thread-scoped v1.0.2
[INFO] [stderr]    Compiling thread_local v0.3.6
[INFO] [stderr]    Compiling textwrap v0.11.0
[INFO] [stderr]    Compiling humantime v1.2.0
[INFO] [stderr]    Compiling termcolor v1.0.5
[INFO] [stderr]    Compiling vec_map v0.8.1
[INFO] [stderr]    Compiling strsim v0.8.0
[INFO] [stderr]    Compiling ansi_term v0.11.0
[INFO] [stderr]    Compiling log v0.3.9
[INFO] [stderr]    Compiling fuse v0.3.1
[INFO] [stderr]    Compiling backtrace-sys v0.1.31
[INFO] [stderr]    Compiling aho-corasick v0.7.6
[INFO] [stderr]    Compiling quote v0.6.13
[INFO] [stderr]    Compiling atty v0.2.13
[INFO] [stderr]    Compiling xattr v0.2.2
[INFO] [stderr]    Compiling filetime v0.2.6
[INFO] [stderr]    Compiling time v0.1.42
[INFO] [stderr]    Compiling clap v2.33.0
[INFO] [stderr]    Compiling tar v0.4.26
[INFO] [stderr]    Compiling backtrace v0.3.35
[INFO] [stderr]    Compiling regex v1.2.1
[INFO] [stderr]    Compiling env_logger v0.6.2
[INFO] [stderr]    Compiling synstructure v0.10.2
[INFO] [stderr]    Compiling failure v0.1.5
[INFO] [stderr]    Compiling tarfs v0.1.0 (/opt/rustwide/workdir)
[INFO] [stdout] warning: fields `index` and `header_offset` are never read
[INFO] [stdout]    --> src/tarindexer.rs:282:5
[INFO] [stdout]     |
[INFO] [stdout] 281 | struct TarEntry {
[INFO] [stdout]     |        -------- fields in this struct
[INFO] [stdout] 282 |     index: u64,
[INFO] [stdout]     |     ^^^^^
[INFO] [stdout] 283 |     header_offset: u64,
[INFO] [stdout]     |     ^^^^^^^^^^^^^
[INFO] [stdout]     |
[INFO] [stdout]     = note: `TarEntry` has a derived impl for the trait `Debug`, but this is intentionally ignored during dead code analysis
[INFO] [stdout]     = note: `#[warn(dead_code)]` on by default
[INFO] [stdout] 
[INFO] [stdout] 
[INFO] [stdout] warning: 1 warning emitted
[INFO] [stdout] 
[INFO] [stdout] 
[INFO] [stderr]     Finished dev [unoptimized + debuginfo] target(s) in 6.34s
[INFO] running `Command { std: "docker" "inspect" "2cea3a1df89b46d08a9a1e919b1e6d275e747758aa6be8d702d85da8e4e6cf10", kill_on_drop: false }`
[INFO] running `Command { std: "docker" "rm" "-f" "2cea3a1df89b46d08a9a1e919b1e6d275e747758aa6be8d702d85da8e4e6cf10", kill_on_drop: false }`
[INFO] [stdout] 2cea3a1df89b46d08a9a1e919b1e6d275e747758aa6be8d702d85da8e4e6cf10
[INFO] running `Command { std: "docker" "create" "-v" "/var/lib/crater-agent-workspace/builds/worker-5-tc1/target:/opt/rustwide/target:rw,Z" "-v" "/var/lib/crater-agent-workspace/builds/worker-5-tc1/source:/opt/rustwide/workdir:ro,Z" "-v" "/var/lib/crater-agent-workspace/cargo-home:/opt/rustwide/cargo-home:ro,Z" "-v" "/var/lib/crater-agent-workspace/rustup-home:/opt/rustwide/rustup-home:ro,Z" "-e" "SOURCE_DIR=/opt/rustwide/workdir" "-e" "CARGO_TARGET_DIR=/opt/rustwide/target" "-e" "CARGO_INCREMENTAL=0" "-e" "RUST_BACKTRACE=full" "-e" "RUSTFLAGS=--cap-lints=warn" "-e" "RUSTDOCFLAGS=--cap-lints=warn" "-e" "CARGO_HOME=/opt/rustwide/cargo-home" "-e" "RUSTUP_HOME=/opt/rustwide/rustup-home" "-w" "/opt/rustwide/workdir" "-m" "1610612736" "--user" "0:0" "--network" "none" "ghcr.io/rust-lang/crates-build-env/linux@sha256:2788e3201cd34a07e3172128adcd8b3090168a8e3bcc40d7c032b9dda1df7d1c" "/opt/rustwide/cargo-home/bin/cargo" "+1.75.0" "test" "--frozen" "--no-run" "--message-format=json", kill_on_drop: false }`
[INFO] [stdout] 334fd08087a52cb855cc1b3ef9bb6c23ef61ed5166a3ba7cbf28baa317c96525
[INFO] running `Command { std: "docker" "start" "-a" "334fd08087a52cb855cc1b3ef9bb6c23ef61ed5166a3ba7cbf28baa317c96525", kill_on_drop: false }`
[INFO] [stderr]    Compiling difference v2.0.0
[INFO] [stderr]    Compiling same-file v1.0.5
[INFO] [stdout] warning: fields `index` and `header_offset` are never read
[INFO] [stdout]    --> src/tarindexer.rs:282:5
[INFO] [stdout]     |
[INFO] [stdout] 281 | struct TarEntry {
[INFO] [stdout]     |        -------- fields in this struct
[INFO] [stdout] 282 |     index: u64,
[INFO] [stdout]     |     ^^^^^
[INFO] [stdout] 283 |     header_offset: u64,
[INFO] [stdout]     |     ^^^^^^^^^^^^^
[INFO] [stdout]     |
[INFO] [stdout]     = note: `TarEntry` has a derived impl for the trait `Debug`, but this is intentionally ignored during dead code analysis
[INFO] [stdout]     = note: `#[warn(dead_code)]` on by default
[INFO] [stdout] 
[INFO] [stdout] 
[INFO] [stdout] warning: 1 warning emitted
[INFO] [stdout] 
[INFO] [stdout] 
[INFO] [stderr]    Compiling walkdir v2.2.9
[INFO] [stderr]    Compiling pretty_assertions v0.6.1
[INFO] [stderr]    Compiling tarfs v0.1.0 (/opt/rustwide/workdir)
[INFO] [stdout] warning: fields `index` and `header_offset` are never read
[INFO] [stdout]    --> src/tarindexer.rs:282:5
[INFO] [stdout]     |
[INFO] [stdout] 281 | struct TarEntry {
[INFO] [stdout]     |        -------- fields in this struct
[INFO] [stdout] 282 |     index: u64,
[INFO] [stdout]     |     ^^^^^
[INFO] [stdout] 283 |     header_offset: u64,
[INFO] [stdout]     |     ^^^^^^^^^^^^^
[INFO] [stdout]     |
[INFO] [stdout]     = note: `TarEntry` has a derived impl for the trait `Debug`, but this is intentionally ignored during dead code analysis
[INFO] [stdout]     = note: `#[warn(dead_code)]` on by default
[INFO] [stdout] 
[INFO] [stdout] 
[INFO] [stdout] warning: 1 warning emitted
[INFO] [stdout] 
[INFO] [stdout] 
[INFO] [stderr]     Finished test [unoptimized + debuginfo] target(s) in 0.89s
[INFO] running `Command { std: "docker" "inspect" "334fd08087a52cb855cc1b3ef9bb6c23ef61ed5166a3ba7cbf28baa317c96525", kill_on_drop: false }`
[INFO] running `Command { std: "docker" "rm" "-f" "334fd08087a52cb855cc1b3ef9bb6c23ef61ed5166a3ba7cbf28baa317c96525", kill_on_drop: false }`
[INFO] [stdout] 334fd08087a52cb855cc1b3ef9bb6c23ef61ed5166a3ba7cbf28baa317c96525
[INFO] running `Command { std: "docker" "create" "-v" "/var/lib/crater-agent-workspace/builds/worker-5-tc1/target:/opt/rustwide/target:rw,Z" "-v" "/var/lib/crater-agent-workspace/builds/worker-5-tc1/source:/opt/rustwide/workdir:ro,Z" "-v" "/var/lib/crater-agent-workspace/cargo-home:/opt/rustwide/cargo-home:ro,Z" "-v" "/var/lib/crater-agent-workspace/rustup-home:/opt/rustwide/rustup-home:ro,Z" "-e" "SOURCE_DIR=/opt/rustwide/workdir" "-e" "CARGO_TARGET_DIR=/opt/rustwide/target" "-e" "CARGO_INCREMENTAL=0" "-e" "RUST_BACKTRACE=full" "-e" "RUSTFLAGS=--cap-lints=warn" "-e" "RUSTDOCFLAGS=--cap-lints=warn" "-e" "CARGO_HOME=/opt/rustwide/cargo-home" "-e" "RUSTUP_HOME=/opt/rustwide/rustup-home" "-w" "/opt/rustwide/workdir" "-m" "1610612736" "--user" "0:0" "--network" "none" "ghcr.io/rust-lang/crates-build-env/linux@sha256:2788e3201cd34a07e3172128adcd8b3090168a8e3bcc40d7c032b9dda1df7d1c" "/opt/rustwide/cargo-home/bin/cargo" "+1.75.0" "test" "--frozen", kill_on_drop: false }`
[INFO] [stdout] 9439a1462cc9f428879467d190b292e9ba4c854398a807fa10ae6f9a02aa56fd
[INFO] running `Command { std: "docker" "start" "-a" "9439a1462cc9f428879467d190b292e9ba4c854398a807fa10ae6f9a02aa56fd", kill_on_drop: false }`
[INFO] [stderr] warning: fields `index` and `header_offset` are never read
[INFO] [stderr]    --> src/tarindexer.rs:282:5
[INFO] [stderr]     |
[INFO] [stderr] 281 | struct TarEntry {
[INFO] [stderr]     |        -------- fields in this struct
[INFO] [stderr] 282 |     index: u64,
[INFO] [stderr]     |     ^^^^^
[INFO] [stderr] 283 |     header_offset: u64,
[INFO] [stderr]     |     ^^^^^^^^^^^^^
[INFO] [stderr]     |
[INFO] [stderr]     = note: `TarEntry` has a derived impl for the trait `Debug`, but this is intentionally ignored during dead code analysis
[INFO] [stderr]     = note: `#[warn(dead_code)]` on by default
[INFO] [stderr] 
[INFO] [stderr] warning: `tarfs` (lib) generated 1 warning
[INFO] [stderr] warning: `tarfs` (lib test) generated 1 warning (1 duplicate)
[INFO] [stderr]     Finished test [unoptimized + debuginfo] target(s) in 0.03s
[INFO] [stderr]      Running unittests src/lib.rs (/opt/rustwide/target/debug/deps/tarfslib-d8b597b89590b240)
[INFO] [stdout] 
[INFO] [stdout] running 0 tests
[INFO] [stdout] 
[INFO] [stdout] test result: ok. 0 passed; 0 failed; 0 ignored; 0 measured; 0 filtered out; finished in 0.00s
[INFO] [stdout] 
[INFO] [stderr]      Running unittests src/main.rs (/opt/rustwide/target/debug/deps/tarfs-39be27fadaf8d458)
[INFO] [stdout] 
[INFO] [stdout] running 0 tests
[INFO] [stdout] 
[INFO] [stdout] test result: ok. 0 passed; 0 failed; 0 ignored; 0 measured; 0 filtered out; finished in 0.00s
[INFO] [stdout] 
[INFO] [stderr]      Running tests/common.rs (/opt/rustwide/target/debug/deps/common-23fda677bc476e6e)
[INFO] [stdout] 
[INFO] [stdout] running 0 tests
[INFO] [stdout] 
[INFO] [stdout] test result: ok. 0 passed; 0 failed; 0 ignored; 0 measured; 0 filtered out; finished in 0.00s
[INFO] [stdout] 
[INFO] [stderr]      Running tests/tarfs_test.rs (/opt/rustwide/target/debug/deps/tarfs_test-1e60baa63037a984)
[INFO] [stdout] 
[INFO] [stdout] running 3 tests
[INFO] [stdout] test tarfs_hard_link ... ignored
[INFO] [stdout] test tarfs_ls ... ignored
[INFO] [stdout] test tarfs_recursive_compare ... FAILED
[INFO] [stdout] 
[INFO] [stdout] failures:
[INFO] [stdout] 
[INFO] [stdout] ---- tarfs_recursive_compare stdout ----
[INFO] [stdout] error during cleanup: No such file or directory (os error 2)
[INFO] [stdout] Error: Os { code: 30, kind: ReadOnlyFilesystem, message: "Read-only file system" }
[INFO] [stdout] 
[INFO] [stdout] 
[INFO] [stdout] failures:
[INFO] [stdout]     tarfs_recursive_compare
[INFO] [stdout] 
[INFO] [stdout] test result: FAILED. 0 passed; 1 failed; 2 ignored; 0 measured; 0 filtered out; finished in 0.09s
[INFO] [stdout] 
[INFO] [stderr] error: test failed, to rerun pass `--test tarfs_test`
[INFO] running `Command { std: "docker" "inspect" "9439a1462cc9f428879467d190b292e9ba4c854398a807fa10ae6f9a02aa56fd", kill_on_drop: false }`
[INFO] running `Command { std: "docker" "rm" "-f" "9439a1462cc9f428879467d190b292e9ba4c854398a807fa10ae6f9a02aa56fd", kill_on_drop: false }`
[INFO] [stdout] 9439a1462cc9f428879467d190b292e9ba4c854398a807fa10ae6f9a02aa56fd
[INFO] testing geropl/tarfs against beta-2023-12-22 for beta-1.76-1
[INFO] running `Command { std: "git" "clone" "/workspace/cache/git-repos/https%3A%2F%2Fgithub.com%2Fgeropl%2Ftarfs" "/workspace/builds/worker-5-tc2/source", kill_on_drop: false }`
[INFO] [stderr] Cloning into '/workspace/builds/worker-5-tc2/source'...
[INFO] [stderr] done.
[INFO] validating manifest of git repo https://github.com/geropl/tarfs on toolchain beta-2023-12-22
[INFO] running `Command { std: CARGO_HOME="/workspace/cargo-home" RUSTUP_HOME="/workspace/rustup-home" "/workspace/cargo-home/bin/cargo" "+beta-2023-12-22" "metadata" "--manifest-path" "Cargo.toml" "--no-deps", kill_on_drop: false }`
[INFO] started tweaking git repo https://github.com/geropl/tarfs
[INFO] finished tweaking git repo https://github.com/geropl/tarfs
[INFO] tweaked toml for git repo https://github.com/geropl/tarfs written to /workspace/builds/worker-5-tc2/source/Cargo.toml
[INFO] crate git repo https://github.com/geropl/tarfs already has a lockfile, it will not be regenerated
[INFO] running `Command { std: CARGO_HOME="/workspace/cargo-home" RUSTUP_HOME="/workspace/rustup-home" "/workspace/cargo-home/bin/cargo" "+beta-2023-12-22" "fetch" "--manifest-path" "Cargo.toml", kill_on_drop: false }`
[INFO] running `Command { std: "docker" "create" "-v" "/var/lib/crater-agent-workspace/builds/worker-5-tc2/target:/opt/rustwide/target:rw,Z" "-v" "/var/lib/crater-agent-workspace/builds/worker-5-tc2/source:/opt/rustwide/workdir:ro,Z" "-v" "/var/lib/crater-agent-workspace/cargo-home:/opt/rustwide/cargo-home:ro,Z" "-v" "/var/lib/crater-agent-workspace/rustup-home:/opt/rustwide/rustup-home:ro,Z" "-e" "SOURCE_DIR=/opt/rustwide/workdir" "-e" "CARGO_TARGET_DIR=/opt/rustwide/target" "-e" "CARGO_HOME=/opt/rustwide/cargo-home" "-e" "RUSTUP_HOME=/opt/rustwide/rustup-home" "-w" "/opt/rustwide/workdir" "-m" "1610612736" "--user" "0:0" "--network" "none" "ghcr.io/rust-lang/crates-build-env/linux@sha256:2788e3201cd34a07e3172128adcd8b3090168a8e3bcc40d7c032b9dda1df7d1c" "/opt/rustwide/cargo-home/bin/cargo" "+beta-2023-12-22" "metadata" "--no-deps" "--format-version=1", kill_on_drop: false }`
[INFO] [stdout] 8b179420c5de0ed1e9508c6a4fc5f110b264e77bc1bf743c2131836b774fff46
[INFO] running `Command { std: "docker" "start" "-a" "8b179420c5de0ed1e9508c6a4fc5f110b264e77bc1bf743c2131836b774fff46", kill_on_drop: false }`
[INFO] running `Command { std: "docker" "inspect" "8b179420c5de0ed1e9508c6a4fc5f110b264e77bc1bf743c2131836b774fff46", kill_on_drop: false }`
[INFO] running `Command { std: "docker" "rm" "-f" "8b179420c5de0ed1e9508c6a4fc5f110b264e77bc1bf743c2131836b774fff46", kill_on_drop: false }`
[INFO] [stdout] 8b179420c5de0ed1e9508c6a4fc5f110b264e77bc1bf743c2131836b774fff46
[INFO] running `Command { std: "docker" "create" "-v" "/var/lib/crater-agent-workspace/builds/worker-5-tc2/target:/opt/rustwide/target:rw,Z" "-v" "/var/lib/crater-agent-workspace/builds/worker-5-tc2/source:/opt/rustwide/workdir:ro,Z" "-v" "/var/lib/crater-agent-workspace/cargo-home:/opt/rustwide/cargo-home:ro,Z" "-v" "/var/lib/crater-agent-workspace/rustup-home:/opt/rustwide/rustup-home:ro,Z" "-e" "SOURCE_DIR=/opt/rustwide/workdir" "-e" "CARGO_TARGET_DIR=/opt/rustwide/target" "-e" "CARGO_INCREMENTAL=0" "-e" "RUST_BACKTRACE=full" "-e" "RUSTFLAGS=--cap-lints=warn" "-e" "RUSTDOCFLAGS=--cap-lints=warn" "-e" "CARGO_HOME=/opt/rustwide/cargo-home" "-e" "RUSTUP_HOME=/opt/rustwide/rustup-home" "-w" "/opt/rustwide/workdir" "-m" "1610612736" "--user" "0:0" "--network" "none" "ghcr.io/rust-lang/crates-build-env/linux@sha256:2788e3201cd34a07e3172128adcd8b3090168a8e3bcc40d7c032b9dda1df7d1c" "/opt/rustwide/cargo-home/bin/cargo" "+beta-2023-12-22" "build" "--frozen" "--message-format=json", kill_on_drop: false }`
[INFO] [stdout] e190084aa406a3595a8e68ad868f4394338e652be237d6db03cfba2e4caacab9
[INFO] running `Command { std: "docker" "start" "-a" "e190084aa406a3595a8e68ad868f4394338e652be237d6db03cfba2e4caacab9", kill_on_drop: false }`
[INFO] [stderr]    Compiling libc v0.2.60
[INFO] [stderr]    Compiling cfg-if v0.1.9
[INFO] [stderr]    Compiling proc-macro2 v0.4.30
[INFO] [stderr]    Compiling unicode-xid v0.1.0
[INFO] [stderr]    Compiling cc v1.0.40
[INFO] [stderr]    Compiling log v0.4.7
[INFO] [stderr]    Compiling syn v0.15.42
[INFO] [stderr]    Compiling memchr v2.2.1
[INFO] [stderr]    Compiling failure_derive v0.1.5
[INFO] [stderr]    Compiling bitflags v1.1.0
[INFO] [stderr]    Compiling pkg-config v0.3.14
[INFO] [stderr]    Compiling lazy_static v1.3.0
[INFO] [stderr]    Compiling quick-error v1.2.2
[INFO] [stderr]    Compiling rustc-demangle v0.1.16
[INFO] [stderr]    Compiling regex-syntax v0.6.11
[INFO] [stderr]    Compiling unicode-width v0.1.6
[INFO] [stderr]    Compiling thread-scoped v1.0.2
[INFO] [stderr]    Compiling thread_local v0.3.6
[INFO] [stderr]    Compiling humantime v1.2.0
[INFO] [stderr]    Compiling textwrap v0.11.0
[INFO] [stderr]    Compiling termcolor v1.0.5
[INFO] [stderr]    Compiling vec_map v0.8.1
[INFO] [stderr]    Compiling ansi_term v0.11.0
[INFO] [stderr]    Compiling strsim v0.8.0
[INFO] [stderr]    Compiling log v0.3.9
[INFO] [stderr]    Compiling fuse v0.3.1
[INFO] [stderr]    Compiling backtrace-sys v0.1.31
[INFO] [stderr]    Compiling aho-corasick v0.7.6
[INFO] [stderr]    Compiling atty v0.2.13
[INFO] [stderr]    Compiling xattr v0.2.2
[INFO] [stderr]    Compiling filetime v0.2.6
[INFO] [stderr]    Compiling time v0.1.42
[INFO] [stderr]    Compiling quote v0.6.13
[INFO] [stderr]    Compiling clap v2.33.0
[INFO] [stderr]    Compiling tar v0.4.26
[INFO] [stderr]    Compiling backtrace v0.3.35
[INFO] [stderr]    Compiling regex v1.2.1
[INFO] [stderr]    Compiling env_logger v0.6.2
[INFO] [stderr]    Compiling synstructure v0.10.2
[INFO] [stderr]    Compiling failure v0.1.5
[INFO] [stderr]    Compiling tarfs v0.1.0 (/opt/rustwide/workdir)
[INFO] [stdout] warning: fields `index` and `header_offset` are never read
[INFO] [stdout]    --> src/tarindexer.rs:282:5
[INFO] [stdout]     |
[INFO] [stdout] 281 | struct TarEntry {
[INFO] [stdout]     |        -------- fields in this struct
[INFO] [stdout] 282 |     index: u64,
[INFO] [stdout]     |     ^^^^^
[INFO] [stdout] 283 |     header_offset: u64,
[INFO] [stdout]     |     ^^^^^^^^^^^^^
[INFO] [stdout]     |
[INFO] [stdout]     = note: `TarEntry` has a derived impl for the trait `Debug`, but this is intentionally ignored during dead code analysis
[INFO] [stdout]     = note: `#[warn(dead_code)]` on by default
[INFO] [stdout] 
[INFO] [stdout] 
[INFO] [stdout] warning: 1 warning emitted
[INFO] [stdout] 
[INFO] [stdout] 
[INFO] [stderr]     Finished dev [unoptimized + debuginfo] target(s) in 8.69s
[INFO] running `Command { std: "docker" "inspect" "e190084aa406a3595a8e68ad868f4394338e652be237d6db03cfba2e4caacab9", kill_on_drop: false }`
[INFO] running `Command { std: "docker" "rm" "-f" "e190084aa406a3595a8e68ad868f4394338e652be237d6db03cfba2e4caacab9", kill_on_drop: false }`
[INFO] [stdout] e190084aa406a3595a8e68ad868f4394338e652be237d6db03cfba2e4caacab9
[INFO] running `Command { std: "docker" "create" "-v" "/var/lib/crater-agent-workspace/builds/worker-5-tc2/target:/opt/rustwide/target:rw,Z" "-v" "/var/lib/crater-agent-workspace/builds/worker-5-tc2/source:/opt/rustwide/workdir:ro,Z" "-v" "/var/lib/crater-agent-workspace/cargo-home:/opt/rustwide/cargo-home:ro,Z" "-v" "/var/lib/crater-agent-workspace/rustup-home:/opt/rustwide/rustup-home:ro,Z" "-e" "SOURCE_DIR=/opt/rustwide/workdir" "-e" "CARGO_TARGET_DIR=/opt/rustwide/target" "-e" "CARGO_INCREMENTAL=0" "-e" "RUST_BACKTRACE=full" "-e" "RUSTFLAGS=--cap-lints=warn" "-e" "RUSTDOCFLAGS=--cap-lints=warn" "-e" "CARGO_HOME=/opt/rustwide/cargo-home" "-e" "RUSTUP_HOME=/opt/rustwide/rustup-home" "-w" "/opt/rustwide/workdir" "-m" "1610612736" "--user" "0:0" "--network" "none" "ghcr.io/rust-lang/crates-build-env/linux@sha256:2788e3201cd34a07e3172128adcd8b3090168a8e3bcc40d7c032b9dda1df7d1c" "/opt/rustwide/cargo-home/bin/cargo" "+beta-2023-12-22" "test" "--frozen" "--no-run" "--message-format=json", kill_on_drop: false }`
[INFO] [stdout] 582288f08cad8c6aba11efacc365bf1c5837f1171cb7038970daf6d92a9d7682
[INFO] running `Command { std: "docker" "start" "-a" "582288f08cad8c6aba11efacc365bf1c5837f1171cb7038970daf6d92a9d7682", kill_on_drop: false }`
[INFO] [stderr]    Compiling difference v2.0.0
[INFO] [stderr]    Compiling same-file v1.0.5
[INFO] [stdout] warning: fields `index` and `header_offset` are never read
[INFO] [stdout]    --> src/tarindexer.rs:282:5
[INFO] [stdout]     |
[INFO] [stdout] 281 | struct TarEntry {
[INFO] [stdout]     |        -------- fields in this struct
[INFO] [stdout] 282 |     index: u64,
[INFO] [stdout]     |     ^^^^^
[INFO] [stdout] 283 |     header_offset: u64,
[INFO] [stdout]     |     ^^^^^^^^^^^^^
[INFO] [stdout]     |
[INFO] [stdout]     = note: `TarEntry` has a derived impl for the trait `Debug`, but this is intentionally ignored during dead code analysis
[INFO] [stdout]     = note: `#[warn(dead_code)]` on by default
[INFO] [stdout] 
[INFO] [stdout] 
[INFO] [stdout] warning: 1 warning emitted
[INFO] [stdout] 
[INFO] [stdout] 
[INFO] [stderr]    Compiling walkdir v2.2.9
[INFO] [stderr]    Compiling pretty_assertions v0.6.1
[INFO] [stderr]    Compiling tarfs v0.1.0 (/opt/rustwide/workdir)
[INFO] [stdout] warning: fields `index` and `header_offset` are never read
[INFO] [stdout]    --> src/tarindexer.rs:282:5
[INFO] [stdout]     |
[INFO] [stdout] 281 | struct TarEntry {
[INFO] [stdout]     |        -------- fields in this struct
[INFO] [stdout] 282 |     index: u64,
[INFO] [stdout]     |     ^^^^^
[INFO] [stdout] 283 |     header_offset: u64,
[INFO] [stdout]     |     ^^^^^^^^^^^^^
[INFO] [stdout]     |
[INFO] [stdout]     = note: `TarEntry` has a derived impl for the trait `Debug`, but this is intentionally ignored during dead code analysis
[INFO] [stdout]     = note: `#[warn(dead_code)]` on by default
[INFO] [stdout] 
[INFO] [stdout] 
[INFO] [stdout] warning: 1 warning emitted
[INFO] [stdout] 
[INFO] [stdout] 
[INFO] [stderr]     Finished test [unoptimized + debuginfo] target(s) in 1.72s
[INFO] running `Command { std: "docker" "inspect" "582288f08cad8c6aba11efacc365bf1c5837f1171cb7038970daf6d92a9d7682", kill_on_drop: false }`
[INFO] running `Command { std: "docker" "rm" "-f" "582288f08cad8c6aba11efacc365bf1c5837f1171cb7038970daf6d92a9d7682", kill_on_drop: false }`
[INFO] [stdout] 582288f08cad8c6aba11efacc365bf1c5837f1171cb7038970daf6d92a9d7682
[INFO] running `Command { std: "docker" "create" "-v" "/var/lib/crater-agent-workspace/builds/worker-5-tc2/target:/opt/rustwide/target:rw,Z" "-v" "/var/lib/crater-agent-workspace/builds/worker-5-tc2/source:/opt/rustwide/workdir:ro,Z" "-v" "/var/lib/crater-agent-workspace/cargo-home:/opt/rustwide/cargo-home:ro,Z" "-v" "/var/lib/crater-agent-workspace/rustup-home:/opt/rustwide/rustup-home:ro,Z" "-e" "SOURCE_DIR=/opt/rustwide/workdir" "-e" "CARGO_TARGET_DIR=/opt/rustwide/target" "-e" "CARGO_INCREMENTAL=0" "-e" "RUST_BACKTRACE=full" "-e" "RUSTFLAGS=--cap-lints=warn" "-e" "RUSTDOCFLAGS=--cap-lints=warn" "-e" "CARGO_HOME=/opt/rustwide/cargo-home" "-e" "RUSTUP_HOME=/opt/rustwide/rustup-home" "-w" "/opt/rustwide/workdir" "-m" "1610612736" "--user" "0:0" "--network" "none" "ghcr.io/rust-lang/crates-build-env/linux@sha256:2788e3201cd34a07e3172128adcd8b3090168a8e3bcc40d7c032b9dda1df7d1c" "/opt/rustwide/cargo-home/bin/cargo" "+beta-2023-12-22" "test" "--frozen", kill_on_drop: false }`
[INFO] [stdout] eba02de28643aa8b5fb3d0c8febb6ea9c31d9949c108140100bd447bdfce9a97
[INFO] running `Command { std: "docker" "start" "-a" "eba02de28643aa8b5fb3d0c8febb6ea9c31d9949c108140100bd447bdfce9a97", kill_on_drop: false }`
[INFO] [stderr] warning: fields `index` and `header_offset` are never read
[INFO] [stderr]    --> src/tarindexer.rs:282:5
[INFO] [stderr]     |
[INFO] [stderr] 281 | struct TarEntry {
[INFO] [stderr]     |        -------- fields in this struct
[INFO] [stderr] 282 |     index: u64,
[INFO] [stderr]     |     ^^^^^
[INFO] [stderr] 283 |     header_offset: u64,
[INFO] [stderr]     |     ^^^^^^^^^^^^^
[INFO] [stderr]     |
[INFO] [stderr]     = note: `TarEntry` has a derived impl for the trait `Debug`, but this is intentionally ignored during dead code analysis
[INFO] [stderr]     = note: `#[warn(dead_code)]` on by default
[INFO] [stderr] 
[INFO] [stderr] warning: `tarfs` (lib) generated 1 warning
[INFO] [stderr] warning: `tarfs` (lib test) generated 1 warning (1 duplicate)
[INFO] [stderr]     Finished test [unoptimized + debuginfo] target(s) in 0.03s
[INFO] [stderr]      Running unittests src/lib.rs (/opt/rustwide/target/debug/deps/tarfslib-b2aa1a1f4154931a)
[INFO] [stdout] 
[INFO] [stdout] running 0 tests
[INFO] [stdout] 
[INFO] [stdout] test result: ok. 0 passed; 0 failed; 0 ignored; 0 measured; 0 filtered out; finished in 0.00s
[INFO] [stdout] 
[INFO] [stderr]      Running unittests src/main.rs (/opt/rustwide/target/debug/deps/tarfs-5347a540bde942bc)
[INFO] [stdout] 
[INFO] [stdout] running 0 tests
[INFO] [stdout] 
[INFO] [stdout] test result: ok. 0 passed; 0 failed; 0 ignored; 0 measured; 0 filtered out; finished in 0.00s
[INFO] [stdout] 
[INFO] [stderr]      Running tests/common.rs (/opt/rustwide/target/debug/deps/common-d7b866ddaf75acfc)
[INFO] [stdout] 
[INFO] [stdout] running 0 tests
[INFO] [stdout] 
[INFO] [stdout] test result: ok. 0 passed; 0 failed; 0 ignored; 0 measured; 0 filtered out; finished in 0.00s
[INFO] [stdout] 
[INFO] [stderr]      Running tests/tarfs_test.rs (/opt/rustwide/target/debug/deps/tarfs_test-ff85f449b69d42e4)
[INFO] [stdout] 
[INFO] [stdout] running 3 tests
[INFO] [stdout] test tarfs_hard_link ... ignored
[INFO] [stdout] test tarfs_ls ... ignored
[INFO] [stdout] test tarfs_recursive_compare ... FAILED
[INFO] [stdout] 
[INFO] [stdout] failures:
[INFO] [stdout] 
[INFO] [stdout] ---- tarfs_recursive_compare stdout ----
[INFO] [stdout] error during cleanup: No such file or directory (os error 2)
[INFO] [stdout] Error: Os { code: 30, kind: ReadOnlyFilesystem, message: "Read-only file system" }
[INFO] [stdout] 
[INFO] [stdout] 
[INFO] [stdout] failures:
[INFO] [stdout]     tarfs_recursive_compare
[INFO] [stdout] 
[INFO] [stdout] test result: FAILED. 0 passed; 1 failed; 2 ignored; 0 measured; 0 filtered out; finished in 0.02s
[INFO] [stdout] 
[INFO] [stderr] error: test failed, to rerun pass `--test tarfs_test`
[INFO] running `Command { std: "docker" "inspect" "eba02de28643aa8b5fb3d0c8febb6ea9c31d9949c108140100bd447bdfce9a97", kill_on_drop: false }`
[INFO] running `Command { std: "docker" "rm" "-f" "eba02de28643aa8b5fb3d0c8febb6ea9c31d9949c108140100bd447bdfce9a97", kill_on_drop: false }`
[INFO] [stdout] eba02de28643aa8b5fb3d0c8febb6ea9c31d9949c108140100bd447bdfce9a97
