[INFO] cloning repository https://github.com/geigerzaehler/rust-ssb
[INFO] running `Command { std: "git" "-c" "credential.helper=" "-c" "credential.helper=/workspace/cargo-home/bin/git-credential-null" "clone" "--bare" "https://github.com/geigerzaehler/rust-ssb" "/workspace/cache/git-repos/https%3A%2F%2Fgithub.com%2Fgeigerzaehler%2Frust-ssb", kill_on_drop: false }`
[INFO] [stderr] Cloning into bare repository '/workspace/cache/git-repos/https%3A%2F%2Fgithub.com%2Fgeigerzaehler%2Frust-ssb'...
[INFO] running `Command { std: "git" "rev-parse" "HEAD", kill_on_drop: false }`
[INFO] [stdout] 267fb5327d02f37a5414323ba0e6c651ca97cff5
[INFO] testing geigerzaehler/rust-ssb against 1.75.0 for beta-1.76-1
[INFO] running `Command { std: "git" "clone" "/workspace/cache/git-repos/https%3A%2F%2Fgithub.com%2Fgeigerzaehler%2Frust-ssb" "/workspace/builds/worker-2-tc1/source", kill_on_drop: false }`
[INFO] [stderr] Cloning into '/workspace/builds/worker-2-tc1/source'...
[INFO] [stderr] done.
[INFO] validating manifest of git repo https://github.com/geigerzaehler/rust-ssb on toolchain 1.75.0
[INFO] running `Command { std: CARGO_HOME="/workspace/cargo-home" RUSTUP_HOME="/workspace/rustup-home" "/workspace/cargo-home/bin/cargo" "+1.75.0" "metadata" "--manifest-path" "Cargo.toml" "--no-deps", kill_on_drop: false }`
[INFO] started tweaking git repo https://github.com/geigerzaehler/rust-ssb
[INFO] finished tweaking git repo https://github.com/geigerzaehler/rust-ssb
[INFO] tweaked toml for git repo https://github.com/geigerzaehler/rust-ssb written to /workspace/builds/worker-2-tc1/source/Cargo.toml
[INFO] crate git repo https://github.com/geigerzaehler/rust-ssb already has a lockfile, it will not be regenerated
[INFO] running `Command { std: CARGO_HOME="/workspace/cargo-home" RUSTUP_HOME="/workspace/rustup-home" "/workspace/cargo-home/bin/cargo" "+1.75.0" "fetch" "--manifest-path" "Cargo.toml", kill_on_drop: false }`
[INFO] [stderr]     Updating crates.io index
[INFO] [stderr]  Downloading crates ...
[INFO] [stderr]   Downloaded signal-hook v0.3.4
[INFO] [stderr]   Downloaded proptest-derive v0.2.0
[INFO] [stderr]   Downloaded duplexify v1.2.2
[INFO] [stderr]   Downloaded async-process v1.0.2
[INFO] [stderr]   Downloaded goldenfile v1.1.0
[INFO] [stderr]   Downloaded test-strategy v0.1.1
[INFO] running `Command { std: "docker" "create" "-v" "/var/lib/crater-agent-workspace/builds/worker-2-tc1/target:/opt/rustwide/target:rw,Z" "-v" "/var/lib/crater-agent-workspace/builds/worker-2-tc1/source:/opt/rustwide/workdir:ro,Z" "-v" "/var/lib/crater-agent-workspace/cargo-home:/opt/rustwide/cargo-home:ro,Z" "-v" "/var/lib/crater-agent-workspace/rustup-home:/opt/rustwide/rustup-home:ro,Z" "-e" "SOURCE_DIR=/opt/rustwide/workdir" "-e" "CARGO_TARGET_DIR=/opt/rustwide/target" "-e" "CARGO_HOME=/opt/rustwide/cargo-home" "-e" "RUSTUP_HOME=/opt/rustwide/rustup-home" "-w" "/opt/rustwide/workdir" "-m" "1610612736" "--user" "0:0" "--network" "none" "ghcr.io/rust-lang/crates-build-env/linux@sha256:2788e3201cd34a07e3172128adcd8b3090168a8e3bcc40d7c032b9dda1df7d1c" "/opt/rustwide/cargo-home/bin/cargo" "+1.75.0" "metadata" "--no-deps" "--format-version=1", kill_on_drop: false }`
[INFO] [stdout] 6f8b58cdee16c1e985b12ea02e35345f1bf446f435eee5944dfde2d67cd4cd34
[INFO] running `Command { std: "docker" "start" "-a" "6f8b58cdee16c1e985b12ea02e35345f1bf446f435eee5944dfde2d67cd4cd34", kill_on_drop: false }`
[INFO] running `Command { std: "docker" "inspect" "6f8b58cdee16c1e985b12ea02e35345f1bf446f435eee5944dfde2d67cd4cd34", kill_on_drop: false }`
[INFO] running `Command { std: "docker" "rm" "-f" "6f8b58cdee16c1e985b12ea02e35345f1bf446f435eee5944dfde2d67cd4cd34", kill_on_drop: false }`
[INFO] [stdout] 6f8b58cdee16c1e985b12ea02e35345f1bf446f435eee5944dfde2d67cd4cd34
[INFO] running `Command { std: "docker" "create" "-v" "/var/lib/crater-agent-workspace/builds/worker-2-tc1/target:/opt/rustwide/target:rw,Z" "-v" "/var/lib/crater-agent-workspace/builds/worker-2-tc1/source:/opt/rustwide/workdir:ro,Z" "-v" "/var/lib/crater-agent-workspace/cargo-home:/opt/rustwide/cargo-home:ro,Z" "-v" "/var/lib/crater-agent-workspace/rustup-home:/opt/rustwide/rustup-home:ro,Z" "-e" "SOURCE_DIR=/opt/rustwide/workdir" "-e" "CARGO_TARGET_DIR=/opt/rustwide/target" "-e" "CARGO_INCREMENTAL=0" "-e" "RUST_BACKTRACE=full" "-e" "RUSTFLAGS=--cap-lints=warn" "-e" "RUSTDOCFLAGS=--cap-lints=warn" "-e" "CARGO_HOME=/opt/rustwide/cargo-home" "-e" "RUSTUP_HOME=/opt/rustwide/rustup-home" "-w" "/opt/rustwide/workdir" "-m" "1610612736" "--user" "0:0" "--network" "none" "ghcr.io/rust-lang/crates-build-env/linux@sha256:2788e3201cd34a07e3172128adcd8b3090168a8e3bcc40d7c032b9dda1df7d1c" "/opt/rustwide/cargo-home/bin/cargo" "+1.75.0" "build" "--frozen" "--message-format=json", kill_on_drop: false }`
[INFO] [stdout] 103ded55231bbe7eafbeeb1725518fe9bdbbcd02c60b0fd37dc409cce2d206a2
[INFO] running `Command { std: "docker" "start" "-a" "103ded55231bbe7eafbeeb1725518fe9bdbbcd02c60b0fd37dc409cce2d206a2", kill_on_drop: false }`
[INFO] [stderr]    Compiling proc-macro2 v1.0.24
[INFO] [stderr]    Compiling unicode-xid v0.2.1
[INFO] [stderr]    Compiling syn v1.0.60
[INFO] [stderr]    Compiling libc v0.2.86
[INFO] [stderr]    Compiling memchr v2.3.4
[INFO] [stderr]    Compiling pin-project-lite v0.2.4
[INFO] [stderr]    Compiling cfg-if v1.0.0
[INFO] [stderr]    Compiling once_cell v1.5.2
[INFO] [stderr]    Compiling futures-core v0.3.12
[INFO] [stderr]    Compiling lazy_static v1.4.0
[INFO] [stderr]    Compiling futures-io v0.3.12
[INFO] [stderr]    Compiling autocfg v1.0.1
[INFO] [stderr]    Compiling serde_derive v1.0.123
[INFO] [stderr]    Compiling value-bag v1.0.0-alpha.6
[INFO] [stderr]    Compiling log v0.4.14
[INFO] [stderr]    Compiling serde v1.0.123
[INFO] [stderr]    Compiling proc-macro-hack v0.5.19
[INFO] [stderr]    Compiling cache-padded v1.1.1
[INFO] [stderr]    Compiling version_check v0.9.2
[INFO] [stderr]    Compiling concurrent-queue v1.2.2
[INFO] [stderr]    Compiling regex-syntax v0.6.22
[INFO] [stderr]    Compiling quote v1.0.9
[INFO] [stderr]    Compiling waker-fn v1.1.0
[INFO] [stderr]    Compiling event-listener v2.5.1
[INFO] [stderr]    Compiling fastrand v1.4.0
[INFO] [stderr]    Compiling byteorder v1.4.2
[INFO] [stderr]    Compiling parking v2.0.0
[INFO] [stderr]    Compiling proc-macro-nested v0.1.7
[INFO] [stderr]    Compiling futures-lite v1.11.3
[INFO] [stderr]    Compiling maybe-uninit v2.0.0
[INFO] [stderr]    Compiling ryu v1.0.5
[INFO] [stderr]    Compiling futures-sink v0.3.12
[INFO] [stderr]    Compiling pin-utils v0.1.0
[INFO] [stderr]    Compiling slab v0.4.2
[INFO] [stderr]    Compiling futures-channel v0.3.12
[INFO] [stderr]    Compiling proc-macro-error-attr v1.0.4
[INFO] [stderr]    Compiling num-traits v0.2.14
[INFO] [stderr]    Compiling futures-task v0.3.12
[INFO] [stderr]    Compiling tracing-core v0.1.17
[INFO] [stderr]    Compiling vec-arena v1.0.0
[INFO] [stderr]    Compiling cfg-if v0.1.10
[INFO] [stderr]    Compiling pin-project-internal v0.4.27
[INFO] [stderr]    Compiling pkg-config v0.3.19
[INFO] [stderr]    Compiling cc v1.0.66
[INFO] [stderr]    Compiling bitflags v1.2.1
[INFO] [stderr]    Compiling nb-connect v1.0.2
[INFO] [stderr]    Compiling proc-macro-error v1.0.4
[INFO] [stderr]    Compiling num-integer v0.1.44
[INFO] [stderr]    Compiling async-task v4.0.3
[INFO] [stderr]    Compiling unicode-width v0.1.8
[INFO] [stderr]    Compiling signal-hook v0.3.4
[INFO] [stderr]    Compiling itoa v0.4.7
[INFO] [stderr]    Compiling regex-automata v0.1.9
[INFO] [stderr]    Compiling smallvec v0.6.14
[INFO] [stderr]    Compiling rand v0.4.6
[INFO] [stderr]    Compiling signal-hook-registry v1.3.0
[INFO] [stderr]    Compiling libsodium-sys v0.2.6
[INFO] [stderr]    Compiling atty v0.2.14
[INFO] [stderr]    Compiling async-channel v1.5.1
[INFO] [stderr]    Compiling crossbeam-utils v0.8.1
[INFO] [stderr]    Compiling serde_json v1.0.62
[INFO] [stderr]    Compiling stable_deref_trait v1.2.0
[INFO] [stderr]    Compiling atomic-waker v1.0.0
[INFO] [stderr]    Compiling unicode-segmentation v1.7.1
[INFO] [stderr]    Compiling blocking v1.0.2
[INFO] [stderr]    Compiling owning_ref v0.3.3
[INFO] [stderr]    Compiling parking_lot_core v0.2.14
[INFO] [stderr]    Compiling heck v0.3.2
[INFO] [stderr]    Compiling async-executor v1.4.0
[INFO] [stderr]    Compiling textwrap v0.11.0
[INFO] [stderr]    Compiling time v0.1.43
[INFO] [stderr]    Compiling num_cpus v1.13.0
[INFO] [stderr]    Compiling dirs v1.0.5
[INFO] [stderr]    Compiling async-mutex v1.4.0
[INFO] [stderr]    Compiling csv-core v0.1.10
[INFO] [stderr]    Compiling anyhow v1.0.38
[INFO] [stderr]    Compiling vec_map v0.8.2
[INFO] [stderr]    Compiling peg-runtime v0.6.3
[INFO] [stderr]    Compiling strsim v0.8.0
[INFO] [stderr]    Compiling ansi_term v0.11.0
[INFO] [stderr]    Compiling chrono v0.4.19
[INFO] [stderr]    Compiling clap v2.33.3
[INFO] [stderr]    Compiling term v0.5.2
[INFO] [stderr]    Compiling peg-macros v0.6.3
[INFO] [stderr]    Compiling parking_lot v0.4.8
[INFO] [stderr]    Compiling matchers v0.0.1
[INFO] [stderr]    Compiling regex v1.4.3
[INFO] [stderr]    Compiling dirs-sys v0.3.5
[INFO] [stderr]    Compiling async-lock v2.3.0
[INFO] [stderr]    Compiling thread_local v1.1.3
[INFO] [stderr]    Compiling sharded-slab v0.1.1
[INFO] [stderr]    Compiling ansi_term v0.12.1
[INFO] [stderr]    Compiling encode_unicode v0.3.6
[INFO] [stderr]    Compiling bytes v0.5.6
[INFO] [stderr]    Compiling smallvec v1.6.1
[INFO] [stderr]    Compiling bytes v1.0.1
[INFO] [stderr]    Compiling peg v0.6.3
[INFO] [stderr]    Compiling dirs v3.0.1
[INFO] [stderr]    Compiling chashmap v2.2.2
[INFO] [stderr]    Compiling nix v0.19.1
[INFO] [stderr]    Compiling socket2 v0.3.19
[INFO] [stderr]    Compiling never v0.1.0
[INFO] [stderr]    Compiling base64 v0.13.0
[INFO] [stderr]    Compiling ctor v0.1.19
[INFO] [stderr]    Compiling futures-macro v0.3.12
[INFO] [stderr]    Compiling tracing-attributes v0.1.12
[INFO] [stderr]    Compiling futures-util v0.3.12
[INFO] [stderr]    Compiling polling v2.0.2
[INFO] [stderr]    Compiling tracing v0.1.23
[INFO] [stderr]    Compiling async-io v1.3.1
[INFO] [stderr]    Compiling pin-project-internal v1.0.5
[INFO] [stderr]    Compiling pin-project v0.4.27
[INFO] [stderr]    Compiling thiserror-impl v1.0.23
[INFO] [stderr]    Compiling async-global-executor v2.0.2
[INFO] [stderr]    Compiling async-process v1.0.2
[INFO] [stderr]    Compiling tracing-log v0.1.1
[INFO] [stderr]    Compiling kv-log-macro v1.0.7
[INFO] [stderr]    Compiling structopt-derive v0.4.14
[INFO] [stderr]    Compiling async-attributes v1.1.2
[INFO] [stderr]    Compiling tracing-futures v0.2.4
[INFO] [stderr]    Compiling pin-project v1.0.5
[INFO] [stderr]    Compiling thiserror v1.0.23
[INFO] [stderr]    Compiling async-trait v0.1.42
[INFO] [stderr]    Compiling futures-executor v0.3.12
[INFO] [stderr]    Compiling futures v0.3.12
[INFO] [stderr]    Compiling futures_codec v0.4.1
[INFO] [stderr]    Compiling async-std v1.9.0
[INFO] [stderr]    Compiling structopt v0.3.21
[INFO] [stderr]    Compiling bstr v0.2.15
[INFO] [stderr]    Compiling tracing-serde v0.1.2
[INFO] [stderr]    Compiling csv v1.1.5
[INFO] [stderr]    Compiling tracing-subscriber v0.2.15
[INFO] [stderr]    Compiling prettytable-rs v0.8.0
[INFO] [stderr]    Compiling sodiumoxide v0.2.6
[INFO] [stderr]    Compiling ssb-box-stream v0.2.0 (/opt/rustwide/workdir/ssb-box-stream)
[INFO] [stderr]    Compiling ssb v0.0.0 (/opt/rustwide/workdir/ssb)
[INFO] [stderr]     Finished dev [unoptimized + debuginfo] target(s) in 54.77s
[INFO] running `Command { std: "docker" "inspect" "103ded55231bbe7eafbeeb1725518fe9bdbbcd02c60b0fd37dc409cce2d206a2", kill_on_drop: false }`
[INFO] running `Command { std: "docker" "rm" "-f" "103ded55231bbe7eafbeeb1725518fe9bdbbcd02c60b0fd37dc409cce2d206a2", kill_on_drop: false }`
[INFO] [stdout] 103ded55231bbe7eafbeeb1725518fe9bdbbcd02c60b0fd37dc409cce2d206a2
[INFO] running `Command { std: "docker" "create" "-v" "/var/lib/crater-agent-workspace/builds/worker-2-tc1/target:/opt/rustwide/target:rw,Z" "-v" "/var/lib/crater-agent-workspace/builds/worker-2-tc1/source:/opt/rustwide/workdir:ro,Z" "-v" "/var/lib/crater-agent-workspace/cargo-home:/opt/rustwide/cargo-home:ro,Z" "-v" "/var/lib/crater-agent-workspace/rustup-home:/opt/rustwide/rustup-home:ro,Z" "-e" "SOURCE_DIR=/opt/rustwide/workdir" "-e" "CARGO_TARGET_DIR=/opt/rustwide/target" "-e" "CARGO_INCREMENTAL=0" "-e" "RUST_BACKTRACE=full" "-e" "RUSTFLAGS=--cap-lints=warn" "-e" "RUSTDOCFLAGS=--cap-lints=warn" "-e" "CARGO_HOME=/opt/rustwide/cargo-home" "-e" "RUSTUP_HOME=/opt/rustwide/rustup-home" "-w" "/opt/rustwide/workdir" "-m" "1610612736" "--user" "0:0" "--network" "none" "ghcr.io/rust-lang/crates-build-env/linux@sha256:2788e3201cd34a07e3172128adcd8b3090168a8e3bcc40d7c032b9dda1df7d1c" "/opt/rustwide/cargo-home/bin/cargo" "+1.75.0" "test" "--frozen" "--no-run" "--message-format=json", kill_on_drop: false }`
[INFO] [stdout] e155641fb388d9070ab591c9752b061ce2d8059a297569e5584b7bd5f2d6964d
[INFO] running `Command { std: "docker" "start" "-a" "e155641fb388d9070ab591c9752b061ce2d8059a297569e5584b7bd5f2d6964d", kill_on_drop: false }`
[INFO] [stderr]    Compiling getrandom v0.2.2
[INFO] [stderr]    Compiling ppv-lite86 v0.2.10
[INFO] [stderr]    Compiling getrandom v0.1.16
[INFO] [stderr]    Compiling proc-macro2 v0.4.30
[INFO] [stderr]    Compiling remove_dir_all v0.5.3
[INFO] [stderr]    Compiling unicode-xid v0.1.0
[INFO] [stderr]    Compiling wait-timeout v0.2.0
[INFO] [stderr]    Compiling syn v0.15.44
[INFO] [stderr]    Compiling quick-error v1.2.3
[INFO] [stderr]    Compiling fnv v1.0.7
[INFO] [stderr]    Compiling bit-vec v0.6.3
[INFO] [stderr]    Compiling pin-project-lite v0.1.11
[INFO] [stderr]    Compiling duplexify v1.2.2
[INFO] [stderr]    Compiling test-strategy v0.1.1
[INFO] [stderr]    Compiling predicates-core v1.0.2
[INFO] [stderr]    Compiling rand_core v0.6.2
[INFO] [stderr]    Compiling rand_core v0.5.1
[INFO] [stderr]    Compiling bit-set v0.5.2
[INFO] [stderr]    Compiling difference v2.0.0
[INFO] [stderr]    Compiling doc-comment v0.3.3
[INFO] [stderr]    Compiling rand_chacha v0.3.0
[INFO] [stderr]    Compiling rand_chacha v0.2.2
[INFO] [stderr]    Compiling rand_xorshift v0.2.0
[INFO] [stderr]    Compiling treeline v0.1.0
[INFO] [stderr]    Compiling predicates v1.0.7
[INFO] [stderr]    Compiling rand v0.8.3
[INFO] [stderr]    Compiling predicates-tree v1.0.2
[INFO] [stderr]    Compiling quote v0.6.13
[INFO] [stderr]    Compiling rand v0.7.3
[INFO] [stderr]    Compiling assert_cmd v1.0.3
[INFO] [stderr]    Compiling tempfile v3.2.0
[INFO] [stderr]    Compiling rusty-fork v0.3.0
[INFO] [stderr]    Compiling goldenfile v1.1.0
[INFO] [stderr]    Compiling proptest v0.10.1
[INFO] [stderr]    Compiling proptest-derive v0.2.0
[INFO] [stderr]    Compiling ssb v0.0.0 (/opt/rustwide/workdir/ssb)
[INFO] [stderr]    Compiling ssb-box-stream v0.2.0 (/opt/rustwide/workdir/ssb-box-stream)
[INFO] [stdout] warning: unused import: `proptest::test_runner::TestCaseResult`
[INFO] [stdout]  --> ssb/src/test_utils.rs:2:9
[INFO] [stdout]   |
[INFO] [stdout] 2 | pub use proptest::test_runner::TestCaseResult;
[INFO] [stdout]   |         ^^^^^^^^^^^^^^^^^^^^^^^^^^^^^^^^^^^^^
[INFO] [stdout]   |
[INFO] [stdout]   = note: `#[warn(unused_imports)]` on by default
[INFO] [stdout] 
[INFO] [stdout] 
[INFO] [stdout] warning: trailing semicolon in macro used in expression position
[INFO] [stdout]    --> ssb/src/test_utils.rs:10:11
[INFO] [stdout]     |
[INFO] [stdout] 10  |         ));
[INFO] [stdout]     |           ^
[INFO] [stdout]     |
[INFO] [stdout]    ::: ssb/src/rpc/base/header.rs:126:18
[INFO] [stdout]     |
[INFO] [stdout] 126 |             _ => prop_reject!(),
[INFO] [stdout]     |                  -------------- in this macro invocation
[INFO] [stdout]     |
[INFO] [stdout]     = warning: this was previously accepted by the compiler but is being phased out; it will become a hard error in a future release!
[INFO] [stdout]     = note: for more information, see issue #79813 <https://github.com/rust-lang/rust/issues/79813>
[INFO] [stdout]     = note: `#[warn(semicolon_in_expressions_from_macros)]` on by default
[INFO] [stdout]     = note: this warning originates in the macro `prop_reject` (in Nightly builds, run with -Z macro-backtrace for more info)
[INFO] [stdout] 
[INFO] [stdout] 
[INFO] [stdout] warning: 2 warnings emitted
[INFO] [stdout] 
[INFO] [stdout] 
[INFO] [stderr]     Finished test [unoptimized + debuginfo] target(s) in 20.22s
[INFO] [stderr] warning: the following packages contain code that will be rejected by a future version of Rust: ssb v0.0.0 (/opt/rustwide/workdir/ssb), test-strategy v0.1.1
[INFO] [stderr] note: to see what the problems were, use the option `--future-incompat-report`, or run `cargo report future-incompatibilities --id 1`
[INFO] running `Command { std: "docker" "inspect" "e155641fb388d9070ab591c9752b061ce2d8059a297569e5584b7bd5f2d6964d", kill_on_drop: false }`
[INFO] running `Command { std: "docker" "rm" "-f" "e155641fb388d9070ab591c9752b061ce2d8059a297569e5584b7bd5f2d6964d", kill_on_drop: false }`
[INFO] [stdout] e155641fb388d9070ab591c9752b061ce2d8059a297569e5584b7bd5f2d6964d
[INFO] running `Command { std: "docker" "create" "-v" "/var/lib/crater-agent-workspace/builds/worker-2-tc1/target:/opt/rustwide/target:rw,Z" "-v" "/var/lib/crater-agent-workspace/builds/worker-2-tc1/source:/opt/rustwide/workdir:ro,Z" "-v" "/var/lib/crater-agent-workspace/cargo-home:/opt/rustwide/cargo-home:ro,Z" "-v" "/var/lib/crater-agent-workspace/rustup-home:/opt/rustwide/rustup-home:ro,Z" "-e" "SOURCE_DIR=/opt/rustwide/workdir" "-e" "CARGO_TARGET_DIR=/opt/rustwide/target" "-e" "CARGO_INCREMENTAL=0" "-e" "RUST_BACKTRACE=full" "-e" "RUSTFLAGS=--cap-lints=warn" "-e" "RUSTDOCFLAGS=--cap-lints=warn" "-e" "CARGO_HOME=/opt/rustwide/cargo-home" "-e" "RUSTUP_HOME=/opt/rustwide/rustup-home" "-w" "/opt/rustwide/workdir" "-m" "1610612736" "--user" "0:0" "--network" "none" "ghcr.io/rust-lang/crates-build-env/linux@sha256:2788e3201cd34a07e3172128adcd8b3090168a8e3bcc40d7c032b9dda1df7d1c" "/opt/rustwide/cargo-home/bin/cargo" "+1.75.0" "test" "--frozen", kill_on_drop: false }`
[INFO] [stdout] 511f4874847cccc93279cd62b933d4d248edca7a5010734211bdc7e3823164cc
[INFO] running `Command { std: "docker" "start" "-a" "511f4874847cccc93279cd62b933d4d248edca7a5010734211bdc7e3823164cc", kill_on_drop: false }`
[INFO] [stderr] warning: unused import: `proptest::test_runner::TestCaseResult`
[INFO] [stderr]  --> ssb/src/test_utils.rs:2:9
[INFO] [stderr]   |
[INFO] [stderr] 2 | pub use proptest::test_runner::TestCaseResult;
[INFO] [stderr]   |         ^^^^^^^^^^^^^^^^^^^^^^^^^^^^^^^^^^^^^
[INFO] [stderr]   |
[INFO] [stderr]   = note: `#[warn(unused_imports)]` on by default
[INFO] [stderr] 
[INFO] [stderr] warning: trailing semicolon in macro used in expression position
[INFO] [stderr]    --> ssb/src/test_utils.rs:10:11
[INFO] [stderr]     |
[INFO] [stderr] 10  |         ));
[INFO] [stderr]     |           ^
[INFO] [stderr]     |
[INFO] [stderr]    ::: ssb/src/rpc/base/header.rs:126:18
[INFO] [stderr]     |
[INFO] [stderr] 126 |             _ => prop_reject!(),
[INFO] [stderr]     |                  -------------- in this macro invocation
[INFO] [stderr]     |
[INFO] [stderr]     = warning: this was previously accepted by the compiler but is being phased out; it will become a hard error in a future release!
[INFO] [stderr]     = note: for more information, see issue #79813 <https://github.com/rust-lang/rust/issues/79813>
[INFO] [stderr]     = note: `#[warn(semicolon_in_expressions_from_macros)]` on by default
[INFO] [stderr]     = note: this warning originates in the macro `prop_reject` (in Nightly builds, run with -Z macro-backtrace for more info)
[INFO] [stderr] 
[INFO] [stderr] warning: `ssb` (lib test) generated 2 warnings (run `cargo fix --lib -p ssb --tests` to apply 1 suggestion)
[INFO] [stderr]     Finished test [unoptimized + debuginfo] target(s) in 0.18s
[INFO] [stderr] warning: the following packages contain code that will be rejected by a future version of Rust: ssb v0.0.0 (/opt/rustwide/workdir/ssb), test-strategy v0.1.1
[INFO] [stderr] note: to see what the problems were, use the option `--future-incompat-report`, or run `cargo report future-incompatibilities --id 1`
[INFO] [stderr]      Running unittests src/lib.rs (/opt/rustwide/target/debug/deps/ssb-96971d49885e9703)
[INFO] [stdout] 
[INFO] [stdout] running 21 tests
[INFO] [stdout] test rpc::base::header::test::end_header ... ok
[INFO] [stdout] test rpc::base::header::test::header_invalid_type ... ok
[INFO] [stdout] test rpc::base::server::test::connection_closed ... ok
[INFO] [stdout] test rpc::base::server::test::end_msg_after_end ... ok
[INFO] [stdout] test rpc::base::header::test::header_build_parse ... ok
[INFO] [stdout] test rpc::base::server::test::sink_end_client ... ok
[INFO] [stdout] test rpc::base::packet_stream::test::unexpected_end_of_stream ... ok
[INFO] [stdout] test rpc::base::server::test::sink_end_server ... ok
[INFO] [stdout] test rpc::base::server::test::source_data_request ... ok
[INFO] [stdout] test rpc::base::server::test::source_drop_on_end ... ok
[INFO] [stdout] test rpc::base::header::test::request_number_zero ... ok
[INFO] [stdout] test secret_file::parse_ok ... ok
[INFO] [stdout] test rpc::base::server::test::source_end_server ... ok
[INFO] [stdout] test utils::oneshot::test::stream_send ... ok
[INFO] [stdout] test rpc::base::server::test::source_end_client ... ok
[INFO] [stdout] test rpc::base::header::test::header_parse_build ... ok
[INFO] [stdout] test utils::oneshot::test::stream_drop_sender_end ... ok
[INFO] [stdout] test utils::read_buffer::test::put_twice ... ok
[INFO] [stdout] test rpc::base::packet::test::packet_build_parse ... ok
[INFO] [stdout] test multi_address::test::to_string_then_parse ... ok
[INFO] [stdout] test rpc::base::packet_stream::test::read_packets ... ok
[INFO] [stdout] 
[INFO] [stdout] test result: ok. 21 passed; 0 failed; 0 ignored; 0 measured; 0 filtered out; finished in 0.57s
[INFO] [stdout] 
[INFO] [stdout] 
[INFO] [stderr]      Running unittests src/bin/ssbc.rs (/opt/rustwide/target/debug/deps/ssbc-4f7df9336787bfda)
[INFO] [stdout] running 0 tests
[INFO] [stderr]      Running tests/muxrpc_client.rs (/opt/rustwide/target/debug/deps/muxrpc_client-2e5431e7632ad5fb)
[INFO] [stdout] 
[INFO] [stdout] test result: ok. 0 passed; 0 failed; 0 ignored; 0 measured; 0 filtered out; finished in 0.00s
[INFO] [stdout] 
[INFO] [stdout] 
[INFO] [stdout] running 4 tests
[INFO] [stdout] test echo_error ... FAILED
[INFO] [stdout] test echo_json ... FAILED
[INFO] [stdout] test echo_string ... FAILED
[INFO] [stdout] test duplex_add ... FAILED
[INFO] [stdout] 
[INFO] [stdout] failures:
[INFO] [stdout] 
[INFO] [stdout] ---- echo_error stdout ----
[INFO] [stdout] Error: Invalid argument (os error 22)
[INFO] [stdout] 
[INFO] [stdout] ---- echo_json stdout ----
[INFO] [stdout] Error: Invalid argument (os error 22)
[INFO] [stdout] 
[INFO] [stdout] ---- echo_string stdout ----
[INFO] [stdout] Error: Invalid argument (os error 22)
[INFO] [stdout] 
[INFO] [stdout] ---- duplex_add stdout ----
[INFO] [stdout] thread 'duplex_add' panicked at ssb/tests/muxrpc_client.rs:69:47:
[INFO] [stdout] called `Result::unwrap()` on an `Err` value: Os { code: 22, kind: InvalidInput, message: "Invalid argument" }
[INFO] [stdout] stack backtrace:
[INFO] [stdout]    0:     0x5571443e1c9c - std::backtrace_rs::backtrace::libunwind::trace::ha637c64ce894333a
[INFO] [stdout]                                at /rustc/82e1608dfa6e0b5569232559e3d385fea5a93112/library/std/src/../../backtrace/src/backtrace/libunwind.rs:104:5
[INFO] [stdout]    1:     0x5571443e1c9c - std::backtrace_rs::backtrace::trace_unsynchronized::h47f62dea28e0c88d
[INFO] [stdout]                                at /rustc/82e1608dfa6e0b5569232559e3d385fea5a93112/library/std/src/../../backtrace/src/backtrace/mod.rs:66:5
[INFO] [stdout]    2:     0x5571443e1c9c - std::sys_common::backtrace::_print_fmt::h9eef0abe20ede486
[INFO] [stdout]                                at /rustc/82e1608dfa6e0b5569232559e3d385fea5a93112/library/std/src/sys_common/backtrace.rs:67:5
[INFO] [stdout]    3:     0x5571443e1c9c - <std::sys_common::backtrace::_print::DisplayBacktrace as core::fmt::Display>::fmt::hed7f999df88cc644
[INFO] [stdout]                                at /rustc/82e1608dfa6e0b5569232559e3d385fea5a93112/library/std/src/sys_common/backtrace.rs:44:22
[INFO] [stdout]    4:     0x55714440dcc0 - core::fmt::rt::Argument::fmt::h1539a9308b8d058d
[INFO] [stdout]                                at /rustc/82e1608dfa6e0b5569232559e3d385fea5a93112/library/core/src/fmt/rt.rs:142:9
[INFO] [stdout]    5:     0x55714440dcc0 - core::fmt::write::h3a39390d8560d9c9
[INFO] [stdout]                                at /rustc/82e1608dfa6e0b5569232559e3d385fea5a93112/library/core/src/fmt/mod.rs:1120:17
[INFO] [stdout]    6:     0x5571443def7f - std::io::Write::write_fmt::h040b369f3a0f9cbc
[INFO] [stdout]                                at /rustc/82e1608dfa6e0b5569232559e3d385fea5a93112/library/std/src/io/mod.rs:1762:15
[INFO] [stdout]    7:     0x5571443e1a84 - std::sys_common::backtrace::_print::h894006fb5c6f3d45
[INFO] [stdout]                                at /rustc/82e1608dfa6e0b5569232559e3d385fea5a93112/library/std/src/sys_common/backtrace.rs:47:5
[INFO] [stdout]    8:     0x5571443e1a84 - std::sys_common::backtrace::print::h23a2d212c6fff936
[INFO] [stdout]                                at /rustc/82e1608dfa6e0b5569232559e3d385fea5a93112/library/std/src/sys_common/backtrace.rs:34:9
[INFO] [stdout]    9:     0x5571443e3747 - std::panicking::default_hook::{{closure}}::h8a1d2ee00185001a
[INFO] [stdout]   10:     0x5571443e3433 - std::panicking::default_hook::h6038f2eba384e475
[INFO] [stdout]                                at /rustc/82e1608dfa6e0b5569232559e3d385fea5a93112/library/std/src/panicking.rs:289:9
[INFO] [stdout]   11:     0x5571442fb527 - <alloc::boxed::Box<F,A> as core::ops::function::Fn<Args>>::call::h0ad024c9bdc6d768
[INFO] [stdout]                                at /rustc/82e1608dfa6e0b5569232559e3d385fea5a93112/library/alloc/src/boxed.rs:2021:9
[INFO] [stdout]   12:     0x5571442fb527 - test::test_main::{{closure}}::h7500b54257359db6
[INFO] [stdout]                                at /rustc/82e1608dfa6e0b5569232559e3d385fea5a93112/library/test/src/lib.rs:138:21
[INFO] [stdout]   13:     0x5571443e3d58 - <alloc::boxed::Box<F,A> as core::ops::function::Fn<Args>>::call::h1f8f335eaa9cfaee
[INFO] [stdout]                                at /rustc/82e1608dfa6e0b5569232559e3d385fea5a93112/library/alloc/src/boxed.rs:2021:9
[INFO] [stdout]   14:     0x5571443e3d58 - std::panicking::rust_panic_with_hook::h2b5517d590cab22e
[INFO] [stdout]                                at /rustc/82e1608dfa6e0b5569232559e3d385fea5a93112/library/std/src/panicking.rs:783:13
[INFO] [stdout]   15:     0x5571443e3aae - std::panicking::begin_panic_handler::{{closure}}::h233112c06e0ef43e
[INFO] [stdout]                                at /rustc/82e1608dfa6e0b5569232559e3d385fea5a93112/library/std/src/panicking.rs:657:13
[INFO] [stdout]   16:     0x5571443e2166 - std::sys_common::backtrace::__rust_end_short_backtrace::h6e893f24d7ebbff8
[INFO] [stdout]                                at /rustc/82e1608dfa6e0b5569232559e3d385fea5a93112/library/std/src/sys_common/backtrace.rs:170:18
[INFO] [stdout]   17:     0x5571443e3812 - rust_begin_unwind
[INFO] [stdout]                                at /rustc/82e1608dfa6e0b5569232559e3d385fea5a93112/library/std/src/panicking.rs:645:5
[INFO] [stdout]   18:     0x557143fe9f65 - core::panicking::panic_fmt::hbf0e066aabfa482c
[INFO] [stdout]                                at /rustc/82e1608dfa6e0b5569232559e3d385fea5a93112/library/core/src/panicking.rs:72:14
[INFO] [stdout]   19:     0x557143fea4f3 - core::result::unwrap_failed::hddb4fea594200c52
[INFO] [stdout]                                at /rustc/82e1608dfa6e0b5569232559e3d385fea5a93112/library/core/src/result.rs:1653:5
[INFO] [stdout]   20:     0x55714402b980 - core::result::Result<T,E>::unwrap::h20c2522b8ddf5373
[INFO] [stdout]                                at /rustc/82e1608dfa6e0b5569232559e3d385fea5a93112/library/core/src/result.rs:1077:23
[INFO] [stdout]   21:     0x55714405abc4 - muxrpc_client::duplex_add::{{closure}}::h3222d997dc687e14
[INFO] [stdout]                                at /opt/rustwide/workdir/ssb/tests/muxrpc_client.rs:69:24
[INFO] [stdout]   22:     0x5571440299c2 - <async_std::task::builder::SupportTaskLocals<F> as core::future::future::Future>::poll::{{closure}}::h29351fea465f948f
[INFO] [stdout]                                at /opt/rustwide/cargo-home/registry/src/index.crates.io-6f17d22bba15001f/async-std-1.9.0/src/task/builder.rs:199:17
[INFO] [stdout]   23:     0x557144015863 - async_std::task::task_locals_wrapper::TaskLocalsWrapper::set_current::{{closure}}::ha7310bc9ddcf2875
[INFO] [stdout]                                at /opt/rustwide/cargo-home/registry/src/index.crates.io-6f17d22bba15001f/async-std-1.9.0/src/task/task_locals_wrapper.rs:60:13
[INFO] [stdout]   24:     0x5571440090ee - std::thread::local::LocalKey<T>::try_with::h9eacce2b3c675f9f
[INFO] [stdout]                                at /rustc/82e1608dfa6e0b5569232559e3d385fea5a93112/library/std/src/thread/local.rs:270:16
[INFO] [stdout]   25:     0x557144005dca - std::thread::local::LocalKey<T>::with::h1be0a6e60f614797
[INFO] [stdout]                                at /rustc/82e1608dfa6e0b5569232559e3d385fea5a93112/library/std/src/thread/local.rs:246:9
[INFO] [stdout]   26:     0x557144014cc8 - async_std::task::task_locals_wrapper::TaskLocalsWrapper::set_current::h81a1642cd1d00aef
[INFO] [stdout]                                at /opt/rustwide/cargo-home/registry/src/index.crates.io-6f17d22bba15001f/async-std-1.9.0/src/task/task_locals_wrapper.rs:55:9
[INFO] [stdout]   27:     0x5571440297b5 - <async_std::task::builder::SupportTaskLocals<F> as core::future::future::Future>::poll::h6f3447b749810e5e
[INFO] [stdout]                                at /opt/rustwide/cargo-home/registry/src/index.crates.io-6f17d22bba15001f/async-std-1.9.0/src/task/builder.rs:197:13
[INFO] [stdout]   28:     0x557144013d64 - <futures_lite::future::Or<F1,F2> as core::future::future::Future>::poll::h2533c28b68004f16
[INFO] [stdout]                                at /opt/rustwide/cargo-home/registry/src/index.crates.io-6f17d22bba15001f/futures-lite-1.11.3/src/future.rs:526:33
[INFO] [stdout]   29:     0x5571440389b9 - async_executor::Executor::run::{{closure}}::h437ba8fc9141b62a
[INFO] [stdout]                                at /opt/rustwide/cargo-home/registry/src/index.crates.io-6f17d22bba15001f/async-executor-1.4.0/src/lib.rs:236:32
[INFO] [stdout]   30:     0x557144037adf - async_executor::LocalExecutor::run::{{closure}}::h596c929b9feb1700
[INFO] [stdout]                                at /opt/rustwide/cargo-home/registry/src/index.crates.io-6f17d22bba15001f/async-executor-1.4.0/src/lib.rs:437:34
[INFO] [stdout]   31:     0x55714401d0e0 - async_io::driver::block_on::hbee1e5769a563622
[INFO] [stdout]                                at /opt/rustwide/cargo-home/registry/src/index.crates.io-6f17d22bba15001f/async-io-1.3.1/src/driver.rs:142:33
[INFO] [stdout]   32:     0x55714402b333 - async_global_executor::reactor::block_on::{{closure}}::ha6a41605d7cb8125
[INFO] [stdout]                                at /opt/rustwide/cargo-home/registry/src/index.crates.io-6f17d22bba15001f/async-global-executor-2.0.2/src/reactor.rs:3:18
[INFO] [stdout]   33:     0x55714402b2d3 - async_global_executor::reactor::block_on::hc7b2a4490e9419c2
[INFO] [stdout]                                at /opt/rustwide/cargo-home/registry/src/index.crates.io-6f17d22bba15001f/async-global-executor-2.0.2/src/reactor.rs:12:5
[INFO] [stdout]   34:     0x557144032efd - async_global_executor::executor::block_on::{{closure}}::hbfe9ba50c2cd494e
[INFO] [stdout]                                at /opt/rustwide/cargo-home/registry/src/index.crates.io-6f17d22bba15001f/async-global-executor-2.0.2/src/executor.rs:26:36
[INFO] [stdout]   35:     0x557144008ac5 - std::thread::local::LocalKey<T>::try_with::h95b3bbe7eafb2251
[INFO] [stdout]                                at /rustc/82e1608dfa6e0b5569232559e3d385fea5a93112/library/std/src/thread/local.rs:270:16
[INFO] [stdout]   36:     0x557144005eda - std::thread::local::LocalKey<T>::with::h555bed2d0bec6e21
[INFO] [stdout]                                at /rustc/82e1608dfa6e0b5569232559e3d385fea5a93112/library/std/src/thread/local.rs:246:9
[INFO] [stdout]   37:     0x557144032e0a - async_global_executor::executor::block_on::h62dc6d8f35ab9ed5
[INFO] [stdout]                                at /opt/rustwide/cargo-home/registry/src/index.crates.io-6f17d22bba15001f/async-global-executor-2.0.2/src/executor.rs:26:5
[INFO] [stdout]   38:     0x55714403107c - async_std::task::builder::Builder::blocking::{{closure}}::{{closure}}::h3f6f24417675e725
[INFO] [stdout]                                at /opt/rustwide/cargo-home/registry/src/index.crates.io-6f17d22bba15001f/async-std-1.9.0/src/task/builder.rs:171:25
[INFO] [stdout]   39:     0x557144015001 - async_std::task::task_locals_wrapper::TaskLocalsWrapper::set_current::{{closure}}::h0f1b636096c555df
[INFO] [stdout]                                at /opt/rustwide/cargo-home/registry/src/index.crates.io-6f17d22bba15001f/async-std-1.9.0/src/task/task_locals_wrapper.rs:60:13
[INFO] [stdout]   40:     0x55714400aa57 - std::thread::local::LocalKey<T>::try_with::hff24c4374865b211
[INFO] [stdout]                                at /rustc/82e1608dfa6e0b5569232559e3d385fea5a93112/library/std/src/thread/local.rs:270:16
[INFO] [stdout]   41:     0x55714400606a - std::thread::local::LocalKey<T>::with::h83791af8187f27bf
[INFO] [stdout]                                at /rustc/82e1608dfa6e0b5569232559e3d385fea5a93112/library/std/src/thread/local.rs:246:9
[INFO] [stdout]   42:     0x557144014d99 - async_std::task::task_locals_wrapper::TaskLocalsWrapper::set_current::hbba8f57876e99b1b
[INFO] [stdout]                                at /opt/rustwide/cargo-home/registry/src/index.crates.io-6f17d22bba15001f/async-std-1.9.0/src/task/task_locals_wrapper.rs:55:9
[INFO] [stdout]   43:     0x557144030b41 - async_std::task::builder::Builder::blocking::{{closure}}::h0d9d40b823c83d0a
[INFO] [stdout]                                at /opt/rustwide/cargo-home/registry/src/index.crates.io-6f17d22bba15001f/async-std-1.9.0/src/task/builder.rs:168:17
[INFO] [stdout]   44:     0x557144009b05 - std::thread::local::LocalKey<T>::try_with::hc558cbc901d567a5
[INFO] [stdout]                                at /rustc/82e1608dfa6e0b5569232559e3d385fea5a93112/library/std/src/thread/local.rs:270:16
[INFO] [stdout]   45:     0x55714400667a - std::thread::local::LocalKey<T>::with::hfca057673d4c5165
[INFO] [stdout]                                at /rustc/82e1608dfa6e0b5569232559e3d385fea5a93112/library/std/src/thread/local.rs:246:9
[INFO] [stdout]   46:     0x557144030518 - async_std::task::builder::Builder::blocking::h700b736894bb3163
[INFO] [stdout]                                at /opt/rustwide/cargo-home/registry/src/index.crates.io-6f17d22bba15001f/async-std-1.9.0/src/task/builder.rs:161:9
[INFO] [stdout]   47:     0x5571440463bc - async_std::task::block_on::block_on::hadd4bc61f319638d
[INFO] [stdout]                                at /opt/rustwide/cargo-home/registry/src/index.crates.io-6f17d22bba15001f/async-std-1.9.0/src/task/block_on.rs:33:5
[INFO] [stdout]   48:     0x55714405a917 - muxrpc_client::duplex_add::hb98fd7cd2f22fc4c
[INFO] [stdout]                                at /opt/rustwide/workdir/ssb/tests/muxrpc_client.rs:65:1
[INFO] [stdout]   49:     0x55714405a8e7 - muxrpc_client::duplex_add::{{closure}}::ha72c1f8e12f1d0eb
[INFO] [stdout]                                at /opt/rustwide/workdir/ssb/tests/muxrpc_client.rs:65:19
[INFO] [stdout]   50:     0x557143fffc56 - core::ops::function::FnOnce::call_once::h268c21057846280a
[INFO] [stdout]                                at /rustc/82e1608dfa6e0b5569232559e3d385fea5a93112/library/core/src/ops/function.rs:250:5
[INFO] [stdout]   51:     0x557144300b7f - core::ops::function::FnOnce::call_once::h2b5d431d5046312d
[INFO] [stdout]                                at /rustc/82e1608dfa6e0b5569232559e3d385fea5a93112/library/core/src/ops/function.rs:250:5
[INFO] [stdout]   52:     0x557144300b7f - test::__rust_begin_short_backtrace::h7714669af176e207
[INFO] [stdout]                                at /rustc/82e1608dfa6e0b5569232559e3d385fea5a93112/library/test/src/lib.rs:628:18
[INFO] [stdout]   53:     0x5571442ffb95 - test::run_test_in_process::{{closure}}::h85218797dcbcec12
[INFO] [stdout]                                at /rustc/82e1608dfa6e0b5569232559e3d385fea5a93112/library/test/src/lib.rs:651:60
[INFO] [stdout]   54:     0x5571442ffb95 - <core::panic::unwind_safe::AssertUnwindSafe<F> as core::ops::function::FnOnce<()>>::call_once::h76c106ea31c14d7b
[INFO] [stdout]                                at /rustc/82e1608dfa6e0b5569232559e3d385fea5a93112/library/core/src/panic/unwind_safe.rs:272:9
[INFO] [stdout]   55:     0x5571442ffb95 - std::panicking::try::do_call::h3bd5d0f6620ee946
[INFO] [stdout]                                at /rustc/82e1608dfa6e0b5569232559e3d385fea5a93112/library/std/src/panicking.rs:552:40
[INFO] [stdout]   56:     0x5571442ffb95 - std::panicking::try::h232e535e4744fe31
[INFO] [stdout]                                at /rustc/82e1608dfa6e0b5569232559e3d385fea5a93112/library/std/src/panicking.rs:516:19
[INFO] [stdout]   57:     0x5571442ffb95 - std::panic::catch_unwind::h3ce3bd6ca8dbac68
[INFO] [stdout]                                at /rustc/82e1608dfa6e0b5569232559e3d385fea5a93112/library/std/src/panic.rs:142:14
[INFO] [stdout]   58:     0x5571442ffb95 - test::run_test_in_process::hc97b257c9621286a
[INFO] [stdout]                                at /rustc/82e1608dfa6e0b5569232559e3d385fea5a93112/library/test/src/lib.rs:651:27
[INFO] [stdout]   59:     0x5571442ffb95 - test::run_test::{{closure}}::h2aa798823a438d38
[INFO] [stdout]                                at /rustc/82e1608dfa6e0b5569232559e3d385fea5a93112/library/test/src/lib.rs:574:43
[INFO] [stdout]   60:     0x5571442c7e56 - test::run_test::{{closure}}::h87d231c78fb59832
[INFO] [stdout]                                at /rustc/82e1608dfa6e0b5569232559e3d385fea5a93112/library/test/src/lib.rs:602:41
[INFO] [stdout]   61:     0x5571442c7e56 - std::sys_common::backtrace::__rust_begin_short_backtrace::he6df152596625789
[INFO] [stdout]                                at /rustc/82e1608dfa6e0b5569232559e3d385fea5a93112/library/std/src/sys_common/backtrace.rs:154:18
[INFO] [stdout]   62:     0x5571442ccf07 - std::thread::Builder::spawn_unchecked_::{{closure}}::{{closure}}::ha94be15d1e0acf36
[INFO] [stdout]                                at /rustc/82e1608dfa6e0b5569232559e3d385fea5a93112/library/std/src/thread/mod.rs:529:17
[INFO] [stdout]   63:     0x5571442ccf07 - <core::panic::unwind_safe::AssertUnwindSafe<F> as core::ops::function::FnOnce<()>>::call_once::h9dc6bd6372f16606
[INFO] [stdout]                                at /rustc/82e1608dfa6e0b5569232559e3d385fea5a93112/library/core/src/panic/unwind_safe.rs:272:9
[INFO] [stdout]   64:     0x5571442ccf07 - std::panicking::try::do_call::h9057517f80303cd4
[INFO] [stdout]                                at /rustc/82e1608dfa6e0b5569232559e3d385fea5a93112/library/std/src/panicking.rs:552:40
[INFO] [stdout]   65:     0x5571442ccf07 - std::panicking::try::he3a30b11ee45340c
[INFO] [stdout]                                at /rustc/82e1608dfa6e0b5569232559e3d385fea5a93112/library/std/src/panicking.rs:516:19
[INFO] [stdout]   66:     0x5571442ccf07 - std::panic::catch_unwind::h410458cfd3528b8b
[INFO] [stdout]                                at /rustc/82e1608dfa6e0b5569232559e3d385fea5a93112/library/std/src/panic.rs:142:14
[INFO] [stdout]   67:     0x5571442ccf07 - std::thread::Builder::spawn_unchecked_::{{closure}}::h72ac3bdb567b737b
[INFO] [stdout]                                at /rustc/82e1608dfa6e0b5569232559e3d385fea5a93112/library/std/src/thread/mod.rs:528:30
[INFO] [stdout]   68:     0x5571442ccf07 - core::ops::function::FnOnce::call_once{{vtable.shim}}::h38f34da3654a8344
[INFO] [stdout]                                at /rustc/82e1608dfa6e0b5569232559e3d385fea5a93112/library/core/src/ops/function.rs:250:5
[INFO] [stdout]   69:     0x5571443e8825 - <alloc::boxed::Box<F,A> as core::ops::function::FnOnce<Args>>::call_once::hc7eafaff61e32df9
[INFO] [stdout]                                at /rustc/82e1608dfa6e0b5569232559e3d385fea5a93112/library/alloc/src/boxed.rs:2007:9
[INFO] [stdout]   70:     0x5571443e8825 - <alloc::boxed::Box<F,A> as core::ops::function::FnOnce<Args>>::call_once::h6ba4a5de48dd2304
[INFO] [stdout]                                at /rustc/82e1608dfa6e0b5569232559e3d385fea5a93112/library/alloc/src/boxed.rs:2007:9
[INFO] [stdout]   71:     0x5571443e8825 - std::sys::unix::thread::Thread::new::thread_start::he469335aef763e45
[INFO] [stdout]                                at /rustc/82e1608dfa6e0b5569232559e3d385fea5a93112/library/std/src/sys/unix/thread.rs:108:17
[INFO] [stdout]   72:     0x7f8374e56ac3 - <unknown>
[INFO] [stdout]   73:     0x7f8374ee7bf4 - __clone
[INFO] [stdout]   74:                0x0 - <unknown>
[INFO] [stdout] 
[INFO] [stdout] 
[INFO] [stdout] failures:
[INFO] [stdout]     duplex_add
[INFO] [stdout]     echo_error
[INFO] [stdout]     echo_json
[INFO] [stdout]     echo_string
[INFO] [stdout] 
[INFO] [stdout] test result: FAILED. 0 passed; 4 failed; 0 ignored; 0 measured; 0 filtered out; finished in 0.08s
[INFO] [stdout] 
[INFO] [stderr] error: test failed, to rerun pass `-p ssb --test muxrpc_client`
[INFO] running `Command { std: "docker" "inspect" "511f4874847cccc93279cd62b933d4d248edca7a5010734211bdc7e3823164cc", kill_on_drop: false }`
[INFO] running `Command { std: "docker" "rm" "-f" "511f4874847cccc93279cd62b933d4d248edca7a5010734211bdc7e3823164cc", kill_on_drop: false }`
[INFO] [stdout] 511f4874847cccc93279cd62b933d4d248edca7a5010734211bdc7e3823164cc
