[INFO] cloning repository https://github.com/gardrek/lxsp
[INFO] running `Command { std: "git" "-c" "credential.helper=" "-c" "credential.helper=/workspace/cargo-home/bin/git-credential-null" "clone" "--bare" "https://github.com/gardrek/lxsp" "/workspace/cache/git-repos/https%3A%2F%2Fgithub.com%2Fgardrek%2Flxsp", kill_on_drop: false }`
[INFO] [stderr] Cloning into bare repository '/workspace/cache/git-repos/https%3A%2F%2Fgithub.com%2Fgardrek%2Flxsp'...
[INFO] running `Command { std: "git" "rev-parse" "HEAD", kill_on_drop: false }`
[INFO] [stdout] 60ffe4098e9d8d720cd06f4ab56a2aeef5fbdee5
[INFO] testing gardrek/lxsp against 1.75.0 for beta-1.76-1
[INFO] running `Command { std: "git" "clone" "/workspace/cache/git-repos/https%3A%2F%2Fgithub.com%2Fgardrek%2Flxsp" "/workspace/builds/worker-4-tc1/source", kill_on_drop: false }`
[INFO] [stderr] Cloning into '/workspace/builds/worker-4-tc1/source'...
[INFO] [stderr] done.
[INFO] validating manifest of git repo https://github.com/gardrek/lxsp on toolchain 1.75.0
[INFO] running `Command { std: CARGO_HOME="/workspace/cargo-home" RUSTUP_HOME="/workspace/rustup-home" "/workspace/cargo-home/bin/cargo" "+1.75.0" "metadata" "--manifest-path" "Cargo.toml" "--no-deps", kill_on_drop: false }`
[INFO] started tweaking git repo https://github.com/gardrek/lxsp
[INFO] finished tweaking git repo https://github.com/gardrek/lxsp
[INFO] tweaked toml for git repo https://github.com/gardrek/lxsp written to /workspace/builds/worker-4-tc1/source/Cargo.toml
[INFO] crate git repo https://github.com/gardrek/lxsp already has a lockfile, it will not be regenerated
[INFO] running `Command { std: CARGO_HOME="/workspace/cargo-home" RUSTUP_HOME="/workspace/rustup-home" "/workspace/cargo-home/bin/cargo" "+1.75.0" "fetch" "--manifest-path" "Cargo.toml", kill_on_drop: false }`
[INFO] [stderr]     Updating crates.io index
[INFO] [stderr]  Downloading crates ...
[INFO] [stderr]   Downloaded terminal v0.2.1
[INFO] [stderr]   Downloaded crossterm v0.15.0
[INFO] running `Command { std: "docker" "create" "-v" "/var/lib/crater-agent-workspace/builds/worker-4-tc1/target:/opt/rustwide/target:rw,Z" "-v" "/var/lib/crater-agent-workspace/builds/worker-4-tc1/source:/opt/rustwide/workdir:ro,Z" "-v" "/var/lib/crater-agent-workspace/cargo-home:/opt/rustwide/cargo-home:ro,Z" "-v" "/var/lib/crater-agent-workspace/rustup-home:/opt/rustwide/rustup-home:ro,Z" "-e" "SOURCE_DIR=/opt/rustwide/workdir" "-e" "CARGO_TARGET_DIR=/opt/rustwide/target" "-e" "CARGO_HOME=/opt/rustwide/cargo-home" "-e" "RUSTUP_HOME=/opt/rustwide/rustup-home" "-w" "/opt/rustwide/workdir" "-m" "1610612736" "--user" "0:0" "--network" "none" "ghcr.io/rust-lang/crates-build-env/linux@sha256:2788e3201cd34a07e3172128adcd8b3090168a8e3bcc40d7c032b9dda1df7d1c" "/opt/rustwide/cargo-home/bin/cargo" "+1.75.0" "metadata" "--no-deps" "--format-version=1", kill_on_drop: false }`
[INFO] [stdout] 89be4cc9ce0ea0a3e28ace32980129bdd212fb40dddb6b3bf52b7276a79e28c6
[INFO] running `Command { std: "docker" "start" "-a" "89be4cc9ce0ea0a3e28ace32980129bdd212fb40dddb6b3bf52b7276a79e28c6", kill_on_drop: false }`
[INFO] running `Command { std: "docker" "inspect" "89be4cc9ce0ea0a3e28ace32980129bdd212fb40dddb6b3bf52b7276a79e28c6", kill_on_drop: false }`
[INFO] running `Command { std: "docker" "rm" "-f" "89be4cc9ce0ea0a3e28ace32980129bdd212fb40dddb6b3bf52b7276a79e28c6", kill_on_drop: false }`
[INFO] [stdout] 89be4cc9ce0ea0a3e28ace32980129bdd212fb40dddb6b3bf52b7276a79e28c6
[INFO] running `Command { std: "docker" "create" "-v" "/var/lib/crater-agent-workspace/builds/worker-4-tc1/target:/opt/rustwide/target:rw,Z" "-v" "/var/lib/crater-agent-workspace/builds/worker-4-tc1/source:/opt/rustwide/workdir:ro,Z" "-v" "/var/lib/crater-agent-workspace/cargo-home:/opt/rustwide/cargo-home:ro,Z" "-v" "/var/lib/crater-agent-workspace/rustup-home:/opt/rustwide/rustup-home:ro,Z" "-e" "SOURCE_DIR=/opt/rustwide/workdir" "-e" "CARGO_TARGET_DIR=/opt/rustwide/target" "-e" "CARGO_INCREMENTAL=0" "-e" "RUST_BACKTRACE=full" "-e" "RUSTFLAGS=--cap-lints=warn" "-e" "RUSTDOCFLAGS=--cap-lints=warn" "-e" "CARGO_HOME=/opt/rustwide/cargo-home" "-e" "RUSTUP_HOME=/opt/rustwide/rustup-home" "-w" "/opt/rustwide/workdir" "-m" "1610612736" "--user" "0:0" "--network" "none" "ghcr.io/rust-lang/crates-build-env/linux@sha256:2788e3201cd34a07e3172128adcd8b3090168a8e3bcc40d7c032b9dda1df7d1c" "/opt/rustwide/cargo-home/bin/cargo" "+1.75.0" "build" "--frozen" "--message-format=json", kill_on_drop: false }`
[INFO] [stdout] 4ff68beb9c5ec288e3b2c900c0d6bc381b51c32753cf2eabc3ec4c042c0e9564
[INFO] running `Command { std: "docker" "start" "-a" "4ff68beb9c5ec288e3b2c900c0d6bc381b51c32753cf2eabc3ec4c042c0e9564", kill_on_drop: false }`
[INFO] [stderr]    Compiling libc v0.2.139
[INFO] [stderr]    Compiling autocfg v1.1.0
[INFO] [stderr]    Compiling cfg-if v1.0.0
[INFO] [stderr]    Compiling proc-macro2 v1.0.49
[INFO] [stderr]    Compiling bitflags v1.3.2
[INFO] [stderr]    Compiling version_check v0.9.4
[INFO] [stderr]    Compiling smallvec v1.10.0
[INFO] [stderr]    Compiling log v0.4.17
[INFO] [stderr]    Compiling quote v1.0.23
[INFO] [stderr]    Compiling unicode-ident v1.0.6
[INFO] [stderr]    Compiling io-lifetimes v1.0.3
[INFO] [stderr]    Compiling rustix v0.36.6
[INFO] [stderr]    Compiling proc-macro-error-attr v1.0.4
[INFO] [stderr]    Compiling slab v0.4.7
[INFO] [stderr]    Compiling syn v1.0.107
[INFO] [stderr]    Compiling linux-raw-sys v0.1.4
[INFO] [stderr]    Compiling memoffset v0.6.5
[INFO] [stderr]    Compiling proc-macro-error v1.0.4
[INFO] [stderr]    Compiling scopeguard v1.1.0
[INFO] [stderr]    Compiling memchr v2.5.0
[INFO] [stderr]    Compiling lock_api v0.3.4
[INFO] [stderr]    Compiling nibble_vec v0.1.0
[INFO] [stderr]    Compiling endian-type v0.1.2
[INFO] [stderr]    Compiling lazy_static v1.4.0
[INFO] [stderr]    Compiling heck v0.4.0
[INFO] [stderr]    Compiling os_str_bytes v6.4.1
[INFO] [stderr]    Compiling radix_trie v0.2.1
[INFO] [stderr]    Compiling unicode-width v0.1.10
[INFO] [stderr]    Compiling clap_lex v0.3.0
[INFO] [stderr]    Compiling unicode-segmentation v1.10.0
[INFO] [stderr]    Compiling termcolor v1.1.3
[INFO] [stderr]    Compiling iovec v0.1.4
[INFO] [stderr]    Compiling net2 v0.2.38
[INFO] [stderr]    Compiling parking_lot_core v0.7.3
[INFO] [stderr]    Compiling signal-hook-registry v1.4.0
[INFO] [stderr]    Compiling dirs-sys-next v0.1.2
[INFO] [stderr]    Compiling nix v0.23.2
[INFO] [stderr]    Compiling strsim v0.10.0
[INFO] [stderr]    Compiling mio v0.6.23
[INFO] [stderr]    Compiling parking_lot v0.10.2
[INFO] [stderr]    Compiling dirs-next v2.0.0
[INFO] [stderr]    Compiling utf8parse v0.2.0
[INFO] [stderr]    Compiling once_cell v1.17.0
[INFO] [stderr]    Compiling signal-hook v0.1.17
[INFO] [stderr]    Compiling crossterm v0.15.0
[INFO] [stderr]    Compiling terminal v0.2.1
[INFO] [stderr]    Compiling is-terminal v0.4.2
[INFO] [stderr]    Compiling fd-lock v3.0.8
[INFO] [stderr]    Compiling clap_derive v4.0.21
[INFO] [stderr]    Compiling rustyline v9.1.2
[INFO] [stderr]    Compiling clap v4.0.32
[INFO] [stderr]    Compiling lxsp v0.1.0 (/opt/rustwide/workdir)
[INFO] [stdout] warning: unused variable: `sym`
[INFO] [stdout]   --> src/mac.rs:95:40
[INFO] [stdout]    |
[INFO] [stdout] 95 | ...                   Symbol(sym) => super::eval::default_env().eval(f)?,
[INFO] [stdout]    |                              ^^^ help: if this is intentional, prefix it with an underscore: `_sym`
[INFO] [stdout]    |
[INFO] [stdout]    = note: `#[warn(unused_variables)]` on by default
[INFO] [stdout] 
[INFO] [stdout] 
[INFO] [stdout] warning: methods `macro_eval` and `macro_expand` are never used
[INFO] [stdout]    --> src/env.rs:141:8
[INFO] [stdout]     |
[INFO] [stdout] 21  | impl LispEnv<'_> {
[INFO] [stdout]     | ---------------- methods in this implementation
[INFO] [stdout] ...
[INFO] [stdout] 141 |     fn macro_eval(&self, val: &LispValue) -> Result<LispValue, EvalError> {
[INFO] [stdout]     |        ^^^^^^^^^^
[INFO] [stdout] ...
[INFO] [stdout] 152 |     fn macro_expand(&self, _mac: &MacroValue, _args: &[LispValue]) -> Result<LispValue, EvalError> {
[INFO] [stdout]     |        ^^^^^^^^^^^^
[INFO] [stdout]     |
[INFO] [stdout]     = note: `#[warn(dead_code)]` on by default
[INFO] [stdout] 
[INFO] [stdout] 
[INFO] [stdout] warning: method `expand_symbol` is never used
[INFO] [stdout]   --> src/mac.rs:26:8
[INFO] [stdout]    |
[INFO] [stdout] 13 | impl MacroValue {
[INFO] [stdout]    | --------------- method in this implementation
[INFO] [stdout] ...
[INFO] [stdout] 26 |     fn expand_symbol<'a>(&'a self, args: &'a [Value], symbol: &'a Value) -> &'a Value {
[INFO] [stdout]    |        ^^^^^^^^^^^^^
[INFO] [stdout] 
[INFO] [stdout] 
[INFO] [stdout] warning: 3 warnings emitted
[INFO] [stdout] 
[INFO] [stdout] 
[INFO] [stderr]     Finished dev [unoptimized + debuginfo] target(s) in 9.52s
[INFO] running `Command { std: "docker" "inspect" "4ff68beb9c5ec288e3b2c900c0d6bc381b51c32753cf2eabc3ec4c042c0e9564", kill_on_drop: false }`
[INFO] running `Command { std: "docker" "rm" "-f" "4ff68beb9c5ec288e3b2c900c0d6bc381b51c32753cf2eabc3ec4c042c0e9564", kill_on_drop: false }`
[INFO] [stdout] 4ff68beb9c5ec288e3b2c900c0d6bc381b51c32753cf2eabc3ec4c042c0e9564
[INFO] running `Command { std: "docker" "create" "-v" "/var/lib/crater-agent-workspace/builds/worker-4-tc1/target:/opt/rustwide/target:rw,Z" "-v" "/var/lib/crater-agent-workspace/builds/worker-4-tc1/source:/opt/rustwide/workdir:ro,Z" "-v" "/var/lib/crater-agent-workspace/cargo-home:/opt/rustwide/cargo-home:ro,Z" "-v" "/var/lib/crater-agent-workspace/rustup-home:/opt/rustwide/rustup-home:ro,Z" "-e" "SOURCE_DIR=/opt/rustwide/workdir" "-e" "CARGO_TARGET_DIR=/opt/rustwide/target" "-e" "CARGO_INCREMENTAL=0" "-e" "RUST_BACKTRACE=full" "-e" "RUSTFLAGS=--cap-lints=warn" "-e" "RUSTDOCFLAGS=--cap-lints=warn" "-e" "CARGO_HOME=/opt/rustwide/cargo-home" "-e" "RUSTUP_HOME=/opt/rustwide/rustup-home" "-w" "/opt/rustwide/workdir" "-m" "1610612736" "--user" "0:0" "--network" "none" "ghcr.io/rust-lang/crates-build-env/linux@sha256:2788e3201cd34a07e3172128adcd8b3090168a8e3bcc40d7c032b9dda1df7d1c" "/opt/rustwide/cargo-home/bin/cargo" "+1.75.0" "test" "--frozen" "--no-run" "--message-format=json", kill_on_drop: false }`
[INFO] [stdout] e851835c7b1e46fd5464a7f9a776eba5da73a1243c6dbb2abc58abb887860e99
[INFO] running `Command { std: "docker" "start" "-a" "e851835c7b1e46fd5464a7f9a776eba5da73a1243c6dbb2abc58abb887860e99", kill_on_drop: false }`
[INFO] [stderr]    Compiling lxsp v0.1.0 (/opt/rustwide/workdir)
[INFO] [stdout] warning: unused variable: `sym`
[INFO] [stdout]   --> src/mac.rs:95:40
[INFO] [stdout]    |
[INFO] [stdout] 95 | ...                   Symbol(sym) => super::eval::default_env().eval(f)?,
[INFO] [stdout]    |                              ^^^ help: if this is intentional, prefix it with an underscore: `_sym`
[INFO] [stdout]    |
[INFO] [stdout]    = note: `#[warn(unused_variables)]` on by default
[INFO] [stdout] 
[INFO] [stdout] 
[INFO] [stdout] warning: methods `macro_eval` and `macro_expand` are never used
[INFO] [stdout]    --> src/env.rs:141:8
[INFO] [stdout]     |
[INFO] [stdout] 21  | impl LispEnv<'_> {
[INFO] [stdout]     | ---------------- methods in this implementation
[INFO] [stdout] ...
[INFO] [stdout] 141 |     fn macro_eval(&self, val: &LispValue) -> Result<LispValue, EvalError> {
[INFO] [stdout]     |        ^^^^^^^^^^
[INFO] [stdout] ...
[INFO] [stdout] 152 |     fn macro_expand(&self, _mac: &MacroValue, _args: &[LispValue]) -> Result<LispValue, EvalError> {
[INFO] [stdout]     |        ^^^^^^^^^^^^
[INFO] [stdout]     |
[INFO] [stdout]     = note: `#[warn(dead_code)]` on by default
[INFO] [stdout] 
[INFO] [stdout] 
[INFO] [stdout] warning: method `expand_symbol` is never used
[INFO] [stdout]   --> src/mac.rs:26:8
[INFO] [stdout]    |
[INFO] [stdout] 13 | impl MacroValue {
[INFO] [stdout]    | --------------- method in this implementation
[INFO] [stdout] ...
[INFO] [stdout] 26 |     fn expand_symbol<'a>(&'a self, args: &'a [Value], symbol: &'a Value) -> &'a Value {
[INFO] [stdout]    |        ^^^^^^^^^^^^^
[INFO] [stdout] 
[INFO] [stdout] 
[INFO] [stdout] warning: 3 warnings emitted
[INFO] [stdout] 
[INFO] [stdout] 
[INFO] [stderr]     Finished test [unoptimized + debuginfo] target(s) in 0.89s
[INFO] running `Command { std: "docker" "inspect" "e851835c7b1e46fd5464a7f9a776eba5da73a1243c6dbb2abc58abb887860e99", kill_on_drop: false }`
[INFO] running `Command { std: "docker" "rm" "-f" "e851835c7b1e46fd5464a7f9a776eba5da73a1243c6dbb2abc58abb887860e99", kill_on_drop: false }`
[INFO] [stdout] e851835c7b1e46fd5464a7f9a776eba5da73a1243c6dbb2abc58abb887860e99
[INFO] running `Command { std: "docker" "create" "-v" "/var/lib/crater-agent-workspace/builds/worker-4-tc1/target:/opt/rustwide/target:rw,Z" "-v" "/var/lib/crater-agent-workspace/builds/worker-4-tc1/source:/opt/rustwide/workdir:ro,Z" "-v" "/var/lib/crater-agent-workspace/cargo-home:/opt/rustwide/cargo-home:ro,Z" "-v" "/var/lib/crater-agent-workspace/rustup-home:/opt/rustwide/rustup-home:ro,Z" "-e" "SOURCE_DIR=/opt/rustwide/workdir" "-e" "CARGO_TARGET_DIR=/opt/rustwide/target" "-e" "CARGO_INCREMENTAL=0" "-e" "RUST_BACKTRACE=full" "-e" "RUSTFLAGS=--cap-lints=warn" "-e" "RUSTDOCFLAGS=--cap-lints=warn" "-e" "CARGO_HOME=/opt/rustwide/cargo-home" "-e" "RUSTUP_HOME=/opt/rustwide/rustup-home" "-w" "/opt/rustwide/workdir" "-m" "1610612736" "--user" "0:0" "--network" "none" "ghcr.io/rust-lang/crates-build-env/linux@sha256:2788e3201cd34a07e3172128adcd8b3090168a8e3bcc40d7c032b9dda1df7d1c" "/opt/rustwide/cargo-home/bin/cargo" "+1.75.0" "test" "--frozen", kill_on_drop: false }`
[INFO] [stdout] 88c976e55c50a21d9ebe8985243f8b331774914fbf113442089cf8c4a9f6ab9f
[INFO] running `Command { std: "docker" "start" "-a" "88c976e55c50a21d9ebe8985243f8b331774914fbf113442089cf8c4a9f6ab9f", kill_on_drop: false }`
[INFO] [stderr] warning: unused variable: `sym`
[INFO] [stderr]   --> src/mac.rs:95:40
[INFO] [stderr]    |
[INFO] [stderr] 95 | ...                   Symbol(sym) => super::eval::default_env().eval(f)?,
[INFO] [stderr]    |                              ^^^ help: if this is intentional, prefix it with an underscore: `_sym`
[INFO] [stderr]    |
[INFO] [stderr]    = note: `#[warn(unused_variables)]` on by default
[INFO] [stderr] 
[INFO] [stderr] warning: methods `macro_eval` and `macro_expand` are never used
[INFO] [stderr]    --> src/env.rs:141:8
[INFO] [stderr]     |
[INFO] [stderr] 21  | impl LispEnv<'_> {
[INFO] [stderr]     | ---------------- methods in this implementation
[INFO] [stderr] ...
[INFO] [stderr] 141 |     fn macro_eval(&self, val: &LispValue) -> Result<LispValue, EvalError> {
[INFO] [stderr]     |        ^^^^^^^^^^
[INFO] [stderr] ...
[INFO] [stderr] 152 |     fn macro_expand(&self, _mac: &MacroValue, _args: &[LispValue]) -> Result<LispValue, EvalError> {
[INFO] [stderr]     |        ^^^^^^^^^^^^
[INFO] [stderr]     |
[INFO] [stderr]     = note: `#[warn(dead_code)]` on by default
[INFO] [stderr] 
[INFO] [stderr] warning: method `expand_symbol` is never used
[INFO] [stderr]   --> src/mac.rs:26:8
[INFO] [stderr]    |
[INFO] [stderr] 13 | impl MacroValue {
[INFO] [stderr]    | --------------- method in this implementation
[INFO] [stderr] ...
[INFO] [stderr] 26 |     fn expand_symbol<'a>(&'a self, args: &'a [Value], symbol: &'a Value) -> &'a Value {
[INFO] [stderr]    |        ^^^^^^^^^^^^^
[INFO] [stderr] 
[INFO] [stderr] warning: `lxsp` (bin "lxsp" test) generated 3 warnings (run `cargo fix --bin "lxsp" --tests` to apply 1 suggestion)
[INFO] [stderr]     Finished test [unoptimized + debuginfo] target(s) in 0.03s
[INFO] [stderr]      Running unittests src/main.rs (/opt/rustwide/target/debug/deps/lxsp-92e2e8213c968c69)
[INFO] [stdout] 
[INFO] [stdout] running 6 tests
[INFO] [stdout] test tests::safe_unsafe_call ... ok
[INFO] [stdout] test tests::scan_math_test ... ok
[INFO] [stdout] test tests::unsafe_call ... ok
[INFO] [stdout] test tests::std_test ... ok
[INFO] [stdout] test tests::reduce_vs_eval ... ok
[INFO] [stdout] test tests::lua_core ... FAILED
[INFO] [stdout] 
[INFO] [stdout] failures:
[INFO] [stdout] 
[INFO] [stdout] ---- tests::lua_core stdout ----
[INFO] [stdout] thread 'tests::lua_core' panicked at src/eval/lua.rs:40:10:
[INFO] [stdout] Lua failed to start: Os { code: 2, kind: NotFound, message: "No such file or directory" }
[INFO] [stdout] stack backtrace:
[INFO] [stdout]    0:     0x55c53bb32ebc - std::backtrace_rs::backtrace::libunwind::trace::ha637c64ce894333a
[INFO] [stdout]                                at /rustc/82e1608dfa6e0b5569232559e3d385fea5a93112/library/std/src/../../backtrace/src/backtrace/libunwind.rs:104:5
[INFO] [stdout]    1:     0x55c53bb32ebc - std::backtrace_rs::backtrace::trace_unsynchronized::h47f62dea28e0c88d
[INFO] [stdout]                                at /rustc/82e1608dfa6e0b5569232559e3d385fea5a93112/library/std/src/../../backtrace/src/backtrace/mod.rs:66:5
[INFO] [stdout]    2:     0x55c53bb32ebc - std::sys_common::backtrace::_print_fmt::h9eef0abe20ede486
[INFO] [stdout]                                at /rustc/82e1608dfa6e0b5569232559e3d385fea5a93112/library/std/src/sys_common/backtrace.rs:67:5
[INFO] [stdout]    3:     0x55c53bb32ebc - <std::sys_common::backtrace::_print::DisplayBacktrace as core::fmt::Display>::fmt::hed7f999df88cc644
[INFO] [stdout]                                at /rustc/82e1608dfa6e0b5569232559e3d385fea5a93112/library/std/src/sys_common/backtrace.rs:44:22
[INFO] [stdout]    4:     0x55c53bb5cf00 - core::fmt::rt::Argument::fmt::h1539a9308b8d058d
[INFO] [stdout]                                at /rustc/82e1608dfa6e0b5569232559e3d385fea5a93112/library/core/src/fmt/rt.rs:142:9
[INFO] [stdout]    5:     0x55c53bb5cf00 - core::fmt::write::h3a39390d8560d9c9
[INFO] [stdout]                                at /rustc/82e1608dfa6e0b5569232559e3d385fea5a93112/library/core/src/fmt/mod.rs:1120:17
[INFO] [stdout]    6:     0x55c53bb3042f - std::io::Write::write_fmt::h040b369f3a0f9cbc
[INFO] [stdout]                                at /rustc/82e1608dfa6e0b5569232559e3d385fea5a93112/library/std/src/io/mod.rs:1762:15
[INFO] [stdout]    7:     0x55c53bb32ca4 - std::sys_common::backtrace::_print::h894006fb5c6f3d45
[INFO] [stdout]                                at /rustc/82e1608dfa6e0b5569232559e3d385fea5a93112/library/std/src/sys_common/backtrace.rs:47:5
[INFO] [stdout]    8:     0x55c53bb32ca4 - std::sys_common::backtrace::print::h23a2d212c6fff936
[INFO] [stdout]                                at /rustc/82e1608dfa6e0b5569232559e3d385fea5a93112/library/std/src/sys_common/backtrace.rs:34:9
[INFO] [stdout]    9:     0x55c53bb34967 - std::panicking::default_hook::{{closure}}::h8a1d2ee00185001a
[INFO] [stdout]   10:     0x55c53bb34653 - std::panicking::default_hook::h6038f2eba384e475
[INFO] [stdout]                                at /rustc/82e1608dfa6e0b5569232559e3d385fea5a93112/library/std/src/panicking.rs:289:9
[INFO] [stdout]   11:     0x55c53baf8047 - <alloc::boxed::Box<F,A> as core::ops::function::Fn<Args>>::call::h0ad024c9bdc6d768
[INFO] [stdout]                                at /rustc/82e1608dfa6e0b5569232559e3d385fea5a93112/library/alloc/src/boxed.rs:2021:9
[INFO] [stdout]   12:     0x55c53baf8047 - test::test_main::{{closure}}::h7500b54257359db6
[INFO] [stdout]                                at /rustc/82e1608dfa6e0b5569232559e3d385fea5a93112/library/test/src/lib.rs:138:21
[INFO] [stdout]   13:     0x55c53bb34f78 - <alloc::boxed::Box<F,A> as core::ops::function::Fn<Args>>::call::h1f8f335eaa9cfaee
[INFO] [stdout]                                at /rustc/82e1608dfa6e0b5569232559e3d385fea5a93112/library/alloc/src/boxed.rs:2021:9
[INFO] [stdout]   14:     0x55c53bb34f78 - std::panicking::rust_panic_with_hook::h2b5517d590cab22e
[INFO] [stdout]                                at /rustc/82e1608dfa6e0b5569232559e3d385fea5a93112/library/std/src/panicking.rs:783:13
[INFO] [stdout]   15:     0x55c53bb34cce - std::panicking::begin_panic_handler::{{closure}}::h233112c06e0ef43e
[INFO] [stdout]                                at /rustc/82e1608dfa6e0b5569232559e3d385fea5a93112/library/std/src/panicking.rs:657:13
[INFO] [stdout]   16:     0x55c53bb33386 - std::sys_common::backtrace::__rust_end_short_backtrace::h6e893f24d7ebbff8
[INFO] [stdout]                                at /rustc/82e1608dfa6e0b5569232559e3d385fea5a93112/library/std/src/sys_common/backtrace.rs:170:18
[INFO] [stdout]   17:     0x55c53bb34a32 - rust_begin_unwind
[INFO] [stdout]                                at /rustc/82e1608dfa6e0b5569232559e3d385fea5a93112/library/std/src/panicking.rs:645:5
[INFO] [stdout]   18:     0x55c53ba94f65 - core::panicking::panic_fmt::hbf0e066aabfa482c
[INFO] [stdout]                                at /rustc/82e1608dfa6e0b5569232559e3d385fea5a93112/library/core/src/panicking.rs:72:14
[INFO] [stdout]   19:     0x55c53ba95553 - core::result::unwrap_failed::hddb4fea594200c52
[INFO] [stdout]                                at /rustc/82e1608dfa6e0b5569232559e3d385fea5a93112/library/core/src/result.rs:1653:5
[INFO] [stdout]   20:     0x55c53baa8ba5 - core::result::Result<T,E>::expect::h2d01f17689d9fa04
[INFO] [stdout]                                at /rustc/82e1608dfa6e0b5569232559e3d385fea5a93112/library/core/src/result.rs:1034:23
[INFO] [stdout]   21:     0x55c53baab5b7 - lxsp::eval::lua::run_lua_file::h6b782233d87f6539
[INFO] [stdout]                                at /opt/rustwide/workdir/src/eval/lua.rs:37:17
[INFO] [stdout]   22:     0x55c53baab9de - lxsp::eval::lua::run_lua_file_from_lisp_args::h83e651671df45903
[INFO] [stdout]                                at /opt/rustwide/workdir/src/eval/lua.rs:61:18
[INFO] [stdout]   23:     0x55c53ba9d51c - lxsp::env::LispEnv::apply::h83e65aa9651c9538
[INFO] [stdout]                                at /opt/rustwide/workdir/src/env.rs:280:17
[INFO] [stdout]   24:     0x55c53ba9c83a - lxsp::env::LispEnv::outer_apply::hf0662e5e482e3969
[INFO] [stdout]                                at /opt/rustwide/workdir/src/env.rs:126:52
[INFO] [stdout]   25:     0x55c53ba9c470 - lxsp::env::LispEnv::delegated_eval::hc96431c43fac345e
[INFO] [stdout]                                at /opt/rustwide/workdir/src/env.rs:114:30
[INFO] [stdout]   26:     0x55c53ba9c871 - lxsp::env::LispEnv::eval_::hec62e6392b2b32db
[INFO] [stdout]                                at /opt/rustwide/workdir/src/env.rs:138:9
[INFO] [stdout]   27:     0x55c53ba9be7a - lxsp::env::LispEnv::eval::he3eaadd1e03dfb26
[INFO] [stdout]                                at /opt/rustwide/workdir/src/env.rs:86:9
[INFO] [stdout]   28:     0x55c53baa3fa6 - lxsp::eval::default_env::{{closure}}::h5b30a411749b4f12
[INFO] [stdout]                                at /opt/rustwide/workdir/src/eval.rs:312:20
[INFO] [stdout]   29:     0x55c53bab3753 - core::ops::function::FnOnce::call_once::hc2a45a09ebe07685
[INFO] [stdout]                                at /rustc/82e1608dfa6e0b5569232559e3d385fea5a93112/library/core/src/ops/function.rs:250:5
[INFO] [stdout]   30:     0x55c53ba9d40f - lxsp::env::LispEnv::apply::h83e65aa9651c9538
[INFO] [stdout]                                at /opt/rustwide/workdir/src/env.rs:273:27
[INFO] [stdout]   31:     0x55c53ba9c83a - lxsp::env::LispEnv::outer_apply::hf0662e5e482e3969
[INFO] [stdout]                                at /opt/rustwide/workdir/src/env.rs:126:52
[INFO] [stdout]   32:     0x55c53ba9c470 - lxsp::env::LispEnv::delegated_eval::hc96431c43fac345e
[INFO] [stdout]                                at /opt/rustwide/workdir/src/env.rs:114:30
[INFO] [stdout]   33:     0x55c53ba9c871 - lxsp::env::LispEnv::eval_::hec62e6392b2b32db
[INFO] [stdout]                                at /opt/rustwide/workdir/src/env.rs:138:9
[INFO] [stdout]   34:     0x55c53ba9be7a - lxsp::env::LispEnv::eval::he3eaadd1e03dfb26
[INFO] [stdout]                                at /opt/rustwide/workdir/src/env.rs:86:9
[INFO] [stdout]   35:     0x55c53bab89f8 - lxsp::parse_eval::h2afe958851fed331
[INFO] [stdout]                                at /opt/rustwide/workdir/src/main.rs:32:8
[INFO] [stdout]   36:     0x55c53baad082 - lxsp::tests::lua_core::hfe3e1a599e9533fd
[INFO] [stdout]                                at /opt/rustwide/workdir/src/tests.rs:41:5
[INFO] [stdout]   37:     0x55c53baad037 - lxsp::tests::lua_core::{{closure}}::h1e1ad47a62ec48da
[INFO] [stdout]                                at /opt/rustwide/workdir/src/tests.rs:38:14
[INFO] [stdout]   38:     0x55c53bab3796 - core::ops::function::FnOnce::call_once::hcb7c7f3bd5e5d461
[INFO] [stdout]                                at /rustc/82e1608dfa6e0b5569232559e3d385fea5a93112/library/core/src/ops/function.rs:250:5
[INFO] [stdout]   39:     0x55c53bafd69f - core::ops::function::FnOnce::call_once::h2b5d431d5046312d
[INFO] [stdout]                                at /rustc/82e1608dfa6e0b5569232559e3d385fea5a93112/library/core/src/ops/function.rs:250:5
[INFO] [stdout]   40:     0x55c53bafd69f - test::__rust_begin_short_backtrace::h7714669af176e207
[INFO] [stdout]                                at /rustc/82e1608dfa6e0b5569232559e3d385fea5a93112/library/test/src/lib.rs:628:18
[INFO] [stdout]   41:     0x55c53bafc6b5 - test::run_test_in_process::{{closure}}::h85218797dcbcec12
[INFO] [stdout]                                at /rustc/82e1608dfa6e0b5569232559e3d385fea5a93112/library/test/src/lib.rs:651:60
[INFO] [stdout]   42:     0x55c53bafc6b5 - <core::panic::unwind_safe::AssertUnwindSafe<F> as core::ops::function::FnOnce<()>>::call_once::h76c106ea31c14d7b
[INFO] [stdout]                                at /rustc/82e1608dfa6e0b5569232559e3d385fea5a93112/library/core/src/panic/unwind_safe.rs:272:9
[INFO] [stdout]   43:     0x55c53bafc6b5 - std::panicking::try::do_call::h3bd5d0f6620ee946
[INFO] [stdout]                                at /rustc/82e1608dfa6e0b5569232559e3d385fea5a93112/library/std/src/panicking.rs:552:40
[INFO] [stdout]   44:     0x55c53bafc6b5 - std::panicking::try::h232e535e4744fe31
[INFO] [stdout]                                at /rustc/82e1608dfa6e0b5569232559e3d385fea5a93112/library/std/src/panicking.rs:516:19
[INFO] [stdout]   45:     0x55c53bafc6b5 - std::panic::catch_unwind::h3ce3bd6ca8dbac68
[INFO] [stdout]                                at /rustc/82e1608dfa6e0b5569232559e3d385fea5a93112/library/std/src/panic.rs:142:14
[INFO] [stdout]   46:     0x55c53bafc6b5 - test::run_test_in_process::hc97b257c9621286a
[INFO] [stdout]                                at /rustc/82e1608dfa6e0b5569232559e3d385fea5a93112/library/test/src/lib.rs:651:27
[INFO] [stdout]   47:     0x55c53bafc6b5 - test::run_test::{{closure}}::h2aa798823a438d38
[INFO] [stdout]                                at /rustc/82e1608dfa6e0b5569232559e3d385fea5a93112/library/test/src/lib.rs:574:43
[INFO] [stdout]   48:     0x55c53bac4976 - test::run_test::{{closure}}::h87d231c78fb59832
[INFO] [stdout]                                at /rustc/82e1608dfa6e0b5569232559e3d385fea5a93112/library/test/src/lib.rs:602:41
[INFO] [stdout]   49:     0x55c53bac4976 - std::sys_common::backtrace::__rust_begin_short_backtrace::he6df152596625789
[INFO] [stdout]                                at /rustc/82e1608dfa6e0b5569232559e3d385fea5a93112/library/std/src/sys_common/backtrace.rs:154:18
[INFO] [stdout]   50:     0x55c53bac9a27 - std::thread::Builder::spawn_unchecked_::{{closure}}::{{closure}}::ha94be15d1e0acf36
[INFO] [stdout]                                at /rustc/82e1608dfa6e0b5569232559e3d385fea5a93112/library/std/src/thread/mod.rs:529:17
[INFO] [stdout]   51:     0x55c53bac9a27 - <core::panic::unwind_safe::AssertUnwindSafe<F> as core::ops::function::FnOnce<()>>::call_once::h9dc6bd6372f16606
[INFO] [stdout]                                at /rustc/82e1608dfa6e0b5569232559e3d385fea5a93112/library/core/src/panic/unwind_safe.rs:272:9
[INFO] [stdout]   52:     0x55c53bac9a27 - std::panicking::try::do_call::h9057517f80303cd4
[INFO] [stdout]                                at /rustc/82e1608dfa6e0b5569232559e3d385fea5a93112/library/std/src/panicking.rs:552:40
[INFO] [stdout]   53:     0x55c53bac9a27 - std::panicking::try::he3a30b11ee45340c
[INFO] [stdout]                                at /rustc/82e1608dfa6e0b5569232559e3d385fea5a93112/library/std/src/panicking.rs:516:19
[INFO] [stdout]   54:     0x55c53bac9a27 - std::panic::catch_unwind::h410458cfd3528b8b
[INFO] [stdout]                                at /rustc/82e1608dfa6e0b5569232559e3d385fea5a93112/library/std/src/panic.rs:142:14
[INFO] [stdout]   55:     0x55c53bac9a27 - std::thread::Builder::spawn_unchecked_::{{closure}}::h72ac3bdb567b737b
[INFO] [stdout]                                at /rustc/82e1608dfa6e0b5569232559e3d385fea5a93112/library/std/src/thread/mod.rs:528:30
[INFO] [stdout]   56:     0x55c53bac9a27 - core::ops::function::FnOnce::call_once{{vtable.shim}}::h38f34da3654a8344
[INFO] [stdout]                                at /rustc/82e1608dfa6e0b5569232559e3d385fea5a93112/library/core/src/ops/function.rs:250:5
[INFO] [stdout]   57:     0x55c53bb39af5 - <alloc::boxed::Box<F,A> as core::ops::function::FnOnce<Args>>::call_once::hc7eafaff61e32df9
[INFO] [stdout]                                at /rustc/82e1608dfa6e0b5569232559e3d385fea5a93112/library/alloc/src/boxed.rs:2007:9
[INFO] [stdout]   58:     0x55c53bb39af5 - <alloc::boxed::Box<F,A> as core::ops::function::FnOnce<Args>>::call_once::h6ba4a5de48dd2304
[INFO] [stdout]                                at /rustc/82e1608dfa6e0b5569232559e3d385fea5a93112/library/alloc/src/boxed.rs:2007:9
[INFO] [stdout]   59:     0x55c53bb39af5 - std::sys::unix::thread::Thread::new::thread_start::he469335aef763e45
[INFO] [stdout]                                at /rustc/82e1608dfa6e0b5569232559e3d385fea5a93112/library/std/src/sys/unix/thread.rs:108:17
[INFO] [stdout]   60:     0x7f9e39a0dac3 - <unknown>
[INFO] [stdout]   61:     0x7f9e39a9ebf4 - __clone
[INFO] [stdout]   62:                0x0 - <unknown>
[INFO] [stdout] 
[INFO] [stdout] 
[INFO] [stdout] failures:
[INFO] [stdout]     tests::lua_core
[INFO] [stdout] 
[INFO] [stdout] test result: FAILED. 5 passed; 1 failed; 0 ignored; 0 measured; 0 filtered out; finished in 0.02s
[INFO] [stdout] 
[INFO] [stderr] error: test failed, to rerun pass `--bin lxsp`
[INFO] running `Command { std: "docker" "inspect" "88c976e55c50a21d9ebe8985243f8b331774914fbf113442089cf8c4a9f6ab9f", kill_on_drop: false }`
[INFO] running `Command { std: "docker" "rm" "-f" "88c976e55c50a21d9ebe8985243f8b331774914fbf113442089cf8c4a9f6ab9f", kill_on_drop: false }`
[INFO] [stdout] 88c976e55c50a21d9ebe8985243f8b331774914fbf113442089cf8c4a9f6ab9f
[INFO] testing gardrek/lxsp against beta-2023-12-22 for beta-1.76-1
[INFO] running `Command { std: "git" "clone" "/workspace/cache/git-repos/https%3A%2F%2Fgithub.com%2Fgardrek%2Flxsp" "/workspace/builds/worker-4-tc2/source", kill_on_drop: false }`
[INFO] [stderr] Cloning into '/workspace/builds/worker-4-tc2/source'...
[INFO] [stderr] done.
[INFO] validating manifest of git repo https://github.com/gardrek/lxsp on toolchain beta-2023-12-22
[INFO] running `Command { std: CARGO_HOME="/workspace/cargo-home" RUSTUP_HOME="/workspace/rustup-home" "/workspace/cargo-home/bin/cargo" "+beta-2023-12-22" "metadata" "--manifest-path" "Cargo.toml" "--no-deps", kill_on_drop: false }`
[INFO] started tweaking git repo https://github.com/gardrek/lxsp
[INFO] finished tweaking git repo https://github.com/gardrek/lxsp
[INFO] tweaked toml for git repo https://github.com/gardrek/lxsp written to /workspace/builds/worker-4-tc2/source/Cargo.toml
[INFO] crate git repo https://github.com/gardrek/lxsp already has a lockfile, it will not be regenerated
[INFO] running `Command { std: CARGO_HOME="/workspace/cargo-home" RUSTUP_HOME="/workspace/rustup-home" "/workspace/cargo-home/bin/cargo" "+beta-2023-12-22" "fetch" "--manifest-path" "Cargo.toml", kill_on_drop: false }`
[INFO] running `Command { std: "docker" "create" "-v" "/var/lib/crater-agent-workspace/builds/worker-4-tc2/target:/opt/rustwide/target:rw,Z" "-v" "/var/lib/crater-agent-workspace/builds/worker-4-tc2/source:/opt/rustwide/workdir:ro,Z" "-v" "/var/lib/crater-agent-workspace/cargo-home:/opt/rustwide/cargo-home:ro,Z" "-v" "/var/lib/crater-agent-workspace/rustup-home:/opt/rustwide/rustup-home:ro,Z" "-e" "SOURCE_DIR=/opt/rustwide/workdir" "-e" "CARGO_TARGET_DIR=/opt/rustwide/target" "-e" "CARGO_HOME=/opt/rustwide/cargo-home" "-e" "RUSTUP_HOME=/opt/rustwide/rustup-home" "-w" "/opt/rustwide/workdir" "-m" "1610612736" "--user" "0:0" "--network" "none" "ghcr.io/rust-lang/crates-build-env/linux@sha256:2788e3201cd34a07e3172128adcd8b3090168a8e3bcc40d7c032b9dda1df7d1c" "/opt/rustwide/cargo-home/bin/cargo" "+beta-2023-12-22" "metadata" "--no-deps" "--format-version=1", kill_on_drop: false }`
[INFO] [stdout] 7e0e4b3670f17b323b5bc7aa286fad3aa6d42cccc22545c7ed5c2ad48fc78a31
[INFO] running `Command { std: "docker" "start" "-a" "7e0e4b3670f17b323b5bc7aa286fad3aa6d42cccc22545c7ed5c2ad48fc78a31", kill_on_drop: false }`
[INFO] running `Command { std: "docker" "inspect" "7e0e4b3670f17b323b5bc7aa286fad3aa6d42cccc22545c7ed5c2ad48fc78a31", kill_on_drop: false }`
[INFO] running `Command { std: "docker" "rm" "-f" "7e0e4b3670f17b323b5bc7aa286fad3aa6d42cccc22545c7ed5c2ad48fc78a31", kill_on_drop: false }`
[INFO] [stdout] 7e0e4b3670f17b323b5bc7aa286fad3aa6d42cccc22545c7ed5c2ad48fc78a31
[INFO] running `Command { std: "docker" "create" "-v" "/var/lib/crater-agent-workspace/builds/worker-4-tc2/target:/opt/rustwide/target:rw,Z" "-v" "/var/lib/crater-agent-workspace/builds/worker-4-tc2/source:/opt/rustwide/workdir:ro,Z" "-v" "/var/lib/crater-agent-workspace/cargo-home:/opt/rustwide/cargo-home:ro,Z" "-v" "/var/lib/crater-agent-workspace/rustup-home:/opt/rustwide/rustup-home:ro,Z" "-e" "SOURCE_DIR=/opt/rustwide/workdir" "-e" "CARGO_TARGET_DIR=/opt/rustwide/target" "-e" "CARGO_INCREMENTAL=0" "-e" "RUST_BACKTRACE=full" "-e" "RUSTFLAGS=--cap-lints=warn" "-e" "RUSTDOCFLAGS=--cap-lints=warn" "-e" "CARGO_HOME=/opt/rustwide/cargo-home" "-e" "RUSTUP_HOME=/opt/rustwide/rustup-home" "-w" "/opt/rustwide/workdir" "-m" "1610612736" "--user" "0:0" "--network" "none" "ghcr.io/rust-lang/crates-build-env/linux@sha256:2788e3201cd34a07e3172128adcd8b3090168a8e3bcc40d7c032b9dda1df7d1c" "/opt/rustwide/cargo-home/bin/cargo" "+beta-2023-12-22" "build" "--frozen" "--message-format=json", kill_on_drop: false }`
[INFO] [stdout] 663eac116c9e63b84b4ba1861d59182a4f597ca6770f056b2c6c0ca0417887ab
[INFO] running `Command { std: "docker" "start" "-a" "663eac116c9e63b84b4ba1861d59182a4f597ca6770f056b2c6c0ca0417887ab", kill_on_drop: false }`
[INFO] [stderr]    Compiling libc v0.2.139
[INFO] [stderr]    Compiling autocfg v1.1.0
[INFO] [stderr]    Compiling cfg-if v1.0.0
[INFO] [stderr]    Compiling version_check v0.9.4
[INFO] [stderr]    Compiling bitflags v1.3.2
[INFO] [stderr]    Compiling proc-macro2 v1.0.49
[INFO] [stderr]    Compiling unicode-ident v1.0.6
[INFO] [stderr]    Compiling log v0.4.17
[INFO] [stderr]    Compiling quote v1.0.23
[INFO] [stderr]    Compiling smallvec v1.10.0
[INFO] [stderr]    Compiling io-lifetimes v1.0.3
[INFO] [stderr]    Compiling rustix v0.36.6
[INFO] [stderr]    Compiling proc-macro-error-attr v1.0.4
[INFO] [stderr]    Compiling slab v0.4.7
[INFO] [stderr]    Compiling linux-raw-sys v0.1.4
[INFO] [stderr]    Compiling syn v1.0.107
[INFO] [stderr]    Compiling memoffset v0.6.5
[INFO] [stderr]    Compiling proc-macro-error v1.0.4
[INFO] [stderr]    Compiling scopeguard v1.1.0
[INFO] [stderr]    Compiling lock_api v0.3.4
[INFO] [stderr]    Compiling memchr v2.5.0
[INFO] [stderr]    Compiling nibble_vec v0.1.0
[INFO] [stderr]    Compiling lazy_static v1.4.0
[INFO] [stderr]    Compiling os_str_bytes v6.4.1
[INFO] [stderr]    Compiling heck v0.4.0
[INFO] [stderr]    Compiling endian-type v0.1.2
[INFO] [stderr]    Compiling clap_lex v0.3.0
[INFO] [stderr]    Compiling radix_trie v0.2.1
[INFO] [stderr]    Compiling once_cell v1.17.0
[INFO] [stderr]    Compiling unicode-segmentation v1.10.0
[INFO] [stderr]    Compiling strsim v0.10.0
[INFO] [stderr]    Compiling unicode-width v0.1.10
[INFO] [stderr]    Compiling utf8parse v0.2.0
[INFO] [stderr]    Compiling termcolor v1.1.3
[INFO] [stderr]    Compiling net2 v0.2.38
[INFO] [stderr]    Compiling iovec v0.1.4
[INFO] [stderr]    Compiling parking_lot_core v0.7.3
[INFO] [stderr]    Compiling signal-hook-registry v1.4.0
[INFO] [stderr]    Compiling dirs-sys-next v0.1.2
[INFO] [stderr]    Compiling mio v0.6.23
[INFO] [stderr]    Compiling parking_lot v0.10.2
[INFO] [stderr]    Compiling dirs-next v2.0.0
[INFO] [stderr]    Compiling nix v0.23.2
[INFO] [stderr]    Compiling signal-hook v0.1.17
[INFO] [stderr]    Compiling crossterm v0.15.0
[INFO] [stderr]    Compiling terminal v0.2.1
[INFO] [stderr]    Compiling is-terminal v0.4.2
[INFO] [stderr]    Compiling fd-lock v3.0.8
[INFO] [stderr]    Compiling clap_derive v4.0.21
[INFO] [stderr]    Compiling rustyline v9.1.2
[INFO] [stderr]    Compiling clap v4.0.32
[INFO] [stderr]    Compiling lxsp v0.1.0 (/opt/rustwide/workdir)
[INFO] [stdout] warning: unused variable: `sym`
[INFO] [stdout]   --> src/mac.rs:95:40
[INFO] [stdout]    |
[INFO] [stdout] 95 | ...                   Symbol(sym) => super::eval::default_env().eval(f)?,
[INFO] [stdout]    |                              ^^^ help: if this is intentional, prefix it with an underscore: `_sym`
[INFO] [stdout]    |
[INFO] [stdout]    = note: `#[warn(unused_variables)]` on by default
[INFO] [stdout] 
[INFO] [stdout] 
[INFO] [stdout] warning: methods `macro_eval` and `macro_expand` are never used
[INFO] [stdout]    --> src/env.rs:141:8
[INFO] [stdout]     |
[INFO] [stdout] 21  | impl LispEnv<'_> {
[INFO] [stdout]     | ---------------- methods in this implementation
[INFO] [stdout] ...
[INFO] [stdout] 141 |     fn macro_eval(&self, val: &LispValue) -> Result<LispValue, EvalError> {
[INFO] [stdout]     |        ^^^^^^^^^^
[INFO] [stdout] ...
[INFO] [stdout] 152 |     fn macro_expand(&self, _mac: &MacroValue, _args: &[LispValue]) -> Result<LispValue, EvalError> {
[INFO] [stdout]     |        ^^^^^^^^^^^^
[INFO] [stdout]     |
[INFO] [stdout]     = note: `#[warn(dead_code)]` on by default
[INFO] [stdout] 
[INFO] [stdout] 
[INFO] [stdout] warning: method `expand_symbol` is never used
[INFO] [stdout]   --> src/mac.rs:26:8
[INFO] [stdout]    |
[INFO] [stdout] 13 | impl MacroValue {
[INFO] [stdout]    | --------------- method in this implementation
[INFO] [stdout] ...
[INFO] [stdout] 26 |     fn expand_symbol<'a>(&'a self, args: &'a [Value], symbol: &'a Value) -> &'a Value {
[INFO] [stdout]    |        ^^^^^^^^^^^^^
[INFO] [stdout] 
[INFO] [stdout] 
[INFO] [stdout] warning: 3 warnings emitted
[INFO] [stdout] 
[INFO] [stdout] 
[INFO] [stderr]     Finished dev [unoptimized + debuginfo] target(s) in 7.19s
[INFO] running `Command { std: "docker" "inspect" "663eac116c9e63b84b4ba1861d59182a4f597ca6770f056b2c6c0ca0417887ab", kill_on_drop: false }`
[INFO] running `Command { std: "docker" "rm" "-f" "663eac116c9e63b84b4ba1861d59182a4f597ca6770f056b2c6c0ca0417887ab", kill_on_drop: false }`
[INFO] [stdout] 663eac116c9e63b84b4ba1861d59182a4f597ca6770f056b2c6c0ca0417887ab
[INFO] running `Command { std: "docker" "create" "-v" "/var/lib/crater-agent-workspace/builds/worker-4-tc2/target:/opt/rustwide/target:rw,Z" "-v" "/var/lib/crater-agent-workspace/builds/worker-4-tc2/source:/opt/rustwide/workdir:ro,Z" "-v" "/var/lib/crater-agent-workspace/cargo-home:/opt/rustwide/cargo-home:ro,Z" "-v" "/var/lib/crater-agent-workspace/rustup-home:/opt/rustwide/rustup-home:ro,Z" "-e" "SOURCE_DIR=/opt/rustwide/workdir" "-e" "CARGO_TARGET_DIR=/opt/rustwide/target" "-e" "CARGO_INCREMENTAL=0" "-e" "RUST_BACKTRACE=full" "-e" "RUSTFLAGS=--cap-lints=warn" "-e" "RUSTDOCFLAGS=--cap-lints=warn" "-e" "CARGO_HOME=/opt/rustwide/cargo-home" "-e" "RUSTUP_HOME=/opt/rustwide/rustup-home" "-w" "/opt/rustwide/workdir" "-m" "1610612736" "--user" "0:0" "--network" "none" "ghcr.io/rust-lang/crates-build-env/linux@sha256:2788e3201cd34a07e3172128adcd8b3090168a8e3bcc40d7c032b9dda1df7d1c" "/opt/rustwide/cargo-home/bin/cargo" "+beta-2023-12-22" "test" "--frozen" "--no-run" "--message-format=json", kill_on_drop: false }`
[INFO] [stdout] c9f14cb864d218c91813f51d9bdc0bcab73dd76330974298d6d78d842c91858c
[INFO] running `Command { std: "docker" "start" "-a" "c9f14cb864d218c91813f51d9bdc0bcab73dd76330974298d6d78d842c91858c", kill_on_drop: false }`
[INFO] [stderr]    Compiling lxsp v0.1.0 (/opt/rustwide/workdir)
[INFO] [stdout] warning: unused variable: `sym`
[INFO] [stdout]   --> src/mac.rs:95:40
[INFO] [stdout]    |
[INFO] [stdout] 95 | ...                   Symbol(sym) => super::eval::default_env().eval(f)?,
[INFO] [stdout]    |                              ^^^ help: if this is intentional, prefix it with an underscore: `_sym`
[INFO] [stdout]    |
[INFO] [stdout]    = note: `#[warn(unused_variables)]` on by default
[INFO] [stdout] 
[INFO] [stdout] 
[INFO] [stdout] warning: methods `macro_eval` and `macro_expand` are never used
[INFO] [stdout]    --> src/env.rs:141:8
[INFO] [stdout]     |
[INFO] [stdout] 21  | impl LispEnv<'_> {
[INFO] [stdout]     | ---------------- methods in this implementation
[INFO] [stdout] ...
[INFO] [stdout] 141 |     fn macro_eval(&self, val: &LispValue) -> Result<LispValue, EvalError> {
[INFO] [stdout]     |        ^^^^^^^^^^
[INFO] [stdout] ...
[INFO] [stdout] 152 |     fn macro_expand(&self, _mac: &MacroValue, _args: &[LispValue]) -> Result<LispValue, EvalError> {
[INFO] [stdout]     |        ^^^^^^^^^^^^
[INFO] [stdout]     |
[INFO] [stdout]     = note: `#[warn(dead_code)]` on by default
[INFO] [stdout] 
[INFO] [stdout] 
[INFO] [stdout] warning: method `expand_symbol` is never used
[INFO] [stdout]   --> src/mac.rs:26:8
[INFO] [stdout]    |
[INFO] [stdout] 13 | impl MacroValue {
[INFO] [stdout]    | --------------- method in this implementation
[INFO] [stdout] ...
[INFO] [stdout] 26 |     fn expand_symbol<'a>(&'a self, args: &'a [Value], symbol: &'a Value) -> &'a Value {
[INFO] [stdout]    |        ^^^^^^^^^^^^^
[INFO] [stdout] 
[INFO] [stdout] 
[INFO] [stdout] warning: 3 warnings emitted
[INFO] [stdout] 
[INFO] [stdout] 
[INFO] [stderr]     Finished test [unoptimized + debuginfo] target(s) in 0.91s
[INFO] running `Command { std: "docker" "inspect" "c9f14cb864d218c91813f51d9bdc0bcab73dd76330974298d6d78d842c91858c", kill_on_drop: false }`
[INFO] running `Command { std: "docker" "rm" "-f" "c9f14cb864d218c91813f51d9bdc0bcab73dd76330974298d6d78d842c91858c", kill_on_drop: false }`
[INFO] [stdout] c9f14cb864d218c91813f51d9bdc0bcab73dd76330974298d6d78d842c91858c
[INFO] running `Command { std: "docker" "create" "-v" "/var/lib/crater-agent-workspace/builds/worker-4-tc2/target:/opt/rustwide/target:rw,Z" "-v" "/var/lib/crater-agent-workspace/builds/worker-4-tc2/source:/opt/rustwide/workdir:ro,Z" "-v" "/var/lib/crater-agent-workspace/cargo-home:/opt/rustwide/cargo-home:ro,Z" "-v" "/var/lib/crater-agent-workspace/rustup-home:/opt/rustwide/rustup-home:ro,Z" "-e" "SOURCE_DIR=/opt/rustwide/workdir" "-e" "CARGO_TARGET_DIR=/opt/rustwide/target" "-e" "CARGO_INCREMENTAL=0" "-e" "RUST_BACKTRACE=full" "-e" "RUSTFLAGS=--cap-lints=warn" "-e" "RUSTDOCFLAGS=--cap-lints=warn" "-e" "CARGO_HOME=/opt/rustwide/cargo-home" "-e" "RUSTUP_HOME=/opt/rustwide/rustup-home" "-w" "/opt/rustwide/workdir" "-m" "1610612736" "--user" "0:0" "--network" "none" "ghcr.io/rust-lang/crates-build-env/linux@sha256:2788e3201cd34a07e3172128adcd8b3090168a8e3bcc40d7c032b9dda1df7d1c" "/opt/rustwide/cargo-home/bin/cargo" "+beta-2023-12-22" "test" "--frozen", kill_on_drop: false }`
[INFO] [stdout] b87fbdb45b830961e2e8a2b805971b08ffa9ba51e22043fdc6acbe6617634099
[INFO] running `Command { std: "docker" "start" "-a" "b87fbdb45b830961e2e8a2b805971b08ffa9ba51e22043fdc6acbe6617634099", kill_on_drop: false }`
[INFO] [stderr] warning: unused variable: `sym`
[INFO] [stderr]   --> src/mac.rs:95:40
[INFO] [stderr]    |
[INFO] [stderr] 95 | ...                   Symbol(sym) => super::eval::default_env().eval(f)?,
[INFO] [stderr]    |                              ^^^ help: if this is intentional, prefix it with an underscore: `_sym`
[INFO] [stderr]    |
[INFO] [stderr]    = note: `#[warn(unused_variables)]` on by default
[INFO] [stderr] 
[INFO] [stderr] warning: methods `macro_eval` and `macro_expand` are never used
[INFO] [stderr]    --> src/env.rs:141:8
[INFO] [stderr]     |
[INFO] [stderr] 21  | impl LispEnv<'_> {
[INFO] [stderr]     | ---------------- methods in this implementation
[INFO] [stderr] ...
[INFO] [stderr] 141 |     fn macro_eval(&self, val: &LispValue) -> Result<LispValue, EvalError> {
[INFO] [stderr]     |        ^^^^^^^^^^
[INFO] [stderr] ...
[INFO] [stderr] 152 |     fn macro_expand(&self, _mac: &MacroValue, _args: &[LispValue]) -> Result<LispValue, EvalError> {
[INFO] [stderr]     |        ^^^^^^^^^^^^
[INFO] [stderr]     |
[INFO] [stderr]     = note: `#[warn(dead_code)]` on by default
[INFO] [stderr] 
[INFO] [stderr] warning: method `expand_symbol` is never used
[INFO] [stderr]   --> src/mac.rs:26:8
[INFO] [stderr]    |
[INFO] [stderr] 13 | impl MacroValue {
[INFO] [stderr]    | --------------- method in this implementation
[INFO] [stderr] ...
[INFO] [stderr] 26 |     fn expand_symbol<'a>(&'a self, args: &'a [Value], symbol: &'a Value) -> &'a Value {
[INFO] [stderr]    |        ^^^^^^^^^^^^^
[INFO] [stderr] 
[INFO] [stderr] warning: `lxsp` (bin "lxsp" test) generated 3 warnings (run `cargo fix --bin "lxsp" --tests` to apply 1 suggestion)
[INFO] [stderr]     Finished test [unoptimized + debuginfo] target(s) in 0.03s
[INFO] [stderr]      Running unittests src/main.rs (/opt/rustwide/target/debug/deps/lxsp-c6b284765d22ce05)
[INFO] [stdout] 
[INFO] [stdout] running 6 tests
[INFO] [stdout] test tests::safe_unsafe_call ... ok
[INFO] [stdout] test tests::scan_math_test ... ok
[INFO] [stdout] test tests::unsafe_call ... ok
[INFO] [stdout] test tests::std_test ... ok
[INFO] [stdout] test tests::reduce_vs_eval ... ok
[INFO] [stdout] test tests::lua_core ... FAILED
[INFO] [stdout] 
[INFO] [stdout] failures:
[INFO] [stdout] 
[INFO] [stdout] ---- tests::lua_core stdout ----
[INFO] [stdout] thread 'tests::lua_core' panicked at src/eval/lua.rs:40:10:
[INFO] [stdout] Lua failed to start: Os { code: 2, kind: NotFound, message: "No such file or directory" }
[INFO] [stdout] stack backtrace:
[INFO] [stdout]    0:     0x5638f3d71ae6 - std::backtrace_rs::backtrace::libunwind::trace::h261606ad26a499c1
[INFO] [stdout]                                at /rustc/0e09125c6c3c2fd70d7de961bcf0e51575235fad/library/std/src/../../backtrace/src/backtrace/libunwind.rs:104:5
[INFO] [stdout]    1:     0x5638f3d71ae6 - std::backtrace_rs::backtrace::trace_unsynchronized::hd183f0625477fb28
[INFO] [stdout]                                at /rustc/0e09125c6c3c2fd70d7de961bcf0e51575235fad/library/std/src/../../backtrace/src/backtrace/mod.rs:66:5
[INFO] [stdout]    2:     0x5638f3d71ae6 - std::sys_common::backtrace::_print_fmt::hd7f8fef21b4eda67
[INFO] [stdout]                                at /rustc/0e09125c6c3c2fd70d7de961bcf0e51575235fad/library/std/src/sys_common/backtrace.rs:68:5
[INFO] [stdout]    3:     0x5638f3d71ae6 - <std::sys_common::backtrace::_print::DisplayBacktrace as core::fmt::Display>::fmt::h623d9b51f2f453f1
[INFO] [stdout]                                at /rustc/0e09125c6c3c2fd70d7de961bcf0e51575235fad/library/std/src/sys_common/backtrace.rs:44:22
[INFO] [stdout]    4:     0x5638f3d9ae10 - core::fmt::rt::Argument::fmt::h9f417ac76a86f368
[INFO] [stdout]                                at /rustc/0e09125c6c3c2fd70d7de961bcf0e51575235fad/library/core/src/fmt/rt.rs:142:9
[INFO] [stdout]    5:     0x5638f3d9ae10 - core::fmt::write::hc9b6faf4ac2aeff7
[INFO] [stdout]                                at /rustc/0e09125c6c3c2fd70d7de961bcf0e51575235fad/library/core/src/fmt/mod.rs:1120:17
[INFO] [stdout]    6:     0x5638f3d6f18f - std::io::Write::write_fmt::he04625a3a989fec3
[INFO] [stdout]                                at /rustc/0e09125c6c3c2fd70d7de961bcf0e51575235fad/library/std/src/io/mod.rs:1810:15
[INFO] [stdout]    7:     0x5638f3d718c4 - std::sys_common::backtrace::_print::hd5d66399c7df88a2
[INFO] [stdout]                                at /rustc/0e09125c6c3c2fd70d7de961bcf0e51575235fad/library/std/src/sys_common/backtrace.rs:47:5
[INFO] [stdout]    8:     0x5638f3d718c4 - std::sys_common::backtrace::print::he81ed2da642d37e5
[INFO] [stdout]                                at /rustc/0e09125c6c3c2fd70d7de961bcf0e51575235fad/library/std/src/sys_common/backtrace.rs:34:9
[INFO] [stdout]    9:     0x5638f3d73637 - std::panicking::default_hook::{{closure}}::h85773f4fa117163d
[INFO] [stdout]   10:     0x5638f3d7331d - std::panicking::default_hook::h6a1694a91d09b278
[INFO] [stdout]                                at /rustc/0e09125c6c3c2fd70d7de961bcf0e51575235fad/library/std/src/panicking.rs:289:9
[INFO] [stdout]   11:     0x5638f3d33a97 - <alloc::boxed::Box<F,A> as core::ops::function::Fn<Args>>::call::h616ac37fa3cd6c8f
[INFO] [stdout]                                at /rustc/0e09125c6c3c2fd70d7de961bcf0e51575235fad/library/alloc/src/boxed.rs:2029:9
[INFO] [stdout]   12:     0x5638f3d33a97 - test::test_main::{{closure}}::h00d84697cefdcbb6
[INFO] [stdout]                                at /rustc/0e09125c6c3c2fd70d7de961bcf0e51575235fad/library/test/src/lib.rs:138:21
[INFO] [stdout]   13:     0x5638f3d73c56 - <alloc::boxed::Box<F,A> as core::ops::function::Fn<Args>>::call::hcb3fe3b9bb537ba8
[INFO] [stdout]                                at /rustc/0e09125c6c3c2fd70d7de961bcf0e51575235fad/library/alloc/src/boxed.rs:2029:9
[INFO] [stdout]   14:     0x5638f3d73c56 - std::panicking::rust_panic_with_hook::h0a7ad96e90f7145b
[INFO] [stdout]                                at /rustc/0e09125c6c3c2fd70d7de961bcf0e51575235fad/library/std/src/panicking.rs:783:13
[INFO] [stdout]   15:     0x5638f3d739a2 - std::panicking::begin_panic_handler::{{closure}}::h7919090525c6485e
[INFO] [stdout]                                at /rustc/0e09125c6c3c2fd70d7de961bcf0e51575235fad/library/std/src/panicking.rs:657:13
[INFO] [stdout]   16:     0x5638f3d71fe6 - std::sys_common::backtrace::__rust_end_short_backtrace::hf3289479464f7dfe
[INFO] [stdout]                                at /rustc/0e09125c6c3c2fd70d7de961bcf0e51575235fad/library/std/src/sys_common/backtrace.rs:171:18
[INFO] [stdout]   17:     0x5638f3d73700 - rust_begin_unwind
[INFO] [stdout]                                at /rustc/0e09125c6c3c2fd70d7de961bcf0e51575235fad/library/std/src/panicking.rs:645:5
[INFO] [stdout]   18:     0x5638f3cd2f45 - core::panicking::panic_fmt::hcc9f77c5c132af55
[INFO] [stdout]                                at /rustc/0e09125c6c3c2fd70d7de961bcf0e51575235fad/library/core/src/panicking.rs:72:14
[INFO] [stdout]   19:     0x5638f3cd3543 - core::result::unwrap_failed::hbe14f498be1452f9
[INFO] [stdout]                                at /rustc/0e09125c6c3c2fd70d7de961bcf0e51575235fad/library/core/src/result.rs:1649:5
[INFO] [stdout]   20:     0x5638f3cd8ce5 - core::result::Result<T,E>::expect::h1594241afac0f5bd
[INFO] [stdout]                                at /rustc/0e09125c6c3c2fd70d7de961bcf0e51575235fad/library/core/src/result.rs:1030:23
[INFO] [stdout]   21:     0x5638f3ce6bc7 - lxsp::eval::lua::run_lua_file::hf6eb0a4b122e6834
[INFO] [stdout]                                at /opt/rustwide/workdir/src/eval/lua.rs:37:17
[INFO] [stdout]   22:     0x5638f3ce6fcb - lxsp::eval::lua::run_lua_file_from_lisp_args::hb500f759fcaae365
[INFO] [stdout]                                at /opt/rustwide/workdir/src/eval/lua.rs:61:18
[INFO] [stdout]   23:     0x5638f3cf4049 - lxsp::env::LispEnv::apply::h47ef135180c8a5c8
[INFO] [stdout]                                at /opt/rustwide/workdir/src/env.rs:280:17
[INFO] [stdout]   24:     0x5638f3cf33f8 - lxsp::env::LispEnv::outer_apply::hf85c82d016932bcd
[INFO] [stdout]                                at /opt/rustwide/workdir/src/env.rs:126:52
[INFO] [stdout]   25:     0x5638f3cf3069 - lxsp::env::LispEnv::delegated_eval::he8f2011c17353acc
[INFO] [stdout]                                at /opt/rustwide/workdir/src/env.rs:114:30
[INFO] [stdout]   26:     0x5638f3cf3431 - lxsp::env::LispEnv::eval_::h2022362dbd64e0be
[INFO] [stdout]                                at /opt/rustwide/workdir/src/env.rs:138:9
[INFO] [stdout]   27:     0x5638f3cf2aaa - lxsp::env::LispEnv::eval::h8d6baf95c5e65d9e
[INFO] [stdout]                                at /opt/rustwide/workdir/src/env.rs:86:9
[INFO] [stdout]   28:     0x5638f3ce0c7b - lxsp::eval::default_env::{{closure}}::hf0a505ae8796e58d
[INFO] [stdout]                                at /opt/rustwide/workdir/src/eval.rs:312:20
[INFO] [stdout]   29:     0x5638f3cef9f3 - core::ops::function::FnOnce::call_once::hd83a6c2c6781c401
[INFO] [stdout]                                at /rustc/0e09125c6c3c2fd70d7de961bcf0e51575235fad/library/core/src/ops/function.rs:250:5
[INFO] [stdout]   30:     0x5638f3cf3f45 - lxsp::env::LispEnv::apply::h47ef135180c8a5c8
[INFO] [stdout]                                at /opt/rustwide/workdir/src/env.rs:273:27
[INFO] [stdout]   31:     0x5638f3cf33f8 - lxsp::env::LispEnv::outer_apply::hf85c82d016932bcd
[INFO] [stdout]                                at /opt/rustwide/workdir/src/env.rs:126:52
[INFO] [stdout]   32:     0x5638f3cf3069 - lxsp::env::LispEnv::delegated_eval::he8f2011c17353acc
[INFO] [stdout]                                at /opt/rustwide/workdir/src/env.rs:114:30
[INFO] [stdout]   33:     0x5638f3cf3431 - lxsp::env::LispEnv::eval_::h2022362dbd64e0be
[INFO] [stdout]                                at /opt/rustwide/workdir/src/env.rs:138:9
[INFO] [stdout]   34:     0x5638f3cf2aaa - lxsp::env::LispEnv::eval::h8d6baf95c5e65d9e
[INFO] [stdout]                                at /opt/rustwide/workdir/src/env.rs:86:9
[INFO] [stdout]   35:     0x5638f3ce8dd8 - lxsp::parse_eval::h09e25bc92d7f5569
[INFO] [stdout]                                at /opt/rustwide/workdir/src/main.rs:32:8
[INFO] [stdout]   36:     0x5638f3ce9852 - lxsp::tests::lua_core::h3564b9b8eea5dab2
[INFO] [stdout]                                at /opt/rustwide/workdir/src/tests.rs:41:5
[INFO] [stdout]   37:     0x5638f3ce9807 - lxsp::tests::lua_core::{{closure}}::hf90376507ab2c5cd
[INFO] [stdout]                                at /opt/rustwide/workdir/src/tests.rs:38:14
[INFO] [stdout]   38:     0x5638f3cef3b6 - core::ops::function::FnOnce::call_once::h47a3a791d3637d93
[INFO] [stdout]                                at /rustc/0e09125c6c3c2fd70d7de961bcf0e51575235fad/library/core/src/ops/function.rs:250:5
[INFO] [stdout]   39:     0x5638f3d3936f - core::ops::function::FnOnce::call_once::hd64d26f405258157
[INFO] [stdout]                                at /rustc/0e09125c6c3c2fd70d7de961bcf0e51575235fad/library/core/src/ops/function.rs:250:5
[INFO] [stdout]   40:     0x5638f3d3936f - test::__rust_begin_short_backtrace::he21b0b7a6d731bf9
[INFO] [stdout]                                at /rustc/0e09125c6c3c2fd70d7de961bcf0e51575235fad/library/test/src/lib.rs:627:18
[INFO] [stdout]   41:     0x5638f3d380f1 - test::run_test_in_process::{{closure}}::hf5c73986d7bdfde2
[INFO] [stdout]                                at /rustc/0e09125c6c3c2fd70d7de961bcf0e51575235fad/library/test/src/lib.rs:650:60
[INFO] [stdout]   42:     0x5638f3d380f1 - <core::panic::unwind_safe::AssertUnwindSafe<F> as core::ops::function::FnOnce<()>>::call_once::h330011ad032aadc0
[INFO] [stdout]                                at /rustc/0e09125c6c3c2fd70d7de961bcf0e51575235fad/library/core/src/panic/unwind_safe.rs:272:9
[INFO] [stdout]   43:     0x5638f3d380f1 - std::panicking::try::do_call::he61b0a958b795a41
[INFO] [stdout]                                at /rustc/0e09125c6c3c2fd70d7de961bcf0e51575235fad/library/std/src/panicking.rs:552:40
[INFO] [stdout]   44:     0x5638f3d380f1 - std::panicking::try::h7309da130f906eb7
[INFO] [stdout]                                at /rustc/0e09125c6c3c2fd70d7de961bcf0e51575235fad/library/std/src/panicking.rs:516:19
[INFO] [stdout]   45:     0x5638f3d380f1 - std::panic::catch_unwind::hc5c3a06fdaf0a92a
[INFO] [stdout]                                at /rustc/0e09125c6c3c2fd70d7de961bcf0e51575235fad/library/std/src/panic.rs:142:14
[INFO] [stdout]   46:     0x5638f3d380f1 - test::run_test_in_process::h7e7b7c71c3324e0f
[INFO] [stdout]                                at /rustc/0e09125c6c3c2fd70d7de961bcf0e51575235fad/library/test/src/lib.rs:650:27
[INFO] [stdout]   47:     0x5638f3d380f1 - test::run_test::{{closure}}::h1f509f28f5cf20b1
[INFO] [stdout]                                at /rustc/0e09125c6c3c2fd70d7de961bcf0e51575235fad/library/test/src/lib.rs:573:43
[INFO] [stdout]   48:     0x5638f3cff426 - test::run_test::{{closure}}::h1754218abf443f6d
[INFO] [stdout]                                at /rustc/0e09125c6c3c2fd70d7de961bcf0e51575235fad/library/test/src/lib.rs:601:41
[INFO] [stdout]   49:     0x5638f3cff426 - std::sys_common::backtrace::__rust_begin_short_backtrace::h2ee174b9d5954948
[INFO] [stdout]                                at /rustc/0e09125c6c3c2fd70d7de961bcf0e51575235fad/library/std/src/sys_common/backtrace.rs:155:18
[INFO] [stdout]   50:     0x5638f3d04487 - std::thread::Builder::spawn_unchecked_::{{closure}}::{{closure}}::hf60bee9c1a17ef09
[INFO] [stdout]                                at /rustc/0e09125c6c3c2fd70d7de961bcf0e51575235fad/library/std/src/thread/mod.rs:529:17
[INFO] [stdout]   51:     0x5638f3d04487 - <core::panic::unwind_safe::AssertUnwindSafe<F> as core::ops::function::FnOnce<()>>::call_once::h33d0dddec5216160
[INFO] [stdout]                                at /rustc/0e09125c6c3c2fd70d7de961bcf0e51575235fad/library/core/src/panic/unwind_safe.rs:272:9
[INFO] [stdout]   52:     0x5638f3d04487 - std::panicking::try::do_call::h144b3048b546f835
[INFO] [stdout]                                at /rustc/0e09125c6c3c2fd70d7de961bcf0e51575235fad/library/std/src/panicking.rs:552:40
[INFO] [stdout]   53:     0x5638f3d04487 - std::panicking::try::h978244d04646189f
[INFO] [stdout]                                at /rustc/0e09125c6c3c2fd70d7de961bcf0e51575235fad/library/std/src/panicking.rs:516:19
[INFO] [stdout]   54:     0x5638f3d04487 - std::panic::catch_unwind::hdf436369d188fe86
[INFO] [stdout]                                at /rustc/0e09125c6c3c2fd70d7de961bcf0e51575235fad/library/std/src/panic.rs:142:14
[INFO] [stdout]   55:     0x5638f3d04487 - std::thread::Builder::spawn_unchecked_::{{closure}}::h87329cbdd33c79ec
[INFO] [stdout]                                at /rustc/0e09125c6c3c2fd70d7de961bcf0e51575235fad/library/std/src/thread/mod.rs:528:30
[INFO] [stdout]   56:     0x5638f3d04487 - core::ops::function::FnOnce::call_once{{vtable.shim}}::h401abbe67897d450
[INFO] [stdout]                                at /rustc/0e09125c6c3c2fd70d7de961bcf0e51575235fad/library/core/src/ops/function.rs:250:5
[INFO] [stdout]   57:     0x5638f3d787e5 - <alloc::boxed::Box<F,A> as core::ops::function::FnOnce<Args>>::call_once::h5d7c8f150ab9c84c
[INFO] [stdout]                                at /rustc/0e09125c6c3c2fd70d7de961bcf0e51575235fad/library/alloc/src/boxed.rs:2015:9
[INFO] [stdout]   58:     0x5638f3d787e5 - <alloc::boxed::Box<F,A> as core::ops::function::FnOnce<Args>>::call_once::h570d5b005c242c15
[INFO] [stdout]                                at /rustc/0e09125c6c3c2fd70d7de961bcf0e51575235fad/library/alloc/src/boxed.rs:2015:9
[INFO] [stdout]   59:     0x5638f3d787e5 - std::sys::unix::thread::Thread::new::thread_start::h36b0a20c0b2361ad
[INFO] [stdout]                                at /rustc/0e09125c6c3c2fd70d7de961bcf0e51575235fad/library/std/src/sys/unix/thread.rs:108:17
[INFO] [stdout]   60:     0x7f7e1fd96ac3 - <unknown>
[INFO] [stdout]   61:     0x7f7e1fe27bf4 - __clone
[INFO] [stdout]   62:                0x0 - <unknown>
[INFO] [stdout] 
[INFO] [stdout] 
[INFO] [stdout] failures:
[INFO] [stdout]     tests::lua_core
[INFO] [stdout] 
[INFO] [stdout] test result: FAILED. 5 passed; 1 failed; 0 ignored; 0 measured; 0 filtered out; finished in 0.02s
[INFO] [stdout] 
[INFO] [stderr] error: test failed, to rerun pass `--bin lxsp`
[INFO] running `Command { std: "docker" "inspect" "b87fbdb45b830961e2e8a2b805971b08ffa9ba51e22043fdc6acbe6617634099", kill_on_drop: false }`
[INFO] running `Command { std: "docker" "rm" "-f" "b87fbdb45b830961e2e8a2b805971b08ffa9ba51e22043fdc6acbe6617634099", kill_on_drop: false }`
[INFO] [stdout] b87fbdb45b830961e2e8a2b805971b08ffa9ba51e22043fdc6acbe6617634099
