[INFO] cloning repository https://github.com/fritz0705/minitex
[INFO] running `Command { std: "git" "-c" "credential.helper=" "-c" "credential.helper=/workspace/cargo-home/bin/git-credential-null" "clone" "--bare" "https://github.com/fritz0705/minitex" "/workspace/cache/git-repos/https%3A%2F%2Fgithub.com%2Ffritz0705%2Fminitex", kill_on_drop: false }`
[INFO] [stderr] Cloning into bare repository '/workspace/cache/git-repos/https%3A%2F%2Fgithub.com%2Ffritz0705%2Fminitex'...
[INFO] running `Command { std: "git" "rev-parse" "HEAD", kill_on_drop: false }`
[INFO] [stdout] 22ca3c369230900700506ece37c2d4dc8dc5dd55
[INFO] testing fritz0705/minitex against 1.75.0 for beta-1.76-1
[INFO] running `Command { std: "git" "clone" "/workspace/cache/git-repos/https%3A%2F%2Fgithub.com%2Ffritz0705%2Fminitex" "/workspace/builds/worker-3-tc1/source", kill_on_drop: false }`
[INFO] [stderr] Cloning into '/workspace/builds/worker-3-tc1/source'...
[INFO] [stderr] done.
[INFO] validating manifest of git repo https://github.com/fritz0705/minitex on toolchain 1.75.0
[INFO] running `Command { std: CARGO_HOME="/workspace/cargo-home" RUSTUP_HOME="/workspace/rustup-home" "/workspace/cargo-home/bin/cargo" "+1.75.0" "metadata" "--manifest-path" "Cargo.toml" "--no-deps", kill_on_drop: false }`
[INFO] started tweaking git repo https://github.com/fritz0705/minitex
[INFO] finished tweaking git repo https://github.com/fritz0705/minitex
[INFO] tweaked toml for git repo https://github.com/fritz0705/minitex written to /workspace/builds/worker-3-tc1/source/Cargo.toml
[INFO] crate git repo https://github.com/fritz0705/minitex already has a lockfile, it will not be regenerated
[INFO] running `Command { std: CARGO_HOME="/workspace/cargo-home" RUSTUP_HOME="/workspace/rustup-home" "/workspace/cargo-home/bin/cargo" "+1.75.0" "fetch" "--manifest-path" "Cargo.toml", kill_on_drop: false }`
[INFO] [stderr]     Updating crates.io index
[INFO] [stderr]  Downloading crates ...
[INFO] [stderr]   Downloaded pathfinder_simd v0.5.0
[INFO] [stderr]   Downloaded dwrote v0.10.0
[INFO] [stderr]   Downloaded core-text v13.3.2
[INFO] [stderr]   Downloaded font-kit v0.6.0
[INFO] [stderr]   Downloaded harfbuzz-sys v0.3.4
[INFO] [stderr]   Downloaded harfbuzz v0.3.1
[INFO] [stderr]   Downloaded skribo v0.1.0
[INFO] running `Command { std: "docker" "create" "-v" "/var/lib/crater-agent-workspace/builds/worker-3-tc1/target:/opt/rustwide/target:rw,Z" "-v" "/var/lib/crater-agent-workspace/builds/worker-3-tc1/source:/opt/rustwide/workdir:ro,Z" "-v" "/var/lib/crater-agent-workspace/cargo-home:/opt/rustwide/cargo-home:ro,Z" "-v" "/var/lib/crater-agent-workspace/rustup-home:/opt/rustwide/rustup-home:ro,Z" "-e" "SOURCE_DIR=/opt/rustwide/workdir" "-e" "CARGO_TARGET_DIR=/opt/rustwide/target" "-e" "CARGO_HOME=/opt/rustwide/cargo-home" "-e" "RUSTUP_HOME=/opt/rustwide/rustup-home" "-w" "/opt/rustwide/workdir" "-m" "1610612736" "--user" "0:0" "--network" "none" "ghcr.io/rust-lang/crates-build-env/linux@sha256:2788e3201cd34a07e3172128adcd8b3090168a8e3bcc40d7c032b9dda1df7d1c" "/opt/rustwide/cargo-home/bin/cargo" "+1.75.0" "metadata" "--no-deps" "--format-version=1", kill_on_drop: false }`
[INFO] [stdout] 91640e8d7cd3ad2e8e36728e136cada9e8ebc0336b15254c7f9e5eaa61ee27ac
[INFO] running `Command { std: "docker" "start" "-a" "91640e8d7cd3ad2e8e36728e136cada9e8ebc0336b15254c7f9e5eaa61ee27ac", kill_on_drop: false }`
[INFO] running `Command { std: "docker" "inspect" "91640e8d7cd3ad2e8e36728e136cada9e8ebc0336b15254c7f9e5eaa61ee27ac", kill_on_drop: false }`
[INFO] running `Command { std: "docker" "rm" "-f" "91640e8d7cd3ad2e8e36728e136cada9e8ebc0336b15254c7f9e5eaa61ee27ac", kill_on_drop: false }`
[INFO] [stdout] 91640e8d7cd3ad2e8e36728e136cada9e8ebc0336b15254c7f9e5eaa61ee27ac
[INFO] running `Command { std: "docker" "create" "-v" "/var/lib/crater-agent-workspace/builds/worker-3-tc1/target:/opt/rustwide/target:rw,Z" "-v" "/var/lib/crater-agent-workspace/builds/worker-3-tc1/source:/opt/rustwide/workdir:ro,Z" "-v" "/var/lib/crater-agent-workspace/cargo-home:/opt/rustwide/cargo-home:ro,Z" "-v" "/var/lib/crater-agent-workspace/rustup-home:/opt/rustwide/rustup-home:ro,Z" "-e" "SOURCE_DIR=/opt/rustwide/workdir" "-e" "CARGO_TARGET_DIR=/opt/rustwide/target" "-e" "CARGO_INCREMENTAL=0" "-e" "RUST_BACKTRACE=full" "-e" "RUSTFLAGS=--cap-lints=warn" "-e" "RUSTDOCFLAGS=--cap-lints=warn" "-e" "CARGO_HOME=/opt/rustwide/cargo-home" "-e" "RUSTUP_HOME=/opt/rustwide/rustup-home" "-w" "/opt/rustwide/workdir" "-m" "1610612736" "--user" "0:0" "--network" "none" "ghcr.io/rust-lang/crates-build-env/linux@sha256:2788e3201cd34a07e3172128adcd8b3090168a8e3bcc40d7c032b9dda1df7d1c" "/opt/rustwide/cargo-home/bin/cargo" "+1.75.0" "build" "--frozen" "--message-format=json", kill_on_drop: false }`
[INFO] [stdout] a728d5bc6fb13a6126774c37bc6c8e2a67d1b3f4618ea4b2b2ff0ba709aa7cdf
[INFO] running `Command { std: "docker" "start" "-a" "a728d5bc6fb13a6126774c37bc6c8e2a67d1b3f4618ea4b2b2ff0ba709aa7cdf", kill_on_drop: false }`
[INFO] [stderr]    Compiling pkg-config v0.3.18
[INFO] [stderr]    Compiling cc v1.0.59
[INFO] [stderr]    Compiling libc v0.2.74
[INFO] [stderr]    Compiling log v0.4.11
[INFO] [stderr]    Compiling byteorder v1.3.4
[INFO] [stderr]    Compiling same-file v1.0.6
[INFO] [stderr]    Compiling tinyvec v0.3.4
[INFO] [stderr]    Compiling float-ord v0.2.0
[INFO] [stderr]    Compiling pathfinder_simd v0.5.0
[INFO] [stderr]    Compiling walkdir v2.3.1
[INFO] [stderr]    Compiling unicode-normalization v0.1.13
[INFO] [stderr]    Compiling servo-fontconfig-sys v4.0.9
[INFO] [stderr]    Compiling cmake v0.1.44
[INFO] [stderr]    Compiling harfbuzz-sys v0.3.4
[INFO] [stderr]    Compiling servo-freetype-sys v4.0.5
[INFO] [stderr]    Compiling expat-sys v2.1.6
[INFO] [stderr]    Compiling dirs-sys v0.3.5
[INFO] [stderr]    Compiling pathfinder_geometry v0.5.1
[INFO] [stderr]    Compiling dirs v2.0.2
[INFO] [stderr]    Compiling freetype v0.4.1
[INFO] [stderr]    Compiling servo-fontconfig v0.4.0
[INFO] [stderr]    Compiling font-kit v0.6.0
[INFO] [stderr]    Compiling harfbuzz v0.3.1
[INFO] [stderr]    Compiling skribo v0.1.0
[INFO] [stderr]    Compiling minitex v0.1.0 (/opt/rustwide/workdir)
[INFO] [stdout] warning: variable `last_box` is assigned to, but never used
[INFO] [stdout]   --> src/main.rs:16:13
[INFO] [stdout]    |
[INFO] [stdout] 16 |     let mut last_box = None;
[INFO] [stdout]    |             ^^^^^^^^
[INFO] [stdout]    |
[INFO] [stdout]    = note: consider using `_last_box` instead
[INFO] [stdout]    = note: `#[warn(unused_variables)]` on by default
[INFO] [stdout] 
[INFO] [stdout] 
[INFO] [stdout] warning: unused variable: `breakpoint`
[INFO] [stdout]   --> src/main.rs:18:13
[INFO] [stdout]    |
[INFO] [stdout] 18 |         let breakpoint = if let Some(bp) = breakpoints.last() {
[INFO] [stdout]    |             ^^^^^^^^^^ help: if this is intentional, prefix it with an underscore: `_breakpoint`
[INFO] [stdout] 
[INFO] [stdout] 
[INFO] [stdout] warning: value assigned to `last_box` is never read
[INFO] [stdout]   --> src/main.rs:36:13
[INFO] [stdout]    |
[INFO] [stdout] 36 |             last_box = Some(node);
[INFO] [stdout]    |             ^^^^^^^^
[INFO] [stdout]    |
[INFO] [stdout]    = help: maybe it is overwritten before being read?
[INFO] [stdout]    = note: `#[warn(unused_assignments)]` on by default
[INFO] [stdout] 
[INFO] [stdout] 
[INFO] [stdout] warning: function `build_graph` is never used
[INFO] [stdout]   --> src/main.rs:10:4
[INFO] [stdout]    |
[INFO] [stdout] 10 | fn build_graph<D: std::fmt::Debug + Copy>(nodes: &[Node<D>],
[INFO] [stdout]    |    ^^^^^^^^^^^
[INFO] [stdout]    |
[INFO] [stdout]    = note: `#[warn(dead_code)]` on by default
[INFO] [stdout] 
[INFO] [stdout] 
[INFO] [stdout] warning: 4 warnings emitted
[INFO] [stdout] 
[INFO] [stdout] 
[INFO] [stderr]     Finished dev [unoptimized + debuginfo] target(s) in 2.06s
[INFO] running `Command { std: "docker" "inspect" "a728d5bc6fb13a6126774c37bc6c8e2a67d1b3f4618ea4b2b2ff0ba709aa7cdf", kill_on_drop: false }`
[INFO] running `Command { std: "docker" "rm" "-f" "a728d5bc6fb13a6126774c37bc6c8e2a67d1b3f4618ea4b2b2ff0ba709aa7cdf", kill_on_drop: false }`
[INFO] [stdout] a728d5bc6fb13a6126774c37bc6c8e2a67d1b3f4618ea4b2b2ff0ba709aa7cdf
[INFO] running `Command { std: "docker" "create" "-v" "/var/lib/crater-agent-workspace/builds/worker-3-tc1/target:/opt/rustwide/target:rw,Z" "-v" "/var/lib/crater-agent-workspace/builds/worker-3-tc1/source:/opt/rustwide/workdir:ro,Z" "-v" "/var/lib/crater-agent-workspace/cargo-home:/opt/rustwide/cargo-home:ro,Z" "-v" "/var/lib/crater-agent-workspace/rustup-home:/opt/rustwide/rustup-home:ro,Z" "-e" "SOURCE_DIR=/opt/rustwide/workdir" "-e" "CARGO_TARGET_DIR=/opt/rustwide/target" "-e" "CARGO_INCREMENTAL=0" "-e" "RUST_BACKTRACE=full" "-e" "RUSTFLAGS=--cap-lints=warn" "-e" "RUSTDOCFLAGS=--cap-lints=warn" "-e" "CARGO_HOME=/opt/rustwide/cargo-home" "-e" "RUSTUP_HOME=/opt/rustwide/rustup-home" "-w" "/opt/rustwide/workdir" "-m" "1610612736" "--user" "0:0" "--network" "none" "ghcr.io/rust-lang/crates-build-env/linux@sha256:2788e3201cd34a07e3172128adcd8b3090168a8e3bcc40d7c032b9dda1df7d1c" "/opt/rustwide/cargo-home/bin/cargo" "+1.75.0" "test" "--frozen" "--no-run" "--message-format=json", kill_on_drop: false }`
[INFO] [stdout] b624119c4378697674ca1ac701cb90da52f07fb36e64875860b49a26544a82f7
[INFO] running `Command { std: "docker" "start" "-a" "b624119c4378697674ca1ac701cb90da52f07fb36e64875860b49a26544a82f7", kill_on_drop: false }`
[INFO] [stderr]    Compiling minitex v0.1.0 (/opt/rustwide/workdir)
[INFO] [stdout] warning: variable `last_box` is assigned to, but never used
[INFO] [stdout]   --> src/main.rs:16:13
[INFO] [stdout]    |
[INFO] [stdout] 16 |     let mut last_box = None;
[INFO] [stdout]    |             ^^^^^^^^
[INFO] [stdout]    |
[INFO] [stdout]    = note: consider using `_last_box` instead
[INFO] [stdout]    = note: `#[warn(unused_variables)]` on by default
[INFO] [stdout] 
[INFO] [stdout] 
[INFO] [stdout] warning: unused variable: `breakpoint`
[INFO] [stdout]   --> src/main.rs:18:13
[INFO] [stdout]    |
[INFO] [stdout] 18 |         let breakpoint = if let Some(bp) = breakpoints.last() {
[INFO] [stdout]    |             ^^^^^^^^^^ help: if this is intentional, prefix it with an underscore: `_breakpoint`
[INFO] [stdout] 
[INFO] [stdout] 
[INFO] [stdout] warning: value assigned to `last_box` is never read
[INFO] [stdout]   --> src/main.rs:36:13
[INFO] [stdout]    |
[INFO] [stdout] 36 |             last_box = Some(node);
[INFO] [stdout]    |             ^^^^^^^^
[INFO] [stdout]    |
[INFO] [stdout]    = help: maybe it is overwritten before being read?
[INFO] [stdout]    = note: `#[warn(unused_assignments)]` on by default
[INFO] [stdout] 
[INFO] [stdout] 
[INFO] [stdout] warning: function `build_graph` is never used
[INFO] [stdout]   --> src/main.rs:10:4
[INFO] [stdout]    |
[INFO] [stdout] 10 | fn build_graph<D: std::fmt::Debug + Copy>(nodes: &[Node<D>],
[INFO] [stdout]    |    ^^^^^^^^^^^
[INFO] [stdout]    |
[INFO] [stdout]    = note: `#[warn(dead_code)]` on by default
[INFO] [stdout] 
[INFO] [stdout] 
[INFO] [stdout] warning: 4 warnings emitted
[INFO] [stdout] 
[INFO] [stdout] 
[INFO] [stderr]     Finished test [unoptimized + debuginfo] target(s) in 0.25s
[INFO] running `Command { std: "docker" "inspect" "b624119c4378697674ca1ac701cb90da52f07fb36e64875860b49a26544a82f7", kill_on_drop: false }`
[INFO] running `Command { std: "docker" "rm" "-f" "b624119c4378697674ca1ac701cb90da52f07fb36e64875860b49a26544a82f7", kill_on_drop: false }`
[INFO] [stdout] b624119c4378697674ca1ac701cb90da52f07fb36e64875860b49a26544a82f7
[INFO] running `Command { std: "docker" "create" "-v" "/var/lib/crater-agent-workspace/builds/worker-3-tc1/target:/opt/rustwide/target:rw,Z" "-v" "/var/lib/crater-agent-workspace/builds/worker-3-tc1/source:/opt/rustwide/workdir:ro,Z" "-v" "/var/lib/crater-agent-workspace/cargo-home:/opt/rustwide/cargo-home:ro,Z" "-v" "/var/lib/crater-agent-workspace/rustup-home:/opt/rustwide/rustup-home:ro,Z" "-e" "SOURCE_DIR=/opt/rustwide/workdir" "-e" "CARGO_TARGET_DIR=/opt/rustwide/target" "-e" "CARGO_INCREMENTAL=0" "-e" "RUST_BACKTRACE=full" "-e" "RUSTFLAGS=--cap-lints=warn" "-e" "RUSTDOCFLAGS=--cap-lints=warn" "-e" "CARGO_HOME=/opt/rustwide/cargo-home" "-e" "RUSTUP_HOME=/opt/rustwide/rustup-home" "-w" "/opt/rustwide/workdir" "-m" "1610612736" "--user" "0:0" "--network" "none" "ghcr.io/rust-lang/crates-build-env/linux@sha256:2788e3201cd34a07e3172128adcd8b3090168a8e3bcc40d7c032b9dda1df7d1c" "/opt/rustwide/cargo-home/bin/cargo" "+1.75.0" "test" "--frozen", kill_on_drop: false }`
[INFO] [stdout] 6e27a9a882a7657dd67619d43d154c50026afcd150479b4ff82c36c04e73a612
[INFO] running `Command { std: "docker" "start" "-a" "6e27a9a882a7657dd67619d43d154c50026afcd150479b4ff82c36c04e73a612", kill_on_drop: false }`
[INFO] [stderr] warning: variable `last_box` is assigned to, but never used
[INFO] [stderr]   --> src/main.rs:16:13
[INFO] [stderr]    |
[INFO] [stderr] 16 |     let mut last_box = None;
[INFO] [stderr]    |             ^^^^^^^^
[INFO] [stderr]    |
[INFO] [stderr]    = note: consider using `_last_box` instead
[INFO] [stderr]    = note: `#[warn(unused_variables)]` on by default
[INFO] [stderr] 
[INFO] [stderr] warning: unused variable: `breakpoint`
[INFO] [stderr]   --> src/main.rs:18:13
[INFO] [stderr]    |
[INFO] [stderr] 18 |         let breakpoint = if let Some(bp) = breakpoints.last() {
[INFO] [stderr]    |             ^^^^^^^^^^ help: if this is intentional, prefix it with an underscore: `_breakpoint`
[INFO] [stderr] 
[INFO] [stderr] warning: value assigned to `last_box` is never read
[INFO] [stderr]   --> src/main.rs:36:13
[INFO] [stderr]    |
[INFO] [stderr] 36 |             last_box = Some(node);
[INFO] [stderr]    |             ^^^^^^^^
[INFO] [stderr]    |
[INFO] [stderr]    = help: maybe it is overwritten before being read?
[INFO] [stderr]    = note: `#[warn(unused_assignments)]` on by default
[INFO] [stderr] 
[INFO] [stderr] warning: function `build_graph` is never used
[INFO] [stderr]   --> src/main.rs:10:4
[INFO] [stderr]    |
[INFO] [stderr] 10 | fn build_graph<D: std::fmt::Debug + Copy>(nodes: &[Node<D>],
[INFO] [stderr]    |    ^^^^^^^^^^^
[INFO] [stderr]    |
[INFO] [stderr]    = note: `#[warn(dead_code)]` on by default
[INFO] [stderr] 
[INFO] [stderr] warning: `minitex` (bin "minitex" test) generated 4 warnings (run `cargo fix --bin "minitex" --tests` to apply 1 suggestion)
[INFO] [stderr]     Finished test [unoptimized + debuginfo] target(s) in 0.02s
[INFO] [stderr]      Running unittests src/lib.rs (/opt/rustwide/target/debug/deps/minitex-ab79aaa9c6ecc033)
[INFO] [stdout] 
[INFO] [stdout] running 0 tests
[INFO] [stdout] 
[INFO] [stdout] test result: ok. 0 passed; 0 failed; 0 ignored; 0 measured; 0 filtered out; finished in 0.00s
[INFO] [stdout] 
[INFO] [stderr]      Running unittests src/main.rs (/opt/rustwide/target/debug/deps/minitex-ed2e2c7f5753f07a)
[INFO] [stdout] 
[INFO] [stdout] running 0 tests
[INFO] [stdout] 
[INFO] [stdout] test result: ok. 0 passed; 0 failed; 0 ignored; 0 measured; 0 filtered out; finished in 0.00s
[INFO] [stdout] 
[INFO] [stderr]    Doc-tests minitex
[INFO] [stdout] 
[INFO] [stdout] running 1 test
[INFO] [stdout] test src/linebreak.rs - linebreak::Node<D>::new_discretionary (line 191) ... FAILED
[INFO] [stdout] 
[INFO] [stdout] failures:
[INFO] [stdout] 
[INFO] [stdout] ---- src/linebreak.rs - linebreak::Node<D>::new_discretionary (line 191) stdout ----
[INFO] [stdout] error: unexpected token: `...`
[INFO] [stdout]  --> src/linebreak.rs:192:31
[INFO] [stdout]   |
[INFO] [stdout] 3 | let mut nodes: Vec<Node<D>> = ...;
[INFO] [stdout]   |                               ^^^
[INFO] [stdout]   |
[INFO] [stdout] help: use `..` for an exclusive range
[INFO] [stdout]   |
[INFO] [stdout] 3 | let mut nodes: Vec<Node<D>> = ..;
[INFO] [stdout]   |                               ~~
[INFO] [stdout] help: or `..=` for an inclusive range
[INFO] [stdout]   |
[INFO] [stdout] 3 | let mut nodes: Vec<Node<D>> = ..=;
[INFO] [stdout]   |                               ~~~
[INFO] [stdout] 
[INFO] [stdout] error[E0586]: inclusive range with no end
[INFO] [stdout]  --> src/linebreak.rs:192:31
[INFO] [stdout]   |
[INFO] [stdout] 3 | let mut nodes: Vec<Node<D>> = ...;
[INFO] [stdout]   |                               ^^^ help: use `..` instead
[INFO] [stdout]   |
[INFO] [stdout]   = note: inclusive ranges must be bounded at the end (`..=b` or `a..=b`)
[INFO] [stdout] 
[INFO] [stdout] error[E0412]: cannot find type `Node` in this scope
[INFO] [stdout]  --> src/linebreak.rs:192:20
[INFO] [stdout]   |
[INFO] [stdout] 3 | let mut nodes: Vec<Node<D>> = ...;
[INFO] [stdout]   |                    ^^^^ not found in this scope
[INFO] [stdout]   |
[INFO] [stdout] help: consider importing this enum
[INFO] [stdout]   |
[INFO] [stdout] 2 + use minitex::linebreak::Node;
[INFO] [stdout]   |
[INFO] [stdout] 
[INFO] [stdout] error[E0412]: cannot find type `D` in this scope
[INFO] [stdout]  --> src/linebreak.rs:192:25
[INFO] [stdout]   |
[INFO] [stdout] 3 | let mut nodes: Vec<Node<D>> = ...;
[INFO] [stdout]   |                         ^ not found in this scope
[INFO] [stdout]   |
[INFO] [stdout] help: you might be missing a type parameter
[INFO] [stdout]   |
[INFO] [stdout] 2 | fn main() { #[allow(non_snake_case)] fn _doctest_main_src_linebreak_rs_191_0<D>() {
[INFO] [stdout]   |                                                                             +++
[INFO] [stdout] 
[INFO] [stdout] error[E0433]: failed to resolve: use of undeclared type `Node`
[INFO] [stdout]  --> src/linebreak.rs:194:14
[INFO] [stdout]   |
[INFO] [stdout] 5 | nodes.append(Node::new_discretionary(80.0, true, 2, "k-", 0, "", 1, "c"));
[INFO] [stdout]   |              ^^^^ use of undeclared type `Node`
[INFO] [stdout]   |
[INFO] [stdout] help: consider importing this enum
[INFO] [stdout]   |
[INFO] [stdout] 2 + use minitex::linebreak::Node;
[INFO] [stdout]   |
[INFO] [stdout] 
[INFO] [stdout] error: aborting due to 5 previous errors
[INFO] [stdout] 
[INFO] [stdout] Some errors have detailed explanations: E0412, E0433, E0586.
[INFO] [stdout] For more information about an error, try `rustc --explain E0412`.
[INFO] [stdout] Couldn't compile the test.
[INFO] [stdout] 
[INFO] [stdout] failures:
[INFO] [stdout]     src/linebreak.rs - linebreak::Node<D>::new_discretionary (line 191)
[INFO] [stdout] 
[INFO] [stdout] test result: FAILED. 0 passed; 1 failed; 0 ignored; 0 measured; 0 filtered out; finished in 0.07s
[INFO] [stdout] 
[INFO] [stderr] error: doctest failed, to rerun pass `--doc`
[INFO] running `Command { std: "docker" "inspect" "6e27a9a882a7657dd67619d43d154c50026afcd150479b4ff82c36c04e73a612", kill_on_drop: false }`
[INFO] running `Command { std: "docker" "rm" "-f" "6e27a9a882a7657dd67619d43d154c50026afcd150479b4ff82c36c04e73a612", kill_on_drop: false }`
[INFO] [stdout] 6e27a9a882a7657dd67619d43d154c50026afcd150479b4ff82c36c04e73a612
