[INFO] cloning repository https://github.com/frederikbrinck/qoi-rust
[INFO] running `Command { std: "git" "-c" "credential.helper=" "-c" "credential.helper=/workspace/cargo-home/bin/git-credential-null" "clone" "--bare" "https://github.com/frederikbrinck/qoi-rust" "/workspace/cache/git-repos/https%3A%2F%2Fgithub.com%2Ffrederikbrinck%2Fqoi-rust", kill_on_drop: false }`
[INFO] [stderr] Cloning into bare repository '/workspace/cache/git-repos/https%3A%2F%2Fgithub.com%2Ffrederikbrinck%2Fqoi-rust'...
[INFO] running `Command { std: "git" "rev-parse" "HEAD", kill_on_drop: false }`
[INFO] [stdout] 8ca37ca947f0ac3517413402d3c35d755a53be65
[INFO] testing frederikbrinck/qoi-rust against 1.75.0 for beta-1.76-1
[INFO] running `Command { std: "git" "clone" "/workspace/cache/git-repos/https%3A%2F%2Fgithub.com%2Ffrederikbrinck%2Fqoi-rust" "/workspace/builds/worker-4-tc1/source", kill_on_drop: false }`
[INFO] [stderr] Cloning into '/workspace/builds/worker-4-tc1/source'...
[INFO] [stderr] done.
[INFO] validating manifest of git repo https://github.com/frederikbrinck/qoi-rust on toolchain 1.75.0
[INFO] running `Command { std: CARGO_HOME="/workspace/cargo-home" RUSTUP_HOME="/workspace/rustup-home" "/workspace/cargo-home/bin/cargo" "+1.75.0" "metadata" "--manifest-path" "Cargo.toml" "--no-deps", kill_on_drop: false }`
[INFO] started tweaking git repo https://github.com/frederikbrinck/qoi-rust
[INFO] finished tweaking git repo https://github.com/frederikbrinck/qoi-rust
[INFO] tweaked toml for git repo https://github.com/frederikbrinck/qoi-rust written to /workspace/builds/worker-4-tc1/source/Cargo.toml
[INFO] crate git repo https://github.com/frederikbrinck/qoi-rust already has a lockfile, it will not be regenerated
[INFO] running `Command { std: CARGO_HOME="/workspace/cargo-home" RUSTUP_HOME="/workspace/rustup-home" "/workspace/cargo-home/bin/cargo" "+1.75.0" "fetch" "--manifest-path" "Cargo.toml", kill_on_drop: false }`
[INFO] [stderr]  Downloading crates ...
[INFO] [stderr]   Downloaded crossbeam-epoch v0.9.12
[INFO] [stderr]   Downloaded crossbeam-utils v0.8.13
[INFO] running `Command { std: "docker" "create" "-v" "/var/lib/crater-agent-workspace/builds/worker-4-tc1/target:/opt/rustwide/target:rw,Z" "-v" "/var/lib/crater-agent-workspace/builds/worker-4-tc1/source:/opt/rustwide/workdir:ro,Z" "-v" "/var/lib/crater-agent-workspace/cargo-home:/opt/rustwide/cargo-home:ro,Z" "-v" "/var/lib/crater-agent-workspace/rustup-home:/opt/rustwide/rustup-home:ro,Z" "-e" "SOURCE_DIR=/opt/rustwide/workdir" "-e" "CARGO_TARGET_DIR=/opt/rustwide/target" "-e" "CARGO_HOME=/opt/rustwide/cargo-home" "-e" "RUSTUP_HOME=/opt/rustwide/rustup-home" "-w" "/opt/rustwide/workdir" "-m" "1610612736" "--user" "0:0" "--network" "none" "ghcr.io/rust-lang/crates-build-env/linux@sha256:2788e3201cd34a07e3172128adcd8b3090168a8e3bcc40d7c032b9dda1df7d1c" "/opt/rustwide/cargo-home/bin/cargo" "+1.75.0" "metadata" "--no-deps" "--format-version=1", kill_on_drop: false }`
[INFO] [stdout] a6e3ed93188baabecde20195a0209bcfa76c387ecd45a98bcd56a93d19367e1d
[INFO] running `Command { std: "docker" "start" "-a" "a6e3ed93188baabecde20195a0209bcfa76c387ecd45a98bcd56a93d19367e1d", kill_on_drop: false }`
[INFO] running `Command { std: "docker" "inspect" "a6e3ed93188baabecde20195a0209bcfa76c387ecd45a98bcd56a93d19367e1d", kill_on_drop: false }`
[INFO] running `Command { std: "docker" "rm" "-f" "a6e3ed93188baabecde20195a0209bcfa76c387ecd45a98bcd56a93d19367e1d", kill_on_drop: false }`
[INFO] [stdout] a6e3ed93188baabecde20195a0209bcfa76c387ecd45a98bcd56a93d19367e1d
[INFO] running `Command { std: "docker" "create" "-v" "/var/lib/crater-agent-workspace/builds/worker-4-tc1/target:/opt/rustwide/target:rw,Z" "-v" "/var/lib/crater-agent-workspace/builds/worker-4-tc1/source:/opt/rustwide/workdir:ro,Z" "-v" "/var/lib/crater-agent-workspace/cargo-home:/opt/rustwide/cargo-home:ro,Z" "-v" "/var/lib/crater-agent-workspace/rustup-home:/opt/rustwide/rustup-home:ro,Z" "-e" "SOURCE_DIR=/opt/rustwide/workdir" "-e" "CARGO_TARGET_DIR=/opt/rustwide/target" "-e" "CARGO_INCREMENTAL=0" "-e" "RUST_BACKTRACE=full" "-e" "RUSTFLAGS=--cap-lints=warn" "-e" "RUSTDOCFLAGS=--cap-lints=warn" "-e" "CARGO_HOME=/opt/rustwide/cargo-home" "-e" "RUSTUP_HOME=/opt/rustwide/rustup-home" "-w" "/opt/rustwide/workdir" "-m" "1610612736" "--user" "0:0" "--network" "none" "ghcr.io/rust-lang/crates-build-env/linux@sha256:2788e3201cd34a07e3172128adcd8b3090168a8e3bcc40d7c032b9dda1df7d1c" "/opt/rustwide/cargo-home/bin/cargo" "+1.75.0" "build" "--frozen" "--message-format=json", kill_on_drop: false }`
[INFO] [stdout] da280f3ab72124f895ba4f8aea409b576e923601cc0cf8f6e63f5d3ddac8def4
[INFO] running `Command { std: "docker" "start" "-a" "da280f3ab72124f895ba4f8aea409b576e923601cc0cf8f6e63f5d3ddac8def4", kill_on_drop: false }`
[INFO] [stderr]    Compiling proc-macro2 v1.0.47
[INFO] [stderr]    Compiling quote v1.0.21
[INFO] [stderr]    Compiling unicode-ident v1.0.5
[INFO] [stderr]    Compiling syn v1.0.103
[INFO] [stderr]    Compiling thiserror v1.0.37
[INFO] [stderr]    Compiling thiserror-impl v1.0.37
[INFO] [stderr]    Compiling qoi-rust v0.1.0 (/opt/rustwide/workdir)
[INFO] [stdout] warning: unused import: `codec::*`
[INFO] [stdout]  --> src/lib.rs:3:5
[INFO] [stdout]   |
[INFO] [stdout] 3 | use codec::*;
[INFO] [stdout]   |     ^^^^^^^^
[INFO] [stdout]   |
[INFO] [stdout]   = note: `#[warn(unused_imports)]` on by default
[INFO] [stdout] 
[INFO] [stdout] 
[INFO] [stdout] warning: constant `HEADER_LEN` is never used
[INFO] [stdout]  --> src/codec.rs:3:7
[INFO] [stdout]   |
[INFO] [stdout] 3 | const HEADER_LEN: usize = 14;
[INFO] [stdout]   |       ^^^^^^^^^^
[INFO] [stdout]   |
[INFO] [stdout]   = note: `#[warn(dead_code)]` on by default
[INFO] [stdout] 
[INFO] [stdout] 
[INFO] [stdout] warning: constant `END` is never used
[INFO] [stdout]  --> src/codec.rs:4:7
[INFO] [stdout]   |
[INFO] [stdout] 4 | const END: [u8; 8] = [0x00, 0x00, 0x00, 0x00, 0x00, 0x00, 0x00, 0x01];
[INFO] [stdout]   |       ^^^
[INFO] [stdout] 
[INFO] [stdout] 
[INFO] [stdout] warning: variants `InvalidHeader` and `InvalidEnd` are never constructed
[INFO] [stdout]   --> src/codec.rs:11:5
[INFO] [stdout]    |
[INFO] [stdout] 6  | pub enum Error {
[INFO] [stdout]    |          ----- variants in this enum
[INFO] [stdout] ...
[INFO] [stdout] 11 |     InvalidHeader,
[INFO] [stdout]    |     ^^^^^^^^^^^^^
[INFO] [stdout] ...
[INFO] [stdout] 14 |     InvalidEnd,
[INFO] [stdout]    |     ^^^^^^^^^^
[INFO] [stdout]    |
[INFO] [stdout]    = note: `Error` has a derived impl for the trait `Debug`, but this is intentionally ignored during dead code analysis
[INFO] [stdout] 
[INFO] [stdout] 
[INFO] [stdout] warning: associated function `new` is never used
[INFO] [stdout]   --> src/codec.rs:30:8
[INFO] [stdout]    |
[INFO] [stdout] 29 | impl Pixel {
[INFO] [stdout]    | ---------- associated function in this implementation
[INFO] [stdout] 30 |     fn new(r: u8, g: u8, b: u8, a: u8) -> Pixel {
[INFO] [stdout]    |        ^^^
[INFO] [stdout] 
[INFO] [stdout] 
[INFO] [stdout] warning: function `hash` is never used
[INFO] [stdout]   --> src/codec.rs:60:4
[INFO] [stdout]    |
[INFO] [stdout] 60 | fn hash(pixel: &Pixel) -> usize {
[INFO] [stdout]    |    ^^^^
[INFO] [stdout] 
[INFO] [stdout] 
[INFO] [stdout] warning: fields `magic`, `width`, `height`, `channels`, and `colorspace` are never read
[INFO] [stdout]   --> src/codec.rs:66:5
[INFO] [stdout]    |
[INFO] [stdout] 65 | struct Header {
[INFO] [stdout]    |        ------ fields in this struct
[INFO] [stdout] 66 |     magic: [u8; 4],
[INFO] [stdout]    |     ^^^^^
[INFO] [stdout] 67 |     width: u32,
[INFO] [stdout]    |     ^^^^^
[INFO] [stdout] 68 |     height: u32,
[INFO] [stdout]    |     ^^^^^^
[INFO] [stdout] 69 |     channels: u8,
[INFO] [stdout]    |     ^^^^^^^^
[INFO] [stdout] 70 |     colorspace: u8,
[INFO] [stdout]    |     ^^^^^^^^^^
[INFO] [stdout] 
[INFO] [stdout] 
[INFO] [stdout] warning: associated items `new` and `to_bytes` are never used
[INFO] [stdout]   --> src/codec.rs:74:8
[INFO] [stdout]    |
[INFO] [stdout] 73 | impl Header {
[INFO] [stdout]    | ----------- associated items in this implementation
[INFO] [stdout] 74 |     fn new(magic: [u8; 4], width: u32, height: u32, channels: u8, colorspace: u8) -> Self {
[INFO] [stdout]    |        ^^^
[INFO] [stdout] ...
[INFO] [stdout] 84 |     fn to_bytes(self) -> Vec<u8> {
[INFO] [stdout]    |        ^^^^^^^^
[INFO] [stdout] 
[INFO] [stdout] 
[INFO] [stdout] warning: variants `Run`, `Index`, `RGBA`, `Diff`, `Luma`, and `RGB` are never constructed
[INFO] [stdout]    --> src/codec.rs:121:5
[INFO] [stdout]     |
[INFO] [stdout] 120 | enum OpCode {
[INFO] [stdout]     |      ------ variants in this enum
[INFO] [stdout] 121 |     Run(u8),
[INFO] [stdout]     |     ^^^
[INFO] [stdout] 122 |     Index(u8),
[INFO] [stdout]     |     ^^^^^
[INFO] [stdout] 123 |     RGBA(u8, u8, u8, u8),
[INFO] [stdout]     |     ^^^^
[INFO] [stdout] 124 |     Diff(u8, u8, u8),
[INFO] [stdout]     |     ^^^^
[INFO] [stdout] 125 |     Luma(u8, u8, u8),
[INFO] [stdout]     |     ^^^^
[INFO] [stdout] 126 |     RGB(u8, u8, u8),
[INFO] [stdout]     |     ^^^
[INFO] [stdout]     |
[INFO] [stdout]     = note: `OpCode` has a derived impl for the trait `Debug`, but this is intentionally ignored during dead code analysis
[INFO] [stdout] 
[INFO] [stdout] 
[INFO] [stdout] warning: associated items `from_bytes`, `into_bytes`, and `len` are never used
[INFO] [stdout]    --> src/codec.rs:130:8
[INFO] [stdout]     |
[INFO] [stdout] 129 | impl OpCode {
[INFO] [stdout]     | ----------- associated items in this implementation
[INFO] [stdout] 130 |     fn from_bytes<'a, I>(mut bytes: I) -> Option<Self>
[INFO] [stdout]     |        ^^^^^^^^^^
[INFO] [stdout] ...
[INFO] [stdout] 174 |     fn into_bytes(self) -> Vec<u8> {
[INFO] [stdout]     |        ^^^^^^^^^^
[INFO] [stdout] ...
[INFO] [stdout] 207 |     fn len(&self) -> usize {
[INFO] [stdout]     |        ^^^
[INFO] [stdout] 
[INFO] [stdout] 
[INFO] [stdout] warning: struct `Decoder` is never constructed
[INFO] [stdout]    --> src/codec.rs:220:12
[INFO] [stdout]     |
[INFO] [stdout] 220 | pub struct Decoder {
[INFO] [stdout]     |            ^^^^^^^
[INFO] [stdout] 
[INFO] [stdout] 
[INFO] [stdout] warning: associated items `new`, `decode`, `push`, `diff`, and `luma` are never used
[INFO] [stdout]    --> src/codec.rs:227:12
[INFO] [stdout]     |
[INFO] [stdout] 226 | impl Decoder {
[INFO] [stdout]     | ------------ associated items in this implementation
[INFO] [stdout] 227 |     pub fn new() -> Self {
[INFO] [stdout]     |            ^^^
[INFO] [stdout] ...
[INFO] [stdout] 235 |     pub fn decode(bytes: Vec<u8>) -> Result<Vec<Pixel>, Error> {
[INFO] [stdout]     |            ^^^^^^
[INFO] [stdout] ...
[INFO] [stdout] 245 |     pub fn push(&mut self, bytes: &[u8]) -> Vec<Pixel> {
[INFO] [stdout]     |            ^^^^
[INFO] [stdout] ...
[INFO] [stdout] 272 |     fn diff(&self, dr: u8, dg: u8, db: u8) -> Pixel {
[INFO] [stdout]     |        ^^^^
[INFO] [stdout] ...
[INFO] [stdout] 281 |     fn luma(&self, dg: u8, dr_dg: u8, db_dg: u8) -> Pixel {
[INFO] [stdout]     |        ^^^^
[INFO] [stdout] 
[INFO] [stdout] 
[INFO] [stdout] warning: struct `Encoder` is never constructed
[INFO] [stdout]    --> src/codec.rs:300:8
[INFO] [stdout]     |
[INFO] [stdout] 300 | struct Encoder {
[INFO] [stdout]     |        ^^^^^^^
[INFO] [stdout] 
[INFO] [stdout] 
[INFO] [stdout] warning: enum `Chainer` is never used
[INFO] [stdout]    --> src/codec.rs:307:6
[INFO] [stdout]     |
[INFO] [stdout] 307 | enum Chainer {
[INFO] [stdout]     |      ^^^^^^^
[INFO] [stdout] 
[INFO] [stdout] 
[INFO] [stdout] warning: methods `if_continue` and `take` are never used
[INFO] [stdout]    --> src/codec.rs:313:12
[INFO] [stdout]     |
[INFO] [stdout] 312 | impl Chainer {
[INFO] [stdout]     | ------------ methods in this implementation
[INFO] [stdout] 313 |     pub fn if_continue(self, chainer: Chainer) -> Self {
[INFO] [stdout]     |            ^^^^^^^^^^^
[INFO] [stdout] ...
[INFO] [stdout] 328 |     pub fn take(self) -> Vec<u8> {
[INFO] [stdout]     |            ^^^^
[INFO] [stdout] 
[INFO] [stdout] 
[INFO] [stdout] warning: multiple associated items are never used
[INFO] [stdout]    --> src/codec.rs:337:12
[INFO] [stdout]     |
[INFO] [stdout] 336 | impl Encoder {
[INFO] [stdout]     | ------------ associated items in this implementation
[INFO] [stdout] 337 |     pub fn new() -> Self {
[INFO] [stdout]     |            ^^^
[INFO] [stdout] ...
[INFO] [stdout] 346 |     pub fn encode(
[INFO] [stdout]     |            ^^^^^^
[INFO] [stdout] ...
[INFO] [stdout] 371 |     pub fn push(&mut self, pixels: Vec<Pixel>, image_size: u32) -> Vec<u8> {
[INFO] [stdout]     |            ^^^^
[INFO] [stdout] ...
[INFO] [stdout] 396 |     fn rgba(&self, pixel: &Pixel) -> Chainer {
[INFO] [stdout]     |        ^^^^
[INFO] [stdout] ...
[INFO] [stdout] 405 |     fn run(&mut self, pixel: &Pixel) -> Chainer {
[INFO] [stdout]     |        ^^^
[INFO] [stdout] ...
[INFO] [stdout] 424 |     fn index(&self, pixel: &Pixel) -> Chainer {
[INFO] [stdout]     |        ^^^^^
[INFO] [stdout] ...
[INFO] [stdout] 435 |     fn diff(&self, pixel: &Pixel) -> Chainer {
[INFO] [stdout]     |        ^^^^
[INFO] [stdout] ...
[INFO] [stdout] 456 |     fn luma(&self, pixel: &Pixel) -> Chainer {
[INFO] [stdout]     |        ^^^^
[INFO] [stdout] ...
[INFO] [stdout] 479 |     fn rgb(&mut self, pixel: &Pixel) -> Chainer {
[INFO] [stdout]     |        ^^^
[INFO] [stdout] 
[INFO] [stdout] 
[INFO] [stdout] warning: 16 warnings emitted
[INFO] [stdout] 
[INFO] [stdout] 
[INFO] [stderr]     Finished dev [unoptimized + debuginfo] target(s) in 3.66s
[INFO] running `Command { std: "docker" "inspect" "da280f3ab72124f895ba4f8aea409b576e923601cc0cf8f6e63f5d3ddac8def4", kill_on_drop: false }`
[INFO] running `Command { std: "docker" "rm" "-f" "da280f3ab72124f895ba4f8aea409b576e923601cc0cf8f6e63f5d3ddac8def4", kill_on_drop: false }`
[INFO] [stdout] da280f3ab72124f895ba4f8aea409b576e923601cc0cf8f6e63f5d3ddac8def4
[INFO] running `Command { std: "docker" "create" "-v" "/var/lib/crater-agent-workspace/builds/worker-4-tc1/target:/opt/rustwide/target:rw,Z" "-v" "/var/lib/crater-agent-workspace/builds/worker-4-tc1/source:/opt/rustwide/workdir:ro,Z" "-v" "/var/lib/crater-agent-workspace/cargo-home:/opt/rustwide/cargo-home:ro,Z" "-v" "/var/lib/crater-agent-workspace/rustup-home:/opt/rustwide/rustup-home:ro,Z" "-e" "SOURCE_DIR=/opt/rustwide/workdir" "-e" "CARGO_TARGET_DIR=/opt/rustwide/target" "-e" "CARGO_INCREMENTAL=0" "-e" "RUST_BACKTRACE=full" "-e" "RUSTFLAGS=--cap-lints=warn" "-e" "RUSTDOCFLAGS=--cap-lints=warn" "-e" "CARGO_HOME=/opt/rustwide/cargo-home" "-e" "RUSTUP_HOME=/opt/rustwide/rustup-home" "-w" "/opt/rustwide/workdir" "-m" "1610612736" "--user" "0:0" "--network" "none" "ghcr.io/rust-lang/crates-build-env/linux@sha256:2788e3201cd34a07e3172128adcd8b3090168a8e3bcc40d7c032b9dda1df7d1c" "/opt/rustwide/cargo-home/bin/cargo" "+1.75.0" "test" "--frozen" "--no-run" "--message-format=json", kill_on_drop: false }`
[INFO] [stdout] 8123d7e5766d916ed43470dcd786d3752b6ce47d410a570d548be60129c66197
[INFO] running `Command { std: "docker" "start" "-a" "8123d7e5766d916ed43470dcd786d3752b6ce47d410a570d548be60129c66197", kill_on_drop: false }`
[INFO] [stderr]    Compiling autocfg v1.1.0
[INFO] [stderr]    Compiling cfg-if v1.0.0
[INFO] [stderr]    Compiling libc v0.2.137
[INFO] [stderr]    Compiling scopeguard v1.1.0
[INFO] [stderr]    Compiling syn v1.0.103
[INFO] [stderr]    Compiling crossbeam-utils v0.8.13
[INFO] [stderr]    Compiling adler v1.0.2
[INFO] [stderr]    Compiling rayon-core v1.10.1
[INFO] [stderr]    Compiling crc32fast v1.3.2
[INFO] [stderr]    Compiling futures-core v0.3.25
[INFO] [stderr]    Compiling either v1.8.0
[INFO] [stderr]    Compiling weezl v0.1.7
[INFO] [stderr]    Compiling futures-sink v0.3.25
[INFO] [stderr]    Compiling lebe v0.5.2
[INFO] [stderr]    Compiling smallvec v1.10.0
[INFO] [stderr]    Compiling bit_field v0.10.1
[INFO] [stderr]    Compiling color_quant v1.1.0
[INFO] [stderr]    Compiling miniz_oxide v0.5.4
[INFO] [stderr]    Compiling miniz_oxide v0.6.2
[INFO] [stderr]    Compiling bitflags v1.3.2
[INFO] [stderr]    Compiling half v2.1.0
[INFO] [stderr]    Compiling bytemuck v1.12.3
[INFO] [stderr]    Compiling scoped_threadpool v0.1.9
[INFO] [stderr]    Compiling byteorder v1.4.3
[INFO] [stderr]    Compiling gif v0.11.4
[INFO] [stderr]    Compiling memoffset v0.7.1
[INFO] [stderr]    Compiling crossbeam-epoch v0.9.12
[INFO] [stderr]    Compiling lock_api v0.4.9
[INFO] [stderr]    Compiling num-traits v0.2.15
[INFO] [stderr]    Compiling num-integer v0.1.45
[INFO] [stderr]    Compiling num-rational v0.4.1
[INFO] [stderr]    Compiling flate2 v1.0.24
[INFO] [stderr]    Compiling crossbeam-channel v0.5.6
[INFO] [stderr]    Compiling png v0.17.7
[INFO] [stderr]    Compiling spin v0.9.4
[INFO] [stderr]    Compiling num_cpus v1.14.0
[INFO] [stderr]    Compiling getrandom v0.2.8
[INFO] [stderr]    Compiling crossbeam-deque v0.8.2
[INFO] [stderr]    Compiling nanorand v0.7.0
[INFO] [stderr]    Compiling threadpool v1.8.1
[INFO] [stderr]    Compiling rayon v1.6.0
[INFO] [stderr]    Compiling pin-project-internal v1.0.12
[INFO] [stderr]    Compiling thiserror-impl v1.0.37
[INFO] [stderr]    Compiling jpeg-decoder v0.3.0
[INFO] [stderr]    Compiling tiff v0.8.0
[INFO] [stderr]    Compiling thiserror v1.0.37
[INFO] [stderr]    Compiling qoi-rust v0.1.0 (/opt/rustwide/workdir)
[INFO] [stdout] warning: unused import: `codec::*`
[INFO] [stdout]  --> src/lib.rs:3:5
[INFO] [stdout]   |
[INFO] [stdout] 3 | use codec::*;
[INFO] [stdout]   |     ^^^^^^^^
[INFO] [stdout]   |
[INFO] [stdout]   = note: `#[warn(unused_imports)]` on by default
[INFO] [stdout] 
[INFO] [stdout] 
[INFO] [stderr]    Compiling pin-project v1.0.12
[INFO] [stderr]    Compiling flume v0.10.14
[INFO] [stdout] warning: constant `HEADER_LEN` is never used
[INFO] [stdout]  --> src/codec.rs:3:7
[INFO] [stdout]   |
[INFO] [stdout] 3 | const HEADER_LEN: usize = 14;
[INFO] [stdout]   |       ^^^^^^^^^^
[INFO] [stdout]   |
[INFO] [stdout]   = note: `#[warn(dead_code)]` on by default
[INFO] [stdout] 
[INFO] [stdout] 
[INFO] [stdout] warning: constant `END` is never used
[INFO] [stdout]  --> src/codec.rs:4:7
[INFO] [stdout]   |
[INFO] [stdout] 4 | const END: [u8; 8] = [0x00, 0x00, 0x00, 0x00, 0x00, 0x00, 0x00, 0x01];
[INFO] [stdout]   |       ^^^
[INFO] [stdout] 
[INFO] [stdout] 
[INFO] [stdout] warning: variants `InvalidHeader` and `InvalidEnd` are never constructed
[INFO] [stdout]   --> src/codec.rs:11:5
[INFO] [stdout]    |
[INFO] [stdout] 6  | pub enum Error {
[INFO] [stdout]    |          ----- variants in this enum
[INFO] [stdout] ...
[INFO] [stdout] 11 |     InvalidHeader,
[INFO] [stdout]    |     ^^^^^^^^^^^^^
[INFO] [stdout] ...
[INFO] [stdout] 14 |     InvalidEnd,
[INFO] [stdout]    |     ^^^^^^^^^^
[INFO] [stdout]    |
[INFO] [stdout]    = note: `Error` has a derived impl for the trait `Debug`, but this is intentionally ignored during dead code analysis
[INFO] [stdout] 
[INFO] [stdout] 
[INFO] [stdout] warning: associated function `new` is never used
[INFO] [stdout]   --> src/codec.rs:30:8
[INFO] [stdout]    |
[INFO] [stdout] 29 | impl Pixel {
[INFO] [stdout]    | ---------- associated function in this implementation
[INFO] [stdout] 30 |     fn new(r: u8, g: u8, b: u8, a: u8) -> Pixel {
[INFO] [stdout]    |        ^^^
[INFO] [stdout] 
[INFO] [stdout] 
[INFO] [stdout] warning: function `hash` is never used
[INFO] [stdout]   --> src/codec.rs:60:4
[INFO] [stdout]    |
[INFO] [stdout] 60 | fn hash(pixel: &Pixel) -> usize {
[INFO] [stdout]    |    ^^^^
[INFO] [stdout] 
[INFO] [stdout] 
[INFO] [stdout] warning: fields `magic`, `width`, `height`, `channels`, and `colorspace` are never read
[INFO] [stdout]   --> src/codec.rs:66:5
[INFO] [stdout]    |
[INFO] [stdout] 65 | struct Header {
[INFO] [stdout]    |        ------ fields in this struct
[INFO] [stdout] 66 |     magic: [u8; 4],
[INFO] [stdout]    |     ^^^^^
[INFO] [stdout] 67 |     width: u32,
[INFO] [stdout]    |     ^^^^^
[INFO] [stdout] 68 |     height: u32,
[INFO] [stdout]    |     ^^^^^^
[INFO] [stdout] 69 |     channels: u8,
[INFO] [stdout]    |     ^^^^^^^^
[INFO] [stdout] 70 |     colorspace: u8,
[INFO] [stdout]    |     ^^^^^^^^^^
[INFO] [stdout] 
[INFO] [stdout] 
[INFO] [stdout] warning: associated items `new` and `to_bytes` are never used
[INFO] [stdout]   --> src/codec.rs:74:8
[INFO] [stdout]    |
[INFO] [stdout] 73 | impl Header {
[INFO] [stdout]    | ----------- associated items in this implementation
[INFO] [stdout] 74 |     fn new(magic: [u8; 4], width: u32, height: u32, channels: u8, colorspace: u8) -> Self {
[INFO] [stdout]    |        ^^^
[INFO] [stdout] ...
[INFO] [stdout] 84 |     fn to_bytes(self) -> Vec<u8> {
[INFO] [stdout]    |        ^^^^^^^^
[INFO] [stdout] 
[INFO] [stdout] 
[INFO] [stdout] warning: variants `Run`, `Index`, `RGBA`, `Diff`, `Luma`, and `RGB` are never constructed
[INFO] [stdout]    --> src/codec.rs:121:5
[INFO] [stdout]     |
[INFO] [stdout] 120 | enum OpCode {
[INFO] [stdout]     |      ------ variants in this enum
[INFO] [stdout] 121 |     Run(u8),
[INFO] [stdout]     |     ^^^
[INFO] [stdout] 122 |     Index(u8),
[INFO] [stdout]     |     ^^^^^
[INFO] [stdout] 123 |     RGBA(u8, u8, u8, u8),
[INFO] [stdout]     |     ^^^^
[INFO] [stdout] 124 |     Diff(u8, u8, u8),
[INFO] [stdout]     |     ^^^^
[INFO] [stdout] 125 |     Luma(u8, u8, u8),
[INFO] [stdout]     |     ^^^^
[INFO] [stdout] 126 |     RGB(u8, u8, u8),
[INFO] [stdout]     |     ^^^
[INFO] [stdout]     |
[INFO] [stdout]     = note: `OpCode` has a derived impl for the trait `Debug`, but this is intentionally ignored during dead code analysis
[INFO] [stdout] 
[INFO] [stdout] 
[INFO] [stdout] warning: associated items `from_bytes`, `into_bytes`, and `len` are never used
[INFO] [stdout]    --> src/codec.rs:130:8
[INFO] [stdout]     |
[INFO] [stdout] 129 | impl OpCode {
[INFO] [stdout]     | ----------- associated items in this implementation
[INFO] [stdout] 130 |     fn from_bytes<'a, I>(mut bytes: I) -> Option<Self>
[INFO] [stdout]     |        ^^^^^^^^^^
[INFO] [stdout] ...
[INFO] [stdout] 174 |     fn into_bytes(self) -> Vec<u8> {
[INFO] [stdout]     |        ^^^^^^^^^^
[INFO] [stdout] ...
[INFO] [stdout] 207 |     fn len(&self) -> usize {
[INFO] [stdout]     |        ^^^
[INFO] [stdout] 
[INFO] [stdout] 
[INFO] [stdout] warning: struct `Decoder` is never constructed
[INFO] [stdout]    --> src/codec.rs:220:12
[INFO] [stdout]     |
[INFO] [stdout] 220 | pub struct Decoder {
[INFO] [stdout]     |            ^^^^^^^
[INFO] [stdout] 
[INFO] [stdout] 
[INFO] [stdout] warning: associated items `new`, `decode`, `push`, `diff`, and `luma` are never used
[INFO] [stdout]    --> src/codec.rs:227:12
[INFO] [stdout]     |
[INFO] [stdout] 226 | impl Decoder {
[INFO] [stdout]     | ------------ associated items in this implementation
[INFO] [stdout] 227 |     pub fn new() -> Self {
[INFO] [stdout]     |            ^^^
[INFO] [stdout] ...
[INFO] [stdout] 235 |     pub fn decode(bytes: Vec<u8>) -> Result<Vec<Pixel>, Error> {
[INFO] [stdout]     |            ^^^^^^
[INFO] [stdout] ...
[INFO] [stdout] 245 |     pub fn push(&mut self, bytes: &[u8]) -> Vec<Pixel> {
[INFO] [stdout]     |            ^^^^
[INFO] [stdout] ...
[INFO] [stdout] 272 |     fn diff(&self, dr: u8, dg: u8, db: u8) -> Pixel {
[INFO] [stdout]     |        ^^^^
[INFO] [stdout] ...
[INFO] [stdout] 281 |     fn luma(&self, dg: u8, dr_dg: u8, db_dg: u8) -> Pixel {
[INFO] [stdout]     |        ^^^^
[INFO] [stdout] 
[INFO] [stdout] 
[INFO] [stdout] warning: struct `Encoder` is never constructed
[INFO] [stdout]    --> src/codec.rs:300:8
[INFO] [stdout]     |
[INFO] [stdout] 300 | struct Encoder {
[INFO] [stdout]     |        ^^^^^^^
[INFO] [stdout] 
[INFO] [stdout] 
[INFO] [stdout] warning: enum `Chainer` is never used
[INFO] [stdout]    --> src/codec.rs:307:6
[INFO] [stdout]     |
[INFO] [stdout] 307 | enum Chainer {
[INFO] [stdout]     |      ^^^^^^^
[INFO] [stdout] 
[INFO] [stdout] 
[INFO] [stdout] warning: methods `if_continue` and `take` are never used
[INFO] [stdout]    --> src/codec.rs:313:12
[INFO] [stdout]     |
[INFO] [stdout] 312 | impl Chainer {
[INFO] [stdout]     | ------------ methods in this implementation
[INFO] [stdout] 313 |     pub fn if_continue(self, chainer: Chainer) -> Self {
[INFO] [stdout]     |            ^^^^^^^^^^^
[INFO] [stdout] ...
[INFO] [stdout] 328 |     pub fn take(self) -> Vec<u8> {
[INFO] [stdout]     |            ^^^^
[INFO] [stdout] 
[INFO] [stdout] 
[INFO] [stdout] warning: multiple associated items are never used
[INFO] [stdout]    --> src/codec.rs:337:12
[INFO] [stdout]     |
[INFO] [stdout] 336 | impl Encoder {
[INFO] [stdout]     | ------------ associated items in this implementation
[INFO] [stdout] 337 |     pub fn new() -> Self {
[INFO] [stdout]     |            ^^^
[INFO] [stdout] ...
[INFO] [stdout] 346 |     pub fn encode(
[INFO] [stdout]     |            ^^^^^^
[INFO] [stdout] ...
[INFO] [stdout] 371 |     pub fn push(&mut self, pixels: Vec<Pixel>, image_size: u32) -> Vec<u8> {
[INFO] [stdout]     |            ^^^^
[INFO] [stdout] ...
[INFO] [stdout] 396 |     fn rgba(&self, pixel: &Pixel) -> Chainer {
[INFO] [stdout]     |        ^^^^
[INFO] [stdout] ...
[INFO] [stdout] 405 |     fn run(&mut self, pixel: &Pixel) -> Chainer {
[INFO] [stdout]     |        ^^^
[INFO] [stdout] ...
[INFO] [stdout] 424 |     fn index(&self, pixel: &Pixel) -> Chainer {
[INFO] [stdout]     |        ^^^^^
[INFO] [stdout] ...
[INFO] [stdout] 435 |     fn diff(&self, pixel: &Pixel) -> Chainer {
[INFO] [stdout]     |        ^^^^
[INFO] [stdout] ...
[INFO] [stdout] 456 |     fn luma(&self, pixel: &Pixel) -> Chainer {
[INFO] [stdout]     |        ^^^^
[INFO] [stdout] ...
[INFO] [stdout] 479 |     fn rgb(&mut self, pixel: &Pixel) -> Chainer {
[INFO] [stdout]     |        ^^^
[INFO] [stdout] 
[INFO] [stdout] 
[INFO] [stdout] warning: 16 warnings emitted
[INFO] [stdout] 
[INFO] [stdout] 
[INFO] [stderr]    Compiling exr v1.5.2
[INFO] [stderr]    Compiling image v0.24.5
[INFO] [stdout] warning: unused import: `codec::*`
[INFO] [stdout]  --> src/lib.rs:3:5
[INFO] [stdout]   |
[INFO] [stdout] 3 | use codec::*;
[INFO] [stdout]   |     ^^^^^^^^
[INFO] [stdout]   |
[INFO] [stdout]   = note: `#[warn(unused_imports)]` on by default
[INFO] [stdout] 
[INFO] [stdout] 
[INFO] [stdout] warning: variant `InvalidEnd` is never constructed
[INFO] [stdout]   --> src/codec.rs:14:5
[INFO] [stdout]    |
[INFO] [stdout] 6  | pub enum Error {
[INFO] [stdout]    |          ----- variant in this enum
[INFO] [stdout] ...
[INFO] [stdout] 14 |     InvalidEnd,
[INFO] [stdout]    |     ^^^^^^^^^^
[INFO] [stdout]    |
[INFO] [stdout]    = note: `Error` has a derived impl for the trait `Debug`, but this is intentionally ignored during dead code analysis
[INFO] [stdout]    = note: `#[warn(dead_code)]` on by default
[INFO] [stdout] 
[INFO] [stdout] 
[INFO] [stdout] warning: call to `.clone()` on a reference in this situation does nothing
[INFO] [stdout]    --> src/codec.rs:564:58
[INFO] [stdout]     |
[INFO] [stdout] 564 |                 let pixel = super::Pixel(pixel.channels().clone().try_into().unwrap());
[INFO] [stdout]     |                                                          ^^^^^^^^ help: remove this redundant call
[INFO] [stdout]     |
[INFO] [stdout]     = note: the type `[u8]` does not implement `Clone`, so calling `clone` on `&[u8]` copies the reference, which does not do anything and can be removed
[INFO] [stdout]     = note: `#[warn(noop_method_call)]` on by default
[INFO] [stdout] 
[INFO] [stdout] 
[INFO] [stdout] warning: call to `.clone()` on a reference in this situation does nothing
[INFO] [stdout]    --> src/codec.rs:583:58
[INFO] [stdout]     |
[INFO] [stdout] 583 |                 let pixel = super::Pixel(pixel.channels().clone().try_into().unwrap());
[INFO] [stdout]     |                                                          ^^^^^^^^ help: remove this redundant call
[INFO] [stdout]     |
[INFO] [stdout]     = note: the type `[u8]` does not implement `Clone`, so calling `clone` on `&[u8]` copies the reference, which does not do anything and can be removed
[INFO] [stdout] 
[INFO] [stdout] 
[INFO] [stdout] warning: 4 warnings emitted
[INFO] [stdout] 
[INFO] [stdout] 
[INFO] [stderr]     Finished test [unoptimized + debuginfo] target(s) in 15.39s
[INFO] running `Command { std: "docker" "inspect" "8123d7e5766d916ed43470dcd786d3752b6ce47d410a570d548be60129c66197", kill_on_drop: false }`
[INFO] running `Command { std: "docker" "rm" "-f" "8123d7e5766d916ed43470dcd786d3752b6ce47d410a570d548be60129c66197", kill_on_drop: false }`
[INFO] [stdout] 8123d7e5766d916ed43470dcd786d3752b6ce47d410a570d548be60129c66197
[INFO] running `Command { std: "docker" "create" "-v" "/var/lib/crater-agent-workspace/builds/worker-4-tc1/target:/opt/rustwide/target:rw,Z" "-v" "/var/lib/crater-agent-workspace/builds/worker-4-tc1/source:/opt/rustwide/workdir:ro,Z" "-v" "/var/lib/crater-agent-workspace/cargo-home:/opt/rustwide/cargo-home:ro,Z" "-v" "/var/lib/crater-agent-workspace/rustup-home:/opt/rustwide/rustup-home:ro,Z" "-e" "SOURCE_DIR=/opt/rustwide/workdir" "-e" "CARGO_TARGET_DIR=/opt/rustwide/target" "-e" "CARGO_INCREMENTAL=0" "-e" "RUST_BACKTRACE=full" "-e" "RUSTFLAGS=--cap-lints=warn" "-e" "RUSTDOCFLAGS=--cap-lints=warn" "-e" "CARGO_HOME=/opt/rustwide/cargo-home" "-e" "RUSTUP_HOME=/opt/rustwide/rustup-home" "-w" "/opt/rustwide/workdir" "-m" "1610612736" "--user" "0:0" "--network" "none" "ghcr.io/rust-lang/crates-build-env/linux@sha256:2788e3201cd34a07e3172128adcd8b3090168a8e3bcc40d7c032b9dda1df7d1c" "/opt/rustwide/cargo-home/bin/cargo" "+1.75.0" "test" "--frozen", kill_on_drop: false }`
[INFO] [stdout] afd2e61bb57ebba83fad181a2432ab6c726a5e2d27bece79770d5f163a1e0360
[INFO] running `Command { std: "docker" "start" "-a" "afd2e61bb57ebba83fad181a2432ab6c726a5e2d27bece79770d5f163a1e0360", kill_on_drop: false }`
[INFO] [stderr] warning: unused import: `codec::*`
[INFO] [stderr]  --> src/lib.rs:3:5
[INFO] [stderr]   |
[INFO] [stderr] 3 | use codec::*;
[INFO] [stderr]   |     ^^^^^^^^
[INFO] [stderr]   |
[INFO] [stderr]   = note: `#[warn(unused_imports)]` on by default
[INFO] [stderr] 
[INFO] [stderr] warning: constant `HEADER_LEN` is never used
[INFO] [stderr]  --> src/codec.rs:3:7
[INFO] [stderr]   |
[INFO] [stderr] 3 | const HEADER_LEN: usize = 14;
[INFO] [stderr]   |       ^^^^^^^^^^
[INFO] [stderr]   |
[INFO] [stderr]   = note: `#[warn(dead_code)]` on by default
[INFO] [stderr] 
[INFO] [stderr] warning: constant `END` is never used
[INFO] [stderr]  --> src/codec.rs:4:7
[INFO] [stderr]   |
[INFO] [stderr] 4 | const END: [u8; 8] = [0x00, 0x00, 0x00, 0x00, 0x00, 0x00, 0x00, 0x01];
[INFO] [stderr]   |       ^^^
[INFO] [stderr] 
[INFO] [stderr] warning: variants `InvalidHeader` and `InvalidEnd` are never constructed
[INFO] [stderr]   --> src/codec.rs:11:5
[INFO] [stderr]    |
[INFO] [stderr] 6  | pub enum Error {
[INFO] [stderr]    |          ----- variants in this enum
[INFO] [stderr] ...
[INFO] [stderr] 11 |     InvalidHeader,
[INFO] [stderr]    |     ^^^^^^^^^^^^^
[INFO] [stderr] ...
[INFO] [stderr] 14 |     InvalidEnd,
[INFO] [stderr]    |     ^^^^^^^^^^
[INFO] [stderr]    |
[INFO] [stderr]    = note: `Error` has a derived impl for the trait `Debug`, but this is intentionally ignored during dead code analysis
[INFO] [stderr] 
[INFO] [stderr] warning: associated function `new` is never used
[INFO] [stderr]   --> src/codec.rs:30:8
[INFO] [stderr]    |
[INFO] [stderr] 29 | impl Pixel {
[INFO] [stderr]    | ---------- associated function in this implementation
[INFO] [stderr] 30 |     fn new(r: u8, g: u8, b: u8, a: u8) -> Pixel {
[INFO] [stderr]    |        ^^^
[INFO] [stderr] 
[INFO] [stderr] warning: function `hash` is never used
[INFO] [stderr]   --> src/codec.rs:60:4
[INFO] [stderr]    |
[INFO] [stderr] 60 | fn hash(pixel: &Pixel) -> usize {
[INFO] [stderr]    |    ^^^^
[INFO] [stderr] 
[INFO] [stderr] warning: fields `magic`, `width`, `height`, `channels`, and `colorspace` are never read
[INFO] [stderr]   --> src/codec.rs:66:5
[INFO] [stderr]    |
[INFO] [stderr] 65 | struct Header {
[INFO] [stderr]    |        ------ fields in this struct
[INFO] [stderr] 66 |     magic: [u8; 4],
[INFO] [stderr]    |     ^^^^^
[INFO] [stderr] 67 |     width: u32,
[INFO] [stderr]    |     ^^^^^
[INFO] [stderr] 68 |     height: u32,
[INFO] [stderr]    |     ^^^^^^
[INFO] [stderr] 69 |     channels: u8,
[INFO] [stderr]    |     ^^^^^^^^
[INFO] [stderr] 70 |     colorspace: u8,
[INFO] [stderr]    |     ^^^^^^^^^^
[INFO] [stderr] 
[INFO] [stderr] warning: associated items `new` and `to_bytes` are never used
[INFO] [stderr]   --> src/codec.rs:74:8
[INFO] [stderr]    |
[INFO] [stderr] 73 | impl Header {
[INFO] [stderr]    | ----------- associated items in this implementation
[INFO] [stderr] 74 |     fn new(magic: [u8; 4], width: u32, height: u32, channels: u8, colorspace: u8) -> Self {
[INFO] [stderr]    |        ^^^
[INFO] [stderr] ...
[INFO] [stderr] 84 |     fn to_bytes(self) -> Vec<u8> {
[INFO] [stderr]    |        ^^^^^^^^
[INFO] [stderr] 
[INFO] [stderr] warning: variants `Run`, `Index`, `RGBA`, `Diff`, `Luma`, and `RGB` are never constructed
[INFO] [stderr]    --> src/codec.rs:121:5
[INFO] [stderr]     |
[INFO] [stderr] 120 | enum OpCode {
[INFO] [stderr]     |      ------ variants in this enum
[INFO] [stderr] 121 |     Run(u8),
[INFO] [stderr]     |     ^^^
[INFO] [stderr] 122 |     Index(u8),
[INFO] [stderr]     |     ^^^^^
[INFO] [stderr] 123 |     RGBA(u8, u8, u8, u8),
[INFO] [stderr]     |     ^^^^
[INFO] [stderr] 124 |     Diff(u8, u8, u8),
[INFO] [stderr]     |     ^^^^
[INFO] [stderr] 125 |     Luma(u8, u8, u8),
[INFO] [stderr]     |     ^^^^
[INFO] [stderr] 126 |     RGB(u8, u8, u8),
[INFO] [stderr]     |     ^^^
[INFO] [stderr]     |
[INFO] [stderr]     = note: `OpCode` has a derived impl for the trait `Debug`, but this is intentionally ignored during dead code analysis
[INFO] [stderr] 
[INFO] [stderr] warning: associated items `from_bytes`, `into_bytes`, and `len` are never used
[INFO] [stderr]    --> src/codec.rs:130:8
[INFO] [stderr]     |
[INFO] [stderr] 129 | impl OpCode {
[INFO] [stderr]     | ----------- associated items in this implementation
[INFO] [stderr] 130 |     fn from_bytes<'a, I>(mut bytes: I) -> Option<Self>
[INFO] [stderr]     |        ^^^^^^^^^^
[INFO] [stderr] ...
[INFO] [stderr] 174 |     fn into_bytes(self) -> Vec<u8> {
[INFO] [stderr]     |        ^^^^^^^^^^
[INFO] [stderr] ...
[INFO] [stderr] 207 |     fn len(&self) -> usize {
[INFO] [stderr]     |        ^^^
[INFO] [stderr] 
[INFO] [stderr] warning: struct `Decoder` is never constructed
[INFO] [stderr]    --> src/codec.rs:220:12
[INFO] [stderr]     |
[INFO] [stderr] 220 | pub struct Decoder {
[INFO] [stderr]     |            ^^^^^^^
[INFO] [stderr] 
[INFO] [stderr] warning: associated items `new`, `decode`, `push`, `diff`, and `luma` are never used
[INFO] [stderr]    --> src/codec.rs:227:12
[INFO] [stderr]     |
[INFO] [stderr] 226 | impl Decoder {
[INFO] [stderr]     | ------------ associated items in this implementation
[INFO] [stderr] 227 |     pub fn new() -> Self {
[INFO] [stderr]     |            ^^^
[INFO] [stderr] ...
[INFO] [stderr] 235 |     pub fn decode(bytes: Vec<u8>) -> Result<Vec<Pixel>, Error> {
[INFO] [stderr]     |            ^^^^^^
[INFO] [stderr] ...
[INFO] [stderr] 245 |     pub fn push(&mut self, bytes: &[u8]) -> Vec<Pixel> {
[INFO] [stderr]     |            ^^^^
[INFO] [stderr] ...
[INFO] [stderr] 272 |     fn diff(&self, dr: u8, dg: u8, db: u8) -> Pixel {
[INFO] [stderr]     |        ^^^^
[INFO] [stderr] ...
[INFO] [stderr] 281 |     fn luma(&self, dg: u8, dr_dg: u8, db_dg: u8) -> Pixel {
[INFO] [stderr]     |        ^^^^
[INFO] [stderr] 
[INFO] [stderr] warning: struct `Encoder` is never constructed
[INFO] [stderr]    --> src/codec.rs:300:8
[INFO] [stderr]     |
[INFO] [stderr] 300 | struct Encoder {
[INFO] [stderr]     |        ^^^^^^^
[INFO] [stderr] 
[INFO] [stderr] warning: enum `Chainer` is never used
[INFO] [stderr]    --> src/codec.rs:307:6
[INFO] [stderr]     |
[INFO] [stderr] 307 | enum Chainer {
[INFO] [stderr]     |      ^^^^^^^
[INFO] [stderr] 
[INFO] [stderr] warning: methods `if_continue` and `take` are never used
[INFO] [stderr]    --> src/codec.rs:313:12
[INFO] [stderr]     |
[INFO] [stderr] 312 | impl Chainer {
[INFO] [stderr]     | ------------ methods in this implementation
[INFO] [stderr] 313 |     pub fn if_continue(self, chainer: Chainer) -> Self {
[INFO] [stderr]     |            ^^^^^^^^^^^
[INFO] [stderr] ...
[INFO] [stderr] 328 |     pub fn take(self) -> Vec<u8> {
[INFO] [stderr]     |            ^^^^
[INFO] [stderr] 
[INFO] [stderr] warning: multiple associated items are never used
[INFO] [stderr]    --> src/codec.rs:337:12
[INFO] [stderr]     |
[INFO] [stderr] 336 | impl Encoder {
[INFO] [stderr]     | ------------ associated items in this implementation
[INFO] [stderr] 337 |     pub fn new() -> Self {
[INFO] [stderr]     |            ^^^
[INFO] [stderr] ...
[INFO] [stderr] 346 |     pub fn encode(
[INFO] [stderr]     |            ^^^^^^
[INFO] [stderr] ...
[INFO] [stderr] 371 |     pub fn push(&mut self, pixels: Vec<Pixel>, image_size: u32) -> Vec<u8> {
[INFO] [stderr]     |            ^^^^
[INFO] [stderr] ...
[INFO] [stderr] 396 |     fn rgba(&self, pixel: &Pixel) -> Chainer {
[INFO] [stderr]     |        ^^^^
[INFO] [stderr] ...
[INFO] [stderr] 405 |     fn run(&mut self, pixel: &Pixel) -> Chainer {
[INFO] [stderr]     |        ^^^
[INFO] [stderr] ...
[INFO] [stderr] 424 |     fn index(&self, pixel: &Pixel) -> Chainer {
[INFO] [stderr]     |        ^^^^^
[INFO] [stderr] ...
[INFO] [stderr] 435 |     fn diff(&self, pixel: &Pixel) -> Chainer {
[INFO] [stderr]     |        ^^^^
[INFO] [stderr] ...
[INFO] [stderr] 456 |     fn luma(&self, pixel: &Pixel) -> Chainer {
[INFO] [stderr]     |        ^^^^
[INFO] [stderr] ...
[INFO] [stderr] 479 |     fn rgb(&mut self, pixel: &Pixel) -> Chainer {
[INFO] [stderr]     |        ^^^
[INFO] [stderr] 
[INFO] [stderr] warning: `qoi-rust` (lib) generated 16 warnings (run `cargo fix --lib -p qoi-rust` to apply 1 suggestion)
[INFO] [stderr] warning: variant `InvalidEnd` is never constructed
[INFO] [stderr]   --> src/codec.rs:14:5
[INFO] [stderr]    |
[INFO] [stderr] 6  | pub enum Error {
[INFO] [stderr]    |          ----- variant in this enum
[INFO] [stderr] ...
[INFO] [stderr] 14 |     InvalidEnd,
[INFO] [stderr]    |     ^^^^^^^^^^
[INFO] [stderr]    |
[INFO] [stderr]    = note: `Error` has a derived impl for the trait `Debug`, but this is intentionally ignored during dead code analysis
[INFO] [stderr]    = note: `#[warn(dead_code)]` on by default
[INFO] [stderr] 
[INFO] [stderr] warning: call to `.clone()` on a reference in this situation does nothing
[INFO] [stderr]    --> src/codec.rs:564:58
[INFO] [stderr]     |
[INFO] [stderr] 564 |                 let pixel = super::Pixel(pixel.channels().clone().try_into().unwrap());
[INFO] [stderr]     |                                                          ^^^^^^^^ help: remove this redundant call
[INFO] [stderr]     |
[INFO] [stderr]     = note: the type `[u8]` does not implement `Clone`, so calling `clone` on `&[u8]` copies the reference, which does not do anything and can be removed
[INFO] [stderr]     = note: `#[warn(noop_method_call)]` on by default
[INFO] [stderr] 
[INFO] [stderr] warning: call to `.clone()` on a reference in this situation does nothing
[INFO] [stderr]    --> src/codec.rs:583:58
[INFO] [stderr]     |
[INFO] [stderr] 583 |                 let pixel = super::Pixel(pixel.channels().clone().try_into().unwrap());
[INFO] [stderr]     |                                                          ^^^^^^^^ help: remove this redundant call
[INFO] [stderr]     |
[INFO] [stderr]     = note: the type `[u8]` does not implement `Clone`, so calling `clone` on `&[u8]` copies the reference, which does not do anything and can be removed
[INFO] [stderr] 
[INFO] [stderr] warning: `qoi-rust` (lib test) generated 4 warnings (1 duplicate) (run `cargo fix --lib -p qoi-rust --tests` to apply 2 suggestions)
[INFO] [stderr]     Finished test [unoptimized + debuginfo] target(s) in 0.06s
[INFO] [stderr]      Running unittests src/lib.rs (/opt/rustwide/target/debug/deps/qoi_rust-9b9bb47dd802716a)
[INFO] [stdout] 
[INFO] [stdout] running 5 tests
[INFO] [stdout] test codec::tests::test_hash ... ok
[INFO] [stdout] test codec::tests::test_luma ... ok
[INFO] [stdout] test codec::tests::test_diff ... ok
[INFO] [stdout] test codec::tests::test_auto_encode ... FAILED
[INFO] [stdout] test codec::tests::test_qoi_decode ... FAILED
[INFO] [stdout] 
[INFO] [stdout] failures:
[INFO] [stdout] 
[INFO] [stdout] ---- codec::tests::test_auto_encode stdout ----
[INFO] [stdout] thread 'codec::tests::test_auto_encode' panicked at src/codec.rs:555:14:
[INFO] [stdout] Could not load image /Users/brinck10/Downloads/qoi_test_images/testcard.png: Os { code: 2, kind: NotFound, message: "No such file or directory" }
[INFO] [stdout] stack backtrace:
[INFO] [stdout]    0:     0x5634f670b98c - std::backtrace_rs::backtrace::libunwind::trace::ha637c64ce894333a
[INFO] [stdout]                                at /rustc/82e1608dfa6e0b5569232559e3d385fea5a93112/library/std/src/../../backtrace/src/backtrace/libunwind.rs:104:5
[INFO] [stdout]    1:     0x5634f670b98c - std::backtrace_rs::backtrace::trace_unsynchronized::h47f62dea28e0c88d
[INFO] [stdout]                                at /rustc/82e1608dfa6e0b5569232559e3d385fea5a93112/library/std/src/../../backtrace/src/backtrace/mod.rs:66:5
[INFO] [stdout]    2:     0x5634f670b98c - std::sys_common::backtrace::_print_fmt::h9eef0abe20ede486
[INFO] [stdout]                                at /rustc/82e1608dfa6e0b5569232559e3d385fea5a93112/library/std/src/sys_common/backtrace.rs:67:5
[INFO] [stdout]    3:     0x5634f670b98c - <std::sys_common::backtrace::_print::DisplayBacktrace as core::fmt::Display>::fmt::hed7f999df88cc644
[INFO] [stdout]                                at /rustc/82e1608dfa6e0b5569232559e3d385fea5a93112/library/std/src/sys_common/backtrace.rs:44:22
[INFO] [stdout]    4:     0x5634f6737310 - core::fmt::rt::Argument::fmt::h1539a9308b8d058d
[INFO] [stdout]                                at /rustc/82e1608dfa6e0b5569232559e3d385fea5a93112/library/core/src/fmt/rt.rs:142:9
[INFO] [stdout]    5:     0x5634f6737310 - core::fmt::write::h3a39390d8560d9c9
[INFO] [stdout]                                at /rustc/82e1608dfa6e0b5569232559e3d385fea5a93112/library/core/src/fmt/mod.rs:1120:17
[INFO] [stdout]    6:     0x5634f670912f - std::io::Write::write_fmt::h040b369f3a0f9cbc
[INFO] [stdout]                                at /rustc/82e1608dfa6e0b5569232559e3d385fea5a93112/library/std/src/io/mod.rs:1762:15
[INFO] [stdout]    7:     0x5634f670b774 - std::sys_common::backtrace::_print::h894006fb5c6f3d45
[INFO] [stdout]                                at /rustc/82e1608dfa6e0b5569232559e3d385fea5a93112/library/std/src/sys_common/backtrace.rs:47:5
[INFO] [stdout]    8:     0x5634f670b774 - std::sys_common::backtrace::print::h23a2d212c6fff936
[INFO] [stdout]                                at /rustc/82e1608dfa6e0b5569232559e3d385fea5a93112/library/std/src/sys_common/backtrace.rs:34:9
[INFO] [stdout]    9:     0x5634f670d437 - std::panicking::default_hook::{{closure}}::h8a1d2ee00185001a
[INFO] [stdout]   10:     0x5634f670d123 - std::panicking::default_hook::h6038f2eba384e475
[INFO] [stdout]                                at /rustc/82e1608dfa6e0b5569232559e3d385fea5a93112/library/std/src/panicking.rs:289:9
[INFO] [stdout]   11:     0x5634f633aae7 - <alloc::boxed::Box<F,A> as core::ops::function::Fn<Args>>::call::h0ad024c9bdc6d768
[INFO] [stdout]                                at /rustc/82e1608dfa6e0b5569232559e3d385fea5a93112/library/alloc/src/boxed.rs:2021:9
[INFO] [stdout]   12:     0x5634f633aae7 - test::test_main::{{closure}}::h7500b54257359db6
[INFO] [stdout]                                at /rustc/82e1608dfa6e0b5569232559e3d385fea5a93112/library/test/src/lib.rs:138:21
[INFO] [stdout]   13:     0x5634f670da48 - <alloc::boxed::Box<F,A> as core::ops::function::Fn<Args>>::call::h1f8f335eaa9cfaee
[INFO] [stdout]                                at /rustc/82e1608dfa6e0b5569232559e3d385fea5a93112/library/alloc/src/boxed.rs:2021:9
[INFO] [stdout]   14:     0x5634f670da48 - std::panicking::rust_panic_with_hook::h2b5517d590cab22e
[INFO] [stdout]                                at /rustc/82e1608dfa6e0b5569232559e3d385fea5a93112/library/std/src/panicking.rs:783:13
[INFO] [stdout]   15:     0x5634f670d79e - std::panicking::begin_panic_handler::{{closure}}::h233112c06e0ef43e
[INFO] [stdout]                                at /rustc/82e1608dfa6e0b5569232559e3d385fea5a93112/library/std/src/panicking.rs:657:13
[INFO] [stdout]   16:     0x5634f670be56 - std::sys_common::backtrace::__rust_end_short_backtrace::h6e893f24d7ebbff8
[INFO] [stdout]                                at /rustc/82e1608dfa6e0b5569232559e3d385fea5a93112/library/std/src/sys_common/backtrace.rs:170:18
[INFO] [stdout]   17:     0x5634f670d502 - rust_begin_unwind
[INFO] [stdout]                                at /rustc/82e1608dfa6e0b5569232559e3d385fea5a93112/library/std/src/panicking.rs:645:5
[INFO] [stdout]   18:     0x5634f62f21c5 - core::panicking::panic_fmt::hbf0e066aabfa482c
[INFO] [stdout]                                at /rustc/82e1608dfa6e0b5569232559e3d385fea5a93112/library/core/src/panicking.rs:72:14
[INFO] [stdout]   19:     0x5634f62f2793 - core::result::unwrap_failed::hddb4fea594200c52
[INFO] [stdout]                                at /rustc/82e1608dfa6e0b5569232559e3d385fea5a93112/library/core/src/result.rs:1653:5
[INFO] [stdout]   20:     0x5634f63013af - core::result::Result<T,E>::expect::ha177d9b29548ea51
[INFO] [stdout]                                at /rustc/82e1608dfa6e0b5569232559e3d385fea5a93112/library/core/src/result.rs:1034:23
[INFO] [stdout]   21:     0x5634f62fda86 - qoi_rust::codec::tests::test_auto_encode::h8535d240380e74f1
[INFO] [stdout]                                at /opt/rustwide/workdir/src/codec.rs:554:25
[INFO] [stdout]   22:     0x5634f62fd8c7 - qoi_rust::codec::tests::test_auto_encode::{{closure}}::h26687a6ce39438ed
[INFO] [stdout]                                at /opt/rustwide/workdir/src/codec.rs:552:26
[INFO] [stdout]   23:     0x5634f62ffea6 - core::ops::function::FnOnce::call_once::he7438af98be90237
[INFO] [stdout]                                at /rustc/82e1608dfa6e0b5569232559e3d385fea5a93112/library/core/src/ops/function.rs:250:5
[INFO] [stdout]   24:     0x5634f634013f - core::ops::function::FnOnce::call_once::h2b5d431d5046312d
[INFO] [stdout]                                at /rustc/82e1608dfa6e0b5569232559e3d385fea5a93112/library/core/src/ops/function.rs:250:5
[INFO] [stdout]   25:     0x5634f634013f - test::__rust_begin_short_backtrace::h7714669af176e207
[INFO] [stdout]                                at /rustc/82e1608dfa6e0b5569232559e3d385fea5a93112/library/test/src/lib.rs:628:18
[INFO] [stdout]   26:     0x5634f633f155 - test::run_test_in_process::{{closure}}::h85218797dcbcec12
[INFO] [stdout]                                at /rustc/82e1608dfa6e0b5569232559e3d385fea5a93112/library/test/src/lib.rs:651:60
[INFO] [stdout]   27:     0x5634f633f155 - <core::panic::unwind_safe::AssertUnwindSafe<F> as core::ops::function::FnOnce<()>>::call_once::h76c106ea31c14d7b
[INFO] [stdout]                                at /rustc/82e1608dfa6e0b5569232559e3d385fea5a93112/library/core/src/panic/unwind_safe.rs:272:9
[INFO] [stdout]   28:     0x5634f633f155 - std::panicking::try::do_call::h3bd5d0f6620ee946
[INFO] [stdout]                                at /rustc/82e1608dfa6e0b5569232559e3d385fea5a93112/library/std/src/panicking.rs:552:40
[INFO] [stdout]   29:     0x5634f633f155 - std::panicking::try::h232e535e4744fe31
[INFO] [stdout]                                at /rustc/82e1608dfa6e0b5569232559e3d385fea5a93112/library/std/src/panicking.rs:516:19
[INFO] [stdout]   30:     0x5634f633f155 - std::panic::catch_unwind::h3ce3bd6ca8dbac68
[INFO] [stdout]                                at /rustc/82e1608dfa6e0b5569232559e3d385fea5a93112/library/std/src/panic.rs:142:14
[INFO] [stdout]   31:     0x5634f633f155 - test::run_test_in_process::hc97b257c9621286a
[INFO] [stdout]                                at /rustc/82e1608dfa6e0b5569232559e3d385fea5a93112/library/test/src/lib.rs:651:27
[INFO] [stdout]   32:     0x5634f633f155 - test::run_test::{{closure}}::h2aa798823a438d38
[INFO] [stdout]                                at /rustc/82e1608dfa6e0b5569232559e3d385fea5a93112/library/test/src/lib.rs:574:43
[INFO] [stdout]   33:     0x5634f6307416 - test::run_test::{{closure}}::h87d231c78fb59832
[INFO] [stdout]                                at /rustc/82e1608dfa6e0b5569232559e3d385fea5a93112/library/test/src/lib.rs:602:41
[INFO] [stdout]   34:     0x5634f6307416 - std::sys_common::backtrace::__rust_begin_short_backtrace::he6df152596625789
[INFO] [stdout]                                at /rustc/82e1608dfa6e0b5569232559e3d385fea5a93112/library/std/src/sys_common/backtrace.rs:154:18
[INFO] [stdout]   35:     0x5634f630c4c7 - std::thread::Builder::spawn_unchecked_::{{closure}}::{{closure}}::ha94be15d1e0acf36
[INFO] [stdout]                                at /rustc/82e1608dfa6e0b5569232559e3d385fea5a93112/library/std/src/thread/mod.rs:529:17
[INFO] [stdout]   36:     0x5634f630c4c7 - <core::panic::unwind_safe::AssertUnwindSafe<F> as core::ops::function::FnOnce<()>>::call_once::h9dc6bd6372f16606
[INFO] [stdout]                                at /rustc/82e1608dfa6e0b5569232559e3d385fea5a93112/library/core/src/panic/unwind_safe.rs:272:9
[INFO] [stdout]   37:     0x5634f630c4c7 - std::panicking::try::do_call::h9057517f80303cd4
[INFO] [stdout]                                at /rustc/82e1608dfa6e0b5569232559e3d385fea5a93112/library/std/src/panicking.rs:552:40
[INFO] [stdout]   38:     0x5634f630c4c7 - std::panicking::try::he3a30b11ee45340c
[INFO] [stdout]                                at /rustc/82e1608dfa6e0b5569232559e3d385fea5a93112/library/std/src/panicking.rs:516:19
[INFO] [stdout]   39:     0x5634f630c4c7 - std::panic::catch_unwind::h410458cfd3528b8b
[INFO] [stdout]                                at /rustc/82e1608dfa6e0b5569232559e3d385fea5a93112/library/std/src/panic.rs:142:14
[INFO] [stdout]   40:     0x5634f630c4c7 - std::thread::Builder::spawn_unchecked_::{{closure}}::h72ac3bdb567b737b
[INFO] [stdout]                                at /rustc/82e1608dfa6e0b5569232559e3d385fea5a93112/library/std/src/thread/mod.rs:528:30
[INFO] [stdout]   41:     0x5634f630c4c7 - core::ops::function::FnOnce::call_once{{vtable.shim}}::h38f34da3654a8344
[INFO] [stdout]                                at /rustc/82e1608dfa6e0b5569232559e3d385fea5a93112/library/core/src/ops/function.rs:250:5
[INFO] [stdout]   42:     0x5634f67125e5 - <alloc::boxed::Box<F,A> as core::ops::function::FnOnce<Args>>::call_once::hc7eafaff61e32df9
[INFO] [stdout]                                at /rustc/82e1608dfa6e0b5569232559e3d385fea5a93112/library/alloc/src/boxed.rs:2007:9
[INFO] [stdout]   43:     0x5634f67125e5 - <alloc::boxed::Box<F,A> as core::ops::function::FnOnce<Args>>::call_once::h6ba4a5de48dd2304
[INFO] [stdout]                                at /rustc/82e1608dfa6e0b5569232559e3d385fea5a93112/library/alloc/src/boxed.rs:2007:9
[INFO] [stdout]   44:     0x5634f67125e5 - std::sys::unix::thread::Thread::new::thread_start::he469335aef763e45
[INFO] [stdout]                                at /rustc/82e1608dfa6e0b5569232559e3d385fea5a93112/library/std/src/sys/unix/thread.rs:108:17
[INFO] [stdout]   45:     0x7efe14573ac3 - <unknown>
[INFO] [stdout]   46:     0x7efe14604bf4 - __clone
[INFO] [stdout]   47:                0x0 - <unknown>
[INFO] [stdout] 
[INFO] [stdout] ---- codec::tests::test_qoi_decode stdout ----
[INFO] [stdout] thread 'codec::tests::test_qoi_decode' panicked at src/codec.rs:577:14:
[INFO] [stdout] Could not load image /Users/brinck10/Downloads/qoi_test_images/testcard.png: Os { code: 2, kind: NotFound, message: "No such file or directory" }
[INFO] [stdout] stack backtrace:
[INFO] [stdout]    0:     0x5634f670b98c - std::backtrace_rs::backtrace::libunwind::trace::ha637c64ce894333a
[INFO] [stdout]                                at /rustc/82e1608dfa6e0b5569232559e3d385fea5a93112/library/std/src/../../backtrace/src/backtrace/libunwind.rs:104:5
[INFO] [stdout]    1:     0x5634f670b98c - std::backtrace_rs::backtrace::trace_unsynchronized::h47f62dea28e0c88d
[INFO] [stdout]                                at /rustc/82e1608dfa6e0b5569232559e3d385fea5a93112/library/std/src/../../backtrace/src/backtrace/mod.rs:66:5
[INFO] [stdout]    2:     0x5634f670b98c - std::sys_common::backtrace::_print_fmt::h9eef0abe20ede486
[INFO] [stdout]                                at /rustc/82e1608dfa6e0b5569232559e3d385fea5a93112/library/std/src/sys_common/backtrace.rs:67:5
[INFO] [stdout]    3:     0x5634f670b98c - <std::sys_common::backtrace::_print::DisplayBacktrace as core::fmt::Display>::fmt::hed7f999df88cc644
[INFO] [stdout]                                at /rustc/82e1608dfa6e0b5569232559e3d385fea5a93112/library/std/src/sys_common/backtrace.rs:44:22
[INFO] [stdout]    4:     0x5634f6737310 - core::fmt::rt::Argument::fmt::h1539a9308b8d058d
[INFO] [stdout]                                at /rustc/82e1608dfa6e0b5569232559e3d385fea5a93112/library/core/src/fmt/rt.rs:142:9
[INFO] [stdout]    5:     0x5634f6737310 - core::fmt::write::h3a39390d8560d9c9
[INFO] [stdout]                                at /rustc/82e1608dfa6e0b5569232559e3d385fea5a93112/library/core/src/fmt/mod.rs:1120:17
[INFO] [stdout]    6:     0x5634f670912f - std::io::Write::write_fmt::h040b369f3a0f9cbc
[INFO] [stdout]                                at /rustc/82e1608dfa6e0b5569232559e3d385fea5a93112/library/std/src/io/mod.rs:1762:15
[INFO] [stdout]    7:     0x5634f670b774 - std::sys_common::backtrace::_print::h894006fb5c6f3d45
[INFO] [stdout]                                at /rustc/82e1608dfa6e0b5569232559e3d385fea5a93112/library/std/src/sys_common/backtrace.rs:47:5
[INFO] [stdout]    8:     0x5634f670b774 - std::sys_common::backtrace::print::h23a2d212c6fff936
[INFO] [stdout]                                at /rustc/82e1608dfa6e0b5569232559e3d385fea5a93112/library/std/src/sys_common/backtrace.rs:34:9
[INFO] [stdout]    9:     0x5634f670d437 - std::panicking::default_hook::{{closure}}::h8a1d2ee00185001a
[INFO] [stdout]   10:     0x5634f670d123 - std::panicking::default_hook::h6038f2eba384e475
[INFO] [stdout]                                at /rustc/82e1608dfa6e0b5569232559e3d385fea5a93112/library/std/src/panicking.rs:289:9
[INFO] [stdout]   11:     0x5634f633aae7 - <alloc::boxed::Box<F,A> as core::ops::function::Fn<Args>>::call::h0ad024c9bdc6d768
[INFO] [stdout]                                at /rustc/82e1608dfa6e0b5569232559e3d385fea5a93112/library/alloc/src/boxed.rs:2021:9
[INFO] [stdout]   12:     0x5634f633aae7 - test::test_main::{{closure}}::h7500b54257359db6
[INFO] [stdout]                                at /rustc/82e1608dfa6e0b5569232559e3d385fea5a93112/library/test/src/lib.rs:138:21
[INFO] [stdout]   13:     0x5634f670da48 - <alloc::boxed::Box<F,A> as core::ops::function::Fn<Args>>::call::h1f8f335eaa9cfaee
[INFO] [stdout]                                at /rustc/82e1608dfa6e0b5569232559e3d385fea5a93112/library/alloc/src/boxed.rs:2021:9
[INFO] [stdout]   14:     0x5634f670da48 - std::panicking::rust_panic_with_hook::h2b5517d590cab22e
[INFO] [stdout]                                at /rustc/82e1608dfa6e0b5569232559e3d385fea5a93112/library/std/src/panicking.rs:783:13
[INFO] [stdout]   15:     0x5634f670d79e - std::panicking::begin_panic_handler::{{closure}}::h233112c06e0ef43e
[INFO] [stdout]                                at /rustc/82e1608dfa6e0b5569232559e3d385fea5a93112/library/std/src/panicking.rs:657:13
[INFO] [stdout]   16:     0x5634f670be56 - std::sys_common::backtrace::__rust_end_short_backtrace::h6e893f24d7ebbff8
[INFO] [stdout]                                at /rustc/82e1608dfa6e0b5569232559e3d385fea5a93112/library/std/src/sys_common/backtrace.rs:170:18
[INFO] [stdout]   17:     0x5634f670d502 - rust_begin_unwind
[INFO] [stdout]                                at /rustc/82e1608dfa6e0b5569232559e3d385fea5a93112/library/std/src/panicking.rs:645:5
[INFO] [stdout]   18:     0x5634f62f21c5 - core::panicking::panic_fmt::hbf0e066aabfa482c
[INFO] [stdout]                                at /rustc/82e1608dfa6e0b5569232559e3d385fea5a93112/library/core/src/panicking.rs:72:14
[INFO] [stdout]   19:     0x5634f62f2793 - core::result::unwrap_failed::hddb4fea594200c52
[INFO] [stdout]                                at /rustc/82e1608dfa6e0b5569232559e3d385fea5a93112/library/core/src/result.rs:1653:5
[INFO] [stdout]   20:     0x5634f63013af - core::result::Result<T,E>::expect::ha177d9b29548ea51
[INFO] [stdout]                                at /rustc/82e1608dfa6e0b5569232559e3d385fea5a93112/library/core/src/result.rs:1034:23
[INFO] [stdout]   21:     0x5634f62fe01b - qoi_rust::codec::tests::test_qoi_decode::h259c2b8eeb45c92b
[INFO] [stdout]                                at /opt/rustwide/workdir/src/codec.rs:576:25
[INFO] [stdout]   22:     0x5634f62fde47 - qoi_rust::codec::tests::test_qoi_decode::{{closure}}::h4a7f22bd4a4ccefe
[INFO] [stdout]                                at /opt/rustwide/workdir/src/codec.rs:574:25
[INFO] [stdout]   23:     0x5634f62ffe06 - core::ops::function::FnOnce::call_once::h9dbd381abbaa4656
[INFO] [stdout]                                at /rustc/82e1608dfa6e0b5569232559e3d385fea5a93112/library/core/src/ops/function.rs:250:5
[INFO] [stdout]   24:     0x5634f634013f - core::ops::function::FnOnce::call_once::h2b5d431d5046312d
[INFO] [stdout]                                at /rustc/82e1608dfa6e0b5569232559e3d385fea5a93112/library/core/src/ops/function.rs:250:5
[INFO] [stdout]   25:     0x5634f634013f - test::__rust_begin_short_backtrace::h7714669af176e207
[INFO] [stdout]                                at /rustc/82e1608dfa6e0b5569232559e3d385fea5a93112/library/test/src/lib.rs:628:18
[INFO] [stdout]   26:     0x5634f633f155 - test::run_test_in_process::{{closure}}::h85218797dcbcec12
[INFO] [stdout]                                at /rustc/82e1608dfa6e0b5569232559e3d385fea5a93112/library/test/src/lib.rs:651:60
[INFO] [stdout]   27:     0x5634f633f155 - <core::panic::unwind_safe::AssertUnwindSafe<F> as core::ops::function::FnOnce<()>>::call_once::h76c106ea31c14d7b
[INFO] [stdout]                                at /rustc/82e1608dfa6e0b5569232559e3d385fea5a93112/library/core/src/panic/unwind_safe.rs:272:9
[INFO] [stdout]   28:     0x5634f633f155 - std::panicking::try::do_call::h3bd5d0f6620ee946
[INFO] [stdout]                                at /rustc/82e1608dfa6e0b5569232559e3d385fea5a93112/library/std/src/panicking.rs:552:40
[INFO] [stdout]   29:     0x5634f633f155 - std::panicking::try::h232e535e4744fe31
[INFO] [stdout]                                at /rustc/82e1608dfa6e0b5569232559e3d385fea5a93112/library/std/src/panicking.rs:516:19
[INFO] [stdout]   30:     0x5634f633f155 - std::panic::catch_unwind::h3ce3bd6ca8dbac68
[INFO] [stdout]                                at /rustc/82e1608dfa6e0b5569232559e3d385fea5a93112/library/std/src/panic.rs:142:14
[INFO] [stdout]   31:     0x5634f633f155 - test::run_test_in_process::hc97b257c9621286a
[INFO] [stdout]                                at /rustc/82e1608dfa6e0b5569232559e3d385fea5a93112/library/test/src/lib.rs:651:27
[INFO] [stdout]   32:     0x5634f633f155 - test::run_test::{{closure}}::h2aa798823a438d38
[INFO] [stdout]                                at /rustc/82e1608dfa6e0b5569232559e3d385fea5a93112/library/test/src/lib.rs:574:43
[INFO] [stdout]   33:     0x5634f6307416 - test::run_test::{{closure}}::h87d231c78fb59832
[INFO] [stdout]                                at /rustc/82e1608dfa6e0b5569232559e3d385fea5a93112/library/test/src/lib.rs:602:41
[INFO] [stdout]   34:     0x5634f6307416 - std::sys_common::backtrace::__rust_begin_short_backtrace::he6df152596625789
[INFO] [stdout]                                at /rustc/82e1608dfa6e0b5569232559e3d385fea5a93112/library/std/src/sys_common/backtrace.rs:154:18
[INFO] [stdout]   35:     0x5634f630c4c7 - std::thread::Builder::spawn_unchecked_::{{closure}}::{{closure}}::ha94be15d1e0acf36
[INFO] [stdout]                                at /rustc/82e1608dfa6e0b5569232559e3d385fea5a93112/library/std/src/thread/mod.rs:529:17
[INFO] [stdout]   36:     0x5634f630c4c7 - <core::panic::unwind_safe::AssertUnwindSafe<F> as core::ops::function::FnOnce<()>>::call_once::h9dc6bd6372f16606
[INFO] [stdout]                                at /rustc/82e1608dfa6e0b5569232559e3d385fea5a93112/library/core/src/panic/unwind_safe.rs:272:9
[INFO] [stdout]   37:     0x5634f630c4c7 - std::panicking::try::do_call::h9057517f80303cd4
[INFO] [stdout]                                at /rustc/82e1608dfa6e0b5569232559e3d385fea5a93112/library/std/src/panicking.rs:552:40
[INFO] [stdout]   38:     0x5634f630c4c7 - std::panicking::try::he3a30b11ee45340c
[INFO] [stdout]                                at /rustc/82e1608dfa6e0b5569232559e3d385fea5a93112/library/std/src/panicking.rs:516:19
[INFO] [stdout]   39:     0x5634f630c4c7 - std::panic::catch_unwind::h410458cfd3528b8b
[INFO] [stdout]                                at /rustc/82e1608dfa6e0b5569232559e3d385fea5a93112/library/std/src/panic.rs:142:14
[INFO] [stdout]   40:     0x5634f630c4c7 - std::thread::Builder::spawn_unchecked_::{{closure}}::h72ac3bdb567b737b
[INFO] [stdout]                                at /rustc/82e1608dfa6e0b5569232559e3d385fea5a93112/library/std/src/thread/mod.rs:528:30
[INFO] [stdout]   41:     0x5634f630c4c7 - core::ops::function::FnOnce::call_once{{vtable.shim}}::h38f34da3654a8344
[INFO] [stdout]                                at /rustc/82e1608dfa6e0b5569232559e3d385fea5a93112/library/core/src/ops/function.rs:250:5
[INFO] [stdout]   42:     0x5634f67125e5 - <alloc::boxed::Box<F,A> as core::ops::function::FnOnce<Args>>::call_once::hc7eafaff61e32df9
[INFO] [stdout]                                at /rustc/82e1608dfa6e0b5569232559e3d385fea5a93112/library/alloc/src/boxed.rs:2007:9
[INFO] [stdout]   43:     0x5634f67125e5 - <alloc::boxed::Box<F,A> as core::ops::function::FnOnce<Args>>::call_once::h6ba4a5de48dd2304
[INFO] [stdout]                                at /rustc/82e1608dfa6e0b5569232559e3d385fea5a93112/library/alloc/src/boxed.rs:2007:9
[INFO] [stdout]   44:     0x5634f67125e5 - std::sys::unix::thread::Thread::new::thread_start::he469335aef763e45
[INFO] [stdout]                                at /rustc/82e1608dfa6e0b5569232559e3d385fea5a93112/library/std/src/sys/unix/thread.rs:108:17
[INFO] [stdout]   45:     0x7efe14573ac3 - <unknown>
[INFO] [stdout]   46:     0x7efe14604bf4 - __clone
[INFO] [stdout]   47:                0x0 - <unknown>
[INFO] [stdout] 
[INFO] [stdout] 
[INFO] [stdout] failures:
[INFO] [stdout]     codec::tests::test_auto_encode
[INFO] [stdout]     codec::tests::test_qoi_decode
[INFO] [stdout] 
[INFO] [stdout] test result: FAILED. 3 passed; 2 failed; 0 ignored; 0 measured; 0 filtered out; finished in 0.02s
[INFO] [stdout] 
[INFO] [stderr] error: test failed, to rerun pass `--lib`
[INFO] running `Command { std: "docker" "inspect" "afd2e61bb57ebba83fad181a2432ab6c726a5e2d27bece79770d5f163a1e0360", kill_on_drop: false }`
[INFO] running `Command { std: "docker" "rm" "-f" "afd2e61bb57ebba83fad181a2432ab6c726a5e2d27bece79770d5f163a1e0360", kill_on_drop: false }`
[INFO] [stdout] afd2e61bb57ebba83fad181a2432ab6c726a5e2d27bece79770d5f163a1e0360
