[INFO] cloning repository https://github.com/franciscoj/devtail
[INFO] running `Command { std: "git" "-c" "credential.helper=" "-c" "credential.helper=/workspace/cargo-home/bin/git-credential-null" "clone" "--bare" "https://github.com/franciscoj/devtail" "/workspace/cache/git-repos/https%3A%2F%2Fgithub.com%2Ffranciscoj%2Fdevtail", kill_on_drop: false }`
[INFO] [stderr] Cloning into bare repository '/workspace/cache/git-repos/https%3A%2F%2Fgithub.com%2Ffranciscoj%2Fdevtail'...
[INFO] running `Command { std: "git" "rev-parse" "HEAD", kill_on_drop: false }`
[INFO] [stdout] 23cf32f1910cd8489067f9a12d564a4b8cb704e4
[INFO] testing franciscoj/devtail against 1.75.0 for beta-1.76-1
[INFO] running `Command { std: "git" "clone" "/workspace/cache/git-repos/https%3A%2F%2Fgithub.com%2Ffranciscoj%2Fdevtail" "/workspace/builds/worker-6-tc1/source", kill_on_drop: false }`
[INFO] [stderr] Cloning into '/workspace/builds/worker-6-tc1/source'...
[INFO] [stderr] done.
[INFO] validating manifest of git repo https://github.com/franciscoj/devtail on toolchain 1.75.0
[INFO] running `Command { std: CARGO_HOME="/workspace/cargo-home" RUSTUP_HOME="/workspace/rustup-home" "/workspace/cargo-home/bin/cargo" "+1.75.0" "metadata" "--manifest-path" "Cargo.toml" "--no-deps", kill_on_drop: false }`
[INFO] started tweaking git repo https://github.com/franciscoj/devtail
[INFO] finished tweaking git repo https://github.com/franciscoj/devtail
[INFO] tweaked toml for git repo https://github.com/franciscoj/devtail written to /workspace/builds/worker-6-tc1/source/Cargo.toml
[INFO] crate git repo https://github.com/franciscoj/devtail already has a lockfile, it will not be regenerated
[INFO] running `Command { std: CARGO_HOME="/workspace/cargo-home" RUSTUP_HOME="/workspace/rustup-home" "/workspace/cargo-home/bin/cargo" "+1.75.0" "fetch" "--manifest-path" "Cargo.toml", kill_on_drop: false }`
[INFO] running `Command { std: "docker" "create" "-v" "/var/lib/crater-agent-workspace/builds/worker-6-tc1/target:/opt/rustwide/target:rw,Z" "-v" "/var/lib/crater-agent-workspace/builds/worker-6-tc1/source:/opt/rustwide/workdir:ro,Z" "-v" "/var/lib/crater-agent-workspace/cargo-home:/opt/rustwide/cargo-home:ro,Z" "-v" "/var/lib/crater-agent-workspace/rustup-home:/opt/rustwide/rustup-home:ro,Z" "-e" "SOURCE_DIR=/opt/rustwide/workdir" "-e" "CARGO_TARGET_DIR=/opt/rustwide/target" "-e" "CARGO_HOME=/opt/rustwide/cargo-home" "-e" "RUSTUP_HOME=/opt/rustwide/rustup-home" "-w" "/opt/rustwide/workdir" "-m" "1610612736" "--user" "0:0" "--network" "none" "ghcr.io/rust-lang/crates-build-env/linux@sha256:2788e3201cd34a07e3172128adcd8b3090168a8e3bcc40d7c032b9dda1df7d1c" "/opt/rustwide/cargo-home/bin/cargo" "+1.75.0" "metadata" "--no-deps" "--format-version=1", kill_on_drop: false }`
[INFO] [stdout] 085fec1ab9cf90a169233ed0ac8abfe6640d9e17fd01674efe74d6c0c66b8208
[INFO] running `Command { std: "docker" "start" "-a" "085fec1ab9cf90a169233ed0ac8abfe6640d9e17fd01674efe74d6c0c66b8208", kill_on_drop: false }`
[INFO] running `Command { std: "docker" "inspect" "085fec1ab9cf90a169233ed0ac8abfe6640d9e17fd01674efe74d6c0c66b8208", kill_on_drop: false }`
[INFO] running `Command { std: "docker" "rm" "-f" "085fec1ab9cf90a169233ed0ac8abfe6640d9e17fd01674efe74d6c0c66b8208", kill_on_drop: false }`
[INFO] [stdout] 085fec1ab9cf90a169233ed0ac8abfe6640d9e17fd01674efe74d6c0c66b8208
[INFO] running `Command { std: "docker" "create" "-v" "/var/lib/crater-agent-workspace/builds/worker-6-tc1/target:/opt/rustwide/target:rw,Z" "-v" "/var/lib/crater-agent-workspace/builds/worker-6-tc1/source:/opt/rustwide/workdir:ro,Z" "-v" "/var/lib/crater-agent-workspace/cargo-home:/opt/rustwide/cargo-home:ro,Z" "-v" "/var/lib/crater-agent-workspace/rustup-home:/opt/rustwide/rustup-home:ro,Z" "-e" "SOURCE_DIR=/opt/rustwide/workdir" "-e" "CARGO_TARGET_DIR=/opt/rustwide/target" "-e" "CARGO_INCREMENTAL=0" "-e" "RUST_BACKTRACE=full" "-e" "RUSTFLAGS=--cap-lints=warn" "-e" "RUSTDOCFLAGS=--cap-lints=warn" "-e" "CARGO_HOME=/opt/rustwide/cargo-home" "-e" "RUSTUP_HOME=/opt/rustwide/rustup-home" "-w" "/opt/rustwide/workdir" "-m" "1610612736" "--user" "0:0" "--network" "none" "ghcr.io/rust-lang/crates-build-env/linux@sha256:2788e3201cd34a07e3172128adcd8b3090168a8e3bcc40d7c032b9dda1df7d1c" "/opt/rustwide/cargo-home/bin/cargo" "+1.75.0" "build" "--frozen" "--message-format=json", kill_on_drop: false }`
[INFO] [stdout] 01c5679ff17a1e7130dd71f1e2a3719de4335853543849d3f56776b934e77f74
[INFO] running `Command { std: "docker" "start" "-a" "01c5679ff17a1e7130dd71f1e2a3719de4335853543849d3f56776b934e77f74", kill_on_drop: false }`
[INFO] [stderr]    Compiling libc v0.2.69
[INFO] [stderr]    Compiling memchr v2.3.3
[INFO] [stderr]    Compiling bitflags v1.2.1
[INFO] [stderr]    Compiling unicode-width v0.1.7
[INFO] [stderr]    Compiling lazy_static v1.4.0
[INFO] [stderr]    Compiling strsim v0.8.0
[INFO] [stderr]    Compiling regex-syntax v0.6.17
[INFO] [stderr]    Compiling ansi_term v0.11.0
[INFO] [stderr]    Compiling vec_map v0.8.1
[INFO] [stderr]    Compiling numtoa v0.1.0
[INFO] [stderr]    Compiling thread_local v1.0.1
[INFO] [stderr]    Compiling textwrap v0.11.0
[INFO] [stderr]    Compiling aho-corasick v0.7.10
[INFO] [stderr]    Compiling atty v0.2.14
[INFO] [stderr]    Compiling termion v1.5.5
[INFO] [stderr]    Compiling clap v2.33.0
[INFO] [stderr]    Compiling regex v1.3.7
[INFO] [stderr]    Compiling devtail v0.0.1 (/opt/rustwide/workdir)
[INFO] [stderr]     Finished dev [unoptimized + debuginfo] target(s) in 3.91s
[INFO] running `Command { std: "docker" "inspect" "01c5679ff17a1e7130dd71f1e2a3719de4335853543849d3f56776b934e77f74", kill_on_drop: false }`
[INFO] running `Command { std: "docker" "rm" "-f" "01c5679ff17a1e7130dd71f1e2a3719de4335853543849d3f56776b934e77f74", kill_on_drop: false }`
[INFO] [stdout] 01c5679ff17a1e7130dd71f1e2a3719de4335853543849d3f56776b934e77f74
[INFO] running `Command { std: "docker" "create" "-v" "/var/lib/crater-agent-workspace/builds/worker-6-tc1/target:/opt/rustwide/target:rw,Z" "-v" "/var/lib/crater-agent-workspace/builds/worker-6-tc1/source:/opt/rustwide/workdir:ro,Z" "-v" "/var/lib/crater-agent-workspace/cargo-home:/opt/rustwide/cargo-home:ro,Z" "-v" "/var/lib/crater-agent-workspace/rustup-home:/opt/rustwide/rustup-home:ro,Z" "-e" "SOURCE_DIR=/opt/rustwide/workdir" "-e" "CARGO_TARGET_DIR=/opt/rustwide/target" "-e" "CARGO_INCREMENTAL=0" "-e" "RUST_BACKTRACE=full" "-e" "RUSTFLAGS=--cap-lints=warn" "-e" "RUSTDOCFLAGS=--cap-lints=warn" "-e" "CARGO_HOME=/opt/rustwide/cargo-home" "-e" "RUSTUP_HOME=/opt/rustwide/rustup-home" "-w" "/opt/rustwide/workdir" "-m" "1610612736" "--user" "0:0" "--network" "none" "ghcr.io/rust-lang/crates-build-env/linux@sha256:2788e3201cd34a07e3172128adcd8b3090168a8e3bcc40d7c032b9dda1df7d1c" "/opt/rustwide/cargo-home/bin/cargo" "+1.75.0" "test" "--frozen" "--no-run" "--message-format=json", kill_on_drop: false }`
[INFO] [stdout] 234ca0b662f6804c794f5ced80a4abd12c7ca106dec76a0c04908bf0febe81ee
[INFO] running `Command { std: "docker" "start" "-a" "234ca0b662f6804c794f5ced80a4abd12c7ca106dec76a0c04908bf0febe81ee", kill_on_drop: false }`
[INFO] [stderr]    Compiling devtail v0.0.1 (/opt/rustwide/workdir)
[INFO] [stderr]     Finished test [unoptimized + debuginfo] target(s) in 0.58s
[INFO] running `Command { std: "docker" "inspect" "234ca0b662f6804c794f5ced80a4abd12c7ca106dec76a0c04908bf0febe81ee", kill_on_drop: false }`
[INFO] running `Command { std: "docker" "rm" "-f" "234ca0b662f6804c794f5ced80a4abd12c7ca106dec76a0c04908bf0febe81ee", kill_on_drop: false }`
[INFO] [stdout] 234ca0b662f6804c794f5ced80a4abd12c7ca106dec76a0c04908bf0febe81ee
[INFO] running `Command { std: "docker" "create" "-v" "/var/lib/crater-agent-workspace/builds/worker-6-tc1/target:/opt/rustwide/target:rw,Z" "-v" "/var/lib/crater-agent-workspace/builds/worker-6-tc1/source:/opt/rustwide/workdir:ro,Z" "-v" "/var/lib/crater-agent-workspace/cargo-home:/opt/rustwide/cargo-home:ro,Z" "-v" "/var/lib/crater-agent-workspace/rustup-home:/opt/rustwide/rustup-home:ro,Z" "-e" "SOURCE_DIR=/opt/rustwide/workdir" "-e" "CARGO_TARGET_DIR=/opt/rustwide/target" "-e" "CARGO_INCREMENTAL=0" "-e" "RUST_BACKTRACE=full" "-e" "RUSTFLAGS=--cap-lints=warn" "-e" "RUSTDOCFLAGS=--cap-lints=warn" "-e" "CARGO_HOME=/opt/rustwide/cargo-home" "-e" "RUSTUP_HOME=/opt/rustwide/rustup-home" "-w" "/opt/rustwide/workdir" "-m" "1610612736" "--user" "0:0" "--network" "none" "ghcr.io/rust-lang/crates-build-env/linux@sha256:2788e3201cd34a07e3172128adcd8b3090168a8e3bcc40d7c032b9dda1df7d1c" "/opt/rustwide/cargo-home/bin/cargo" "+1.75.0" "test" "--frozen", kill_on_drop: false }`
[INFO] [stdout] fa10e71369fea8785b084b5a6eccef6eb6d36aec6bdbe270e7c2887bfabe5d1d
[INFO] running `Command { std: "docker" "start" "-a" "fa10e71369fea8785b084b5a6eccef6eb6d36aec6bdbe270e7c2887bfabe5d1d", kill_on_drop: false }`
[INFO] [stderr]     Finished test [unoptimized + debuginfo] target(s) in 0.01s
[INFO] [stderr]      Running unittests src/lib.rs (/opt/rustwide/target/debug/deps/devtail-f53f4f57474728a2)
[INFO] [stdout] 
[INFO] [stdout] running 6 tests
[INFO] [stdout] test parser::tests::parse_uuid ... ok
[INFO] [stdout] test parser::tests::parse_uuid_on_line_with_brackets ... ok
[INFO] [stdout] test parser::tests::parse_uuid_and_status ... ok
[INFO] [stdout] test screen::tests::test_line_nr_for ... ok
[INFO] [stdout] test log::tests::test_add_lines ... ok
[INFO] [stdout] test screen::tests::test_line_nr_for_on_updated_entries ... ok
[INFO] [stdout] 
[INFO] [stdout] test result: ok. 6 passed; 0 failed; 0 ignored; 0 measured; 0 filtered out; finished in 0.04s
[INFO] [stdout] 
[INFO] [stderr]      Running unittests src/main.rs (/opt/rustwide/target/debug/deps/devtail-7459a53b303fa55e)
[INFO] [stdout] 
[INFO] [stdout] running 0 tests
[INFO] [stdout] 
[INFO] [stdout] test result: ok. 0 passed; 0 failed; 0 ignored; 0 measured; 0 filtered out; finished in 0.00s
[INFO] [stdout] 
[INFO] [stderr]    Doc-tests devtail
[INFO] [stdout] 
[INFO] [stdout] running 7 tests
[INFO] [stdout] test src/test_macros.rs - test_macros::log_end (line 52) ... FAILED
[INFO] [stdout] test src/test_macros.rs - test_macros::log_start (line 38) ... FAILED
[INFO] [stdout] test src/test_macros.rs - test_macros::log_line (line 24) ... FAILED
[INFO] [stdout] test src/test_macros.rs - test_macros::uuid (line 10) ... FAILED
[INFO] [stdout] test src/log.rs - log::Log (line 8) ... ok
[INFO] [stdout] test src/entry.rs - entry::Entry::new (line 19) ... ok
[INFO] [stdout] test src/entry.rs - entry::Entry::add (line 47) ... ok
[INFO] [stdout] 
[INFO] [stdout] failures:
[INFO] [stdout] 
[INFO] [stdout] ---- src/test_macros.rs - test_macros::log_end (line 52) stdout ----
[INFO] [stdout] error: cannot find macro `log_end` in this scope
[INFO] [stdout]  --> src/test_macros.rs:54:12
[INFO] [stdout]   |
[INFO] [stdout] 4 | assert_eq!(log_end!("0", 301), String::from("[00000000-0000-0000-0000-000000000000] Completed 301"));
[INFO] [stdout]   |            ^^^^^^^
[INFO] [stdout] 
[INFO] [stdout] error: cannot find macro `log_end` in this scope
[INFO] [stdout]  --> src/test_macros.rs:53:12
[INFO] [stdout]   |
[INFO] [stdout] 3 | assert_eq!(log_end!("0"), String::from("[00000000-0000-0000-0000-000000000000] Completed 200"));
[INFO] [stdout]   |            ^^^^^^^
[INFO] [stdout] 
[INFO] [stdout] error: aborting due to 2 previous errors
[INFO] [stdout] 
[INFO] [stdout] Couldn't compile the test.
[INFO] [stdout] ---- src/test_macros.rs - test_macros::log_start (line 38) stdout ----
[INFO] [stdout] error: cannot find macro `log_start` in this scope
[INFO] [stdout]  --> src/test_macros.rs:39:12
[INFO] [stdout]   |
[INFO] [stdout] 3 | assert_eq!(log_start!("0"), String::from("[00000000-0000-0000-0000-000000000000] GET /endpoint_0"));
[INFO] [stdout]   |            ^^^^^^^^^
[INFO] [stdout] 
[INFO] [stdout] error: aborting due to previous error
[INFO] [stdout] 
[INFO] [stdout] Couldn't compile the test.
[INFO] [stdout] ---- src/test_macros.rs - test_macros::log_line (line 24) stdout ----
[INFO] [stdout] error: cannot find macro `log_line` in this scope
[INFO] [stdout]  --> src/test_macros.rs:25:12
[INFO] [stdout]   |
[INFO] [stdout] 3 | assert_eq!(log_line!("0", "Some line"), String::from("[00000000-0000-0000-0000-000000000000] Some line"));
[INFO] [stdout]   |            ^^^^^^^^
[INFO] [stdout] 
[INFO] [stdout] error: aborting due to previous error
[INFO] [stdout] 
[INFO] [stdout] Couldn't compile the test.
[INFO] [stdout] ---- src/test_macros.rs - test_macros::uuid (line 10) stdout ----
[INFO] [stdout] error: cannot find macro `uuid` in this scope
[INFO] [stdout]  --> src/test_macros.rs:11:12
[INFO] [stdout]   |
[INFO] [stdout] 3 | assert_eq!(uuid!("0"), "00000000-0000-0000-0000-000000000000");
[INFO] [stdout]   |            ^^^^
[INFO] [stdout] 
[INFO] [stdout] error: aborting due to previous error
[INFO] [stdout] 
[INFO] [stdout] Couldn't compile the test.
[INFO] [stdout] 
[INFO] [stdout] failures:
[INFO] [stdout]     src/test_macros.rs - test_macros::log_end (line 52)
[INFO] [stdout]     src/test_macros.rs - test_macros::log_line (line 24)
[INFO] [stdout]     src/test_macros.rs - test_macros::log_start (line 38)
[INFO] [stdout]     src/test_macros.rs - test_macros::uuid (line 10)
[INFO] [stdout] 
[INFO] [stdout] test result: FAILED. 3 passed; 4 failed; 0 ignored; 0 measured; 0 filtered out; finished in 0.45s
[INFO] [stdout] 
[INFO] [stderr] error: doctest failed, to rerun pass `--doc`
[INFO] running `Command { std: "docker" "inspect" "fa10e71369fea8785b084b5a6eccef6eb6d36aec6bdbe270e7c2887bfabe5d1d", kill_on_drop: false }`
[INFO] running `Command { std: "docker" "rm" "-f" "fa10e71369fea8785b084b5a6eccef6eb6d36aec6bdbe270e7c2887bfabe5d1d", kill_on_drop: false }`
[INFO] [stdout] fa10e71369fea8785b084b5a6eccef6eb6d36aec6bdbe270e7c2887bfabe5d1d
[INFO] testing franciscoj/devtail against beta-2023-12-22 for beta-1.76-1
[INFO] running `Command { std: "git" "clone" "/workspace/cache/git-repos/https%3A%2F%2Fgithub.com%2Ffranciscoj%2Fdevtail" "/workspace/builds/worker-6-tc2/source", kill_on_drop: false }`
[INFO] [stderr] Cloning into '/workspace/builds/worker-6-tc2/source'...
[INFO] [stderr] done.
[INFO] validating manifest of git repo https://github.com/franciscoj/devtail on toolchain beta-2023-12-22
[INFO] running `Command { std: CARGO_HOME="/workspace/cargo-home" RUSTUP_HOME="/workspace/rustup-home" "/workspace/cargo-home/bin/cargo" "+beta-2023-12-22" "metadata" "--manifest-path" "Cargo.toml" "--no-deps", kill_on_drop: false }`
[INFO] started tweaking git repo https://github.com/franciscoj/devtail
[INFO] finished tweaking git repo https://github.com/franciscoj/devtail
[INFO] tweaked toml for git repo https://github.com/franciscoj/devtail written to /workspace/builds/worker-6-tc2/source/Cargo.toml
[INFO] crate git repo https://github.com/franciscoj/devtail already has a lockfile, it will not be regenerated
[INFO] running `Command { std: CARGO_HOME="/workspace/cargo-home" RUSTUP_HOME="/workspace/rustup-home" "/workspace/cargo-home/bin/cargo" "+beta-2023-12-22" "fetch" "--manifest-path" "Cargo.toml", kill_on_drop: false }`
[INFO] running `Command { std: "docker" "create" "-v" "/var/lib/crater-agent-workspace/builds/worker-6-tc2/target:/opt/rustwide/target:rw,Z" "-v" "/var/lib/crater-agent-workspace/builds/worker-6-tc2/source:/opt/rustwide/workdir:ro,Z" "-v" "/var/lib/crater-agent-workspace/cargo-home:/opt/rustwide/cargo-home:ro,Z" "-v" "/var/lib/crater-agent-workspace/rustup-home:/opt/rustwide/rustup-home:ro,Z" "-e" "SOURCE_DIR=/opt/rustwide/workdir" "-e" "CARGO_TARGET_DIR=/opt/rustwide/target" "-e" "CARGO_HOME=/opt/rustwide/cargo-home" "-e" "RUSTUP_HOME=/opt/rustwide/rustup-home" "-w" "/opt/rustwide/workdir" "-m" "1610612736" "--user" "0:0" "--network" "none" "ghcr.io/rust-lang/crates-build-env/linux@sha256:2788e3201cd34a07e3172128adcd8b3090168a8e3bcc40d7c032b9dda1df7d1c" "/opt/rustwide/cargo-home/bin/cargo" "+beta-2023-12-22" "metadata" "--no-deps" "--format-version=1", kill_on_drop: false }`
[INFO] [stdout] 60866c2158fef3a8a25bbd9c5982c6bc6b750161af81a0278e8590d7e36a8c7a
[INFO] running `Command { std: "docker" "start" "-a" "60866c2158fef3a8a25bbd9c5982c6bc6b750161af81a0278e8590d7e36a8c7a", kill_on_drop: false }`
[INFO] running `Command { std: "docker" "inspect" "60866c2158fef3a8a25bbd9c5982c6bc6b750161af81a0278e8590d7e36a8c7a", kill_on_drop: false }`
[INFO] running `Command { std: "docker" "rm" "-f" "60866c2158fef3a8a25bbd9c5982c6bc6b750161af81a0278e8590d7e36a8c7a", kill_on_drop: false }`
[INFO] [stdout] 60866c2158fef3a8a25bbd9c5982c6bc6b750161af81a0278e8590d7e36a8c7a
[INFO] running `Command { std: "docker" "create" "-v" "/var/lib/crater-agent-workspace/builds/worker-6-tc2/target:/opt/rustwide/target:rw,Z" "-v" "/var/lib/crater-agent-workspace/builds/worker-6-tc2/source:/opt/rustwide/workdir:ro,Z" "-v" "/var/lib/crater-agent-workspace/cargo-home:/opt/rustwide/cargo-home:ro,Z" "-v" "/var/lib/crater-agent-workspace/rustup-home:/opt/rustwide/rustup-home:ro,Z" "-e" "SOURCE_DIR=/opt/rustwide/workdir" "-e" "CARGO_TARGET_DIR=/opt/rustwide/target" "-e" "CARGO_INCREMENTAL=0" "-e" "RUST_BACKTRACE=full" "-e" "RUSTFLAGS=--cap-lints=warn" "-e" "RUSTDOCFLAGS=--cap-lints=warn" "-e" "CARGO_HOME=/opt/rustwide/cargo-home" "-e" "RUSTUP_HOME=/opt/rustwide/rustup-home" "-w" "/opt/rustwide/workdir" "-m" "1610612736" "--user" "0:0" "--network" "none" "ghcr.io/rust-lang/crates-build-env/linux@sha256:2788e3201cd34a07e3172128adcd8b3090168a8e3bcc40d7c032b9dda1df7d1c" "/opt/rustwide/cargo-home/bin/cargo" "+beta-2023-12-22" "build" "--frozen" "--message-format=json", kill_on_drop: false }`
[INFO] [stdout] e48eda796264cc8fe6511a8ecbdc452081fa343e6382b2fb5154bae1d43f3e0a
[INFO] running `Command { std: "docker" "start" "-a" "e48eda796264cc8fe6511a8ecbdc452081fa343e6382b2fb5154bae1d43f3e0a", kill_on_drop: false }`
[INFO] [stderr]    Compiling libc v0.2.69
[INFO] [stderr]    Compiling memchr v2.3.3
[INFO] [stderr]    Compiling bitflags v1.2.1
[INFO] [stderr]    Compiling lazy_static v1.4.0
[INFO] [stderr]    Compiling unicode-width v0.1.7
[INFO] [stderr]    Compiling regex-syntax v0.6.17
[INFO] [stderr]    Compiling vec_map v0.8.1
[INFO] [stderr]    Compiling strsim v0.8.0
[INFO] [stderr]    Compiling numtoa v0.1.0
[INFO] [stderr]    Compiling ansi_term v0.11.0
[INFO] [stderr]    Compiling thread_local v1.0.1
[INFO] [stderr]    Compiling textwrap v0.11.0
[INFO] [stderr]    Compiling aho-corasick v0.7.10
[INFO] [stderr]    Compiling atty v0.2.14
[INFO] [stderr]    Compiling termion v1.5.5
[INFO] [stderr]    Compiling clap v2.33.0
[INFO] [stderr]    Compiling regex v1.3.7
[INFO] [stderr]    Compiling devtail v0.0.1 (/opt/rustwide/workdir)
[INFO] [stderr]     Finished dev [unoptimized + debuginfo] target(s) in 3.73s
[INFO] running `Command { std: "docker" "inspect" "e48eda796264cc8fe6511a8ecbdc452081fa343e6382b2fb5154bae1d43f3e0a", kill_on_drop: false }`
[INFO] running `Command { std: "docker" "rm" "-f" "e48eda796264cc8fe6511a8ecbdc452081fa343e6382b2fb5154bae1d43f3e0a", kill_on_drop: false }`
[INFO] [stdout] e48eda796264cc8fe6511a8ecbdc452081fa343e6382b2fb5154bae1d43f3e0a
[INFO] running `Command { std: "docker" "create" "-v" "/var/lib/crater-agent-workspace/builds/worker-6-tc2/target:/opt/rustwide/target:rw,Z" "-v" "/var/lib/crater-agent-workspace/builds/worker-6-tc2/source:/opt/rustwide/workdir:ro,Z" "-v" "/var/lib/crater-agent-workspace/cargo-home:/opt/rustwide/cargo-home:ro,Z" "-v" "/var/lib/crater-agent-workspace/rustup-home:/opt/rustwide/rustup-home:ro,Z" "-e" "SOURCE_DIR=/opt/rustwide/workdir" "-e" "CARGO_TARGET_DIR=/opt/rustwide/target" "-e" "CARGO_INCREMENTAL=0" "-e" "RUST_BACKTRACE=full" "-e" "RUSTFLAGS=--cap-lints=warn" "-e" "RUSTDOCFLAGS=--cap-lints=warn" "-e" "CARGO_HOME=/opt/rustwide/cargo-home" "-e" "RUSTUP_HOME=/opt/rustwide/rustup-home" "-w" "/opt/rustwide/workdir" "-m" "1610612736" "--user" "0:0" "--network" "none" "ghcr.io/rust-lang/crates-build-env/linux@sha256:2788e3201cd34a07e3172128adcd8b3090168a8e3bcc40d7c032b9dda1df7d1c" "/opt/rustwide/cargo-home/bin/cargo" "+beta-2023-12-22" "test" "--frozen" "--no-run" "--message-format=json", kill_on_drop: false }`
[INFO] [stdout] 66ec6f45fc5a93b4841d0c76d32e5f87b85a7ff9e6b5c9c7a867fba119d48d0a
[INFO] running `Command { std: "docker" "start" "-a" "66ec6f45fc5a93b4841d0c76d32e5f87b85a7ff9e6b5c9c7a867fba119d48d0a", kill_on_drop: false }`
[INFO] [stderr]    Compiling devtail v0.0.1 (/opt/rustwide/workdir)
[INFO] [stderr]     Finished test [unoptimized + debuginfo] target(s) in 0.61s
[INFO] running `Command { std: "docker" "inspect" "66ec6f45fc5a93b4841d0c76d32e5f87b85a7ff9e6b5c9c7a867fba119d48d0a", kill_on_drop: false }`
[INFO] running `Command { std: "docker" "rm" "-f" "66ec6f45fc5a93b4841d0c76d32e5f87b85a7ff9e6b5c9c7a867fba119d48d0a", kill_on_drop: false }`
[INFO] [stdout] 66ec6f45fc5a93b4841d0c76d32e5f87b85a7ff9e6b5c9c7a867fba119d48d0a
[INFO] running `Command { std: "docker" "create" "-v" "/var/lib/crater-agent-workspace/builds/worker-6-tc2/target:/opt/rustwide/target:rw,Z" "-v" "/var/lib/crater-agent-workspace/builds/worker-6-tc2/source:/opt/rustwide/workdir:ro,Z" "-v" "/var/lib/crater-agent-workspace/cargo-home:/opt/rustwide/cargo-home:ro,Z" "-v" "/var/lib/crater-agent-workspace/rustup-home:/opt/rustwide/rustup-home:ro,Z" "-e" "SOURCE_DIR=/opt/rustwide/workdir" "-e" "CARGO_TARGET_DIR=/opt/rustwide/target" "-e" "CARGO_INCREMENTAL=0" "-e" "RUST_BACKTRACE=full" "-e" "RUSTFLAGS=--cap-lints=warn" "-e" "RUSTDOCFLAGS=--cap-lints=warn" "-e" "CARGO_HOME=/opt/rustwide/cargo-home" "-e" "RUSTUP_HOME=/opt/rustwide/rustup-home" "-w" "/opt/rustwide/workdir" "-m" "1610612736" "--user" "0:0" "--network" "none" "ghcr.io/rust-lang/crates-build-env/linux@sha256:2788e3201cd34a07e3172128adcd8b3090168a8e3bcc40d7c032b9dda1df7d1c" "/opt/rustwide/cargo-home/bin/cargo" "+beta-2023-12-22" "test" "--frozen", kill_on_drop: false }`
[INFO] [stdout] f5ffee4003877a232ff1fef9f380b52c7edde0a913a47e2a511c2e3d0d811bba
[INFO] running `Command { std: "docker" "start" "-a" "f5ffee4003877a232ff1fef9f380b52c7edde0a913a47e2a511c2e3d0d811bba", kill_on_drop: false }`
[INFO] [stderr]     Finished test [unoptimized + debuginfo] target(s) in 0.01s
[INFO] [stderr]      Running unittests src/lib.rs (/opt/rustwide/target/debug/deps/devtail-e21e00b2c2901e74)
[INFO] [stdout] 
[INFO] [stdout] running 6 tests
[INFO] [stdout] test parser::tests::parse_uuid_on_line_with_brackets ... ok
[INFO] [stdout] test parser::tests::parse_uuid_and_status ... ok
[INFO] [stdout] test parser::tests::parse_uuid ... ok
[INFO] [stdout] test log::tests::test_add_lines ... ok
[INFO] [stdout] test screen::tests::test_line_nr_for ... ok
[INFO] [stdout] test screen::tests::test_line_nr_for_on_updated_entries ... ok
[INFO] [stdout] 
[INFO] [stdout] test result: ok. 6 passed; 0 failed; 0 ignored; 0 measured; 0 filtered out; finished in 0.04s
[INFO] [stdout] 
[INFO] [stderr]      Running unittests src/main.rs (/opt/rustwide/target/debug/deps/devtail-8a6a86b93f891fcb)
[INFO] [stdout] 
[INFO] [stdout] running 0 tests
[INFO] [stdout] 
[INFO] [stdout] test result: ok. 0 passed; 0 failed; 0 ignored; 0 measured; 0 filtered out; finished in 0.00s
[INFO] [stdout] 
[INFO] [stderr]    Doc-tests devtail
[INFO] [stdout] 
[INFO] [stdout] running 7 tests
[INFO] [stdout] test src/test_macros.rs - test_macros::log_end (line 52) ... FAILED
[INFO] [stdout] test src/test_macros.rs - test_macros::log_start (line 38) ... FAILED
[INFO] [stdout] test src/test_macros.rs - test_macros::log_line (line 24) ... FAILED
[INFO] [stdout] test src/test_macros.rs - test_macros::uuid (line 10) ... FAILED
[INFO] [stdout] test src/log.rs - log::Log (line 8) ... ok
[INFO] [stdout] test src/entry.rs - entry::Entry::new (line 19) ... ok
[INFO] [stdout] test src/entry.rs - entry::Entry::add (line 47) ... ok
[INFO] [stdout] 
[INFO] [stdout] failures:
[INFO] [stdout] 
[INFO] [stdout] ---- src/test_macros.rs - test_macros::log_end (line 52) stdout ----
[INFO] [stdout] error: cannot find macro `log_end` in this scope
[INFO] [stdout]  --> src/test_macros.rs:54:12
[INFO] [stdout]   |
[INFO] [stdout] 4 | assert_eq!(log_end!("0", 301), String::from("[00000000-0000-0000-0000-000000000000] Completed 301"));
[INFO] [stdout]   |            ^^^^^^^
[INFO] [stdout] 
[INFO] [stdout] error: cannot find macro `log_end` in this scope
[INFO] [stdout]  --> src/test_macros.rs:53:12
[INFO] [stdout]   |
[INFO] [stdout] 3 | assert_eq!(log_end!("0"), String::from("[00000000-0000-0000-0000-000000000000] Completed 200"));
[INFO] [stdout]   |            ^^^^^^^
[INFO] [stdout] 
[INFO] [stdout] error: aborting due to 2 previous errors
[INFO] [stdout] 
[INFO] [stdout] Couldn't compile the test.
[INFO] [stdout] ---- src/test_macros.rs - test_macros::log_start (line 38) stdout ----
[INFO] [stdout] error: cannot find macro `log_start` in this scope
[INFO] [stdout]  --> src/test_macros.rs:39:12
[INFO] [stdout]   |
[INFO] [stdout] 3 | assert_eq!(log_start!("0"), String::from("[00000000-0000-0000-0000-000000000000] GET /endpoint_0"));
[INFO] [stdout]   |            ^^^^^^^^^
[INFO] [stdout] 
[INFO] [stdout] error: aborting due to 1 previous error
[INFO] [stdout] 
[INFO] [stdout] Couldn't compile the test.
[INFO] [stdout] ---- src/test_macros.rs - test_macros::log_line (line 24) stdout ----
[INFO] [stdout] error: cannot find macro `log_line` in this scope
[INFO] [stdout]  --> src/test_macros.rs:25:12
[INFO] [stdout]   |
[INFO] [stdout] 3 | assert_eq!(log_line!("0", "Some line"), String::from("[00000000-0000-0000-0000-000000000000] Some line"));
[INFO] [stdout]   |            ^^^^^^^^
[INFO] [stdout] 
[INFO] [stdout] error: aborting due to 1 previous error
[INFO] [stdout] 
[INFO] [stdout] Couldn't compile the test.
[INFO] [stdout] ---- src/test_macros.rs - test_macros::uuid (line 10) stdout ----
[INFO] [stdout] error: cannot find macro `uuid` in this scope
[INFO] [stdout]  --> src/test_macros.rs:11:12
[INFO] [stdout]   |
[INFO] [stdout] 3 | assert_eq!(uuid!("0"), "00000000-0000-0000-0000-000000000000");
[INFO] [stdout]   |            ^^^^
[INFO] [stdout] 
[INFO] [stdout] error: aborting due to 1 previous error
[INFO] [stdout] 
[INFO] [stdout] Couldn't compile the test.
[INFO] [stdout] 
[INFO] [stdout] failures:
[INFO] [stdout]     src/test_macros.rs - test_macros::log_end (line 52)
[INFO] [stdout]     src/test_macros.rs - test_macros::log_line (line 24)
[INFO] [stdout]     src/test_macros.rs - test_macros::log_start (line 38)
[INFO] [stdout]     src/test_macros.rs - test_macros::uuid (line 10)
[INFO] [stdout] 
[INFO] [stdout] test result: FAILED. 3 passed; 4 failed; 0 ignored; 0 measured; 0 filtered out; finished in 0.42s
[INFO] [stdout] 
[INFO] [stderr] error: doctest failed, to rerun pass `--doc`
[INFO] running `Command { std: "docker" "inspect" "f5ffee4003877a232ff1fef9f380b52c7edde0a913a47e2a511c2e3d0d811bba", kill_on_drop: false }`
[INFO] running `Command { std: "docker" "rm" "-f" "f5ffee4003877a232ff1fef9f380b52c7edde0a913a47e2a511c2e3d0d811bba", kill_on_drop: false }`
[INFO] [stdout] f5ffee4003877a232ff1fef9f380b52c7edde0a913a47e2a511c2e3d0d811bba
