[INFO] cloning repository https://github.com/fospitia/dynamodb-adapter
[INFO] running `Command { std: "git" "-c" "credential.helper=" "-c" "credential.helper=/workspace/cargo-home/bin/git-credential-null" "clone" "--bare" "https://github.com/fospitia/dynamodb-adapter" "/workspace/cache/git-repos/https%3A%2F%2Fgithub.com%2Ffospitia%2Fdynamodb-adapter", kill_on_drop: false }`
[INFO] [stderr] Cloning into bare repository '/workspace/cache/git-repos/https%3A%2F%2Fgithub.com%2Ffospitia%2Fdynamodb-adapter'...
[INFO] running `Command { std: "git" "rev-parse" "HEAD", kill_on_drop: false }`
[INFO] [stdout] 3880a8b1de36cde169e4f22030c9e5230c6077ed
[INFO] testing fospitia/dynamodb-adapter against 1.75.0 for beta-1.76-1
[INFO] running `Command { std: "git" "clone" "/workspace/cache/git-repos/https%3A%2F%2Fgithub.com%2Ffospitia%2Fdynamodb-adapter" "/workspace/builds/worker-3-tc1/source", kill_on_drop: false }`
[INFO] [stderr] Cloning into '/workspace/builds/worker-3-tc1/source'...
[INFO] [stderr] done.
[INFO] validating manifest of git repo https://github.com/fospitia/dynamodb-adapter on toolchain 1.75.0
[INFO] running `Command { std: CARGO_HOME="/workspace/cargo-home" RUSTUP_HOME="/workspace/rustup-home" "/workspace/cargo-home/bin/cargo" "+1.75.0" "metadata" "--manifest-path" "Cargo.toml" "--no-deps", kill_on_drop: false }`
[INFO] started tweaking git repo https://github.com/fospitia/dynamodb-adapter
[INFO] finished tweaking git repo https://github.com/fospitia/dynamodb-adapter
[INFO] tweaked toml for git repo https://github.com/fospitia/dynamodb-adapter written to /workspace/builds/worker-3-tc1/source/Cargo.toml
[INFO] crate git repo https://github.com/fospitia/dynamodb-adapter already has a lockfile, it will not be regenerated
[INFO] running `Command { std: CARGO_HOME="/workspace/cargo-home" RUSTUP_HOME="/workspace/rustup-home" "/workspace/cargo-home/bin/cargo" "+1.75.0" "fetch" "--manifest-path" "Cargo.toml", kill_on_drop: false }`
[INFO] [stderr]     Updating crates.io index
[INFO] [stderr]  Downloading crates ...
[INFO] [stderr]   Downloaded aws-smithy-query v0.48.0
[INFO] [stderr]   Downloaded aws-sdk-sts v0.18.0
[INFO] [stderr]   Downloaded aws-sigv4 v0.48.0
[INFO] [stderr]   Downloaded casbin v2.0.9
[INFO] [stderr]   Downloaded rhai v1.9.1
[INFO] [stderr]   Downloaded aws-config v0.48.0
[INFO] [stderr]   Downloaded aws-smithy-xml v0.48.0
[INFO] [stderr]   Downloaded aws-sdk-sso v0.18.0
[INFO] running `Command { std: "docker" "create" "-v" "/var/lib/crater-agent-workspace/builds/worker-3-tc1/target:/opt/rustwide/target:rw,Z" "-v" "/var/lib/crater-agent-workspace/builds/worker-3-tc1/source:/opt/rustwide/workdir:ro,Z" "-v" "/var/lib/crater-agent-workspace/cargo-home:/opt/rustwide/cargo-home:ro,Z" "-v" "/var/lib/crater-agent-workspace/rustup-home:/opt/rustwide/rustup-home:ro,Z" "-e" "SOURCE_DIR=/opt/rustwide/workdir" "-e" "CARGO_TARGET_DIR=/opt/rustwide/target" "-e" "CARGO_HOME=/opt/rustwide/cargo-home" "-e" "RUSTUP_HOME=/opt/rustwide/rustup-home" "-w" "/opt/rustwide/workdir" "-m" "1610612736" "--user" "0:0" "--network" "none" "ghcr.io/rust-lang/crates-build-env/linux@sha256:2788e3201cd34a07e3172128adcd8b3090168a8e3bcc40d7c032b9dda1df7d1c" "/opt/rustwide/cargo-home/bin/cargo" "+1.75.0" "metadata" "--no-deps" "--format-version=1", kill_on_drop: false }`
[INFO] [stdout] 4ca5261537003226ff7ad53768d49c4cc6be1736fa3cf45b54dabdbcd0a3d17b
[INFO] running `Command { std: "docker" "start" "-a" "4ca5261537003226ff7ad53768d49c4cc6be1736fa3cf45b54dabdbcd0a3d17b", kill_on_drop: false }`
[INFO] running `Command { std: "docker" "inspect" "4ca5261537003226ff7ad53768d49c4cc6be1736fa3cf45b54dabdbcd0a3d17b", kill_on_drop: false }`
[INFO] running `Command { std: "docker" "rm" "-f" "4ca5261537003226ff7ad53768d49c4cc6be1736fa3cf45b54dabdbcd0a3d17b", kill_on_drop: false }`
[INFO] [stdout] 4ca5261537003226ff7ad53768d49c4cc6be1736fa3cf45b54dabdbcd0a3d17b
[INFO] running `Command { std: "docker" "create" "-v" "/var/lib/crater-agent-workspace/builds/worker-3-tc1/target:/opt/rustwide/target:rw,Z" "-v" "/var/lib/crater-agent-workspace/builds/worker-3-tc1/source:/opt/rustwide/workdir:ro,Z" "-v" "/var/lib/crater-agent-workspace/cargo-home:/opt/rustwide/cargo-home:ro,Z" "-v" "/var/lib/crater-agent-workspace/rustup-home:/opt/rustwide/rustup-home:ro,Z" "-e" "SOURCE_DIR=/opt/rustwide/workdir" "-e" "CARGO_TARGET_DIR=/opt/rustwide/target" "-e" "CARGO_INCREMENTAL=0" "-e" "RUST_BACKTRACE=full" "-e" "RUSTFLAGS=--cap-lints=warn" "-e" "RUSTDOCFLAGS=--cap-lints=warn" "-e" "CARGO_HOME=/opt/rustwide/cargo-home" "-e" "RUSTUP_HOME=/opt/rustwide/rustup-home" "-w" "/opt/rustwide/workdir" "-m" "1610612736" "--user" "0:0" "--network" "none" "ghcr.io/rust-lang/crates-build-env/linux@sha256:2788e3201cd34a07e3172128adcd8b3090168a8e3bcc40d7c032b9dda1df7d1c" "/opt/rustwide/cargo-home/bin/cargo" "+1.75.0" "build" "--frozen" "--message-format=json", kill_on_drop: false }`
[INFO] [stdout] 949cc240c3c503c989e32d3df484419a5b14f7077ec9e2f400be528a23ee1408
[INFO] running `Command { std: "docker" "start" "-a" "949cc240c3c503c989e32d3df484419a5b14f7077ec9e2f400be528a23ee1408", kill_on_drop: false }`
[INFO] [stderr]    Compiling libc v0.2.132
[INFO] [stderr]    Compiling proc-macro2 v1.0.43
[INFO] [stderr]    Compiling unicode-ident v1.0.3
[INFO] [stderr]    Compiling quote v1.0.21
[INFO] [stderr]    Compiling syn v1.0.99
[INFO] [stderr]    Compiling once_cell v1.14.0
[INFO] [stderr]    Compiling serde_derive v1.0.144
[INFO] [stderr]    Compiling serde v1.0.144
[INFO] [stderr]    Compiling log v0.4.17
[INFO] [stderr]    Compiling memchr v2.5.0
[INFO] [stderr]    Compiling lock_api v0.4.8
[INFO] [stderr]    Compiling bytes v1.2.1
[INFO] [stderr]    Compiling parking_lot_core v0.9.3
[INFO] [stderr]    Compiling pin-project-lite v0.2.9
[INFO] [stderr]    Compiling scopeguard v1.1.0
[INFO] [stderr]    Compiling tokio v1.21.0
[INFO] [stderr]    Compiling futures-core v0.3.24
[INFO] [stderr]    Compiling slab v0.4.7
[INFO] [stderr]    Compiling futures-task v0.3.24
[INFO] [stderr]    Compiling cc v1.0.73
[INFO] [stderr]    Compiling num-traits v0.2.15
[INFO] [stderr]    Compiling futures-util v0.3.24
[INFO] [stderr]    Compiling itoa v1.0.3
[INFO] [stderr]    Compiling tracing-core v0.1.29
[INFO] [stderr]    Compiling spin v0.5.2
[INFO] [stderr]    Compiling untrusted v0.7.1
[INFO] [stderr]    Compiling indexmap v1.9.1
[INFO] [stderr]    Compiling http v0.2.8
[INFO] [stderr]    Compiling num-integer v0.1.45
[INFO] [stderr]    Compiling hashbrown v0.12.3
[INFO] [stderr]    Compiling futures-sink v0.3.24
[INFO] [stderr]    Compiling futures-channel v0.3.24
[INFO] [stderr]    Compiling try-lock v0.2.3
[INFO] [stderr]    Compiling tower-service v0.3.2
[INFO] [stderr]    Compiling num_threads v0.1.6
[INFO] [stderr]    Compiling want v0.3.0
[INFO] [stderr]    Compiling ryu v1.0.11
[INFO] [stderr]    Compiling httpdate v1.0.2
[INFO] [stderr]    Compiling either v1.8.0
[INFO] [stderr]    Compiling semver v1.0.13
[INFO] [stderr]    Compiling base64 v0.13.0
[INFO] [stderr]    Compiling percent-encoding v2.1.0
[INFO] [stderr]    Compiling openssl-probe v0.1.5
[INFO] [stderr]    Compiling bytes-utils v0.1.3
[INFO] [stderr]    Compiling tower-layer v0.3.1
[INFO] [stderr]    Compiling aho-corasick v0.7.19
[INFO] [stderr]    Compiling lazy_static v1.4.0
[INFO] [stderr]    Compiling mio v0.8.4
[INFO] [stderr]    Compiling signal-hook-registry v1.4.0
[INFO] [stderr]    Compiling num_cpus v1.13.1
[INFO] [stderr]    Compiling socket2 v0.4.7
[INFO] [stderr]    Compiling time v0.3.14
[INFO] [stderr]    Compiling regex-syntax v0.6.27
[INFO] [stderr]    Compiling getrandom v0.2.7
[INFO] [stderr]    Compiling fastrand v1.8.0
[INFO] [stderr]    Compiling ahash v0.7.6
[INFO] [stderr]    Compiling http-body v0.4.5
[INFO] [stderr]    Compiling ring v0.16.20
[INFO] [stderr]    Compiling rustc_version v0.4.0
[INFO] [stderr]    Compiling zeroize v1.5.7
[INFO] [stderr]    Compiling ahash v0.8.0
[INFO] [stderr]    Compiling smartstring v1.0.1
[INFO] [stderr]    Compiling parking_lot_core v0.8.5
[INFO] [stderr]    Compiling matches v0.1.9
[INFO] [stderr]    Compiling form_urlencoded v1.0.1
[INFO] [stderr]    Compiling instant v0.1.12
[INFO] [stderr]    Compiling hex v0.4.3
[INFO] [stderr]    Compiling async-trait v0.1.57
[INFO] [stderr]    Compiling static_assertions v1.1.0
[INFO] [stderr]    Compiling hashbrown v0.11.2
[INFO] [stderr]    Compiling bstr v0.2.17
[INFO] [stderr]    Compiling md5 v0.7.0
[INFO] [stderr]    Compiling aws-types v0.48.0
[INFO] [stderr]    Compiling aws-smithy-types v0.48.0
[INFO] [stderr]    Compiling ritelinked v0.3.2
[INFO] [stderr]    Compiling aws-smithy-json v0.48.0
[INFO] [stderr]    Compiling regex v1.6.0
[INFO] [stderr]    Compiling globset v0.4.9
[INFO] [stderr]    Compiling sct v0.6.1
[INFO] [stderr]    Compiling webpki v0.21.4
[INFO] [stderr]    Compiling ct-logs v0.8.0
[INFO] [stderr]    Compiling rustls v0.19.1
[INFO] [stderr]    Compiling tokio-macros v1.8.0
[INFO] [stderr]    Compiling tracing-attributes v0.1.22
[INFO] [stderr]    Compiling futures-macro v0.3.24
[INFO] [stderr]    Compiling pin-project-internal v1.0.12
[INFO] [stderr]    Compiling rhai_codegen v1.4.2
[INFO] [stderr]    Compiling thiserror-impl v1.0.34
[INFO] [stderr]    Compiling thiserror v1.0.34
[INFO] [stderr]    Compiling pin-project v1.0.12
[INFO] [stderr]    Compiling rustls-native-certs v0.5.0
[INFO] [stderr]    Compiling tracing v0.1.36
[INFO] [stderr]    Compiling smallvec v1.9.0
[INFO] [stderr]    Compiling rhai v1.9.1
[INFO] [stderr]    Compiling parking_lot v0.12.1
[INFO] [stderr]    Compiling parking_lot v0.11.2
[INFO] [stderr]    Compiling tokio-util v0.7.3
[INFO] [stderr]    Compiling tokio-stream v0.1.9
[INFO] [stderr]    Compiling tokio-rustls v0.22.0
[INFO] [stderr]    Compiling tower v0.4.13
[INFO] [stderr]    Compiling aws-smithy-async v0.48.0
[INFO] [stderr]    Compiling h2 v0.3.14
[INFO] [stderr]    Compiling casbin v2.0.9
[INFO] [stderr]    Compiling hyper v0.14.20
[INFO] [stderr]    Compiling aws-smithy-http v0.48.0
[INFO] [stderr]    Compiling hyper-rustls v0.22.1
[INFO] [stderr]    Compiling aws-smithy-http-tower v0.48.0
[INFO] [stderr]    Compiling aws-sigv4 v0.48.0
[INFO] [stderr]    Compiling aws-smithy-client v0.48.0
[INFO] [stderr]    Compiling aws-sig-auth v0.48.0
[INFO] [stderr]    Compiling aws-endpoint v0.48.0
[INFO] [stderr]    Compiling aws-http v0.48.0
[INFO] [stderr]    Compiling aws-sdk-dynamodb v0.18.0
[INFO] [stderr]    Compiling dynamodb-adapter v0.1.0 (/opt/rustwide/workdir)
[INFO] [stderr]     Finished dev [unoptimized + debuginfo] target(s) in 27.84s
[INFO] running `Command { std: "docker" "inspect" "949cc240c3c503c989e32d3df484419a5b14f7077ec9e2f400be528a23ee1408", kill_on_drop: false }`
[INFO] running `Command { std: "docker" "rm" "-f" "949cc240c3c503c989e32d3df484419a5b14f7077ec9e2f400be528a23ee1408", kill_on_drop: false }`
[INFO] [stdout] 949cc240c3c503c989e32d3df484419a5b14f7077ec9e2f400be528a23ee1408
[INFO] running `Command { std: "docker" "create" "-v" "/var/lib/crater-agent-workspace/builds/worker-3-tc1/target:/opt/rustwide/target:rw,Z" "-v" "/var/lib/crater-agent-workspace/builds/worker-3-tc1/source:/opt/rustwide/workdir:ro,Z" "-v" "/var/lib/crater-agent-workspace/cargo-home:/opt/rustwide/cargo-home:ro,Z" "-v" "/var/lib/crater-agent-workspace/rustup-home:/opt/rustwide/rustup-home:ro,Z" "-e" "SOURCE_DIR=/opt/rustwide/workdir" "-e" "CARGO_TARGET_DIR=/opt/rustwide/target" "-e" "CARGO_INCREMENTAL=0" "-e" "RUST_BACKTRACE=full" "-e" "RUSTFLAGS=--cap-lints=warn" "-e" "RUSTDOCFLAGS=--cap-lints=warn" "-e" "CARGO_HOME=/opt/rustwide/cargo-home" "-e" "RUSTUP_HOME=/opt/rustwide/rustup-home" "-w" "/opt/rustwide/workdir" "-m" "1610612736" "--user" "0:0" "--network" "none" "ghcr.io/rust-lang/crates-build-env/linux@sha256:2788e3201cd34a07e3172128adcd8b3090168a8e3bcc40d7c032b9dda1df7d1c" "/opt/rustwide/cargo-home/bin/cargo" "+1.75.0" "test" "--frozen" "--no-run" "--message-format=json", kill_on_drop: false }`
[INFO] [stdout] 9da4d90a898b998bed8ab1b54dd201d72186853d4a6ee212a5aaa229d324c098
[INFO] running `Command { std: "docker" "start" "-a" "9da4d90a898b998bed8ab1b54dd201d72186853d4a6ee212a5aaa229d324c098", kill_on_drop: false }`
[INFO] [stderr]    Compiling urlencoding v2.1.2
[INFO] [stderr]    Compiling xmlparser v0.13.3
[INFO] [stderr]    Compiling aws-sdk-sso v0.18.0
[INFO] [stderr]    Compiling aws-smithy-query v0.48.0
[INFO] [stderr]    Compiling aws-smithy-xml v0.48.0
[INFO] [stderr]    Compiling aws-sdk-sts v0.18.0
[INFO] [stderr]    Compiling aws-config v0.48.0
[INFO] [stderr]    Compiling dynamodb-adapter v0.1.0 (/opt/rustwide/workdir)
[INFO] [stderr]     Finished test [unoptimized + debuginfo] target(s) in 12.72s
[INFO] running `Command { std: "docker" "inspect" "9da4d90a898b998bed8ab1b54dd201d72186853d4a6ee212a5aaa229d324c098", kill_on_drop: false }`
[INFO] running `Command { std: "docker" "rm" "-f" "9da4d90a898b998bed8ab1b54dd201d72186853d4a6ee212a5aaa229d324c098", kill_on_drop: false }`
[INFO] [stdout] 9da4d90a898b998bed8ab1b54dd201d72186853d4a6ee212a5aaa229d324c098
[INFO] running `Command { std: "docker" "create" "-v" "/var/lib/crater-agent-workspace/builds/worker-3-tc1/target:/opt/rustwide/target:rw,Z" "-v" "/var/lib/crater-agent-workspace/builds/worker-3-tc1/source:/opt/rustwide/workdir:ro,Z" "-v" "/var/lib/crater-agent-workspace/cargo-home:/opt/rustwide/cargo-home:ro,Z" "-v" "/var/lib/crater-agent-workspace/rustup-home:/opt/rustwide/rustup-home:ro,Z" "-e" "SOURCE_DIR=/opt/rustwide/workdir" "-e" "CARGO_TARGET_DIR=/opt/rustwide/target" "-e" "CARGO_INCREMENTAL=0" "-e" "RUST_BACKTRACE=full" "-e" "RUSTFLAGS=--cap-lints=warn" "-e" "RUSTDOCFLAGS=--cap-lints=warn" "-e" "CARGO_HOME=/opt/rustwide/cargo-home" "-e" "RUSTUP_HOME=/opt/rustwide/rustup-home" "-w" "/opt/rustwide/workdir" "-m" "1610612736" "--user" "0:0" "--network" "none" "ghcr.io/rust-lang/crates-build-env/linux@sha256:2788e3201cd34a07e3172128adcd8b3090168a8e3bcc40d7c032b9dda1df7d1c" "/opt/rustwide/cargo-home/bin/cargo" "+1.75.0" "test" "--frozen", kill_on_drop: false }`
[INFO] [stdout] 8c7025dd30e4bedcb95518135cbc3f7388a51d8c7ff7bbafb7c2dd62d9edc91c
[INFO] running `Command { std: "docker" "start" "-a" "8c7025dd30e4bedcb95518135cbc3f7388a51d8c7ff7bbafb7c2dd62d9edc91c", kill_on_drop: false }`
[INFO] [stderr]     Finished test [unoptimized + debuginfo] target(s) in 0.18s
[INFO] [stderr]      Running unittests src/lib.rs (/opt/rustwide/target/debug/deps/dynamodb_adapter-9223e8b61a2ab2f7)
[INFO] [stdout] 
[INFO] [stdout] running 2 tests
[INFO] [stdout] test tests::test_casbin_adapter ... FAILED
[INFO] [stdout] test tests::test_adapter ... FAILED
[INFO] [stdout] 
[INFO] [stdout] failures:
[INFO] [stdout] 
[INFO] [stdout] ---- tests::test_casbin_adapter stdout ----
[INFO] [stdout] Error: AdapterError(AdapterError(ConstructionFailure(EndpointResolutionError(Error { message: "no region in params", extra: None }))))
[INFO] [stdout] 
[INFO] [stdout] ---- tests::test_adapter stdout ----
[INFO] [stdout] thread 'tests::test_adapter' panicked at src/lib.rs:79:9:
[INFO] [stdout] assertion failed: adapter.save_policy(e.get_mut_model()).await.is_ok()
[INFO] [stdout] stack backtrace:
[INFO] [stdout]    0:     0x562c32c57b7c - std::backtrace_rs::backtrace::libunwind::trace::ha637c64ce894333a
[INFO] [stdout]                                at /rustc/82e1608dfa6e0b5569232559e3d385fea5a93112/library/std/src/../../backtrace/src/backtrace/libunwind.rs:104:5
[INFO] [stdout]    1:     0x562c32c57b7c - std::backtrace_rs::backtrace::trace_unsynchronized::h47f62dea28e0c88d
[INFO] [stdout]                                at /rustc/82e1608dfa6e0b5569232559e3d385fea5a93112/library/std/src/../../backtrace/src/backtrace/mod.rs:66:5
[INFO] [stdout]    2:     0x562c32c57b7c - std::sys_common::backtrace::_print_fmt::h9eef0abe20ede486
[INFO] [stdout]                                at /rustc/82e1608dfa6e0b5569232559e3d385fea5a93112/library/std/src/sys_common/backtrace.rs:67:5
[INFO] [stdout]    3:     0x562c32c57b7c - <std::sys_common::backtrace::_print::DisplayBacktrace as core::fmt::Display>::fmt::hed7f999df88cc644
[INFO] [stdout]                                at /rustc/82e1608dfa6e0b5569232559e3d385fea5a93112/library/std/src/sys_common/backtrace.rs:44:22
[INFO] [stdout]    4:     0x562c32c87b20 - core::fmt::rt::Argument::fmt::h1539a9308b8d058d
[INFO] [stdout]                                at /rustc/82e1608dfa6e0b5569232559e3d385fea5a93112/library/core/src/fmt/rt.rs:142:9
[INFO] [stdout]    5:     0x562c32c87b20 - core::fmt::write::h3a39390d8560d9c9
[INFO] [stdout]                                at /rustc/82e1608dfa6e0b5569232559e3d385fea5a93112/library/core/src/fmt/mod.rs:1120:17
[INFO] [stdout]    6:     0x562c32c547df - std::io::Write::write_fmt::h040b369f3a0f9cbc
[INFO] [stdout]                                at /rustc/82e1608dfa6e0b5569232559e3d385fea5a93112/library/std/src/io/mod.rs:1762:15
[INFO] [stdout]    7:     0x562c32c57964 - std::sys_common::backtrace::_print::h894006fb5c6f3d45
[INFO] [stdout]                                at /rustc/82e1608dfa6e0b5569232559e3d385fea5a93112/library/std/src/sys_common/backtrace.rs:47:5
[INFO] [stdout]    8:     0x562c32c57964 - std::sys_common::backtrace::print::h23a2d212c6fff936
[INFO] [stdout]                                at /rustc/82e1608dfa6e0b5569232559e3d385fea5a93112/library/std/src/sys_common/backtrace.rs:34:9
[INFO] [stdout]    9:     0x562c32c596a7 - std::panicking::default_hook::{{closure}}::h8a1d2ee00185001a
[INFO] [stdout]   10:     0x562c32c59393 - std::panicking::default_hook::h6038f2eba384e475
[INFO] [stdout]                                at /rustc/82e1608dfa6e0b5569232559e3d385fea5a93112/library/std/src/panicking.rs:289:9
[INFO] [stdout]   11:     0x562c32131a47 - <alloc::boxed::Box<F,A> as core::ops::function::Fn<Args>>::call::h0ad024c9bdc6d768
[INFO] [stdout]                                at /rustc/82e1608dfa6e0b5569232559e3d385fea5a93112/library/alloc/src/boxed.rs:2021:9
[INFO] [stdout]   12:     0x562c32131a47 - test::test_main::{{closure}}::h7500b54257359db6
[INFO] [stdout]                                at /rustc/82e1608dfa6e0b5569232559e3d385fea5a93112/library/test/src/lib.rs:138:21
[INFO] [stdout]   13:     0x562c32c59cb8 - <alloc::boxed::Box<F,A> as core::ops::function::Fn<Args>>::call::h1f8f335eaa9cfaee
[INFO] [stdout]                                at /rustc/82e1608dfa6e0b5569232559e3d385fea5a93112/library/alloc/src/boxed.rs:2021:9
[INFO] [stdout]   14:     0x562c32c59cb8 - std::panicking::rust_panic_with_hook::h2b5517d590cab22e
[INFO] [stdout]                                at /rustc/82e1608dfa6e0b5569232559e3d385fea5a93112/library/std/src/panicking.rs:783:13
[INFO] [stdout]   15:     0x562c32c599d9 - std::panicking::begin_panic_handler::{{closure}}::h233112c06e0ef43e
[INFO] [stdout]                                at /rustc/82e1608dfa6e0b5569232559e3d385fea5a93112/library/std/src/panicking.rs:649:13
[INFO] [stdout]   16:     0x562c32c58046 - std::sys_common::backtrace::__rust_end_short_backtrace::h6e893f24d7ebbff8
[INFO] [stdout]                                at /rustc/82e1608dfa6e0b5569232559e3d385fea5a93112/library/std/src/sys_common/backtrace.rs:170:18
[INFO] [stdout]   17:     0x562c32c59772 - rust_begin_unwind
[INFO] [stdout]                                at /rustc/82e1608dfa6e0b5569232559e3d385fea5a93112/library/std/src/panicking.rs:645:5
[INFO] [stdout]   18:     0x562c31d084c5 - core::panicking::panic_fmt::hbf0e066aabfa482c
[INFO] [stdout]                                at /rustc/82e1608dfa6e0b5569232559e3d385fea5a93112/library/core/src/panicking.rs:72:14
[INFO] [stdout]   19:     0x562c31d08563 - core::panicking::panic::h195fc2a96298d4c3
[INFO] [stdout]                                at /rustc/82e1608dfa6e0b5569232559e3d385fea5a93112/library/core/src/panicking.rs:127:5
[INFO] [stdout]   20:     0x562c31dabebc - dynamodb_adapter::tests::test_adapter::{{closure}}::h82b0a3782f374866
[INFO] [stdout]                                at /opt/rustwide/workdir/src/lib.rs:79:9
[INFO] [stdout]   21:     0x562c31d73d9a - <core::pin::Pin<P> as core::future::future::Future>::poll::h32da8b794d30214d
[INFO] [stdout]                                at /rustc/82e1608dfa6e0b5569232559e3d385fea5a93112/library/core/src/future/future.rs:125:9
[INFO] [stdout]   22:     0x562c31d73773 - tokio::runtime::scheduler::current_thread::CoreGuard::block_on::{{closure}}::{{closure}}::{{closure}}::h4953f38f6086d046
[INFO] [stdout]                                at /opt/rustwide/cargo-home/registry/src/index.crates.io-6f17d22bba15001f/tokio-1.21.0/src/runtime/scheduler/current_thread.rs:525:48
[INFO] [stdout]   23:     0x562c31db541a - tokio::coop::with_budget::{{closure}}::hf74a719b35847600
[INFO] [stdout]                                at /opt/rustwide/cargo-home/registry/src/index.crates.io-6f17d22bba15001f/tokio-1.21.0/src/coop.rs:102:9
[INFO] [stdout]   24:     0x562c31d9e4f8 - std::thread::local::LocalKey<T>::try_with::hac06b8afc11e7667
[INFO] [stdout]                                at /rustc/82e1608dfa6e0b5569232559e3d385fea5a93112/library/std/src/thread/local.rs:270:16
[INFO] [stdout]   25:     0x562c31d9d59c - std::thread::local::LocalKey<T>::with::hb28d0e8393283754
[INFO] [stdout]                                at /rustc/82e1608dfa6e0b5569232559e3d385fea5a93112/library/std/src/thread/local.rs:246:9
[INFO] [stdout]   26:     0x562c31d7367e - tokio::coop::with_budget::h6d428b738a444a83
[INFO] [stdout]                                at /opt/rustwide/cargo-home/registry/src/index.crates.io-6f17d22bba15001f/tokio-1.21.0/src/coop.rs:95:5
[INFO] [stdout]   27:     0x562c31d7367e - tokio::coop::budget::ha387c8f485074969
[INFO] [stdout]                                at /opt/rustwide/cargo-home/registry/src/index.crates.io-6f17d22bba15001f/tokio-1.21.0/src/coop.rs:72:5
[INFO] [stdout]   28:     0x562c31d7367e - tokio::runtime::scheduler::current_thread::CoreGuard::block_on::{{closure}}::{{closure}}::h30ec682f2abc252f
[INFO] [stdout]                                at /opt/rustwide/cargo-home/registry/src/index.crates.io-6f17d22bba15001f/tokio-1.21.0/src/runtime/scheduler/current_thread.rs:525:25
[INFO] [stdout]   29:     0x562c31d70dcd - tokio::runtime::scheduler::current_thread::Context::enter::h6f0614456c60fde1
[INFO] [stdout]                                at /opt/rustwide/cargo-home/registry/src/index.crates.io-6f17d22bba15001f/tokio-1.21.0/src/runtime/scheduler/current_thread.rs:349:19
[INFO] [stdout]   30:     0x562c31d72cc1 - tokio::runtime::scheduler::current_thread::CoreGuard::block_on::{{closure}}::h9df60558549200e7
[INFO] [stdout]                                at /opt/rustwide/cargo-home/registry/src/index.crates.io-6f17d22bba15001f/tokio-1.21.0/src/runtime/scheduler/current_thread.rs:524:36
[INFO] [stdout]   31:     0x562c31d71ee2 - tokio::runtime::scheduler::current_thread::CoreGuard::enter::{{closure}}::h9052991cd7410175
[INFO] [stdout]                                at /opt/rustwide/cargo-home/registry/src/index.crates.io-6f17d22bba15001f/tokio-1.21.0/src/runtime/scheduler/current_thread.rs:595:57
[INFO] [stdout]   32:     0x562c31d68b9c - tokio::macros::scoped_tls::ScopedKey<T>::set::hcba914377ae1fd1c
[INFO] [stdout]                                at /opt/rustwide/cargo-home/registry/src/index.crates.io-6f17d22bba15001f/tokio-1.21.0/src/macros/scoped_tls.rs:61:9
[INFO] [stdout]   33:     0x562c31d71796 - tokio::runtime::scheduler::current_thread::CoreGuard::enter::hc6e1f09912e7f1b6
[INFO] [stdout]                                at /opt/rustwide/cargo-home/registry/src/index.crates.io-6f17d22bba15001f/tokio-1.21.0/src/runtime/scheduler/current_thread.rs:595:27
[INFO] [stdout]   34:     0x562c31d71f1b - tokio::runtime::scheduler::current_thread::CoreGuard::block_on::h80a3d81e693ba38b
[INFO] [stdout]                                at /opt/rustwide/cargo-home/registry/src/index.crates.io-6f17d22bba15001f/tokio-1.21.0/src/runtime/scheduler/current_thread.rs:515:19
[INFO] [stdout]   35:     0x562c31d6fdfd - tokio::runtime::scheduler::current_thread::CurrentThread::block_on::hd08fef264f3a00e0
[INFO] [stdout]                                at /opt/rustwide/cargo-home/registry/src/index.crates.io-6f17d22bba15001f/tokio-1.21.0/src/runtime/scheduler/current_thread.rs:161:24
[INFO] [stdout]   36:     0x562c31d6f522 - tokio::runtime::Runtime::block_on::hc9a9d5158053a10b
[INFO] [stdout]                                at /opt/rustwide/cargo-home/registry/src/index.crates.io-6f17d22bba15001f/tokio-1.21.0/src/runtime/mod.rs:490:46
[INFO] [stdout]   37:     0x562c31daac1c - dynamodb_adapter::tests::test_adapter::hc8988f7a9651454a
[INFO] [stdout]                                at /opt/rustwide/workdir/src/lib.rs:249:9
[INFO] [stdout]   38:     0x562c31daaaac - dynamodb_adapter::tests::test_adapter::{{closure}}::h9116c049f6bff46c
[INFO] [stdout]                                at /opt/rustwide/workdir/src/lib.rs:59:32
[INFO] [stdout]   39:     0x562c31d09336 - core::ops::function::FnOnce::call_once::hfca5b6feb52e3a3c
[INFO] [stdout]                                at /rustc/82e1608dfa6e0b5569232559e3d385fea5a93112/library/core/src/ops/function.rs:250:5
[INFO] [stdout]   40:     0x562c3213709f - core::ops::function::FnOnce::call_once::h2b5d431d5046312d
[INFO] [stdout]                                at /rustc/82e1608dfa6e0b5569232559e3d385fea5a93112/library/core/src/ops/function.rs:250:5
[INFO] [stdout]   41:     0x562c3213709f - test::__rust_begin_short_backtrace::h7714669af176e207
[INFO] [stdout]                                at /rustc/82e1608dfa6e0b5569232559e3d385fea5a93112/library/test/src/lib.rs:628:18
[INFO] [stdout]   42:     0x562c321360b5 - test::run_test_in_process::{{closure}}::h85218797dcbcec12
[INFO] [stdout]                                at /rustc/82e1608dfa6e0b5569232559e3d385fea5a93112/library/test/src/lib.rs:651:60
[INFO] [stdout]   43:     0x562c321360b5 - <core::panic::unwind_safe::AssertUnwindSafe<F> as core::ops::function::FnOnce<()>>::call_once::h76c106ea31c14d7b
[INFO] [stdout]                                at /rustc/82e1608dfa6e0b5569232559e3d385fea5a93112/library/core/src/panic/unwind_safe.rs:272:9
[INFO] [stdout]   44:     0x562c321360b5 - std::panicking::try::do_call::h3bd5d0f6620ee946
[INFO] [stdout]                                at /rustc/82e1608dfa6e0b5569232559e3d385fea5a93112/library/std/src/panicking.rs:552:40
[INFO] [stdout]   45:     0x562c321360b5 - std::panicking::try::h232e535e4744fe31
[INFO] [stdout]                                at /rustc/82e1608dfa6e0b5569232559e3d385fea5a93112/library/std/src/panicking.rs:516:19
[INFO] [stdout]   46:     0x562c321360b5 - std::panic::catch_unwind::h3ce3bd6ca8dbac68
[INFO] [stdout]                                at /rustc/82e1608dfa6e0b5569232559e3d385fea5a93112/library/std/src/panic.rs:142:14
[INFO] [stdout]   47:     0x562c321360b5 - test::run_test_in_process::hc97b257c9621286a
[INFO] [stdout]                                at /rustc/82e1608dfa6e0b5569232559e3d385fea5a93112/library/test/src/lib.rs:651:27
[INFO] [stdout]   48:     0x562c321360b5 - test::run_test::{{closure}}::h2aa798823a438d38
[INFO] [stdout]                                at /rustc/82e1608dfa6e0b5569232559e3d385fea5a93112/library/test/src/lib.rs:574:43
[INFO] [stdout]   49:     0x562c320fe376 - test::run_test::{{closure}}::h87d231c78fb59832
[INFO] [stdout]                                at /rustc/82e1608dfa6e0b5569232559e3d385fea5a93112/library/test/src/lib.rs:602:41
[INFO] [stdout]   50:     0x562c320fe376 - std::sys_common::backtrace::__rust_begin_short_backtrace::he6df152596625789
[INFO] [stdout]                                at /rustc/82e1608dfa6e0b5569232559e3d385fea5a93112/library/std/src/sys_common/backtrace.rs:154:18
[INFO] [stdout]   51:     0x562c32103427 - std::thread::Builder::spawn_unchecked_::{{closure}}::{{closure}}::ha94be15d1e0acf36
[INFO] [stdout]                                at /rustc/82e1608dfa6e0b5569232559e3d385fea5a93112/library/std/src/thread/mod.rs:529:17
[INFO] [stdout]   52:     0x562c32103427 - <core::panic::unwind_safe::AssertUnwindSafe<F> as core::ops::function::FnOnce<()>>::call_once::h9dc6bd6372f16606
[INFO] [stdout]                                at /rustc/82e1608dfa6e0b5569232559e3d385fea5a93112/library/core/src/panic/unwind_safe.rs:272:9
[INFO] [stdout]   53:     0x562c32103427 - std::panicking::try::do_call::h9057517f80303cd4
[INFO] [stdout]                                at /rustc/82e1608dfa6e0b5569232559e3d385fea5a93112/library/std/src/panicking.rs:552:40
[INFO] [stdout]   54:     0x562c32103427 - std::panicking::try::he3a30b11ee45340c
[INFO] [stdout]                                at /rustc/82e1608dfa6e0b5569232559e3d385fea5a93112/library/std/src/panicking.rs:516:19
[INFO] [stdout]   55:     0x562c32103427 - std::panic::catch_unwind::h410458cfd3528b8b
[INFO] [stdout]                                at /rustc/82e1608dfa6e0b5569232559e3d385fea5a93112/library/std/src/panic.rs:142:14
[INFO] [stdout]   56:     0x562c32103427 - std::thread::Builder::spawn_unchecked_::{{closure}}::h72ac3bdb567b737b
[INFO] [stdout]                                at /rustc/82e1608dfa6e0b5569232559e3d385fea5a93112/library/std/src/thread/mod.rs:528:30
[INFO] [stdout]   57:     0x562c32103427 - core::ops::function::FnOnce::call_once{{vtable.shim}}::h38f34da3654a8344
[INFO] [stdout]                                at /rustc/82e1608dfa6e0b5569232559e3d385fea5a93112/library/core/src/ops/function.rs:250:5
[INFO] [stdout]   58:     0x562c32c5f2b5 - <alloc::boxed::Box<F,A> as core::ops::function::FnOnce<Args>>::call_once::hc7eafaff61e32df9
[INFO] [stdout]                                at /rustc/82e1608dfa6e0b5569232559e3d385fea5a93112/library/alloc/src/boxed.rs:2007:9
[INFO] [stdout]   59:     0x562c32c5f2b5 - <alloc::boxed::Box<F,A> as core::ops::function::FnOnce<Args>>::call_once::h6ba4a5de48dd2304
[INFO] [stdout]                                at /rustc/82e1608dfa6e0b5569232559e3d385fea5a93112/library/alloc/src/boxed.rs:2007:9
[INFO] [stdout]   60:     0x562c32c5f2b5 - std::sys::unix::thread::Thread::new::thread_start::he469335aef763e45
[INFO] [stdout]                                at /rustc/82e1608dfa6e0b5569232559e3d385fea5a93112/library/std/src/sys/unix/thread.rs:108:17
[INFO] [stdout]   61:     0x7f0d7c258ac3 - <unknown>
[INFO] [stdout]   62:     0x7f0d7c2e9bf4 - __clone
[INFO] [stdout]   63:                0x0 - <unknown>
[INFO] [stdout] 
[INFO] [stdout] 
[INFO] [stdout] failures:
[INFO] [stdout]     tests::test_adapter
[INFO] [stdout]     tests::test_casbin_adapter
[INFO] [stdout] 
[INFO] [stdout] test result: FAILED. 0 passed; 2 failed; 0 ignored; 0 measured; 0 filtered out; finished in 0.07s
[INFO] [stdout] 
[INFO] [stderr] error: test failed, to rerun pass `--lib`
[INFO] running `Command { std: "docker" "inspect" "8c7025dd30e4bedcb95518135cbc3f7388a51d8c7ff7bbafb7c2dd62d9edc91c", kill_on_drop: false }`
[INFO] running `Command { std: "docker" "rm" "-f" "8c7025dd30e4bedcb95518135cbc3f7388a51d8c7ff7bbafb7c2dd62d9edc91c", kill_on_drop: false }`
[INFO] [stdout] 8c7025dd30e4bedcb95518135cbc3f7388a51d8c7ff7bbafb7c2dd62d9edc91c
[INFO] testing fospitia/dynamodb-adapter against beta-2023-12-22 for beta-1.76-1
[INFO] running `Command { std: "git" "clone" "/workspace/cache/git-repos/https%3A%2F%2Fgithub.com%2Ffospitia%2Fdynamodb-adapter" "/workspace/builds/worker-3-tc2/source", kill_on_drop: false }`
[INFO] [stderr] Cloning into '/workspace/builds/worker-3-tc2/source'...
[INFO] [stderr] done.
[INFO] validating manifest of git repo https://github.com/fospitia/dynamodb-adapter on toolchain beta-2023-12-22
[INFO] running `Command { std: CARGO_HOME="/workspace/cargo-home" RUSTUP_HOME="/workspace/rustup-home" "/workspace/cargo-home/bin/cargo" "+beta-2023-12-22" "metadata" "--manifest-path" "Cargo.toml" "--no-deps", kill_on_drop: false }`
[INFO] started tweaking git repo https://github.com/fospitia/dynamodb-adapter
[INFO] finished tweaking git repo https://github.com/fospitia/dynamodb-adapter
[INFO] tweaked toml for git repo https://github.com/fospitia/dynamodb-adapter written to /workspace/builds/worker-3-tc2/source/Cargo.toml
[INFO] crate git repo https://github.com/fospitia/dynamodb-adapter already has a lockfile, it will not be regenerated
[INFO] running `Command { std: CARGO_HOME="/workspace/cargo-home" RUSTUP_HOME="/workspace/rustup-home" "/workspace/cargo-home/bin/cargo" "+beta-2023-12-22" "fetch" "--manifest-path" "Cargo.toml", kill_on_drop: false }`
[INFO] running `Command { std: "docker" "create" "-v" "/var/lib/crater-agent-workspace/builds/worker-3-tc2/target:/opt/rustwide/target:rw,Z" "-v" "/var/lib/crater-agent-workspace/builds/worker-3-tc2/source:/opt/rustwide/workdir:ro,Z" "-v" "/var/lib/crater-agent-workspace/cargo-home:/opt/rustwide/cargo-home:ro,Z" "-v" "/var/lib/crater-agent-workspace/rustup-home:/opt/rustwide/rustup-home:ro,Z" "-e" "SOURCE_DIR=/opt/rustwide/workdir" "-e" "CARGO_TARGET_DIR=/opt/rustwide/target" "-e" "CARGO_HOME=/opt/rustwide/cargo-home" "-e" "RUSTUP_HOME=/opt/rustwide/rustup-home" "-w" "/opt/rustwide/workdir" "-m" "1610612736" "--user" "0:0" "--network" "none" "ghcr.io/rust-lang/crates-build-env/linux@sha256:2788e3201cd34a07e3172128adcd8b3090168a8e3bcc40d7c032b9dda1df7d1c" "/opt/rustwide/cargo-home/bin/cargo" "+beta-2023-12-22" "metadata" "--no-deps" "--format-version=1", kill_on_drop: false }`
[INFO] [stdout] 74b8a0246229033339727c87f49a1c5ca0a4d3926b96439ccdfa4b896a4a55fc
[INFO] running `Command { std: "docker" "start" "-a" "74b8a0246229033339727c87f49a1c5ca0a4d3926b96439ccdfa4b896a4a55fc", kill_on_drop: false }`
[INFO] running `Command { std: "docker" "inspect" "74b8a0246229033339727c87f49a1c5ca0a4d3926b96439ccdfa4b896a4a55fc", kill_on_drop: false }`
[INFO] running `Command { std: "docker" "rm" "-f" "74b8a0246229033339727c87f49a1c5ca0a4d3926b96439ccdfa4b896a4a55fc", kill_on_drop: false }`
[INFO] [stdout] 74b8a0246229033339727c87f49a1c5ca0a4d3926b96439ccdfa4b896a4a55fc
[INFO] running `Command { std: "docker" "create" "-v" "/var/lib/crater-agent-workspace/builds/worker-3-tc2/target:/opt/rustwide/target:rw,Z" "-v" "/var/lib/crater-agent-workspace/builds/worker-3-tc2/source:/opt/rustwide/workdir:ro,Z" "-v" "/var/lib/crater-agent-workspace/cargo-home:/opt/rustwide/cargo-home:ro,Z" "-v" "/var/lib/crater-agent-workspace/rustup-home:/opt/rustwide/rustup-home:ro,Z" "-e" "SOURCE_DIR=/opt/rustwide/workdir" "-e" "CARGO_TARGET_DIR=/opt/rustwide/target" "-e" "CARGO_INCREMENTAL=0" "-e" "RUST_BACKTRACE=full" "-e" "RUSTFLAGS=--cap-lints=warn" "-e" "RUSTDOCFLAGS=--cap-lints=warn" "-e" "CARGO_HOME=/opt/rustwide/cargo-home" "-e" "RUSTUP_HOME=/opt/rustwide/rustup-home" "-w" "/opt/rustwide/workdir" "-m" "1610612736" "--user" "0:0" "--network" "none" "ghcr.io/rust-lang/crates-build-env/linux@sha256:2788e3201cd34a07e3172128adcd8b3090168a8e3bcc40d7c032b9dda1df7d1c" "/opt/rustwide/cargo-home/bin/cargo" "+beta-2023-12-22" "build" "--frozen" "--message-format=json", kill_on_drop: false }`
[INFO] [stdout] 85b4cb867e1261af8d199f3f05ccc43e7f771c80bb7de48c77a855219a9e0cb8
[INFO] running `Command { std: "docker" "start" "-a" "85b4cb867e1261af8d199f3f05ccc43e7f771c80bb7de48c77a855219a9e0cb8", kill_on_drop: false }`
[INFO] [stderr]    Compiling libc v0.2.132
[INFO] [stderr]    Compiling proc-macro2 v1.0.43
[INFO] [stderr]    Compiling quote v1.0.21
[INFO] [stderr]    Compiling unicode-ident v1.0.3
[INFO] [stderr]    Compiling syn v1.0.99
[INFO] [stderr]    Compiling once_cell v1.14.0
[INFO] [stderr]    Compiling serde_derive v1.0.144
[INFO] [stderr]    Compiling serde v1.0.144
[INFO] [stderr]    Compiling log v0.4.17
[INFO] [stderr]    Compiling memchr v2.5.0
[INFO] [stderr]    Compiling lock_api v0.4.8
[INFO] [stderr]    Compiling pin-project-lite v0.2.9
[INFO] [stderr]    Compiling parking_lot_core v0.9.3
[INFO] [stderr]    Compiling scopeguard v1.1.0
[INFO] [stderr]    Compiling bytes v1.2.1
[INFO] [stderr]    Compiling tokio v1.21.0
[INFO] [stderr]    Compiling futures-core v0.3.24
[INFO] [stderr]    Compiling slab v0.4.7
[INFO] [stderr]    Compiling futures-task v0.3.24
[INFO] [stderr]    Compiling cc v1.0.73
[INFO] [stderr]    Compiling num-traits v0.2.15
[INFO] [stderr]    Compiling futures-util v0.3.24
[INFO] [stderr]    Compiling itoa v1.0.3
[INFO] [stderr]    Compiling tracing-core v0.1.29
[INFO] [stderr]    Compiling untrusted v0.7.1
[INFO] [stderr]    Compiling spin v0.5.2
[INFO] [stderr]    Compiling indexmap v1.9.1
[INFO] [stderr]    Compiling num-integer v0.1.45
[INFO] [stderr]    Compiling http v0.2.8
[INFO] [stderr]    Compiling futures-sink v0.3.24
[INFO] [stderr]    Compiling futures-channel v0.3.24
[INFO] [stderr]    Compiling hashbrown v0.12.3
[INFO] [stderr]    Compiling num_threads v0.1.6
[INFO] [stderr]    Compiling try-lock v0.2.3
[INFO] [stderr]    Compiling tower-service v0.3.2
[INFO] [stderr]    Compiling want v0.3.0
[INFO] [stderr]    Compiling httpdate v1.0.2
[INFO] [stderr]    Compiling ryu v1.0.11
[INFO] [stderr]    Compiling either v1.8.0
[INFO] [stderr]    Compiling base64 v0.13.0
[INFO] [stderr]    Compiling semver v1.0.13
[INFO] [stderr]    Compiling percent-encoding v2.1.0
[INFO] [stderr]    Compiling bytes-utils v0.1.3
[INFO] [stderr]    Compiling openssl-probe v0.1.5
[INFO] [stderr]    Compiling tower-layer v0.3.1
[INFO] [stderr]    Compiling aho-corasick v0.7.19
[INFO] [stderr]    Compiling lazy_static v1.4.0
[INFO] [stderr]    Compiling regex-syntax v0.6.27
[INFO] [stderr]    Compiling fastrand v1.8.0
[INFO] [stderr]    Compiling ahash v0.7.6
[INFO] [stderr]    Compiling zeroize v1.5.7
[INFO] [stderr]    Compiling ahash v0.8.0
[INFO] [stderr]    Compiling smartstring v1.0.1
[INFO] [stderr]    Compiling num_cpus v1.13.1
[INFO] [stderr]    Compiling socket2 v0.4.7
[INFO] [stderr]    Compiling signal-hook-registry v1.4.0
[INFO] [stderr]    Compiling mio v0.8.4
[INFO] [stderr]    Compiling http-body v0.4.5
[INFO] [stderr]    Compiling time v0.3.14
[INFO] [stderr]    Compiling rustc_version v0.4.0
[INFO] [stderr]    Compiling getrandom v0.2.7
[INFO] [stderr]    Compiling matches v0.1.9
[INFO] [stderr]    Compiling parking_lot_core v0.8.5
[INFO] [stderr]    Compiling ring v0.16.20
[INFO] [stderr]    Compiling form_urlencoded v1.0.1
[INFO] [stderr]    Compiling aws-types v0.48.0
[INFO] [stderr]    Compiling instant v0.1.12
[INFO] [stderr]    Compiling static_assertions v1.1.0
[INFO] [stderr]    Compiling hex v0.4.3
[INFO] [stderr]    Compiling async-trait v0.1.57
[INFO] [stderr]    Compiling hashbrown v0.11.2
[INFO] [stderr]    Compiling bstr v0.2.17
[INFO] [stderr]    Compiling md5 v0.7.0
[INFO] [stderr]    Compiling ritelinked v0.3.2
[INFO] [stderr]    Compiling aws-smithy-types v0.48.0
[INFO] [stderr]    Compiling aws-smithy-json v0.48.0
[INFO] [stderr]    Compiling regex v1.6.0
[INFO] [stderr]    Compiling globset v0.4.9
[INFO] [stderr]    Compiling tokio-macros v1.8.0
[INFO] [stderr]    Compiling tracing-attributes v0.1.22
[INFO] [stderr]    Compiling futures-macro v0.3.24
[INFO] [stderr]    Compiling pin-project-internal v1.0.12
[INFO] [stderr]    Compiling thiserror-impl v1.0.34
[INFO] [stderr]    Compiling rhai_codegen v1.4.2
[INFO] [stderr]    Compiling sct v0.6.1
[INFO] [stderr]    Compiling webpki v0.21.4
[INFO] [stderr]    Compiling ct-logs v0.8.0
[INFO] [stderr]    Compiling rustls v0.19.1
[INFO] [stderr]    Compiling pin-project v1.0.12
[INFO] [stderr]    Compiling thiserror v1.0.34
[INFO] [stderr]    Compiling tracing v0.1.36
[INFO] [stderr]    Compiling rustls-native-certs v0.5.0
[INFO] [stderr]    Compiling smallvec v1.9.0
[INFO] [stderr]    Compiling rhai v1.9.1
[INFO] [stderr]    Compiling parking_lot v0.11.2
[INFO] [stderr]    Compiling parking_lot v0.12.1
[INFO] [stderr]    Compiling tokio-util v0.7.3
[INFO] [stderr]    Compiling tokio-rustls v0.22.0
[INFO] [stderr]    Compiling tower v0.4.13
[INFO] [stderr]    Compiling tokio-stream v0.1.9
[INFO] [stderr]    Compiling aws-smithy-async v0.48.0
[INFO] [stderr]    Compiling h2 v0.3.14
[INFO] [stderr]    Compiling casbin v2.0.9
[INFO] [stderr]    Compiling hyper v0.14.20
[INFO] [stderr]    Compiling aws-smithy-http v0.48.0
[INFO] [stderr]    Compiling hyper-rustls v0.22.1
[INFO] [stderr]    Compiling aws-smithy-http-tower v0.48.0
[INFO] [stderr]    Compiling aws-sigv4 v0.48.0
[INFO] [stderr]    Compiling aws-smithy-client v0.48.0
[INFO] [stderr]    Compiling aws-endpoint v0.48.0
[INFO] [stderr]    Compiling aws-http v0.48.0
[INFO] [stderr]    Compiling aws-sig-auth v0.48.0
[INFO] [stderr]    Compiling aws-sdk-dynamodb v0.18.0
[INFO] [stderr]    Compiling dynamodb-adapter v0.1.0 (/opt/rustwide/workdir)
[INFO] [stderr]     Finished dev [unoptimized + debuginfo] target(s) in 32.63s
[INFO] running `Command { std: "docker" "inspect" "85b4cb867e1261af8d199f3f05ccc43e7f771c80bb7de48c77a855219a9e0cb8", kill_on_drop: false }`
[INFO] running `Command { std: "docker" "rm" "-f" "85b4cb867e1261af8d199f3f05ccc43e7f771c80bb7de48c77a855219a9e0cb8", kill_on_drop: false }`
[INFO] [stdout] 85b4cb867e1261af8d199f3f05ccc43e7f771c80bb7de48c77a855219a9e0cb8
[INFO] running `Command { std: "docker" "create" "-v" "/var/lib/crater-agent-workspace/builds/worker-3-tc2/target:/opt/rustwide/target:rw,Z" "-v" "/var/lib/crater-agent-workspace/builds/worker-3-tc2/source:/opt/rustwide/workdir:ro,Z" "-v" "/var/lib/crater-agent-workspace/cargo-home:/opt/rustwide/cargo-home:ro,Z" "-v" "/var/lib/crater-agent-workspace/rustup-home:/opt/rustwide/rustup-home:ro,Z" "-e" "SOURCE_DIR=/opt/rustwide/workdir" "-e" "CARGO_TARGET_DIR=/opt/rustwide/target" "-e" "CARGO_INCREMENTAL=0" "-e" "RUST_BACKTRACE=full" "-e" "RUSTFLAGS=--cap-lints=warn" "-e" "RUSTDOCFLAGS=--cap-lints=warn" "-e" "CARGO_HOME=/opt/rustwide/cargo-home" "-e" "RUSTUP_HOME=/opt/rustwide/rustup-home" "-w" "/opt/rustwide/workdir" "-m" "1610612736" "--user" "0:0" "--network" "none" "ghcr.io/rust-lang/crates-build-env/linux@sha256:2788e3201cd34a07e3172128adcd8b3090168a8e3bcc40d7c032b9dda1df7d1c" "/opt/rustwide/cargo-home/bin/cargo" "+beta-2023-12-22" "test" "--frozen" "--no-run" "--message-format=json", kill_on_drop: false }`
[INFO] [stdout] d558dd8bcd1e8fc5eb050fd65592b3e507399cbb066b2c2c8c4338b214927d5f
[INFO] running `Command { std: "docker" "start" "-a" "d558dd8bcd1e8fc5eb050fd65592b3e507399cbb066b2c2c8c4338b214927d5f", kill_on_drop: false }`
[INFO] [stderr]    Compiling urlencoding v2.1.2
[INFO] [stderr]    Compiling xmlparser v0.13.3
[INFO] [stderr]    Compiling aws-sdk-sso v0.18.0
[INFO] [stderr]    Compiling aws-smithy-query v0.48.0
[INFO] [stderr]    Compiling aws-smithy-xml v0.48.0
[INFO] [stderr]    Compiling aws-sdk-sts v0.18.0
[INFO] [stderr]    Compiling aws-config v0.48.0
[INFO] [stderr]    Compiling dynamodb-adapter v0.1.0 (/opt/rustwide/workdir)
[INFO] [stderr]     Finished test [unoptimized + debuginfo] target(s) in 12.16s
[INFO] running `Command { std: "docker" "inspect" "d558dd8bcd1e8fc5eb050fd65592b3e507399cbb066b2c2c8c4338b214927d5f", kill_on_drop: false }`
[INFO] running `Command { std: "docker" "rm" "-f" "d558dd8bcd1e8fc5eb050fd65592b3e507399cbb066b2c2c8c4338b214927d5f", kill_on_drop: false }`
[INFO] [stdout] d558dd8bcd1e8fc5eb050fd65592b3e507399cbb066b2c2c8c4338b214927d5f
[INFO] running `Command { std: "docker" "create" "-v" "/var/lib/crater-agent-workspace/builds/worker-3-tc2/target:/opt/rustwide/target:rw,Z" "-v" "/var/lib/crater-agent-workspace/builds/worker-3-tc2/source:/opt/rustwide/workdir:ro,Z" "-v" "/var/lib/crater-agent-workspace/cargo-home:/opt/rustwide/cargo-home:ro,Z" "-v" "/var/lib/crater-agent-workspace/rustup-home:/opt/rustwide/rustup-home:ro,Z" "-e" "SOURCE_DIR=/opt/rustwide/workdir" "-e" "CARGO_TARGET_DIR=/opt/rustwide/target" "-e" "CARGO_INCREMENTAL=0" "-e" "RUST_BACKTRACE=full" "-e" "RUSTFLAGS=--cap-lints=warn" "-e" "RUSTDOCFLAGS=--cap-lints=warn" "-e" "CARGO_HOME=/opt/rustwide/cargo-home" "-e" "RUSTUP_HOME=/opt/rustwide/rustup-home" "-w" "/opt/rustwide/workdir" "-m" "1610612736" "--user" "0:0" "--network" "none" "ghcr.io/rust-lang/crates-build-env/linux@sha256:2788e3201cd34a07e3172128adcd8b3090168a8e3bcc40d7c032b9dda1df7d1c" "/opt/rustwide/cargo-home/bin/cargo" "+beta-2023-12-22" "test" "--frozen", kill_on_drop: false }`
[INFO] [stdout] 48c83db11c47cfc6eb5a548f6a8d6b5da473dedbe51ea354aee8aac69b173a0f
[INFO] running `Command { std: "docker" "start" "-a" "48c83db11c47cfc6eb5a548f6a8d6b5da473dedbe51ea354aee8aac69b173a0f", kill_on_drop: false }`
[INFO] [stderr]     Finished test [unoptimized + debuginfo] target(s) in 0.19s
[INFO] [stderr]      Running unittests src/lib.rs (/opt/rustwide/target/debug/deps/dynamodb_adapter-79a4cf7c6515468a)
[INFO] [stdout] 
[INFO] [stdout] running 2 tests
[INFO] [stdout] test tests::test_casbin_adapter ... FAILED
[INFO] [stdout] test tests::test_adapter ... FAILED
[INFO] [stdout] 
[INFO] [stdout] failures:
[INFO] [stdout] 
[INFO] [stdout] ---- tests::test_casbin_adapter stdout ----
[INFO] [stdout] Error: AdapterError(AdapterError(ConstructionFailure(EndpointResolutionError(Error { message: "no region in params", extra: None }))))
[INFO] [stdout] 
[INFO] [stdout] ---- tests::test_adapter stdout ----
[INFO] [stdout] thread 'tests::test_adapter' panicked at src/lib.rs:79:9:
[INFO] [stdout] assertion failed: adapter.save_policy(e.get_mut_model()).await.is_ok()
[INFO] [stdout] stack backtrace:
[INFO] [stdout]    0:     0x55b188aa7a56 - std::backtrace_rs::backtrace::libunwind::trace::h261606ad26a499c1
[INFO] [stdout]                                at /rustc/0e09125c6c3c2fd70d7de961bcf0e51575235fad/library/std/src/../../backtrace/src/backtrace/libunwind.rs:104:5
[INFO] [stdout]    1:     0x55b188aa7a56 - std::backtrace_rs::backtrace::trace_unsynchronized::hd183f0625477fb28
[INFO] [stdout]                                at /rustc/0e09125c6c3c2fd70d7de961bcf0e51575235fad/library/std/src/../../backtrace/src/backtrace/mod.rs:66:5
[INFO] [stdout]    2:     0x55b188aa7a56 - std::sys_common::backtrace::_print_fmt::hd7f8fef21b4eda67
[INFO] [stdout]                                at /rustc/0e09125c6c3c2fd70d7de961bcf0e51575235fad/library/std/src/sys_common/backtrace.rs:68:5
[INFO] [stdout]    3:     0x55b188aa7a56 - <std::sys_common::backtrace::_print::DisplayBacktrace as core::fmt::Display>::fmt::h623d9b51f2f453f1
[INFO] [stdout]                                at /rustc/0e09125c6c3c2fd70d7de961bcf0e51575235fad/library/std/src/sys_common/backtrace.rs:44:22
[INFO] [stdout]    4:     0x55b188ad6cd0 - core::fmt::rt::Argument::fmt::h9f417ac76a86f368
[INFO] [stdout]                                at /rustc/0e09125c6c3c2fd70d7de961bcf0e51575235fad/library/core/src/fmt/rt.rs:142:9
[INFO] [stdout]    5:     0x55b188ad6cd0 - core::fmt::write::hc9b6faf4ac2aeff7
[INFO] [stdout]                                at /rustc/0e09125c6c3c2fd70d7de961bcf0e51575235fad/library/core/src/fmt/mod.rs:1120:17
[INFO] [stdout]    6:     0x55b188aa468f - std::io::Write::write_fmt::he04625a3a989fec3
[INFO] [stdout]                                at /rustc/0e09125c6c3c2fd70d7de961bcf0e51575235fad/library/std/src/io/mod.rs:1810:15
[INFO] [stdout]    7:     0x55b188aa7834 - std::sys_common::backtrace::_print::hd5d66399c7df88a2
[INFO] [stdout]                                at /rustc/0e09125c6c3c2fd70d7de961bcf0e51575235fad/library/std/src/sys_common/backtrace.rs:47:5
[INFO] [stdout]    8:     0x55b188aa7834 - std::sys_common::backtrace::print::he81ed2da642d37e5
[INFO] [stdout]                                at /rustc/0e09125c6c3c2fd70d7de961bcf0e51575235fad/library/std/src/sys_common/backtrace.rs:34:9
[INFO] [stdout]    9:     0x55b188aa9627 - std::panicking::default_hook::{{closure}}::h85773f4fa117163d
[INFO] [stdout]   10:     0x55b188aa930d - std::panicking::default_hook::h6a1694a91d09b278
[INFO] [stdout]                                at /rustc/0e09125c6c3c2fd70d7de961bcf0e51575235fad/library/std/src/panicking.rs:289:9
[INFO] [stdout]   11:     0x55b187f86987 - <alloc::boxed::Box<F,A> as core::ops::function::Fn<Args>>::call::h616ac37fa3cd6c8f
[INFO] [stdout]                                at /rustc/0e09125c6c3c2fd70d7de961bcf0e51575235fad/library/alloc/src/boxed.rs:2029:9
[INFO] [stdout]   12:     0x55b187f86987 - test::test_main::{{closure}}::h00d84697cefdcbb6
[INFO] [stdout]                                at /rustc/0e09125c6c3c2fd70d7de961bcf0e51575235fad/library/test/src/lib.rs:138:21
[INFO] [stdout]   13:     0x55b188aa9c46 - <alloc::boxed::Box<F,A> as core::ops::function::Fn<Args>>::call::hcb3fe3b9bb537ba8
[INFO] [stdout]                                at /rustc/0e09125c6c3c2fd70d7de961bcf0e51575235fad/library/alloc/src/boxed.rs:2029:9
[INFO] [stdout]   14:     0x55b188aa9c46 - std::panicking::rust_panic_with_hook::h0a7ad96e90f7145b
[INFO] [stdout]                                at /rustc/0e09125c6c3c2fd70d7de961bcf0e51575235fad/library/std/src/panicking.rs:783:13
[INFO] [stdout]   15:     0x55b188aa9959 - std::panicking::begin_panic_handler::{{closure}}::h7919090525c6485e
[INFO] [stdout]                                at /rustc/0e09125c6c3c2fd70d7de961bcf0e51575235fad/library/std/src/panicking.rs:649:13
[INFO] [stdout]   16:     0x55b188aa7f56 - std::sys_common::backtrace::__rust_end_short_backtrace::hf3289479464f7dfe
[INFO] [stdout]                                at /rustc/0e09125c6c3c2fd70d7de961bcf0e51575235fad/library/std/src/sys_common/backtrace.rs:171:18
[INFO] [stdout]   17:     0x55b188aa96f0 - rust_begin_unwind
[INFO] [stdout]                                at /rustc/0e09125c6c3c2fd70d7de961bcf0e51575235fad/library/std/src/panicking.rs:645:5
[INFO] [stdout]   18:     0x55b187b5b4a5 - core::panicking::panic_fmt::hcc9f77c5c132af55
[INFO] [stdout]                                at /rustc/0e09125c6c3c2fd70d7de961bcf0e51575235fad/library/core/src/panicking.rs:72:14
[INFO] [stdout]   19:     0x55b187b5b563 - core::panicking::panic::h5a1259c1164bd480
[INFO] [stdout]                                at /rustc/0e09125c6c3c2fd70d7de961bcf0e51575235fad/library/core/src/panicking.rs:144:5
[INFO] [stdout]   20:     0x55b187bbc5ee - dynamodb_adapter::tests::test_adapter::{{closure}}::ha4c1cd4c5250823d
[INFO] [stdout]                                at /opt/rustwide/workdir/src/lib.rs:79:9
[INFO] [stdout]   21:     0x55b187bb490a - <core::pin::Pin<P> as core::future::future::Future>::poll::h20ccfc8df9623aff
[INFO] [stdout]                                at /rustc/0e09125c6c3c2fd70d7de961bcf0e51575235fad/library/core/src/future/future.rs:124:9
[INFO] [stdout]   22:     0x55b187c066b3 - tokio::runtime::scheduler::current_thread::CoreGuard::block_on::{{closure}}::{{closure}}::{{closure}}::h146bc0b157c4097a
[INFO] [stdout]                                at /opt/rustwide/cargo-home/registry/src/index.crates.io-6f17d22bba15001f/tokio-1.21.0/src/runtime/scheduler/current_thread.rs:525:48
[INFO] [stdout]   23:     0x55b187bf024a - tokio::coop::with_budget::{{closure}}::h200138d9fee36d8e
[INFO] [stdout]                                at /opt/rustwide/cargo-home/registry/src/index.crates.io-6f17d22bba15001f/tokio-1.21.0/src/coop.rs:102:9
[INFO] [stdout]   24:     0x55b187b9b4c8 - std::thread::local::LocalKey<T>::try_with::ha50901e624a0e0f7
[INFO] [stdout]                                at /rustc/0e09125c6c3c2fd70d7de961bcf0e51575235fad/library/std/src/thread/local.rs:270:16
[INFO] [stdout]   25:     0x55b187b9abfc - std::thread::local::LocalKey<T>::with::h6dd329d3287857e8
[INFO] [stdout]                                at /rustc/0e09125c6c3c2fd70d7de961bcf0e51575235fad/library/std/src/thread/local.rs:246:9
[INFO] [stdout]   26:     0x55b187c064de - tokio::coop::with_budget::hdd97656a5043f81a
[INFO] [stdout]                                at /opt/rustwide/cargo-home/registry/src/index.crates.io-6f17d22bba15001f/tokio-1.21.0/src/coop.rs:95:5
[INFO] [stdout]   27:     0x55b187c064de - tokio::coop::budget::hb58cfe135e35dc50
[INFO] [stdout]                                at /opt/rustwide/cargo-home/registry/src/index.crates.io-6f17d22bba15001f/tokio-1.21.0/src/coop.rs:72:5
[INFO] [stdout]   28:     0x55b187c064de - tokio::runtime::scheduler::current_thread::CoreGuard::block_on::{{closure}}::{{closure}}::haf973b57fe18373e
[INFO] [stdout]                                at /opt/rustwide/cargo-home/registry/src/index.crates.io-6f17d22bba15001f/tokio-1.21.0/src/runtime/scheduler/current_thread.rs:525:25
[INFO] [stdout]   29:     0x55b187c0364d - tokio::runtime::scheduler::current_thread::Context::enter::h370dcb643be61b07
[INFO] [stdout]                                at /opt/rustwide/cargo-home/registry/src/index.crates.io-6f17d22bba15001f/tokio-1.21.0/src/runtime/scheduler/current_thread.rs:349:19
[INFO] [stdout]   30:     0x55b187c05c07 - tokio::runtime::scheduler::current_thread::CoreGuard::block_on::{{closure}}::h93a1baebbd674c17
[INFO] [stdout]                                at /opt/rustwide/cargo-home/registry/src/index.crates.io-6f17d22bba15001f/tokio-1.21.0/src/runtime/scheduler/current_thread.rs:524:36
[INFO] [stdout]   31:     0x55b187c04e22 - tokio::runtime::scheduler::current_thread::CoreGuard::enter::{{closure}}::hc4006b00f4b046a8
[INFO] [stdout]                                at /opt/rustwide/cargo-home/registry/src/index.crates.io-6f17d22bba15001f/tokio-1.21.0/src/runtime/scheduler/current_thread.rs:595:57
[INFO] [stdout]   32:     0x55b187c12d4c - tokio::macros::scoped_tls::ScopedKey<T>::set::hd32a8a3417a5d992
[INFO] [stdout]                                at /opt/rustwide/cargo-home/registry/src/index.crates.io-6f17d22bba15001f/tokio-1.21.0/src/macros/scoped_tls.rs:61:9
[INFO] [stdout]   33:     0x55b187c04b26 - tokio::runtime::scheduler::current_thread::CoreGuard::enter::h7163f73ed49389aa
[INFO] [stdout]                                at /opt/rustwide/cargo-home/registry/src/index.crates.io-6f17d22bba15001f/tokio-1.21.0/src/runtime/scheduler/current_thread.rs:595:27
[INFO] [stdout]   34:     0x55b187c04e5b - tokio::runtime::scheduler::current_thread::CoreGuard::block_on::h04389375e81b26bd
[INFO] [stdout]                                at /opt/rustwide/cargo-home/registry/src/index.crates.io-6f17d22bba15001f/tokio-1.21.0/src/runtime/scheduler/current_thread.rs:515:19
[INFO] [stdout]   35:     0x55b187c0284d - tokio::runtime::scheduler::current_thread::CurrentThread::block_on::h5aa310b3a4581002
[INFO] [stdout]                                at /opt/rustwide/cargo-home/registry/src/index.crates.io-6f17d22bba15001f/tokio-1.21.0/src/runtime/scheduler/current_thread.rs:161:24
[INFO] [stdout]   36:     0x55b187bb3412 - tokio::runtime::Runtime::block_on::h3283f2791ed6d5be
[INFO] [stdout]                                at /opt/rustwide/cargo-home/registry/src/index.crates.io-6f17d22bba15001f/tokio-1.21.0/src/runtime/mod.rs:490:46
[INFO] [stdout]   37:     0x55b187bbb34c - dynamodb_adapter::tests::test_adapter::hefcd5ba212c9f090
[INFO] [stdout]                                at /opt/rustwide/workdir/src/lib.rs:249:9
[INFO] [stdout]   38:     0x55b187bbb1dc - dynamodb_adapter::tests::test_adapter::{{closure}}::h7d541385f8bd5ec5
[INFO] [stdout]                                at /opt/rustwide/workdir/src/lib.rs:59:32
[INFO] [stdout]   39:     0x55b187b5c0b6 - core::ops::function::FnOnce::call_once::h34664384dcfe9830
[INFO] [stdout]                                at /rustc/0e09125c6c3c2fd70d7de961bcf0e51575235fad/library/core/src/ops/function.rs:250:5
[INFO] [stdout]   40:     0x55b187f8c25f - core::ops::function::FnOnce::call_once::hd64d26f405258157
[INFO] [stdout]                                at /rustc/0e09125c6c3c2fd70d7de961bcf0e51575235fad/library/core/src/ops/function.rs:250:5
[INFO] [stdout]   41:     0x55b187f8c25f - test::__rust_begin_short_backtrace::he21b0b7a6d731bf9
[INFO] [stdout]                                at /rustc/0e09125c6c3c2fd70d7de961bcf0e51575235fad/library/test/src/lib.rs:627:18
[INFO] [stdout]   42:     0x55b187f8afe1 - test::run_test_in_process::{{closure}}::hf5c73986d7bdfde2
[INFO] [stdout]                                at /rustc/0e09125c6c3c2fd70d7de961bcf0e51575235fad/library/test/src/lib.rs:650:60
[INFO] [stdout]   43:     0x55b187f8afe1 - <core::panic::unwind_safe::AssertUnwindSafe<F> as core::ops::function::FnOnce<()>>::call_once::h330011ad032aadc0
[INFO] [stdout]                                at /rustc/0e09125c6c3c2fd70d7de961bcf0e51575235fad/library/core/src/panic/unwind_safe.rs:272:9
[INFO] [stdout]   44:     0x55b187f8afe1 - std::panicking::try::do_call::he61b0a958b795a41
[INFO] [stdout]                                at /rustc/0e09125c6c3c2fd70d7de961bcf0e51575235fad/library/std/src/panicking.rs:552:40
[INFO] [stdout]   45:     0x55b187f8afe1 - std::panicking::try::h7309da130f906eb7
[INFO] [stdout]                                at /rustc/0e09125c6c3c2fd70d7de961bcf0e51575235fad/library/std/src/panicking.rs:516:19
[INFO] [stdout]   46:     0x55b187f8afe1 - std::panic::catch_unwind::hc5c3a06fdaf0a92a
[INFO] [stdout]                                at /rustc/0e09125c6c3c2fd70d7de961bcf0e51575235fad/library/std/src/panic.rs:142:14
[INFO] [stdout]   47:     0x55b187f8afe1 - test::run_test_in_process::h7e7b7c71c3324e0f
[INFO] [stdout]                                at /rustc/0e09125c6c3c2fd70d7de961bcf0e51575235fad/library/test/src/lib.rs:650:27
[INFO] [stdout]   48:     0x55b187f8afe1 - test::run_test::{{closure}}::h1f509f28f5cf20b1
[INFO] [stdout]                                at /rustc/0e09125c6c3c2fd70d7de961bcf0e51575235fad/library/test/src/lib.rs:573:43
[INFO] [stdout]   49:     0x55b187f52316 - test::run_test::{{closure}}::h1754218abf443f6d
[INFO] [stdout]                                at /rustc/0e09125c6c3c2fd70d7de961bcf0e51575235fad/library/test/src/lib.rs:601:41
[INFO] [stdout]   50:     0x55b187f52316 - std::sys_common::backtrace::__rust_begin_short_backtrace::h2ee174b9d5954948
[INFO] [stdout]                                at /rustc/0e09125c6c3c2fd70d7de961bcf0e51575235fad/library/std/src/sys_common/backtrace.rs:155:18
[INFO] [stdout]   51:     0x55b187f57377 - std::thread::Builder::spawn_unchecked_::{{closure}}::{{closure}}::hf60bee9c1a17ef09
[INFO] [stdout]                                at /rustc/0e09125c6c3c2fd70d7de961bcf0e51575235fad/library/std/src/thread/mod.rs:529:17
[INFO] [stdout]   52:     0x55b187f57377 - <core::panic::unwind_safe::AssertUnwindSafe<F> as core::ops::function::FnOnce<()>>::call_once::h33d0dddec5216160
[INFO] [stdout]                                at /rustc/0e09125c6c3c2fd70d7de961bcf0e51575235fad/library/core/src/panic/unwind_safe.rs:272:9
[INFO] [stdout]   53:     0x55b187f57377 - std::panicking::try::do_call::h144b3048b546f835
[INFO] [stdout]                                at /rustc/0e09125c6c3c2fd70d7de961bcf0e51575235fad/library/std/src/panicking.rs:552:40
[INFO] [stdout]   54:     0x55b187f57377 - std::panicking::try::h978244d04646189f
[INFO] [stdout]                                at /rustc/0e09125c6c3c2fd70d7de961bcf0e51575235fad/library/std/src/panicking.rs:516:19
[INFO] [stdout]   55:     0x55b187f57377 - std::panic::catch_unwind::hdf436369d188fe86
[INFO] [stdout]                                at /rustc/0e09125c6c3c2fd70d7de961bcf0e51575235fad/library/std/src/panic.rs:142:14
[INFO] [stdout]   56:     0x55b187f57377 - std::thread::Builder::spawn_unchecked_::{{closure}}::h87329cbdd33c79ec
[INFO] [stdout]                                at /rustc/0e09125c6c3c2fd70d7de961bcf0e51575235fad/library/std/src/thread/mod.rs:528:30
[INFO] [stdout]   57:     0x55b187f57377 - core::ops::function::FnOnce::call_once{{vtable.shim}}::h401abbe67897d450
[INFO] [stdout]                                at /rustc/0e09125c6c3c2fd70d7de961bcf0e51575235fad/library/core/src/ops/function.rs:250:5
[INFO] [stdout]   58:     0x55b188aaf295 - <alloc::boxed::Box<F,A> as core::ops::function::FnOnce<Args>>::call_once::h5d7c8f150ab9c84c
[INFO] [stdout]                                at /rustc/0e09125c6c3c2fd70d7de961bcf0e51575235fad/library/alloc/src/boxed.rs:2015:9
[INFO] [stdout]   59:     0x55b188aaf295 - <alloc::boxed::Box<F,A> as core::ops::function::FnOnce<Args>>::call_once::h570d5b005c242c15
[INFO] [stdout]                                at /rustc/0e09125c6c3c2fd70d7de961bcf0e51575235fad/library/alloc/src/boxed.rs:2015:9
[INFO] [stdout]   60:     0x55b188aaf295 - std::sys::unix::thread::Thread::new::thread_start::h36b0a20c0b2361ad
[INFO] [stdout]                                at /rustc/0e09125c6c3c2fd70d7de961bcf0e51575235fad/library/std/src/sys/unix/thread.rs:108:17
[INFO] [stdout]   61:     0x7f1737933ac3 - <unknown>
[INFO] [stdout]   62:     0x7f17379c4bf4 - __clone
[INFO] [stdout]   63:                0x0 - <unknown>
[INFO] [stdout] 
[INFO] [stdout] 
[INFO] [stdout] failures:
[INFO] [stdout]     tests::test_adapter
[INFO] [stdout]     tests::test_casbin_adapter
[INFO] [stdout] 
[INFO] [stdout] test result: FAILED. 0 passed; 2 failed; 0 ignored; 0 measured; 0 filtered out; finished in 0.07s
[INFO] [stdout] 
[INFO] [stderr] error: test failed, to rerun pass `--lib`
[INFO] running `Command { std: "docker" "inspect" "48c83db11c47cfc6eb5a548f6a8d6b5da473dedbe51ea354aee8aac69b173a0f", kill_on_drop: false }`
[INFO] running `Command { std: "docker" "rm" "-f" "48c83db11c47cfc6eb5a548f6a8d6b5da473dedbe51ea354aee8aac69b173a0f", kill_on_drop: false }`
[INFO] [stdout] 48c83db11c47cfc6eb5a548f6a8d6b5da473dedbe51ea354aee8aac69b173a0f
