[INFO] cloning repository https://github.com/fkohlgrueber/format-galaxy
[INFO] running `Command { std: "git" "-c" "credential.helper=" "-c" "credential.helper=/workspace/cargo-home/bin/git-credential-null" "clone" "--bare" "https://github.com/fkohlgrueber/format-galaxy" "/workspace/cache/git-repos/https%3A%2F%2Fgithub.com%2Ffkohlgrueber%2Fformat-galaxy", kill_on_drop: false }`
[INFO] [stderr] Cloning into bare repository '/workspace/cache/git-repos/https%3A%2F%2Fgithub.com%2Ffkohlgrueber%2Fformat-galaxy'...
[INFO] running `Command { std: "git" "rev-parse" "HEAD", kill_on_drop: false }`
[INFO] [stdout] f92ed69b408e9dfccc6c364ae83ad871a5480210
[INFO] testing fkohlgrueber/format-galaxy against 1.75.0 for beta-1.76-1
[INFO] running `Command { std: "git" "clone" "/workspace/cache/git-repos/https%3A%2F%2Fgithub.com%2Ffkohlgrueber%2Fformat-galaxy" "/workspace/builds/worker-5-tc1/source", kill_on_drop: false }`
[INFO] [stderr] Cloning into '/workspace/builds/worker-5-tc1/source'...
[INFO] [stderr] done.
[INFO] validating manifest of git repo https://github.com/fkohlgrueber/format-galaxy on toolchain 1.75.0
[INFO] running `Command { std: CARGO_HOME="/workspace/cargo-home" RUSTUP_HOME="/workspace/rustup-home" "/workspace/cargo-home/bin/cargo" "+1.75.0" "metadata" "--manifest-path" "Cargo.toml" "--no-deps", kill_on_drop: false }`
[INFO] started tweaking git repo https://github.com/fkohlgrueber/format-galaxy
[INFO] finished tweaking git repo https://github.com/fkohlgrueber/format-galaxy
[INFO] tweaked toml for git repo https://github.com/fkohlgrueber/format-galaxy written to /workspace/builds/worker-5-tc1/source/Cargo.toml
[INFO] crate git repo https://github.com/fkohlgrueber/format-galaxy already has a lockfile, it will not be regenerated
[INFO] running `Command { std: CARGO_HOME="/workspace/cargo-home" RUSTUP_HOME="/workspace/rustup-home" "/workspace/cargo-home/bin/cargo" "+1.75.0" "fetch" "--manifest-path" "Cargo.toml", kill_on_drop: false }`
[INFO] [stderr] warning: virtual workspace defaulting to `resolver = "1"` despite one or more workspace members being on edition 2021 which implies `resolver = "2"`
[INFO] [stderr] note: to keep the current resolver, specify `workspace.resolver = "1"` in the workspace root's manifest
[INFO] [stderr] note: to use the edition 2021 resolver, specify `workspace.resolver = "2"` in the workspace root's manifest
[INFO] [stderr] note: for more details see https://doc.rust-lang.org/cargo/reference/resolver.html#resolver-versions
[INFO] [stderr]     Updating crates.io index
[INFO] [stderr]  Downloading crates ...
[INFO] [stderr]   Downloaded wasmtime-types v0.36.0
[INFO] [stderr]   Downloaded yewtil v0.3.2
[INFO] [stderr]   Downloaded wasmtime-jit-debug v0.36.0
[INFO] [stderr]   Downloaded cranelift-frontend v0.83.0
[INFO] [stderr]   Downloaded zstd-safe v5.0.1+zstd.1.5.2
[INFO] [stderr]   Downloaded wat v1.0.42
[INFO] [stderr]   Downloaded wasmtime-fiber v0.36.0
[INFO] [stderr]   Downloaded wasmtime-jit v0.36.0
[INFO] [stderr]   Downloaded yew v0.17.4
[INFO] [stderr]   Downloaded wasmtime-environ v0.36.0
[INFO] [stderr]   Downloaded wasmtime-runtime v0.36.0
[INFO] [stderr]   Downloaded wast v40.0.0
[INFO] [stderr]   Downloaded cranelift-wasm v0.83.0
[INFO] [stderr]   Downloaded ittapi-rs v0.2.0
[INFO] [stderr]   Downloaded zstd v0.11.1+zstd.1.5.2
[INFO] [stderr]   Downloaded cranelift-native v0.83.0
[INFO] [stderr]   Downloaded cranelift-codegen-shared v0.83.0
[INFO] [stderr]   Downloaded cranelift-bforest v0.83.0
[INFO] [stderr]   Downloaded terminal-menu v2.0.3
[INFO] [stderr]   Downloaded wasmtime-cache v0.36.0
[INFO] [stderr]   Downloaded cranelift-entity v0.83.0
[INFO] [stderr]   Downloaded cranelift-codegen-meta v0.83.0
[INFO] [stderr]   Downloaded wasmtime-cranelift v0.36.0
[INFO] [stderr]   Downloaded wasmtime v0.36.0
[INFO] [stderr]   Downloaded cranelift-codegen v0.83.0
[INFO] running `Command { std: "docker" "create" "-v" "/var/lib/crater-agent-workspace/builds/worker-5-tc1/target:/opt/rustwide/target:rw,Z" "-v" "/var/lib/crater-agent-workspace/builds/worker-5-tc1/source:/opt/rustwide/workdir:ro,Z" "-v" "/var/lib/crater-agent-workspace/cargo-home:/opt/rustwide/cargo-home:ro,Z" "-v" "/var/lib/crater-agent-workspace/rustup-home:/opt/rustwide/rustup-home:ro,Z" "-e" "SOURCE_DIR=/opt/rustwide/workdir" "-e" "CARGO_TARGET_DIR=/opt/rustwide/target" "-e" "CARGO_HOME=/opt/rustwide/cargo-home" "-e" "RUSTUP_HOME=/opt/rustwide/rustup-home" "-w" "/opt/rustwide/workdir" "-m" "1610612736" "--user" "0:0" "--network" "none" "ghcr.io/rust-lang/crates-build-env/linux@sha256:2788e3201cd34a07e3172128adcd8b3090168a8e3bcc40d7c032b9dda1df7d1c" "/opt/rustwide/cargo-home/bin/cargo" "+1.75.0" "metadata" "--no-deps" "--format-version=1", kill_on_drop: false }`
[INFO] [stdout] 126974aecaa905a2927e4c72a1ac2a88ebaa108e34827d0aea920f565cd754c8
[INFO] running `Command { std: "docker" "start" "-a" "126974aecaa905a2927e4c72a1ac2a88ebaa108e34827d0aea920f565cd754c8", kill_on_drop: false }`
[INFO] running `Command { std: "docker" "inspect" "126974aecaa905a2927e4c72a1ac2a88ebaa108e34827d0aea920f565cd754c8", kill_on_drop: false }`
[INFO] running `Command { std: "docker" "rm" "-f" "126974aecaa905a2927e4c72a1ac2a88ebaa108e34827d0aea920f565cd754c8", kill_on_drop: false }`
[INFO] [stdout] 126974aecaa905a2927e4c72a1ac2a88ebaa108e34827d0aea920f565cd754c8
[INFO] running `Command { std: "docker" "create" "-v" "/var/lib/crater-agent-workspace/builds/worker-5-tc1/target:/opt/rustwide/target:rw,Z" "-v" "/var/lib/crater-agent-workspace/builds/worker-5-tc1/source:/opt/rustwide/workdir:ro,Z" "-v" "/var/lib/crater-agent-workspace/cargo-home:/opt/rustwide/cargo-home:ro,Z" "-v" "/var/lib/crater-agent-workspace/rustup-home:/opt/rustwide/rustup-home:ro,Z" "-e" "SOURCE_DIR=/opt/rustwide/workdir" "-e" "CARGO_TARGET_DIR=/opt/rustwide/target" "-e" "CARGO_INCREMENTAL=0" "-e" "RUST_BACKTRACE=full" "-e" "RUSTFLAGS=--cap-lints=warn" "-e" "RUSTDOCFLAGS=--cap-lints=warn" "-e" "CARGO_HOME=/opt/rustwide/cargo-home" "-e" "RUSTUP_HOME=/opt/rustwide/rustup-home" "-w" "/opt/rustwide/workdir" "-m" "1610612736" "--user" "0:0" "--network" "none" "ghcr.io/rust-lang/crates-build-env/linux@sha256:2788e3201cd34a07e3172128adcd8b3090168a8e3bcc40d7c032b9dda1df7d1c" "/opt/rustwide/cargo-home/bin/cargo" "+1.75.0" "build" "--frozen" "--message-format=json", kill_on_drop: false }`
[INFO] [stdout] 53409adcecc39a2a1a18ba2c52d3b610f3fc709199e4a0cd68d9141dd1d6f528
[INFO] running `Command { std: "docker" "start" "-a" "53409adcecc39a2a1a18ba2c52d3b610f3fc709199e4a0cd68d9141dd1d6f528", kill_on_drop: false }`
[INFO] [stderr] warning: virtual workspace defaulting to `resolver = "1"` despite one or more workspace members being on edition 2021 which implies `resolver = "2"`
[INFO] [stderr] note: to keep the current resolver, specify `workspace.resolver = "1"` in the workspace root's manifest
[INFO] [stderr] note: to use the edition 2021 resolver, specify `workspace.resolver = "2"` in the workspace root's manifest
[INFO] [stderr] note: for more details see https://doc.rust-lang.org/cargo/reference/resolver.html#resolver-versions
[INFO] [stderr]    Compiling proc-macro2 v1.0.37
[INFO] [stderr]    Compiling unicode-xid v0.2.3
[INFO] [stderr]    Compiling syn v1.0.92
[INFO] [stderr]    Compiling libc v0.2.125
[INFO] [stderr]    Compiling serde_derive v1.0.137
[INFO] [stderr]    Compiling serde v1.0.137
[INFO] [stderr]    Compiling log v0.4.17
[INFO] [stderr]    Compiling memchr v2.5.0
[INFO] [stderr]    Compiling indexmap v1.8.1
[INFO] [stderr]    Compiling hashbrown v0.11.2
[INFO] [stderr]    Compiling serde_json v1.0.81
[INFO] [stderr]    Compiling typenum v1.15.0
[INFO] [stderr]    Compiling wasm-bindgen-shared v0.2.80
[INFO] [stderr]    Compiling generic-array v0.14.5
[INFO] [stderr]    Compiling anyhow v1.0.57
[INFO] [stderr]    Compiling bumpalo v3.9.1
[INFO] [stderr]    Compiling quote v1.0.18
[INFO] [stderr]    Compiling fallible-iterator v0.2.0
[INFO] [stderr]    Compiling stable_deref_trait v1.2.0
[INFO] [stderr]    Compiling smallvec v1.8.0
[INFO] [stderr]    Compiling target-lexicon v0.12.3
[INFO] [stderr]    Compiling wasm-bindgen v0.2.80
[INFO] [stderr]    Compiling bitflags v1.3.2
[INFO] [stderr]    Compiling memoffset v0.6.5
[INFO] [stderr]    Compiling io-lifetimes v0.5.3
[INFO] [stderr]    Compiling cranelift-codegen-shared v0.83.0
[INFO] [stderr]    Compiling crc32fast v1.3.2
[INFO] [stderr]    Compiling scopeguard v1.1.0
[INFO] [stderr]    Compiling jobserver v0.1.24
[INFO] [stderr]    Compiling cranelift-codegen-meta v0.83.0
[INFO] [stderr]    Compiling cc v1.0.73
[INFO] [stderr]    Compiling rustix v0.33.7
[INFO] [stderr]    Compiling crossbeam-utils v0.8.8
[INFO] [stderr]    Compiling wasmparser v0.83.0
[INFO] [stderr]    Compiling linux-raw-sys v0.0.42
[INFO] [stderr]    Compiling rustc-hash v1.1.0
[INFO] [stderr]    Compiling regalloc v0.0.34
[INFO] [stderr]    Compiling getrandom v0.2.6
[INFO] [stderr]    Compiling crossbeam-epoch v0.9.8
[INFO] [stderr]    Compiling futures-core v0.3.21
[INFO] [stderr]    Compiling rand_core v0.6.3
[INFO] [stderr]    Compiling wasmtime-fiber v0.36.0
[INFO] [stderr]    Compiling zstd-sys v2.0.1+zstd.1.5.2
[INFO] [stderr]    Compiling backtrace v0.3.65
[INFO] [stderr]    Compiling block-buffer v0.10.2
[INFO] [stderr]    Compiling crypto-common v0.1.3
[INFO] [stderr]    Compiling aho-corasick v0.7.18
[INFO] [stderr]    Compiling proc-macro-error-attr v1.0.4
[INFO] [stderr]    Compiling lock_api v0.4.7
[INFO] [stderr]    Compiling signal-hook v0.3.13
[INFO] [stderr]    Compiling subtle v2.4.1
[INFO] [stderr]    Compiling either v1.6.1
[INFO] [stderr]    Compiling zstd-safe v5.0.1+zstd.1.5.2
[INFO] [stderr]    Compiling rayon-core v1.9.2
[INFO] [stderr]    Compiling wasm-bindgen-backend v0.2.80
[INFO] [stderr]    Compiling cranelift-codegen v0.83.0
[INFO] [stderr]    Compiling regex-syntax v0.6.25
[INFO] [stderr]    Compiling ppv-lite86 v0.2.16
[INFO] [stderr]    Compiling futures-task v0.3.21
[INFO] [stderr]    Compiling wasm-bindgen-macro-support v0.2.80
[INFO] [stderr]    Compiling futures-channel v0.3.21
[INFO] [stderr]    Compiling cpufeatures v0.2.2
[INFO] [stderr]    Compiling adler v1.0.2
[INFO] [stderr]    Compiling more-asserts v0.2.2
[INFO] [stderr]    Compiling parking_lot_core v0.9.3
[INFO] [stderr]    Compiling miniz_oxide v0.5.1
[INFO] [stderr]    Compiling regex v1.5.5
[INFO] [stderr]    Compiling rand_chacha v0.3.1
[INFO] [stderr]    Compiling digest v0.10.3
[INFO] [stderr]    Compiling ittapi-rs v0.2.0
[INFO] [stderr]    Compiling wasmtime-runtime v0.36.0
[INFO] [stderr]    Compiling atty v0.2.14
[INFO] [stderr]    Compiling signal-hook-registry v1.4.0
[INFO] [stderr]    Compiling object v0.28.3
[INFO] [stderr]    Compiling proc-macro-error v1.0.4
[INFO] [stderr]    Compiling arrayvec v0.7.2
[INFO] [stderr]    Compiling cpp_demangle v0.3.5
[INFO] [stderr]    Compiling rustc-demangle v0.1.21
[INFO] [stderr]    Compiling constant_time_eq v0.1.5
[INFO] [stderr]    Compiling arrayref v0.3.6
[INFO] [stderr]    Compiling futures-util v0.3.21
[INFO] [stderr]    Compiling futures-sink v0.3.21
[INFO] [stderr]    Compiling thiserror-impl v1.0.31
[INFO] [stderr]    Compiling wasm-bindgen-macro v0.2.80
[INFO] [stderr]    Compiling termcolor v1.1.3
[INFO] [stderr]    Compiling env_logger v0.9.0
[INFO] [stderr]    Compiling futures-macro v0.3.21
[INFO] [stderr]    Compiling crossbeam-deque v0.8.1
[INFO] [stderr]    Compiling thiserror v1.0.31
[INFO] [stderr]    Compiling rand v0.8.5
[INFO] [stderr]    Compiling itertools v0.10.3
[INFO] [stderr]    Compiling blake3 v1.3.1
[INFO] [stderr]    Compiling psm v0.1.18
[INFO] [stderr]    Compiling crossbeam-channel v0.5.4
[INFO] [stderr]    Compiling digest v0.9.0
[INFO] [stderr]    Compiling block-buffer v0.9.0
[INFO] [stderr]    Compiling num_cpus v1.13.1
[INFO] [stderr]    Compiling dirs-sys-next v0.1.2
[INFO] [stderr]    Compiling mio v0.8.2
[INFO] [stderr]    Compiling region v2.2.0
[INFO] [stderr]    Compiling memfd v0.4.1
[INFO] [stderr]    Compiling rayon v1.5.2
[INFO] [stderr]    Compiling pin-project-lite v0.2.9
[INFO] [stderr]    Compiling opaque-debug v0.3.0
[INFO] [stderr]    Compiling proc-macro-hack v0.5.19
[INFO] [stderr]    Compiling futures-io v0.3.21
[INFO] [stderr]    Compiling slab v0.4.6
[INFO] [stderr]    Compiling unicode-width v0.1.9
[INFO] [stderr]    Compiling leb128 v0.2.5
[INFO] [stderr]    Compiling async-trait v0.1.53
[INFO] [stderr]    Compiling wasmtime-cache v0.36.0
[INFO] [stderr]    Compiling wast v40.0.0
[INFO] [stderr]    Compiling sha2 v0.9.9
[INFO] [stderr]    Compiling signal-hook-mio v0.2.3
[INFO] [stderr]    Compiling directories-next v2.0.0
[INFO] [stderr]    Compiling parking_lot v0.12.0
[INFO] [stderr]    Compiling file-per-thread-logger v0.1.5
[INFO] [stderr]    Compiling synstructure v0.12.6
[INFO] [stderr]    Compiling wasmtime v0.36.0
[INFO] [stderr]    Compiling base64 v0.13.0
[INFO] [stderr]    Compiling keccak v0.1.0
[INFO] [stderr]    Compiling proc-macro-nested v0.1.7
[INFO] [stderr]    Compiling sha3 v0.10.1
[INFO] [stderr]    Compiling crossterm v0.23.2
[INFO] [stderr]    Compiling futures-executor v0.3.21
[INFO] [stderr]    Compiling blake2b_simd v1.0.0
[INFO] [stderr]    Compiling blake2s_simd v1.0.0
[INFO] [stderr]    Compiling wat v1.0.42
[INFO] [stderr]    Compiling sha2 v0.10.2
[INFO] [stderr]    Compiling fg-plugin v0.1.0 (/opt/rustwide/workdir/crates/fg-plugin)
[INFO] [stderr]    Compiling core2 v0.4.0
[INFO] [stderr]    Compiling yew v0.17.4
[INFO] [stderr]    Compiling unsigned-varint v0.7.1
[INFO] [stderr]    Compiling once_cell v1.10.0
[INFO] [stderr]    Compiling boolinator v2.4.0
[INFO] [stderr]    Compiling paste v1.0.7
[INFO] [stderr]    Compiling bytes v1.1.0
[INFO] [stderr]    Compiling yew-macro v0.17.0
[INFO] [stderr]    Compiling http v0.2.7
[INFO] [stderr]    Compiling cranelift-entity v0.83.0
[INFO] [stderr]    Compiling bincode v1.3.3
[INFO] [stderr]    Compiling gimli v0.26.1
[INFO] [stderr]    Compiling object v0.27.1
[INFO] [stderr]    Compiling wasmtime-types v0.36.0
[INFO] [stderr]    Compiling cranelift-bforest v0.83.0
[INFO] [stderr]    Compiling toml v0.5.9
[INFO] [stderr]    Compiling fg-index v0.1.0 (/opt/rustwide/workdir/crates/fg-index)
[INFO] [stderr]    Compiling serde-big-array v0.3.3
[INFO] [stderr]    Compiling futures v0.3.21
[INFO] [stderr]    Compiling js-sys v0.3.57
[INFO] [stderr]    Compiling console_error_panic_hook v0.1.7
[INFO] [stderr]    Compiling terminal-menu v2.0.3
[INFO] [stderr]    Compiling cfg-if v0.1.10
[INFO] [stderr]    Compiling anymap v0.12.1
[INFO] [stderr]    Compiling cfg-match v0.2.1
[INFO] [stderr]    Compiling proc-macro-crate v1.1.3
[INFO] [stderr]    Compiling format-galaxy-core v0.1.0 (/opt/rustwide/workdir/core)
[INFO] [stderr]    Compiling multihash-derive v0.8.0
[INFO] [stderr]    Compiling web-sys v0.3.57
[INFO] [stderr]    Compiling wasmtime-environ v0.36.0
[INFO] [stderr]    Compiling addr2line v0.17.0
[INFO] [stderr]    Compiling wasmtime-jit-debug v0.36.0
[INFO] [stderr]    Compiling gloo-timers v0.2.4
[INFO] [stderr]    Compiling multihash v0.16.2
[INFO] [stderr]    Compiling wasm-bindgen-futures v0.4.30
[INFO] [stderr]    Compiling wasmtime-jit v0.36.0
[INFO] [stderr]    Compiling gloo-events v0.1.2
[INFO] [stderr]    Compiling gloo-file v0.1.0
[INFO] [stderr]    Compiling gloo-console-timer v0.1.0
[INFO] [stderr]    Compiling gloo v0.2.1
[INFO] [stderr]    Compiling cranelift-frontend v0.83.0
[INFO] [stderr]    Compiling cranelift-native v0.83.0
[INFO] [stderr]    Compiling cranelift-wasm v0.83.0
[INFO] [stderr]    Compiling yewtil v0.3.2
[INFO] [stderr]    Compiling wasmtime-cranelift v0.36.0
[INFO] [stderr]    Compiling format-galaxy-web-host v0.1.0 (/opt/rustwide/workdir/web-host)
[INFO] [stdout] warning: unused import: `yew::prelude::*`
[INFO] [stdout]  --> web-host/src/main.rs:2:5
[INFO] [stdout]   |
[INFO] [stdout] 2 | use yew::prelude::*;
[INFO] [stdout]   |     ^^^^^^^^^^^^^^^
[INFO] [stdout]   |
[INFO] [stdout]   = note: `#[warn(unused_imports)]` on by default
[INFO] [stdout] 
[INFO] [stdout] 
[INFO] [stdout] warning: unused imports: `Area`, `StorageService`
[INFO] [stdout]  --> web-host/src/app.rs:2:30
[INFO] [stdout]   |
[INFO] [stdout] 2 | use yew::services::storage::{Area, StorageService};
[INFO] [stdout]   |                              ^^^^  ^^^^^^^^^^^^^^
[INFO] [stdout] 
[INFO] [stdout] 
[INFO] [stdout] warning: unused import: `FileChunk`
[INFO] [stdout]  --> web-host/src/app.rs:5:35
[INFO] [stdout]   |
[INFO] [stdout] 5 | use yew::services::reader::{File, FileChunk, FileData, ReaderService, ReaderTask};
[INFO] [stdout]   |                                   ^^^^^^^^^
[INFO] [stdout] 
[INFO] [stdout] 
[INFO] [stdout] warning: unused variable: `bytes`
[INFO] [stdout]    --> web-host/src/app.rs:196:21
[INFO] [stdout]     |
[INFO] [stdout] 196 |                 let bytes = data.content;
[INFO] [stdout]     |                     ^^^^^ help: if this is intentional, prefix it with an underscore: `_bytes`
[INFO] [stdout]     |
[INFO] [stdout]     = note: `#[warn(unused_variables)]` on by default
[INFO] [stdout] 
[INFO] [stdout] 
[INFO] [stdout] warning: 4 warnings emitted
[INFO] [stdout] 
[INFO] [stdout] 
[INFO] [stderr]    Compiling zstd v0.11.1+zstd.1.5.2
[INFO] [stderr]    Compiling format-galaxy-host v0.1.0 (/opt/rustwide/workdir/host)
[INFO] [stderr]     Finished dev [unoptimized + debuginfo] target(s) in 1m 11s
[INFO] running `Command { std: "docker" "inspect" "53409adcecc39a2a1a18ba2c52d3b610f3fc709199e4a0cd68d9141dd1d6f528", kill_on_drop: false }`
[INFO] running `Command { std: "docker" "rm" "-f" "53409adcecc39a2a1a18ba2c52d3b610f3fc709199e4a0cd68d9141dd1d6f528", kill_on_drop: false }`
[INFO] [stdout] 53409adcecc39a2a1a18ba2c52d3b610f3fc709199e4a0cd68d9141dd1d6f528
[INFO] running `Command { std: "docker" "create" "-v" "/var/lib/crater-agent-workspace/builds/worker-5-tc1/target:/opt/rustwide/target:rw,Z" "-v" "/var/lib/crater-agent-workspace/builds/worker-5-tc1/source:/opt/rustwide/workdir:ro,Z" "-v" "/var/lib/crater-agent-workspace/cargo-home:/opt/rustwide/cargo-home:ro,Z" "-v" "/var/lib/crater-agent-workspace/rustup-home:/opt/rustwide/rustup-home:ro,Z" "-e" "SOURCE_DIR=/opt/rustwide/workdir" "-e" "CARGO_TARGET_DIR=/opt/rustwide/target" "-e" "CARGO_INCREMENTAL=0" "-e" "RUST_BACKTRACE=full" "-e" "RUSTFLAGS=--cap-lints=warn" "-e" "RUSTDOCFLAGS=--cap-lints=warn" "-e" "CARGO_HOME=/opt/rustwide/cargo-home" "-e" "RUSTUP_HOME=/opt/rustwide/rustup-home" "-w" "/opt/rustwide/workdir" "-m" "1610612736" "--user" "0:0" "--network" "none" "ghcr.io/rust-lang/crates-build-env/linux@sha256:2788e3201cd34a07e3172128adcd8b3090168a8e3bcc40d7c032b9dda1df7d1c" "/opt/rustwide/cargo-home/bin/cargo" "+1.75.0" "test" "--frozen" "--no-run" "--message-format=json", kill_on_drop: false }`
[INFO] [stdout] 0305aa718caeb6a973599d52389e78310f263234bdc73b65671ec37dc96d18b9
[INFO] running `Command { std: "docker" "start" "-a" "0305aa718caeb6a973599d52389e78310f263234bdc73b65671ec37dc96d18b9", kill_on_drop: false }`
[INFO] [stderr] warning: virtual workspace defaulting to `resolver = "1"` despite one or more workspace members being on edition 2021 which implies `resolver = "2"`
[INFO] [stderr] note: to keep the current resolver, specify `workspace.resolver = "1"` in the workspace root's manifest
[INFO] [stderr] note: to use the edition 2021 resolver, specify `workspace.resolver = "2"` in the workspace root's manifest
[INFO] [stderr] note: for more details see https://doc.rust-lang.org/cargo/reference/resolver.html#resolver-versions
[INFO] [stderr]    Compiling format-galaxy-host v0.1.0 (/opt/rustwide/workdir/host)
[INFO] [stderr]    Compiling fg-index v0.1.0 (/opt/rustwide/workdir/crates/fg-index)
[INFO] [stderr]    Compiling fg-plugin v0.1.0 (/opt/rustwide/workdir/crates/fg-plugin)
[INFO] [stderr]    Compiling format-galaxy-core v0.1.0 (/opt/rustwide/workdir/core)
[INFO] [stderr]    Compiling format-galaxy-web-host v0.1.0 (/opt/rustwide/workdir/web-host)
[INFO] [stdout] warning: unused import: `yew::prelude::*`
[INFO] [stdout]  --> web-host/src/main.rs:2:5
[INFO] [stdout]   |
[INFO] [stdout] 2 | use yew::prelude::*;
[INFO] [stdout]   |     ^^^^^^^^^^^^^^^
[INFO] [stdout]   |
[INFO] [stdout]   = note: `#[warn(unused_imports)]` on by default
[INFO] [stdout] 
[INFO] [stdout] 
[INFO] [stdout] warning: unused imports: `Area`, `StorageService`
[INFO] [stdout]  --> web-host/src/app.rs:2:30
[INFO] [stdout]   |
[INFO] [stdout] 2 | use yew::services::storage::{Area, StorageService};
[INFO] [stdout]   |                              ^^^^  ^^^^^^^^^^^^^^
[INFO] [stdout] 
[INFO] [stdout] 
[INFO] [stdout] warning: unused import: `FileChunk`
[INFO] [stdout]  --> web-host/src/app.rs:5:35
[INFO] [stdout]   |
[INFO] [stdout] 5 | use yew::services::reader::{File, FileChunk, FileData, ReaderService, ReaderTask};
[INFO] [stdout]   |                                   ^^^^^^^^^
[INFO] [stdout] 
[INFO] [stdout] 
[INFO] [stdout] warning: unused variable: `bytes`
[INFO] [stdout]    --> web-host/src/app.rs:196:21
[INFO] [stdout]     |
[INFO] [stdout] 196 |                 let bytes = data.content;
[INFO] [stdout]     |                     ^^^^^ help: if this is intentional, prefix it with an underscore: `_bytes`
[INFO] [stdout]     |
[INFO] [stdout]     = note: `#[warn(unused_variables)]` on by default
[INFO] [stdout] 
[INFO] [stdout] 
[INFO] [stdout] warning: 4 warnings emitted
[INFO] [stdout] 
[INFO] [stdout] 
[INFO] [stderr]     Finished test [unoptimized + debuginfo] target(s) in 2.77s
[INFO] running `Command { std: "docker" "inspect" "0305aa718caeb6a973599d52389e78310f263234bdc73b65671ec37dc96d18b9", kill_on_drop: false }`
[INFO] running `Command { std: "docker" "rm" "-f" "0305aa718caeb6a973599d52389e78310f263234bdc73b65671ec37dc96d18b9", kill_on_drop: false }`
[INFO] [stdout] 0305aa718caeb6a973599d52389e78310f263234bdc73b65671ec37dc96d18b9
[INFO] running `Command { std: "docker" "create" "-v" "/var/lib/crater-agent-workspace/builds/worker-5-tc1/target:/opt/rustwide/target:rw,Z" "-v" "/var/lib/crater-agent-workspace/builds/worker-5-tc1/source:/opt/rustwide/workdir:ro,Z" "-v" "/var/lib/crater-agent-workspace/cargo-home:/opt/rustwide/cargo-home:ro,Z" "-v" "/var/lib/crater-agent-workspace/rustup-home:/opt/rustwide/rustup-home:ro,Z" "-e" "SOURCE_DIR=/opt/rustwide/workdir" "-e" "CARGO_TARGET_DIR=/opt/rustwide/target" "-e" "CARGO_INCREMENTAL=0" "-e" "RUST_BACKTRACE=full" "-e" "RUSTFLAGS=--cap-lints=warn" "-e" "RUSTDOCFLAGS=--cap-lints=warn" "-e" "CARGO_HOME=/opt/rustwide/cargo-home" "-e" "RUSTUP_HOME=/opt/rustwide/rustup-home" "-w" "/opt/rustwide/workdir" "-m" "1610612736" "--user" "0:0" "--network" "none" "ghcr.io/rust-lang/crates-build-env/linux@sha256:2788e3201cd34a07e3172128adcd8b3090168a8e3bcc40d7c032b9dda1df7d1c" "/opt/rustwide/cargo-home/bin/cargo" "+1.75.0" "test" "--frozen", kill_on_drop: false }`
[INFO] [stdout] 98a5318abd5b8d0dabbcb04865ca7fc4130b6e0458c1b69e95d0eadb8edde3ee
[INFO] running `Command { std: "docker" "start" "-a" "98a5318abd5b8d0dabbcb04865ca7fc4130b6e0458c1b69e95d0eadb8edde3ee", kill_on_drop: false }`
[INFO] [stderr] warning: virtual workspace defaulting to `resolver = "1"` despite one or more workspace members being on edition 2021 which implies `resolver = "2"`
[INFO] [stderr] note: to keep the current resolver, specify `workspace.resolver = "1"` in the workspace root's manifest
[INFO] [stderr] note: to use the edition 2021 resolver, specify `workspace.resolver = "2"` in the workspace root's manifest
[INFO] [stderr] note: for more details see https://doc.rust-lang.org/cargo/reference/resolver.html#resolver-versions
[INFO] [stderr] warning: unused import: `yew::prelude::*`
[INFO] [stderr]  --> web-host/src/main.rs:2:5
[INFO] [stderr]   |
[INFO] [stderr] 2 | use yew::prelude::*;
[INFO] [stderr]   |     ^^^^^^^^^^^^^^^
[INFO] [stderr]   |
[INFO] [stderr]   = note: `#[warn(unused_imports)]` on by default
[INFO] [stderr] 
[INFO] [stderr] warning: unused imports: `Area`, `StorageService`
[INFO] [stderr]  --> web-host/src/app.rs:2:30
[INFO] [stderr]   |
[INFO] [stderr] 2 | use yew::services::storage::{Area, StorageService};
[INFO] [stderr]   |                              ^^^^  ^^^^^^^^^^^^^^
[INFO] [stderr] 
[INFO] [stderr] warning: unused import: `FileChunk`
[INFO] [stderr]  --> web-host/src/app.rs:5:35
[INFO] [stderr]   |
[INFO] [stderr] 5 | use yew::services::reader::{File, FileChunk, FileData, ReaderService, ReaderTask};
[INFO] [stderr]   |                                   ^^^^^^^^^
[INFO] [stderr] 
[INFO] [stderr] warning: unused variable: `bytes`
[INFO] [stderr]    --> web-host/src/app.rs:196:21
[INFO] [stderr]     |
[INFO] [stderr] 196 |                 let bytes = data.content;
[INFO] [stderr]     |                     ^^^^^ help: if this is intentional, prefix it with an underscore: `_bytes`
[INFO] [stderr]     |
[INFO] [stderr]     = note: `#[warn(unused_variables)]` on by default
[INFO] [stderr] 
[INFO] [stderr] warning: `format-galaxy-web-host` (bin "format-galaxy-web-host" test) generated 4 warnings (run `cargo fix --bin "format-galaxy-web-host" --tests` to apply 4 suggestions)
[INFO] [stderr]     Finished test [unoptimized + debuginfo] target(s) in 0.18s
[INFO] [stderr]      Running unittests index.rs (/opt/rustwide/target/debug/deps/fg_index-ff9d61105fde5c30)
[INFO] [stdout] 
[INFO] [stdout] running 2 tests
[INFO] [stdout] test test ... ok
[INFO] [stdout] test test_read ... FAILED
[INFO] [stdout] 
[INFO] [stdout] failures:
[INFO] [stdout] 
[INFO] [stdout] ---- test_read stdout ----
[INFO] [stdout] thread 'test_read' panicked at crates/fg-index/index.rs:84:86:
[INFO] [stdout] called `Result::unwrap()` on an `Err` value: Os { code: 2, kind: NotFound, message: "No such file or directory" }
[INFO] [stdout] stack backtrace:
[INFO] [stdout]    0:     0x55ea2d9648fc - std::backtrace_rs::backtrace::libunwind::trace::ha637c64ce894333a
[INFO] [stdout]                                at /rustc/82e1608dfa6e0b5569232559e3d385fea5a93112/library/std/src/../../backtrace/src/backtrace/libunwind.rs:104:5
[INFO] [stdout]    1:     0x55ea2d9648fc - std::backtrace_rs::backtrace::trace_unsynchronized::h47f62dea28e0c88d
[INFO] [stdout]                                at /rustc/82e1608dfa6e0b5569232559e3d385fea5a93112/library/std/src/../../backtrace/src/backtrace/mod.rs:66:5
[INFO] [stdout]    2:     0x55ea2d9648fc - std::sys_common::backtrace::_print_fmt::h9eef0abe20ede486
[INFO] [stdout]                                at /rustc/82e1608dfa6e0b5569232559e3d385fea5a93112/library/std/src/sys_common/backtrace.rs:67:5
[INFO] [stdout]    3:     0x55ea2d9648fc - <std::sys_common::backtrace::_print::DisplayBacktrace as core::fmt::Display>::fmt::hed7f999df88cc644
[INFO] [stdout]                                at /rustc/82e1608dfa6e0b5569232559e3d385fea5a93112/library/std/src/sys_common/backtrace.rs:44:22
[INFO] [stdout]    4:     0x55ea2d98e780 - core::fmt::rt::Argument::fmt::h1539a9308b8d058d
[INFO] [stdout]                                at /rustc/82e1608dfa6e0b5569232559e3d385fea5a93112/library/core/src/fmt/rt.rs:142:9
[INFO] [stdout]    5:     0x55ea2d98e780 - core::fmt::write::h3a39390d8560d9c9
[INFO] [stdout]                                at /rustc/82e1608dfa6e0b5569232559e3d385fea5a93112/library/core/src/fmt/mod.rs:1120:17
[INFO] [stdout]    6:     0x55ea2d9622af - std::io::Write::write_fmt::h040b369f3a0f9cbc
[INFO] [stdout]                                at /rustc/82e1608dfa6e0b5569232559e3d385fea5a93112/library/std/src/io/mod.rs:1762:15
[INFO] [stdout]    7:     0x55ea2d9646e4 - std::sys_common::backtrace::_print::h894006fb5c6f3d45
[INFO] [stdout]                                at /rustc/82e1608dfa6e0b5569232559e3d385fea5a93112/library/std/src/sys_common/backtrace.rs:47:5
[INFO] [stdout]    8:     0x55ea2d9646e4 - std::sys_common::backtrace::print::h23a2d212c6fff936
[INFO] [stdout]                                at /rustc/82e1608dfa6e0b5569232559e3d385fea5a93112/library/std/src/sys_common/backtrace.rs:34:9
[INFO] [stdout]    9:     0x55ea2d9663a7 - std::panicking::default_hook::{{closure}}::h8a1d2ee00185001a
[INFO] [stdout]   10:     0x55ea2d966093 - std::panicking::default_hook::h6038f2eba384e475
[INFO] [stdout]                                at /rustc/82e1608dfa6e0b5569232559e3d385fea5a93112/library/std/src/panicking.rs:289:9
[INFO] [stdout]   11:     0x55ea2d933487 - <alloc::boxed::Box<F,A> as core::ops::function::Fn<Args>>::call::h0ad024c9bdc6d768
[INFO] [stdout]                                at /rustc/82e1608dfa6e0b5569232559e3d385fea5a93112/library/alloc/src/boxed.rs:2021:9
[INFO] [stdout]   12:     0x55ea2d933487 - test::test_main::{{closure}}::h7500b54257359db6
[INFO] [stdout]                                at /rustc/82e1608dfa6e0b5569232559e3d385fea5a93112/library/test/src/lib.rs:138:21
[INFO] [stdout]   13:     0x55ea2d9669b8 - <alloc::boxed::Box<F,A> as core::ops::function::Fn<Args>>::call::h1f8f335eaa9cfaee
[INFO] [stdout]                                at /rustc/82e1608dfa6e0b5569232559e3d385fea5a93112/library/alloc/src/boxed.rs:2021:9
[INFO] [stdout]   14:     0x55ea2d9669b8 - std::panicking::rust_panic_with_hook::h2b5517d590cab22e
[INFO] [stdout]                                at /rustc/82e1608dfa6e0b5569232559e3d385fea5a93112/library/std/src/panicking.rs:783:13
[INFO] [stdout]   15:     0x55ea2d96670e - std::panicking::begin_panic_handler::{{closure}}::h233112c06e0ef43e
[INFO] [stdout]                                at /rustc/82e1608dfa6e0b5569232559e3d385fea5a93112/library/std/src/panicking.rs:657:13
[INFO] [stdout]   16:     0x55ea2d964dc6 - std::sys_common::backtrace::__rust_end_short_backtrace::h6e893f24d7ebbff8
[INFO] [stdout]                                at /rustc/82e1608dfa6e0b5569232559e3d385fea5a93112/library/std/src/sys_common/backtrace.rs:170:18
[INFO] [stdout]   17:     0x55ea2d966472 - rust_begin_unwind
[INFO] [stdout]                                at /rustc/82e1608dfa6e0b5569232559e3d385fea5a93112/library/std/src/panicking.rs:645:5
[INFO] [stdout]   18:     0x55ea2d8cacf5 - core::panicking::panic_fmt::hbf0e066aabfa482c
[INFO] [stdout]                                at /rustc/82e1608dfa6e0b5569232559e3d385fea5a93112/library/core/src/panicking.rs:72:14
[INFO] [stdout]   19:     0x55ea2d8cb283 - core::result::unwrap_failed::hddb4fea594200c52
[INFO] [stdout]                                at /rustc/82e1608dfa6e0b5569232559e3d385fea5a93112/library/core/src/result.rs:1653:5
[INFO] [stdout]   20:     0x55ea2d8f113c - core::result::Result<T,E>::unwrap::h1653bc1079819550
[INFO] [stdout]                                at /rustc/82e1608dfa6e0b5569232559e3d385fea5a93112/library/core/src/result.rs:1077:23
[INFO] [stdout]   21:     0x55ea2d8e9f43 - fg_index::test_read::h6811acc807ca27b6
[INFO] [stdout]                                at /opt/rustwide/workdir/crates/fg-index/index.rs:84:50
[INFO] [stdout]   22:     0x55ea2d8e9ee7 - fg_index::test_read::{{closure}}::h2ff599dd4d195f0f
[INFO] [stdout]                                at /opt/rustwide/workdir/crates/fg-index/index.rs:83:15
[INFO] [stdout]   23:     0x55ea2d8ef4f6 - core::ops::function::FnOnce::call_once::h708adac2a6b72032
[INFO] [stdout]                                at /rustc/82e1608dfa6e0b5569232559e3d385fea5a93112/library/core/src/ops/function.rs:250:5
[INFO] [stdout]   24:     0x55ea2d938adf - core::ops::function::FnOnce::call_once::h2b5d431d5046312d
[INFO] [stdout]                                at /rustc/82e1608dfa6e0b5569232559e3d385fea5a93112/library/core/src/ops/function.rs:250:5
[INFO] [stdout]   25:     0x55ea2d938adf - test::__rust_begin_short_backtrace::h7714669af176e207
[INFO] [stdout]                                at /rustc/82e1608dfa6e0b5569232559e3d385fea5a93112/library/test/src/lib.rs:628:18
[INFO] [stdout]   26:     0x55ea2d937af5 - test::run_test_in_process::{{closure}}::h85218797dcbcec12
[INFO] [stdout]                                at /rustc/82e1608dfa6e0b5569232559e3d385fea5a93112/library/test/src/lib.rs:651:60
[INFO] [stdout]   27:     0x55ea2d937af5 - <core::panic::unwind_safe::AssertUnwindSafe<F> as core::ops::function::FnOnce<()>>::call_once::h76c106ea31c14d7b
[INFO] [stdout]                                at /rustc/82e1608dfa6e0b5569232559e3d385fea5a93112/library/core/src/panic/unwind_safe.rs:272:9
[INFO] [stdout]   28:     0x55ea2d937af5 - std::panicking::try::do_call::h3bd5d0f6620ee946
[INFO] [stdout]                                at /rustc/82e1608dfa6e0b5569232559e3d385fea5a93112/library/std/src/panicking.rs:552:40
[INFO] [stdout]   29:     0x55ea2d937af5 - std::panicking::try::h232e535e4744fe31
[INFO] [stdout]                                at /rustc/82e1608dfa6e0b5569232559e3d385fea5a93112/library/std/src/panicking.rs:516:19
[INFO] [stdout]   30:     0x55ea2d937af5 - std::panic::catch_unwind::h3ce3bd6ca8dbac68
[INFO] [stdout]                                at /rustc/82e1608dfa6e0b5569232559e3d385fea5a93112/library/std/src/panic.rs:142:14
[INFO] [stdout]   31:     0x55ea2d937af5 - test::run_test_in_process::hc97b257c9621286a
[INFO] [stdout]                                at /rustc/82e1608dfa6e0b5569232559e3d385fea5a93112/library/test/src/lib.rs:651:27
[INFO] [stdout]   32:     0x55ea2d937af5 - test::run_test::{{closure}}::h2aa798823a438d38
[INFO] [stdout]                                at /rustc/82e1608dfa6e0b5569232559e3d385fea5a93112/library/test/src/lib.rs:574:43
[INFO] [stdout]   33:     0x55ea2d8ffdb6 - test::run_test::{{closure}}::h87d231c78fb59832
[INFO] [stdout]                                at /rustc/82e1608dfa6e0b5569232559e3d385fea5a93112/library/test/src/lib.rs:602:41
[INFO] [stdout]   34:     0x55ea2d8ffdb6 - std::sys_common::backtrace::__rust_begin_short_backtrace::he6df152596625789
[INFO] [stdout]                                at /rustc/82e1608dfa6e0b5569232559e3d385fea5a93112/library/std/src/sys_common/backtrace.rs:154:18
[INFO] [stdout]   35:     0x55ea2d904e67 - std::thread::Builder::spawn_unchecked_::{{closure}}::{{closure}}::ha94be15d1e0acf36
[INFO] [stdout]                                at /rustc/82e1608dfa6e0b5569232559e3d385fea5a93112/library/std/src/thread/mod.rs:529:17
[INFO] [stdout]   36:     0x55ea2d904e67 - <core::panic::unwind_safe::AssertUnwindSafe<F> as core::ops::function::FnOnce<()>>::call_once::h9dc6bd6372f16606
[INFO] [stdout]                                at /rustc/82e1608dfa6e0b5569232559e3d385fea5a93112/library/core/src/panic/unwind_safe.rs:272:9
[INFO] [stdout]   37:     0x55ea2d904e67 - std::panicking::try::do_call::h9057517f80303cd4
[INFO] [stdout]                                at /rustc/82e1608dfa6e0b5569232559e3d385fea5a93112/library/std/src/panicking.rs:552:40
[INFO] [stdout]   38:     0x55ea2d904e67 - std::panicking::try::he3a30b11ee45340c
[INFO] [stdout]                                at /rustc/82e1608dfa6e0b5569232559e3d385fea5a93112/library/std/src/panicking.rs:516:19
[INFO] [stdout]   39:     0x55ea2d904e67 - std::panic::catch_unwind::h410458cfd3528b8b
[INFO] [stdout]                                at /rustc/82e1608dfa6e0b5569232559e3d385fea5a93112/library/std/src/panic.rs:142:14
[INFO] [stdout]   40:     0x55ea2d904e67 - std::thread::Builder::spawn_unchecked_::{{closure}}::h72ac3bdb567b737b
[INFO] [stdout]                                at /rustc/82e1608dfa6e0b5569232559e3d385fea5a93112/library/std/src/thread/mod.rs:528:30
[INFO] [stdout]   41:     0x55ea2d904e67 - core::ops::function::FnOnce::call_once{{vtable.shim}}::h38f34da3654a8344
[INFO] [stdout]                                at /rustc/82e1608dfa6e0b5569232559e3d385fea5a93112/library/core/src/ops/function.rs:250:5
[INFO] [stdout]   42:     0x55ea2d96b445 - <alloc::boxed::Box<F,A> as core::ops::function::FnOnce<Args>>::call_once::hc7eafaff61e32df9
[INFO] [stdout]                                at /rustc/82e1608dfa6e0b5569232559e3d385fea5a93112/library/alloc/src/boxed.rs:2007:9
[INFO] [stdout]   43:     0x55ea2d96b445 - <alloc::boxed::Box<F,A> as core::ops::function::FnOnce<Args>>::call_once::h6ba4a5de48dd2304
[INFO] [stdout]                                at /rustc/82e1608dfa6e0b5569232559e3d385fea5a93112/library/alloc/src/boxed.rs:2007:9
[INFO] [stdout]   44:     0x55ea2d96b445 - std::sys::unix::thread::Thread::new::thread_start::he469335aef763e45
[INFO] [stdout]                                at /rustc/82e1608dfa6e0b5569232559e3d385fea5a93112/library/std/src/sys/unix/thread.rs:108:17
[INFO] [stdout]   45:     0x7f5e51b38ac3 - <unknown>
[INFO] [stdout]   46:     0x7f5e51bc9bf4 - __clone
[INFO] [stdout]   47:                0x0 - <unknown>
[INFO] [stdout] 
[INFO] [stdout] 
[INFO] [stdout] failures:
[INFO] [stdout]     test_read
[INFO] [stdout] 
[INFO] [stdout] test result: FAILED. 1 passed; 1 failed; 0 ignored; 0 measured; 0 filtered out; finished in 0.02s
[INFO] [stdout] 
[INFO] [stderr] error: test failed, to rerun pass `-p fg-index --lib`
[INFO] running `Command { std: "docker" "inspect" "98a5318abd5b8d0dabbcb04865ca7fc4130b6e0458c1b69e95d0eadb8edde3ee", kill_on_drop: false }`
[INFO] running `Command { std: "docker" "rm" "-f" "98a5318abd5b8d0dabbcb04865ca7fc4130b6e0458c1b69e95d0eadb8edde3ee", kill_on_drop: false }`
[INFO] [stdout] 98a5318abd5b8d0dabbcb04865ca7fc4130b6e0458c1b69e95d0eadb8edde3ee
[INFO] testing fkohlgrueber/format-galaxy against beta-2023-12-22 for beta-1.76-1
[INFO] running `Command { std: "git" "clone" "/workspace/cache/git-repos/https%3A%2F%2Fgithub.com%2Ffkohlgrueber%2Fformat-galaxy" "/workspace/builds/worker-5-tc2/source", kill_on_drop: false }`
[INFO] [stderr] Cloning into '/workspace/builds/worker-5-tc2/source'...
[INFO] [stderr] done.
[INFO] validating manifest of git repo https://github.com/fkohlgrueber/format-galaxy on toolchain beta-2023-12-22
[INFO] running `Command { std: CARGO_HOME="/workspace/cargo-home" RUSTUP_HOME="/workspace/rustup-home" "/workspace/cargo-home/bin/cargo" "+beta-2023-12-22" "metadata" "--manifest-path" "Cargo.toml" "--no-deps", kill_on_drop: false }`
[INFO] started tweaking git repo https://github.com/fkohlgrueber/format-galaxy
[INFO] finished tweaking git repo https://github.com/fkohlgrueber/format-galaxy
[INFO] tweaked toml for git repo https://github.com/fkohlgrueber/format-galaxy written to /workspace/builds/worker-5-tc2/source/Cargo.toml
[INFO] crate git repo https://github.com/fkohlgrueber/format-galaxy already has a lockfile, it will not be regenerated
[INFO] running `Command { std: CARGO_HOME="/workspace/cargo-home" RUSTUP_HOME="/workspace/rustup-home" "/workspace/cargo-home/bin/cargo" "+beta-2023-12-22" "fetch" "--manifest-path" "Cargo.toml", kill_on_drop: false }`
[INFO] [stderr] warning: virtual workspace defaulting to `resolver = "1"` despite one or more workspace members being on edition 2021 which implies `resolver = "2"`
[INFO] [stderr] note: to keep the current resolver, specify `workspace.resolver = "1"` in the workspace root's manifest
[INFO] [stderr] note: to use the edition 2021 resolver, specify `workspace.resolver = "2"` in the workspace root's manifest
[INFO] [stderr] note: for more details see https://doc.rust-lang.org/cargo/reference/resolver.html#resolver-versions
[INFO] running `Command { std: "docker" "create" "-v" "/var/lib/crater-agent-workspace/builds/worker-5-tc2/target:/opt/rustwide/target:rw,Z" "-v" "/var/lib/crater-agent-workspace/builds/worker-5-tc2/source:/opt/rustwide/workdir:ro,Z" "-v" "/var/lib/crater-agent-workspace/cargo-home:/opt/rustwide/cargo-home:ro,Z" "-v" "/var/lib/crater-agent-workspace/rustup-home:/opt/rustwide/rustup-home:ro,Z" "-e" "SOURCE_DIR=/opt/rustwide/workdir" "-e" "CARGO_TARGET_DIR=/opt/rustwide/target" "-e" "CARGO_HOME=/opt/rustwide/cargo-home" "-e" "RUSTUP_HOME=/opt/rustwide/rustup-home" "-w" "/opt/rustwide/workdir" "-m" "1610612736" "--user" "0:0" "--network" "none" "ghcr.io/rust-lang/crates-build-env/linux@sha256:2788e3201cd34a07e3172128adcd8b3090168a8e3bcc40d7c032b9dda1df7d1c" "/opt/rustwide/cargo-home/bin/cargo" "+beta-2023-12-22" "metadata" "--no-deps" "--format-version=1", kill_on_drop: false }`
[INFO] [stdout] edfc772a7765928372e81b6f68cbc416cf37f65b15cdad9ddc7ce00492d77d03
[INFO] running `Command { std: "docker" "start" "-a" "edfc772a7765928372e81b6f68cbc416cf37f65b15cdad9ddc7ce00492d77d03", kill_on_drop: false }`
[INFO] running `Command { std: "docker" "inspect" "edfc772a7765928372e81b6f68cbc416cf37f65b15cdad9ddc7ce00492d77d03", kill_on_drop: false }`
[INFO] running `Command { std: "docker" "rm" "-f" "edfc772a7765928372e81b6f68cbc416cf37f65b15cdad9ddc7ce00492d77d03", kill_on_drop: false }`
[INFO] [stdout] edfc772a7765928372e81b6f68cbc416cf37f65b15cdad9ddc7ce00492d77d03
[INFO] running `Command { std: "docker" "create" "-v" "/var/lib/crater-agent-workspace/builds/worker-5-tc2/target:/opt/rustwide/target:rw,Z" "-v" "/var/lib/crater-agent-workspace/builds/worker-5-tc2/source:/opt/rustwide/workdir:ro,Z" "-v" "/var/lib/crater-agent-workspace/cargo-home:/opt/rustwide/cargo-home:ro,Z" "-v" "/var/lib/crater-agent-workspace/rustup-home:/opt/rustwide/rustup-home:ro,Z" "-e" "SOURCE_DIR=/opt/rustwide/workdir" "-e" "CARGO_TARGET_DIR=/opt/rustwide/target" "-e" "CARGO_INCREMENTAL=0" "-e" "RUST_BACKTRACE=full" "-e" "RUSTFLAGS=--cap-lints=warn" "-e" "RUSTDOCFLAGS=--cap-lints=warn" "-e" "CARGO_HOME=/opt/rustwide/cargo-home" "-e" "RUSTUP_HOME=/opt/rustwide/rustup-home" "-w" "/opt/rustwide/workdir" "-m" "1610612736" "--user" "0:0" "--network" "none" "ghcr.io/rust-lang/crates-build-env/linux@sha256:2788e3201cd34a07e3172128adcd8b3090168a8e3bcc40d7c032b9dda1df7d1c" "/opt/rustwide/cargo-home/bin/cargo" "+beta-2023-12-22" "build" "--frozen" "--message-format=json", kill_on_drop: false }`
[INFO] [stdout] cf65bae649e037719a1e50e49f0c7cf4e2f0770bf0b1d296a139abd894ae3b98
[INFO] running `Command { std: "docker" "start" "-a" "cf65bae649e037719a1e50e49f0c7cf4e2f0770bf0b1d296a139abd894ae3b98", kill_on_drop: false }`
[INFO] [stderr] warning: virtual workspace defaulting to `resolver = "1"` despite one or more workspace members being on edition 2021 which implies `resolver = "2"`
[INFO] [stderr] note: to keep the current resolver, specify `workspace.resolver = "1"` in the workspace root's manifest
[INFO] [stderr] note: to use the edition 2021 resolver, specify `workspace.resolver = "2"` in the workspace root's manifest
[INFO] [stderr] note: for more details see https://doc.rust-lang.org/cargo/reference/resolver.html#resolver-versions
[INFO] [stderr]    Compiling proc-macro2 v1.0.37
[INFO] [stderr]    Compiling unicode-xid v0.2.3
[INFO] [stderr]    Compiling syn v1.0.92
[INFO] [stderr]    Compiling libc v0.2.125
[INFO] [stderr]    Compiling serde_derive v1.0.137
[INFO] [stderr]    Compiling serde v1.0.137
[INFO] [stderr]    Compiling log v0.4.17
[INFO] [stderr]    Compiling memchr v2.5.0
[INFO] [stderr]    Compiling indexmap v1.8.1
[INFO] [stderr]    Compiling hashbrown v0.11.2
[INFO] [stderr]    Compiling serde_json v1.0.81
[INFO] [stderr]    Compiling wasm-bindgen-shared v0.2.80
[INFO] [stderr]    Compiling typenum v1.15.0
[INFO] [stderr]    Compiling generic-array v0.14.5
[INFO] [stderr]    Compiling anyhow v1.0.57
[INFO] [stderr]    Compiling bumpalo v3.9.1
[INFO] [stderr]    Compiling fallible-iterator v0.2.0
[INFO] [stderr]    Compiling stable_deref_trait v1.2.0
[INFO] [stderr]    Compiling wasm-bindgen v0.2.80
[INFO] [stderr]    Compiling quote v1.0.18
[INFO] [stderr]    Compiling smallvec v1.8.0
[INFO] [stderr]    Compiling target-lexicon v0.12.3
[INFO] [stderr]    Compiling bitflags v1.3.2
[INFO] [stderr]    Compiling memoffset v0.6.5
[INFO] [stderr]    Compiling scopeguard v1.1.0
[INFO] [stderr]    Compiling cranelift-codegen-shared v0.83.0
[INFO] [stderr]    Compiling io-lifetimes v0.5.3
[INFO] [stderr]    Compiling crc32fast v1.3.2
[INFO] [stderr]    Compiling cranelift-codegen-meta v0.83.0
[INFO] [stderr]    Compiling jobserver v0.1.24
[INFO] [stderr]    Compiling cc v1.0.73
[INFO] [stderr]    Compiling rustix v0.33.7
[INFO] [stderr]    Compiling crossbeam-utils v0.8.8
[INFO] [stderr]    Compiling wasmparser v0.83.0
[INFO] [stderr]    Compiling linux-raw-sys v0.0.42
[INFO] [stderr]    Compiling rustc-hash v1.1.0
[INFO] [stderr]    Compiling regalloc v0.0.34
[INFO] [stderr]    Compiling getrandom v0.2.6
[INFO] [stderr]    Compiling crossbeam-epoch v0.9.8
[INFO] [stderr]    Compiling futures-core v0.3.21
[INFO] [stderr]    Compiling zstd-sys v2.0.1+zstd.1.5.2
[INFO] [stderr]    Compiling wasmtime-fiber v0.36.0
[INFO] [stderr]    Compiling backtrace v0.3.65
[INFO] [stderr]    Compiling rand_core v0.6.3
[INFO] [stderr]    Compiling block-buffer v0.10.2
[INFO] [stderr]    Compiling crypto-common v0.1.3
[INFO] [stderr]    Compiling aho-corasick v0.7.18
[INFO] [stderr]    Compiling proc-macro-error-attr v1.0.4
[INFO] [stderr]    Compiling lock_api v0.4.7
[INFO] [stderr]    Compiling cranelift-codegen v0.83.0
[INFO] [stderr]    Compiling ppv-lite86 v0.2.16
[INFO] [stderr]    Compiling futures-task v0.3.21
[INFO] [stderr]    Compiling cpufeatures v0.2.2
[INFO] [stderr]    Compiling either v1.6.1
[INFO] [stderr]    Compiling wasm-bindgen-backend v0.2.80
[INFO] [stderr]    Compiling signal-hook v0.3.13
[INFO] [stderr]    Compiling rayon-core v1.9.2
[INFO] [stderr]    Compiling parking_lot_core v0.9.3
[INFO] [stderr]    Compiling subtle v2.4.1
[INFO] [stderr]    Compiling zstd-safe v5.0.1+zstd.1.5.2
[INFO] [stderr]    Compiling futures-channel v0.3.21
[INFO] [stderr]    Compiling regex-syntax v0.6.25
[INFO] [stderr]    Compiling adler v1.0.2
[INFO] [stderr]    Compiling wasm-bindgen-macro-support v0.2.80
[INFO] [stderr]    Compiling more-asserts v0.2.2
[INFO] [stderr]    Compiling miniz_oxide v0.5.1
[INFO] [stderr]    Compiling digest v0.10.3
[INFO] [stderr]    Compiling rand_chacha v0.3.1
[INFO] [stderr]    Compiling wasmtime-runtime v0.36.0
[INFO] [stderr]    Compiling ittapi-rs v0.2.0
[INFO] [stderr]    Compiling regex v1.5.5
[INFO] [stderr]    Compiling signal-hook-registry v1.4.0
[INFO] [stderr]    Compiling atty v0.2.14
[INFO] [stderr]    Compiling object v0.28.3
[INFO] [stderr]    Compiling proc-macro-error v1.0.4
[INFO] [stderr]    Compiling arrayvec v0.7.2
[INFO] [stderr]    Compiling rustc-demangle v0.1.21
[INFO] [stderr]    Compiling futures-util v0.3.21
[INFO] [stderr]    Compiling constant_time_eq v0.1.5
[INFO] [stderr]    Compiling cpp_demangle v0.3.5
[INFO] [stderr]    Compiling arrayref v0.3.6
[INFO] [stderr]    Compiling futures-sink v0.3.21
[INFO] [stderr]    Compiling termcolor v1.1.3
[INFO] [stderr]    Compiling env_logger v0.9.0
[INFO] [stderr]    Compiling thiserror-impl v1.0.31
[INFO] [stderr]    Compiling wasm-bindgen-macro v0.2.80
[INFO] [stderr]    Compiling futures-macro v0.3.21
[INFO] [stderr]    Compiling crossbeam-deque v0.8.1
[INFO] [stderr]    Compiling rand v0.8.5
[INFO] [stderr]    Compiling itertools v0.10.3
[INFO] [stderr]    Compiling psm v0.1.18
[INFO] [stderr]    Compiling blake3 v1.3.1
[INFO] [stderr]    Compiling crossbeam-channel v0.5.4
[INFO] [stderr]    Compiling digest v0.9.0
[INFO] [stderr]    Compiling block-buffer v0.9.0
[INFO] [stderr]    Compiling region v2.2.0
[INFO] [stderr]    Compiling thiserror v1.0.31
[INFO] [stderr]    Compiling dirs-sys-next v0.1.2
[INFO] [stderr]    Compiling memfd v0.4.1
[INFO] [stderr]    Compiling num_cpus v1.13.1
[INFO] [stderr]    Compiling mio v0.8.2
[INFO] [stderr]    Compiling rayon v1.5.2
[INFO] [stderr]    Compiling unicode-width v0.1.9
[INFO] [stderr]    Compiling opaque-debug v0.3.0
[INFO] [stderr]    Compiling proc-macro-hack v0.5.19
[INFO] [stderr]    Compiling slab v0.4.6
[INFO] [stderr]    Compiling pin-project-lite v0.2.9
[INFO] [stderr]    Compiling futures-io v0.3.21
[INFO] [stderr]    Compiling wasmtime-cache v0.36.0
[INFO] [stderr]    Compiling leb128 v0.2.5
[INFO] [stderr]    Compiling async-trait v0.1.53
[INFO] [stderr]    Compiling wast v40.0.0
[INFO] [stderr]    Compiling signal-hook-mio v0.2.3
[INFO] [stderr]    Compiling sha2 v0.9.9
[INFO] [stderr]    Compiling directories-next v2.0.0
[INFO] [stderr]    Compiling parking_lot v0.12.0
[INFO] [stderr]    Compiling file-per-thread-logger v0.1.5
[INFO] [stderr]    Compiling synstructure v0.12.6
[INFO] [stderr]    Compiling keccak v0.1.0
[INFO] [stderr]    Compiling proc-macro-nested v0.1.7
[INFO] [stderr]    Compiling base64 v0.13.0
[INFO] [stderr]    Compiling wasmtime v0.36.0
[INFO] [stderr]    Compiling sha3 v0.10.1
[INFO] [stderr]    Compiling crossterm v0.23.2
[INFO] [stderr]    Compiling futures-executor v0.3.21
[INFO] [stderr]    Compiling blake2s_simd v1.0.0
[INFO] [stderr]    Compiling blake2b_simd v1.0.0
[INFO] [stderr]    Compiling sha2 v0.10.2
[INFO] [stderr]    Compiling fg-plugin v0.1.0 (/opt/rustwide/workdir/crates/fg-plugin)
[INFO] [stderr]    Compiling wat v1.0.42
[INFO] [stderr]    Compiling core2 v0.4.0
[INFO] [stderr]    Compiling once_cell v1.10.0
[INFO] [stderr]    Compiling yew v0.17.4
[INFO] [stderr]    Compiling unsigned-varint v0.7.1
[INFO] [stderr]    Compiling bytes v1.1.0
[INFO] [stderr]    Compiling paste v1.0.7
[INFO] [stderr]    Compiling boolinator v2.4.0
[INFO] [stderr]    Compiling yew-macro v0.17.0
[INFO] [stderr]    Compiling http v0.2.7
[INFO] [stderr]    Compiling futures v0.3.21
[INFO] [stderr]    Compiling terminal-menu v2.0.3
[INFO] [stderr]    Compiling cfg-match v0.2.1
[INFO] [stderr]    Compiling cfg-if v0.1.10
[INFO] [stderr]    Compiling anymap v0.12.1
[INFO] [stderr]    Compiling format-galaxy-core v0.1.0 (/opt/rustwide/workdir/core)
[INFO] [stderr]    Compiling cranelift-entity v0.83.0
[INFO] [stderr]    Compiling bincode v1.3.3
[INFO] [stderr]    Compiling toml v0.5.9
[INFO] [stderr]    Compiling gimli v0.26.1
[INFO] [stderr]    Compiling object v0.27.1
[INFO] [stderr]    Compiling wasmtime-types v0.36.0
[INFO] [stderr]    Compiling cranelift-bforest v0.83.0
[INFO] [stderr]    Compiling proc-macro-crate v1.1.3
[INFO] [stderr]    Compiling js-sys v0.3.57
[INFO] [stderr]    Compiling fg-index v0.1.0 (/opt/rustwide/workdir/crates/fg-index)
[INFO] [stderr]    Compiling serde-big-array v0.3.3
[INFO] [stderr]    Compiling console_error_panic_hook v0.1.7
[INFO] [stderr]    Compiling multihash-derive v0.8.0
[INFO] [stderr]    Compiling wasmtime-environ v0.36.0
[INFO] [stderr]    Compiling web-sys v0.3.57
[INFO] [stderr]    Compiling addr2line v0.17.0
[INFO] [stderr]    Compiling wasmtime-jit-debug v0.36.0
[INFO] [stderr]    Compiling gloo-timers v0.2.4
[INFO] [stderr]    Compiling wasm-bindgen-futures v0.4.30
[INFO] [stderr]    Compiling multihash v0.16.2
[INFO] [stderr]    Compiling wasmtime-jit v0.36.0
[INFO] [stderr]    Compiling gloo-events v0.1.2
[INFO] [stderr]    Compiling cranelift-frontend v0.83.0
[INFO] [stderr]    Compiling cranelift-native v0.83.0
[INFO] [stderr]    Compiling gloo-file v0.1.0
[INFO] [stderr]    Compiling cranelift-wasm v0.83.0
[INFO] [stderr]    Compiling gloo-console-timer v0.1.0
[INFO] [stderr]    Compiling gloo v0.2.1
[INFO] [stderr]    Compiling wasmtime-cranelift v0.36.0
[INFO] [stderr]    Compiling yewtil v0.3.2
[INFO] [stderr]    Compiling format-galaxy-web-host v0.1.0 (/opt/rustwide/workdir/web-host)
[INFO] [stdout] warning: unused import: `yew::prelude::*`
[INFO] [stdout]  --> web-host/src/main.rs:2:5
[INFO] [stdout]   |
[INFO] [stdout] 2 | use yew::prelude::*;
[INFO] [stdout]   |     ^^^^^^^^^^^^^^^
[INFO] [stdout]   |
[INFO] [stdout]   = note: `#[warn(unused_imports)]` on by default
[INFO] [stdout] 
[INFO] [stdout] 
[INFO] [stdout] warning: unused imports: `Area`, `StorageService`
[INFO] [stdout]  --> web-host/src/app.rs:2:30
[INFO] [stdout]   |
[INFO] [stdout] 2 | use yew::services::storage::{Area, StorageService};
[INFO] [stdout]   |                              ^^^^  ^^^^^^^^^^^^^^
[INFO] [stdout] 
[INFO] [stdout] 
[INFO] [stdout] warning: unused import: `FileChunk`
[INFO] [stdout]  --> web-host/src/app.rs:5:35
[INFO] [stdout]   |
[INFO] [stdout] 5 | use yew::services::reader::{File, FileChunk, FileData, ReaderService, ReaderTask};
[INFO] [stdout]   |                                   ^^^^^^^^^
[INFO] [stdout] 
[INFO] [stdout] 
[INFO] [stdout] warning: unused variable: `bytes`
[INFO] [stdout]    --> web-host/src/app.rs:196:21
[INFO] [stdout]     |
[INFO] [stdout] 196 |                 let bytes = data.content;
[INFO] [stdout]     |                     ^^^^^ help: if this is intentional, prefix it with an underscore: `_bytes`
[INFO] [stdout]     |
[INFO] [stdout]     = note: `#[warn(unused_variables)]` on by default
[INFO] [stdout] 
[INFO] [stdout] 
[INFO] [stdout] warning: 4 warnings emitted
[INFO] [stdout] 
[INFO] [stdout] 
[INFO] [stderr]    Compiling zstd v0.11.1+zstd.1.5.2
[INFO] [stderr]    Compiling format-galaxy-host v0.1.0 (/opt/rustwide/workdir/host)
[INFO] [stderr]     Finished dev [unoptimized + debuginfo] target(s) in 1m 06s
[INFO] running `Command { std: "docker" "inspect" "cf65bae649e037719a1e50e49f0c7cf4e2f0770bf0b1d296a139abd894ae3b98", kill_on_drop: false }`
[INFO] running `Command { std: "docker" "rm" "-f" "cf65bae649e037719a1e50e49f0c7cf4e2f0770bf0b1d296a139abd894ae3b98", kill_on_drop: false }`
[INFO] [stdout] cf65bae649e037719a1e50e49f0c7cf4e2f0770bf0b1d296a139abd894ae3b98
[INFO] running `Command { std: "docker" "create" "-v" "/var/lib/crater-agent-workspace/builds/worker-5-tc2/target:/opt/rustwide/target:rw,Z" "-v" "/var/lib/crater-agent-workspace/builds/worker-5-tc2/source:/opt/rustwide/workdir:ro,Z" "-v" "/var/lib/crater-agent-workspace/cargo-home:/opt/rustwide/cargo-home:ro,Z" "-v" "/var/lib/crater-agent-workspace/rustup-home:/opt/rustwide/rustup-home:ro,Z" "-e" "SOURCE_DIR=/opt/rustwide/workdir" "-e" "CARGO_TARGET_DIR=/opt/rustwide/target" "-e" "CARGO_INCREMENTAL=0" "-e" "RUST_BACKTRACE=full" "-e" "RUSTFLAGS=--cap-lints=warn" "-e" "RUSTDOCFLAGS=--cap-lints=warn" "-e" "CARGO_HOME=/opt/rustwide/cargo-home" "-e" "RUSTUP_HOME=/opt/rustwide/rustup-home" "-w" "/opt/rustwide/workdir" "-m" "1610612736" "--user" "0:0" "--network" "none" "ghcr.io/rust-lang/crates-build-env/linux@sha256:2788e3201cd34a07e3172128adcd8b3090168a8e3bcc40d7c032b9dda1df7d1c" "/opt/rustwide/cargo-home/bin/cargo" "+beta-2023-12-22" "test" "--frozen" "--no-run" "--message-format=json", kill_on_drop: false }`
[INFO] [stdout] c7db99706a3edf914538bc0ff6c4f7497daf725681340ac3b713b6e38556d2b3
[INFO] running `Command { std: "docker" "start" "-a" "c7db99706a3edf914538bc0ff6c4f7497daf725681340ac3b713b6e38556d2b3", kill_on_drop: false }`
[INFO] [stderr] warning: virtual workspace defaulting to `resolver = "1"` despite one or more workspace members being on edition 2021 which implies `resolver = "2"`
[INFO] [stderr] note: to keep the current resolver, specify `workspace.resolver = "1"` in the workspace root's manifest
[INFO] [stderr] note: to use the edition 2021 resolver, specify `workspace.resolver = "2"` in the workspace root's manifest
[INFO] [stderr] note: for more details see https://doc.rust-lang.org/cargo/reference/resolver.html#resolver-versions
[INFO] [stderr]    Compiling format-galaxy-host v0.1.0 (/opt/rustwide/workdir/host)
[INFO] [stderr]    Compiling fg-plugin v0.1.0 (/opt/rustwide/workdir/crates/fg-plugin)
[INFO] [stderr]    Compiling fg-index v0.1.0 (/opt/rustwide/workdir/crates/fg-index)
[INFO] [stderr]    Compiling format-galaxy-core v0.1.0 (/opt/rustwide/workdir/core)
[INFO] [stderr]    Compiling format-galaxy-web-host v0.1.0 (/opt/rustwide/workdir/web-host)
[INFO] [stdout] warning: unused import: `yew::prelude::*`
[INFO] [stdout]  --> web-host/src/main.rs:2:5
[INFO] [stdout]   |
[INFO] [stdout] 2 | use yew::prelude::*;
[INFO] [stdout]   |     ^^^^^^^^^^^^^^^
[INFO] [stdout]   |
[INFO] [stdout]   = note: `#[warn(unused_imports)]` on by default
[INFO] [stdout] 
[INFO] [stdout] 
[INFO] [stdout] warning: unused imports: `Area`, `StorageService`
[INFO] [stdout]  --> web-host/src/app.rs:2:30
[INFO] [stdout]   |
[INFO] [stdout] 2 | use yew::services::storage::{Area, StorageService};
[INFO] [stdout]   |                              ^^^^  ^^^^^^^^^^^^^^
[INFO] [stdout] 
[INFO] [stdout] 
[INFO] [stdout] warning: unused import: `FileChunk`
[INFO] [stdout]  --> web-host/src/app.rs:5:35
[INFO] [stdout]   |
[INFO] [stdout] 5 | use yew::services::reader::{File, FileChunk, FileData, ReaderService, ReaderTask};
[INFO] [stdout]   |                                   ^^^^^^^^^
[INFO] [stdout] 
[INFO] [stdout] 
[INFO] [stdout] warning: unused variable: `bytes`
[INFO] [stdout]    --> web-host/src/app.rs:196:21
[INFO] [stdout]     |
[INFO] [stdout] 196 |                 let bytes = data.content;
[INFO] [stdout]     |                     ^^^^^ help: if this is intentional, prefix it with an underscore: `_bytes`
[INFO] [stdout]     |
[INFO] [stdout]     = note: `#[warn(unused_variables)]` on by default
[INFO] [stdout] 
[INFO] [stdout] 
[INFO] [stdout] warning: 4 warnings emitted
[INFO] [stdout] 
[INFO] [stdout] 
[INFO] [stderr]     Finished test [unoptimized + debuginfo] target(s) in 1.65s
[INFO] running `Command { std: "docker" "inspect" "c7db99706a3edf914538bc0ff6c4f7497daf725681340ac3b713b6e38556d2b3", kill_on_drop: false }`
[INFO] running `Command { std: "docker" "rm" "-f" "c7db99706a3edf914538bc0ff6c4f7497daf725681340ac3b713b6e38556d2b3", kill_on_drop: false }`
[INFO] [stdout] c7db99706a3edf914538bc0ff6c4f7497daf725681340ac3b713b6e38556d2b3
[INFO] running `Command { std: "docker" "create" "-v" "/var/lib/crater-agent-workspace/builds/worker-5-tc2/target:/opt/rustwide/target:rw,Z" "-v" "/var/lib/crater-agent-workspace/builds/worker-5-tc2/source:/opt/rustwide/workdir:ro,Z" "-v" "/var/lib/crater-agent-workspace/cargo-home:/opt/rustwide/cargo-home:ro,Z" "-v" "/var/lib/crater-agent-workspace/rustup-home:/opt/rustwide/rustup-home:ro,Z" "-e" "SOURCE_DIR=/opt/rustwide/workdir" "-e" "CARGO_TARGET_DIR=/opt/rustwide/target" "-e" "CARGO_INCREMENTAL=0" "-e" "RUST_BACKTRACE=full" "-e" "RUSTFLAGS=--cap-lints=warn" "-e" "RUSTDOCFLAGS=--cap-lints=warn" "-e" "CARGO_HOME=/opt/rustwide/cargo-home" "-e" "RUSTUP_HOME=/opt/rustwide/rustup-home" "-w" "/opt/rustwide/workdir" "-m" "1610612736" "--user" "0:0" "--network" "none" "ghcr.io/rust-lang/crates-build-env/linux@sha256:2788e3201cd34a07e3172128adcd8b3090168a8e3bcc40d7c032b9dda1df7d1c" "/opt/rustwide/cargo-home/bin/cargo" "+beta-2023-12-22" "test" "--frozen", kill_on_drop: false }`
[INFO] [stdout] 56b2e70aa05b2e1196b4c75a45d471889a442a4b972ee39a56db850c5d0147a9
[INFO] running `Command { std: "docker" "start" "-a" "56b2e70aa05b2e1196b4c75a45d471889a442a4b972ee39a56db850c5d0147a9", kill_on_drop: false }`
[INFO] [stderr] warning: virtual workspace defaulting to `resolver = "1"` despite one or more workspace members being on edition 2021 which implies `resolver = "2"`
[INFO] [stderr] note: to keep the current resolver, specify `workspace.resolver = "1"` in the workspace root's manifest
[INFO] [stderr] note: to use the edition 2021 resolver, specify `workspace.resolver = "2"` in the workspace root's manifest
[INFO] [stderr] note: for more details see https://doc.rust-lang.org/cargo/reference/resolver.html#resolver-versions
[INFO] [stderr] warning: unused import: `yew::prelude::*`
[INFO] [stderr]  --> web-host/src/main.rs:2:5
[INFO] [stderr]   |
[INFO] [stderr] 2 | use yew::prelude::*;
[INFO] [stderr]   |     ^^^^^^^^^^^^^^^
[INFO] [stderr]   |
[INFO] [stderr]   = note: `#[warn(unused_imports)]` on by default
[INFO] [stderr] 
[INFO] [stderr] warning: unused imports: `Area`, `StorageService`
[INFO] [stderr]  --> web-host/src/app.rs:2:30
[INFO] [stderr]   |
[INFO] [stderr] 2 | use yew::services::storage::{Area, StorageService};
[INFO] [stderr]   |                              ^^^^  ^^^^^^^^^^^^^^
[INFO] [stderr] 
[INFO] [stderr] warning: unused import: `FileChunk`
[INFO] [stderr]  --> web-host/src/app.rs:5:35
[INFO] [stderr]   |
[INFO] [stderr] 5 | use yew::services::reader::{File, FileChunk, FileData, ReaderService, ReaderTask};
[INFO] [stderr]   |                                   ^^^^^^^^^
[INFO] [stderr] 
[INFO] [stderr] warning: unused variable: `bytes`
[INFO] [stderr]    --> web-host/src/app.rs:196:21
[INFO] [stderr]     |
[INFO] [stderr] 196 |                 let bytes = data.content;
[INFO] [stderr]     |                     ^^^^^ help: if this is intentional, prefix it with an underscore: `_bytes`
[INFO] [stderr]     |
[INFO] [stderr]     = note: `#[warn(unused_variables)]` on by default
[INFO] [stderr] 
[INFO] [stderr] warning: `format-galaxy-web-host` (bin "format-galaxy-web-host" test) generated 4 warnings (run `cargo fix --bin "format-galaxy-web-host" --tests` to apply 4 suggestions)
[INFO] [stderr]     Finished test [unoptimized + debuginfo] target(s) in 0.11s
[INFO] [stderr]      Running unittests index.rs (/opt/rustwide/target/debug/deps/fg_index-5d20a7d5125c1647)
[INFO] [stdout] 
[INFO] [stdout] running 2 tests
[INFO] [stdout] test test ... ok
[INFO] [stdout] test test_read ... FAILED
[INFO] [stdout] 
[INFO] [stdout] failures:
[INFO] [stdout] 
[INFO] [stdout] ---- test_read stdout ----
[INFO] [stdout] thread 'test_read' panicked at crates/fg-index/index.rs:84:86:
[INFO] [stdout] called `Result::unwrap()` on an `Err` value: Os { code: 2, kind: NotFound, message: "No such file or directory" }
[INFO] [stdout] stack backtrace:
[INFO] [stdout]    0:     0x557425729576 - std::backtrace_rs::backtrace::libunwind::trace::h261606ad26a499c1
[INFO] [stdout]                                at /rustc/0e09125c6c3c2fd70d7de961bcf0e51575235fad/library/std/src/../../backtrace/src/backtrace/libunwind.rs:104:5
[INFO] [stdout]    1:     0x557425729576 - std::backtrace_rs::backtrace::trace_unsynchronized::hd183f0625477fb28
[INFO] [stdout]                                at /rustc/0e09125c6c3c2fd70d7de961bcf0e51575235fad/library/std/src/../../backtrace/src/backtrace/mod.rs:66:5
[INFO] [stdout]    2:     0x557425729576 - std::sys_common::backtrace::_print_fmt::hd7f8fef21b4eda67
[INFO] [stdout]                                at /rustc/0e09125c6c3c2fd70d7de961bcf0e51575235fad/library/std/src/sys_common/backtrace.rs:68:5
[INFO] [stdout]    3:     0x557425729576 - <std::sys_common::backtrace::_print::DisplayBacktrace as core::fmt::Display>::fmt::h623d9b51f2f453f1
[INFO] [stdout]                                at /rustc/0e09125c6c3c2fd70d7de961bcf0e51575235fad/library/std/src/sys_common/backtrace.rs:44:22
[INFO] [stdout]    4:     0x5574257526f0 - core::fmt::rt::Argument::fmt::h9f417ac76a86f368
[INFO] [stdout]                                at /rustc/0e09125c6c3c2fd70d7de961bcf0e51575235fad/library/core/src/fmt/rt.rs:142:9
[INFO] [stdout]    5:     0x5574257526f0 - core::fmt::write::hc9b6faf4ac2aeff7
[INFO] [stdout]                                at /rustc/0e09125c6c3c2fd70d7de961bcf0e51575235fad/library/core/src/fmt/mod.rs:1120:17
[INFO] [stdout]    6:     0x557425726fdf - std::io::Write::write_fmt::he04625a3a989fec3
[INFO] [stdout]                                at /rustc/0e09125c6c3c2fd70d7de961bcf0e51575235fad/library/std/src/io/mod.rs:1810:15
[INFO] [stdout]    7:     0x557425729354 - std::sys_common::backtrace::_print::hd5d66399c7df88a2
[INFO] [stdout]                                at /rustc/0e09125c6c3c2fd70d7de961bcf0e51575235fad/library/std/src/sys_common/backtrace.rs:47:5
[INFO] [stdout]    8:     0x557425729354 - std::sys_common::backtrace::print::he81ed2da642d37e5
[INFO] [stdout]                                at /rustc/0e09125c6c3c2fd70d7de961bcf0e51575235fad/library/std/src/sys_common/backtrace.rs:34:9
[INFO] [stdout]    9:     0x55742572b0c7 - std::panicking::default_hook::{{closure}}::h85773f4fa117163d
[INFO] [stdout]   10:     0x55742572adad - std::panicking::default_hook::h6a1694a91d09b278
[INFO] [stdout]                                at /rustc/0e09125c6c3c2fd70d7de961bcf0e51575235fad/library/std/src/panicking.rs:289:9
[INFO] [stdout]   11:     0x5574256f7827 - <alloc::boxed::Box<F,A> as core::ops::function::Fn<Args>>::call::h616ac37fa3cd6c8f
[INFO] [stdout]                                at /rustc/0e09125c6c3c2fd70d7de961bcf0e51575235fad/library/alloc/src/boxed.rs:2029:9
[INFO] [stdout]   12:     0x5574256f7827 - test::test_main::{{closure}}::h00d84697cefdcbb6
[INFO] [stdout]                                at /rustc/0e09125c6c3c2fd70d7de961bcf0e51575235fad/library/test/src/lib.rs:138:21
[INFO] [stdout]   13:     0x55742572b6e6 - <alloc::boxed::Box<F,A> as core::ops::function::Fn<Args>>::call::hcb3fe3b9bb537ba8
[INFO] [stdout]                                at /rustc/0e09125c6c3c2fd70d7de961bcf0e51575235fad/library/alloc/src/boxed.rs:2029:9
[INFO] [stdout]   14:     0x55742572b6e6 - std::panicking::rust_panic_with_hook::h0a7ad96e90f7145b
[INFO] [stdout]                                at /rustc/0e09125c6c3c2fd70d7de961bcf0e51575235fad/library/std/src/panicking.rs:783:13
[INFO] [stdout]   15:     0x55742572b432 - std::panicking::begin_panic_handler::{{closure}}::h7919090525c6485e
[INFO] [stdout]                                at /rustc/0e09125c6c3c2fd70d7de961bcf0e51575235fad/library/std/src/panicking.rs:657:13
[INFO] [stdout]   16:     0x557425729a76 - std::sys_common::backtrace::__rust_end_short_backtrace::hf3289479464f7dfe
[INFO] [stdout]                                at /rustc/0e09125c6c3c2fd70d7de961bcf0e51575235fad/library/std/src/sys_common/backtrace.rs:171:18
[INFO] [stdout]   17:     0x55742572b190 - rust_begin_unwind
[INFO] [stdout]                                at /rustc/0e09125c6c3c2fd70d7de961bcf0e51575235fad/library/std/src/panicking.rs:645:5
[INFO] [stdout]   18:     0x55742568dcd5 - core::panicking::panic_fmt::hcc9f77c5c132af55
[INFO] [stdout]                                at /rustc/0e09125c6c3c2fd70d7de961bcf0e51575235fad/library/core/src/panicking.rs:72:14
[INFO] [stdout]   19:     0x55742568e273 - core::result::unwrap_failed::hbe14f498be1452f9
[INFO] [stdout]                                at /rustc/0e09125c6c3c2fd70d7de961bcf0e51575235fad/library/core/src/result.rs:1649:5
[INFO] [stdout]   20:     0x5574256ad742 - core::result::Result<T,E>::unwrap::h4ede9bbcc0e583f4
[INFO] [stdout]                                at /rustc/0e09125c6c3c2fd70d7de961bcf0e51575235fad/library/core/src/result.rs:1073:23
[INFO] [stdout]   21:     0x5574256b6d03 - fg_index::test_read::h8d03712d8c6d32a7
[INFO] [stdout]                                at /opt/rustwide/workdir/crates/fg-index/index.rs:84:50
[INFO] [stdout]   22:     0x5574256b6ca7 - fg_index::test_read::{{closure}}::h831225a65bd0b653
[INFO] [stdout]                                at /opt/rustwide/workdir/crates/fg-index/index.rs:83:15
[INFO] [stdout]   23:     0x5574256abf26 - core::ops::function::FnOnce::call_once::h756919adf9f84aad
[INFO] [stdout]                                at /rustc/0e09125c6c3c2fd70d7de961bcf0e51575235fad/library/core/src/ops/function.rs:250:5
[INFO] [stdout]   24:     0x5574256fd0ff - core::ops::function::FnOnce::call_once::hd64d26f405258157
[INFO] [stdout]                                at /rustc/0e09125c6c3c2fd70d7de961bcf0e51575235fad/library/core/src/ops/function.rs:250:5
[INFO] [stdout]   25:     0x5574256fd0ff - test::__rust_begin_short_backtrace::he21b0b7a6d731bf9
[INFO] [stdout]                                at /rustc/0e09125c6c3c2fd70d7de961bcf0e51575235fad/library/test/src/lib.rs:627:18
[INFO] [stdout]   26:     0x5574256fbe81 - test::run_test_in_process::{{closure}}::hf5c73986d7bdfde2
[INFO] [stdout]                                at /rustc/0e09125c6c3c2fd70d7de961bcf0e51575235fad/library/test/src/lib.rs:650:60
[INFO] [stdout]   27:     0x5574256fbe81 - <core::panic::unwind_safe::AssertUnwindSafe<F> as core::ops::function::FnOnce<()>>::call_once::h330011ad032aadc0
[INFO] [stdout]                                at /rustc/0e09125c6c3c2fd70d7de961bcf0e51575235fad/library/core/src/panic/unwind_safe.rs:272:9
[INFO] [stdout]   28:     0x5574256fbe81 - std::panicking::try::do_call::he61b0a958b795a41
[INFO] [stdout]                                at /rustc/0e09125c6c3c2fd70d7de961bcf0e51575235fad/library/std/src/panicking.rs:552:40
[INFO] [stdout]   29:     0x5574256fbe81 - std::panicking::try::h7309da130f906eb7
[INFO] [stdout]                                at /rustc/0e09125c6c3c2fd70d7de961bcf0e51575235fad/library/std/src/panicking.rs:516:19
[INFO] [stdout]   30:     0x5574256fbe81 - std::panic::catch_unwind::hc5c3a06fdaf0a92a
[INFO] [stdout]                                at /rustc/0e09125c6c3c2fd70d7de961bcf0e51575235fad/library/std/src/panic.rs:142:14
[INFO] [stdout]   31:     0x5574256fbe81 - test::run_test_in_process::h7e7b7c71c3324e0f
[INFO] [stdout]                                at /rustc/0e09125c6c3c2fd70d7de961bcf0e51575235fad/library/test/src/lib.rs:650:27
[INFO] [stdout]   32:     0x5574256fbe81 - test::run_test::{{closure}}::h1f509f28f5cf20b1
[INFO] [stdout]                                at /rustc/0e09125c6c3c2fd70d7de961bcf0e51575235fad/library/test/src/lib.rs:573:43
[INFO] [stdout]   33:     0x5574256c31b6 - test::run_test::{{closure}}::h1754218abf443f6d
[INFO] [stdout]                                at /rustc/0e09125c6c3c2fd70d7de961bcf0e51575235fad/library/test/src/lib.rs:601:41
[INFO] [stdout]   34:     0x5574256c31b6 - std::sys_common::backtrace::__rust_begin_short_backtrace::h2ee174b9d5954948
[INFO] [stdout]                                at /rustc/0e09125c6c3c2fd70d7de961bcf0e51575235fad/library/std/src/sys_common/backtrace.rs:155:18
[INFO] [stdout]   35:     0x5574256c8217 - std::thread::Builder::spawn_unchecked_::{{closure}}::{{closure}}::hf60bee9c1a17ef09
[INFO] [stdout]                                at /rustc/0e09125c6c3c2fd70d7de961bcf0e51575235fad/library/std/src/thread/mod.rs:529:17
[INFO] [stdout]   36:     0x5574256c8217 - <core::panic::unwind_safe::AssertUnwindSafe<F> as core::ops::function::FnOnce<()>>::call_once::h33d0dddec5216160
[INFO] [stdout]                                at /rustc/0e09125c6c3c2fd70d7de961bcf0e51575235fad/library/core/src/panic/unwind_safe.rs:272:9
[INFO] [stdout]   37:     0x5574256c8217 - std::panicking::try::do_call::h144b3048b546f835
[INFO] [stdout]                                at /rustc/0e09125c6c3c2fd70d7de961bcf0e51575235fad/library/std/src/panicking.rs:552:40
[INFO] [stdout]   38:     0x5574256c8217 - std::panicking::try::h978244d04646189f
[INFO] [stdout]                                at /rustc/0e09125c6c3c2fd70d7de961bcf0e51575235fad/library/std/src/panicking.rs:516:19
[INFO] [stdout]   39:     0x5574256c8217 - std::panic::catch_unwind::hdf436369d188fe86
[INFO] [stdout]                                at /rustc/0e09125c6c3c2fd70d7de961bcf0e51575235fad/library/std/src/panic.rs:142:14
[INFO] [stdout]   40:     0x5574256c8217 - std::thread::Builder::spawn_unchecked_::{{closure}}::h87329cbdd33c79ec
[INFO] [stdout]                                at /rustc/0e09125c6c3c2fd70d7de961bcf0e51575235fad/library/std/src/thread/mod.rs:528:30
[INFO] [stdout]   41:     0x5574256c8217 - core::ops::function::FnOnce::call_once{{vtable.shim}}::h401abbe67897d450
[INFO] [stdout]                                at /rustc/0e09125c6c3c2fd70d7de961bcf0e51575235fad/library/core/src/ops/function.rs:250:5
[INFO] [stdout]   42:     0x557425730195 - <alloc::boxed::Box<F,A> as core::ops::function::FnOnce<Args>>::call_once::h5d7c8f150ab9c84c
[INFO] [stdout]                                at /rustc/0e09125c6c3c2fd70d7de961bcf0e51575235fad/library/alloc/src/boxed.rs:2015:9
[INFO] [stdout]   43:     0x557425730195 - <alloc::boxed::Box<F,A> as core::ops::function::FnOnce<Args>>::call_once::h570d5b005c242c15
[INFO] [stdout]                                at /rustc/0e09125c6c3c2fd70d7de961bcf0e51575235fad/library/alloc/src/boxed.rs:2015:9
[INFO] [stdout]   44:     0x557425730195 - std::sys::unix::thread::Thread::new::thread_start::h36b0a20c0b2361ad
[INFO] [stdout]                                at /rustc/0e09125c6c3c2fd70d7de961bcf0e51575235fad/library/std/src/sys/unix/thread.rs:108:17
[INFO] [stdout]   45:     0x7f4b88032ac3 - <unknown>
[INFO] [stdout]   46:     0x7f4b880c3bf4 - __clone
[INFO] [stdout]   47:                0x0 - <unknown>
[INFO] [stdout] 
[INFO] [stdout] 
[INFO] [stdout] failures:
[INFO] [stdout]     test_read
[INFO] [stdout] 
[INFO] [stdout] test result: FAILED. 1 passed; 1 failed; 0 ignored; 0 measured; 0 filtered out; finished in 0.01s
[INFO] [stdout] 
[INFO] [stderr] error: test failed, to rerun pass `-p fg-index --lib`
[INFO] running `Command { std: "docker" "inspect" "56b2e70aa05b2e1196b4c75a45d471889a442a4b972ee39a56db850c5d0147a9", kill_on_drop: false }`
[INFO] running `Command { std: "docker" "rm" "-f" "56b2e70aa05b2e1196b4c75a45d471889a442a4b972ee39a56db850c5d0147a9", kill_on_drop: false }`
[INFO] [stdout] 56b2e70aa05b2e1196b4c75a45d471889a442a4b972ee39a56db850c5d0147a9
