[INFO] cloning repository https://github.com/fizx/slay
[INFO] running `Command { std: "git" "-c" "credential.helper=" "-c" "credential.helper=/workspace/cargo-home/bin/git-credential-null" "clone" "--bare" "https://github.com/fizx/slay" "/workspace/cache/git-repos/https%3A%2F%2Fgithub.com%2Ffizx%2Fslay", kill_on_drop: false }`
[INFO] [stderr] Cloning into bare repository '/workspace/cache/git-repos/https%3A%2F%2Fgithub.com%2Ffizx%2Fslay'...
[INFO] running `Command { std: "git" "rev-parse" "HEAD", kill_on_drop: false }`
[INFO] [stdout] 5c1331e40b0c54068d27b3f4e69ccdbbb35dec09
[INFO] testing fizx/slay against 1.75.0 for beta-1.76-1
[INFO] running `Command { std: "git" "clone" "/workspace/cache/git-repos/https%3A%2F%2Fgithub.com%2Ffizx%2Fslay" "/workspace/builds/worker-2-tc1/source", kill_on_drop: false }`
[INFO] [stderr] Cloning into '/workspace/builds/worker-2-tc1/source'...
[INFO] [stderr] done.
[INFO] validating manifest of git repo https://github.com/fizx/slay on toolchain 1.75.0
[INFO] running `Command { std: CARGO_HOME="/workspace/cargo-home" RUSTUP_HOME="/workspace/rustup-home" "/workspace/cargo-home/bin/cargo" "+1.75.0" "metadata" "--manifest-path" "Cargo.toml" "--no-deps", kill_on_drop: false }`
[INFO] started tweaking git repo https://github.com/fizx/slay
[INFO] finished tweaking git repo https://github.com/fizx/slay
[INFO] tweaked toml for git repo https://github.com/fizx/slay written to /workspace/builds/worker-2-tc1/source/Cargo.toml
[INFO] crate git repo https://github.com/fizx/slay already has a lockfile, it will not be regenerated
[INFO] running `Command { std: CARGO_HOME="/workspace/cargo-home" RUSTUP_HOME="/workspace/rustup-home" "/workspace/cargo-home/bin/cargo" "+1.75.0" "fetch" "--manifest-path" "Cargo.toml", kill_on_drop: false }`
[INFO] running `Command { std: "docker" "create" "-v" "/var/lib/crater-agent-workspace/builds/worker-2-tc1/target:/opt/rustwide/target:rw,Z" "-v" "/var/lib/crater-agent-workspace/builds/worker-2-tc1/source:/opt/rustwide/workdir:ro,Z" "-v" "/var/lib/crater-agent-workspace/cargo-home:/opt/rustwide/cargo-home:ro,Z" "-v" "/var/lib/crater-agent-workspace/rustup-home:/opt/rustwide/rustup-home:ro,Z" "-e" "SOURCE_DIR=/opt/rustwide/workdir" "-e" "CARGO_TARGET_DIR=/opt/rustwide/target" "-e" "CARGO_HOME=/opt/rustwide/cargo-home" "-e" "RUSTUP_HOME=/opt/rustwide/rustup-home" "-w" "/opt/rustwide/workdir" "-m" "1610612736" "--user" "0:0" "--network" "none" "ghcr.io/rust-lang/crates-build-env/linux@sha256:2788e3201cd34a07e3172128adcd8b3090168a8e3bcc40d7c032b9dda1df7d1c" "/opt/rustwide/cargo-home/bin/cargo" "+1.75.0" "metadata" "--no-deps" "--format-version=1", kill_on_drop: false }`
[INFO] [stdout] 71aedf1de735a170ca6594d47c8239b74ec23fa24d13d7fe1b5c60ffc98d46c2
[INFO] running `Command { std: "docker" "start" "-a" "71aedf1de735a170ca6594d47c8239b74ec23fa24d13d7fe1b5c60ffc98d46c2", kill_on_drop: false }`
[INFO] running `Command { std: "docker" "inspect" "71aedf1de735a170ca6594d47c8239b74ec23fa24d13d7fe1b5c60ffc98d46c2", kill_on_drop: false }`
[INFO] running `Command { std: "docker" "rm" "-f" "71aedf1de735a170ca6594d47c8239b74ec23fa24d13d7fe1b5c60ffc98d46c2", kill_on_drop: false }`
[INFO] [stdout] 71aedf1de735a170ca6594d47c8239b74ec23fa24d13d7fe1b5c60ffc98d46c2
[INFO] running `Command { std: "docker" "create" "-v" "/var/lib/crater-agent-workspace/builds/worker-2-tc1/target:/opt/rustwide/target:rw,Z" "-v" "/var/lib/crater-agent-workspace/builds/worker-2-tc1/source:/opt/rustwide/workdir:ro,Z" "-v" "/var/lib/crater-agent-workspace/cargo-home:/opt/rustwide/cargo-home:ro,Z" "-v" "/var/lib/crater-agent-workspace/rustup-home:/opt/rustwide/rustup-home:ro,Z" "-e" "SOURCE_DIR=/opt/rustwide/workdir" "-e" "CARGO_TARGET_DIR=/opt/rustwide/target" "-e" "CARGO_INCREMENTAL=0" "-e" "RUST_BACKTRACE=full" "-e" "RUSTFLAGS=--cap-lints=warn" "-e" "RUSTDOCFLAGS=--cap-lints=warn" "-e" "CARGO_HOME=/opt/rustwide/cargo-home" "-e" "RUSTUP_HOME=/opt/rustwide/rustup-home" "-w" "/opt/rustwide/workdir" "-m" "1610612736" "--user" "0:0" "--network" "none" "ghcr.io/rust-lang/crates-build-env/linux@sha256:2788e3201cd34a07e3172128adcd8b3090168a8e3bcc40d7c032b9dda1df7d1c" "/opt/rustwide/cargo-home/bin/cargo" "+1.75.0" "build" "--frozen" "--message-format=json", kill_on_drop: false }`
[INFO] [stdout] e4066f139d83278732502737b72a79a613993412d5e4e5e449a345d89633094d
[INFO] running `Command { std: "docker" "start" "-a" "e4066f139d83278732502737b72a79a613993412d5e4e5e449a345d89633094d", kill_on_drop: false }`
[INFO] [stderr]    Compiling slay v0.1.0 (/opt/rustwide/workdir)
[INFO] [stdout] warning: unused variable: `context`
[INFO] [stdout]   --> src/node.rs:15:38
[INFO] [stdout]    |
[INFO] [stdout] 15 |     pub fn compute_layout(&mut self, context: &context::Context) {
[INFO] [stdout]    |                                      ^^^^^^^ help: if this is intentional, prefix it with an underscore: `_context`
[INFO] [stdout]    |
[INFO] [stdout]    = note: `#[warn(unused_variables)]` on by default
[INFO] [stdout] 
[INFO] [stdout] 
[INFO] [stdout] warning: fields `root_width`, `root_height`, `sized_ancestor_width`, `sized_ancestor_height`, `desired_width`, and `desired_height` are never read
[INFO] [stdout]   --> src/context.rs:8:16
[INFO] [stdout]    |
[INFO] [stdout] 7  | pub struct Context {
[INFO] [stdout]    |            ------- fields in this struct
[INFO] [stdout] 8  |     pub(crate) root_width: FixedScalar,
[INFO] [stdout]    |                ^^^^^^^^^^
[INFO] [stdout] 9  |     pub(crate) root_height: FixedScalar,
[INFO] [stdout]    |                ^^^^^^^^^^^
[INFO] [stdout] 10 |     pub(crate) sized_ancestor_width: FixedScalar,
[INFO] [stdout]    |                ^^^^^^^^^^^^^^^^^^^^
[INFO] [stdout] 11 |     pub(crate) sized_ancestor_height: FixedScalar,
[INFO] [stdout]    |                ^^^^^^^^^^^^^^^^^^^^^
[INFO] [stdout] 12 |     pub(crate) desired_width: FixedScalar,
[INFO] [stdout]    |                ^^^^^^^^^^^^^
[INFO] [stdout] 13 |     pub(crate) desired_height: FixedScalar,
[INFO] [stdout]    |                ^^^^^^^^^^^^^^
[INFO] [stdout]    |
[INFO] [stdout]    = note: `Context` has a derived impl for the trait `Clone`, but this is intentionally ignored during dead code analysis
[INFO] [stdout]    = note: `#[warn(dead_code)]` on by default
[INFO] [stdout] 
[INFO] [stdout] 
[INFO] [stdout] warning: associated items `new`, `as_minimum`, `child_context`, `pixelize_width`, and `pixelize_height` are never used
[INFO] [stdout]   --> src/context.rs:17:12
[INFO] [stdout]    |
[INFO] [stdout] 16 | impl Context {
[INFO] [stdout]    | ------------ associated items in this implementation
[INFO] [stdout] 17 |     pub fn new(root_width: FixedScalar, root_height: FixedScalar) -> Self {
[INFO] [stdout]    |            ^^^
[INFO] [stdout] ...
[INFO] [stdout] 28 |     pub fn as_minimum(&self) -> Self {
[INFO] [stdout]    |            ^^^^^^^^^^
[INFO] [stdout] ...
[INFO] [stdout] 36 |     pub fn child_context(&self, node: &Node) -> Self {
[INFO] [stdout]    |            ^^^^^^^^^^^^^
[INFO] [stdout] ...
[INFO] [stdout] 57 |     pub fn pixelize_width(&self, value: Scalar) -> FixedScalar {
[INFO] [stdout]    |            ^^^^^^^^^^^^^^
[INFO] [stdout] ...
[INFO] [stdout] 77 |     pub fn pixelize_height(&self, value: Scalar) -> FixedScalar {
[INFO] [stdout]    |            ^^^^^^^^^^^^^^^
[INFO] [stdout] 
[INFO] [stdout] 
[INFO] [stdout] warning: function `single_node_fixture` is never used
[INFO] [stdout]  --> src/fixtures.rs:3:8
[INFO] [stdout]   |
[INFO] [stdout] 3 | pub fn single_node_fixture() -> Node {
[INFO] [stdout]   |        ^^^^^^^^^^^^^^^^^^^
[INFO] [stdout] 
[INFO] [stdout] 
[INFO] [stdout] warning: function `vertical_stack_fixture` is never used
[INFO] [stdout]  --> src/fixtures.rs:7:8
[INFO] [stdout]   |
[INFO] [stdout] 7 | pub fn vertical_stack_fixture() -> Node {
[INFO] [stdout]   |        ^^^^^^^^^^^^^^^^^^^^^^
[INFO] [stdout] 
[INFO] [stdout] 
[INFO] [stdout] warning: function `horizontal_stack_fixture` is never used
[INFO] [stdout]   --> src/fixtures.rs:19:8
[INFO] [stdout]    |
[INFO] [stdout] 19 | pub fn horizontal_stack_fixture() -> Node {
[INFO] [stdout]    |        ^^^^^^^^^^^^^^^^^^^^^^^^
[INFO] [stdout] 
[INFO] [stdout] 
[INFO] [stdout] warning: function `nested_layout_fixture` is never used
[INFO] [stdout]   --> src/fixtures.rs:31:8
[INFO] [stdout]    |
[INFO] [stdout] 31 | pub fn nested_layout_fixture() -> Node {
[INFO] [stdout]    |        ^^^^^^^^^^^^^^^^^^^^^
[INFO] [stdout] 
[INFO] [stdout] 
[INFO] [stdout] warning: function `vertical_stretch_layout_fixture` is never used
[INFO] [stdout]   --> src/fixtures.rs:46:8
[INFO] [stdout]    |
[INFO] [stdout] 46 | pub fn vertical_stretch_layout_fixture() -> Node {
[INFO] [stdout]    |        ^^^^^^^^^^^^^^^^^^^^^^^^^^^^^^^
[INFO] [stdout] 
[INFO] [stdout] 
[INFO] [stdout] warning: fields `min_size`, `dirty`, and `measure` are never read
[INFO] [stdout]   --> src/node.rs:9:5
[INFO] [stdout]    |
[INFO] [stdout] 5  | pub struct Node {
[INFO] [stdout]    |            ---- fields in this struct
[INFO] [stdout] ...
[INFO] [stdout] 9  |     min_size: Size,
[INFO] [stdout]    |     ^^^^^^^^
[INFO] [stdout] 10 |     dirty: bool,
[INFO] [stdout]    |     ^^^^^
[INFO] [stdout] 11 |     measure: Option<Box<dyn Fn() -> Size>>,
[INFO] [stdout]    |     ^^^^^^^
[INFO] [stdout] 
[INFO] [stdout] 
[INFO] [stdout] warning: methods `compute_layout`, `minimum_size`, `compute_self`, and `compute_size` are never used
[INFO] [stdout]   --> src/node.rs:15:12
[INFO] [stdout]    |
[INFO] [stdout] 14 | impl Node {
[INFO] [stdout]    | --------- methods in this implementation
[INFO] [stdout] 15 |     pub fn compute_layout(&mut self, context: &context::Context) {
[INFO] [stdout]    |            ^^^^^^^^^^^^^^
[INFO] [stdout] ...
[INFO] [stdout] 21 |     pub fn minimum_size(&mut self, context: &context::Context) {
[INFO] [stdout]    |            ^^^^^^^^^^^^
[INFO] [stdout] ...
[INFO] [stdout] 27 |     pub fn compute_self(&mut self) -> Rectangle {
[INFO] [stdout]    |            ^^^^^^^^^^^^
[INFO] [stdout] ...
[INFO] [stdout] 31 |     pub fn compute_size(&mut self, context: context::Context) -> Size {
[INFO] [stdout]    |            ^^^^^^^^^^^^
[INFO] [stdout] 
[INFO] [stdout] 
[INFO] [stdout] warning: multiple methods are never used
[INFO] [stdout]    --> src/node.rs:106:12
[INFO] [stdout]     |
[INFO] [stdout] 93  | impl Node {
[INFO] [stdout]     | --------- methods in this implementation
[INFO] [stdout] ...
[INFO] [stdout] 106 |     pub fn add_child(mut self, child: Node) -> Self {
[INFO] [stdout]     |            ^^^^^^^^^
[INFO] [stdout] ...
[INFO] [stdout] 113 |     pub fn remove_child(&mut self, index: usize) {
[INFO] [stdout]     |            ^^^^^^^^^^^^
[INFO] [stdout] ...
[INFO] [stdout] 121 |     pub fn get_child(&self, index: usize) -> Option<&Node> {
[INFO] [stdout]     |            ^^^^^^^^^
[INFO] [stdout] ...
[INFO] [stdout] 126 |     pub fn get_child_mut(&mut self, index: usize) -> Option<&mut Node> {
[INFO] [stdout]     |            ^^^^^^^^^^^^^
[INFO] [stdout] ...
[INFO] [stdout] 131 |     pub fn set_style(&mut self, style: Style) -> &mut Self {
[INFO] [stdout]     |            ^^^^^^^^^
[INFO] [stdout] ...
[INFO] [stdout] 138 |     pub fn set_measure(&mut self, measure: Box<dyn Fn() -> Size>) -> &mut Self {
[INFO] [stdout]     |            ^^^^^^^^^^^
[INFO] [stdout] ...
[INFO] [stdout] 145 |     pub fn mark_dirty(&mut self, deep: bool) -> &mut Self {
[INFO] [stdout]     |            ^^^^^^^^^^
[INFO] [stdout] 
[INFO] [stdout] 
[INFO] [stdout] warning: multiple methods are never used
[INFO] [stdout]    --> src/node.rs:159:12
[INFO] [stdout]     |
[INFO] [stdout] 156 | impl Node {
[INFO] [stdout]     | --------- methods in this implementation
[INFO] [stdout] ...
[INFO] [stdout] 159 |     pub fn width(mut self, width: Scalar) -> Self {
[INFO] [stdout]     |            ^^^^^
[INFO] [stdout] ...
[INFO] [stdout] 165 |     pub fn height(mut self, height: Scalar) -> Self {
[INFO] [stdout]     |            ^^^^^^
[INFO] [stdout] ...
[INFO] [stdout] 171 |     pub fn min_width(mut self, min_width: Scalar) -> Self {
[INFO] [stdout]     |            ^^^^^^^^^
[INFO] [stdout] ...
[INFO] [stdout] 177 |     pub fn max_width(mut self, max_width: Scalar) -> Self {
[INFO] [stdout]     |            ^^^^^^^^^
[INFO] [stdout] ...
[INFO] [stdout] 183 |     pub fn min_height(mut self, min_height: Scalar) -> Self {
[INFO] [stdout]     |            ^^^^^^^^^^
[INFO] [stdout] ...
[INFO] [stdout] 189 |     pub fn max_height(mut self, max_height: Scalar) -> Self {
[INFO] [stdout]     |            ^^^^^^^^^^
[INFO] [stdout] ...
[INFO] [stdout] 195 |     pub fn padding(mut self, padding: FixedScalar) -> Self {
[INFO] [stdout]     |            ^^^^^^^
[INFO] [stdout] ...
[INFO] [stdout] 201 |     pub fn gap(mut self, gap: FixedScalar) -> Self {
[INFO] [stdout]     |            ^^^
[INFO] [stdout] ...
[INFO] [stdout] 207 |     pub fn align(mut self, align: Align) -> Self {
[INFO] [stdout]     |            ^^^^^
[INFO] [stdout] ...
[INFO] [stdout] 213 |     pub fn anchor(mut self, anchor: Align) -> Self {
[INFO] [stdout]     |            ^^^^^^
[INFO] [stdout] ...
[INFO] [stdout] 219 |     pub fn direction(mut self, direction: Direction) -> Self {
[INFO] [stdout]     |            ^^^^^^^^^
[INFO] [stdout] 
[INFO] [stdout] 
[INFO] [stdout] warning: multiple methods are never used
[INFO] [stdout]   --> src/style.rs:36:12
[INFO] [stdout]    |
[INFO] [stdout] 17 | impl Style {
[INFO] [stdout]    | ---------- methods in this implementation
[INFO] [stdout] ...
[INFO] [stdout] 36 |     pub fn width(mut self, width: Scalar) -> Self {
[INFO] [stdout]    |            ^^^^^
[INFO] [stdout] ...
[INFO] [stdout] 41 |     pub fn height(mut self, height: Scalar) -> Self {
[INFO] [stdout]    |            ^^^^^^
[INFO] [stdout] ...
[INFO] [stdout] 46 |     pub fn min_width(mut self, min_width: Scalar) -> Self {
[INFO] [stdout]    |            ^^^^^^^^^
[INFO] [stdout] ...
[INFO] [stdout] 51 |     pub fn max_width(mut self, max_width: Scalar) -> Self {
[INFO] [stdout]    |            ^^^^^^^^^
[INFO] [stdout] ...
[INFO] [stdout] 56 |     pub fn min_height(mut self, min_height: Scalar) -> Self {
[INFO] [stdout]    |            ^^^^^^^^^^
[INFO] [stdout] ...
[INFO] [stdout] 61 |     pub fn max_height(mut self, max_height: Scalar) -> Self {
[INFO] [stdout]    |            ^^^^^^^^^^
[INFO] [stdout] ...
[INFO] [stdout] 66 |     pub fn padding(mut self, padding: FixedScalar) -> Self {
[INFO] [stdout]    |            ^^^^^^^
[INFO] [stdout] ...
[INFO] [stdout] 71 |     pub fn gap(mut self, gap: FixedScalar) -> Self {
[INFO] [stdout]    |            ^^^
[INFO] [stdout] ...
[INFO] [stdout] 76 |     pub fn align(mut self, align: Align) -> Self {
[INFO] [stdout]    |            ^^^^^
[INFO] [stdout] ...
[INFO] [stdout] 81 |     pub fn anchor(mut self, anchor: Align) -> Self {
[INFO] [stdout]    |            ^^^^^^
[INFO] [stdout] ...
[INFO] [stdout] 85 |     pub fn direction(mut self, direction: Direction) -> Self {
[INFO] [stdout]    |            ^^^^^^^^^
[INFO] [stdout] 
[INFO] [stdout] 
[INFO] [stdout] warning: variants `Px`, `Vh`, `Vw`, and `Percent` are never constructed
[INFO] [stdout]  --> src/types.rs:3:5
[INFO] [stdout]   |
[INFO] [stdout] 2 | pub enum ScalarUnit {
[INFO] [stdout]   |          ---------- variants in this enum
[INFO] [stdout] 3 |     Px,
[INFO] [stdout]   |     ^^
[INFO] [stdout] 4 |     Vh,
[INFO] [stdout]   |     ^^
[INFO] [stdout] 5 |     Vw,
[INFO] [stdout]   |     ^^
[INFO] [stdout] 6 |     Percent,
[INFO] [stdout]   |     ^^^^^^^
[INFO] [stdout]   |
[INFO] [stdout]   = note: `ScalarUnit` has derived impls for the traits `Clone` and `Debug`, but these are intentionally ignored during dead code analysis
[INFO] [stdout] 
[INFO] [stdout] 
[INFO] [stdout] warning: variants `X` and `Z` are never constructed
[INFO] [stdout]   --> src/types.rs:11:5
[INFO] [stdout]    |
[INFO] [stdout] 10 | pub enum Direction {
[INFO] [stdout]    |          --------- variants in this enum
[INFO] [stdout] 11 |     X,
[INFO] [stdout]    |     ^
[INFO] [stdout] 12 |     Y,
[INFO] [stdout] 13 |     Z,
[INFO] [stdout]    |     ^
[INFO] [stdout]    |
[INFO] [stdout]    = note: `Direction` has derived impls for the traits `Clone` and `Debug`, but these are intentionally ignored during dead code analysis
[INFO] [stdout] 
[INFO] [stdout] 
[INFO] [stdout] warning: variants `Start`, `Center`, `End`, and `Wide` are never constructed
[INFO] [stdout]   --> src/types.rs:21:5
[INFO] [stdout]    |
[INFO] [stdout] 20 | pub enum HAlign {
[INFO] [stdout]    |          ------ variants in this enum
[INFO] [stdout] 21 |     Start,
[INFO] [stdout]    |     ^^^^^
[INFO] [stdout] 22 |     Center,
[INFO] [stdout]    |     ^^^^^^
[INFO] [stdout] 23 |     End,
[INFO] [stdout]    |     ^^^
[INFO] [stdout] 24 |     Wide,
[INFO] [stdout]    |     ^^^^
[INFO] [stdout]    |
[INFO] [stdout]    = note: `HAlign` has derived impls for the traits `Clone` and `Debug`, but these are intentionally ignored during dead code analysis
[INFO] [stdout] 
[INFO] [stdout] 
[INFO] [stdout] warning: variants `Top`, `Center`, `Bottom`, and `Tall` are never constructed
[INFO] [stdout]   --> src/types.rs:29:5
[INFO] [stdout]    |
[INFO] [stdout] 28 | pub enum VAlign {
[INFO] [stdout]    |          ------ variants in this enum
[INFO] [stdout] 29 |     Top,
[INFO] [stdout]    |     ^^^
[INFO] [stdout] 30 |     Center,
[INFO] [stdout]    |     ^^^^^^
[INFO] [stdout] 31 |     Bottom,
[INFO] [stdout]    |     ^^^^^^
[INFO] [stdout] 32 |     Tall,
[INFO] [stdout]    |     ^^^^
[INFO] [stdout]    |
[INFO] [stdout]    = note: `VAlign` has derived impls for the traits `Clone` and `Debug`, but these are intentionally ignored during dead code analysis
[INFO] [stdout] 
[INFO] [stdout] 
[INFO] [stdout] warning: variants `HAlign`, `VAlign`, and `Both` are never constructed
[INFO] [stdout]   --> src/types.rs:37:5
[INFO] [stdout]    |
[INFO] [stdout] 36 | pub enum Align {
[INFO] [stdout]    |          ----- variants in this enum
[INFO] [stdout] 37 |     HAlign(HAlign),
[INFO] [stdout]    |     ^^^^^^
[INFO] [stdout] 38 |     VAlign(VAlign),
[INFO] [stdout]    |     ^^^^^^
[INFO] [stdout] 39 |     Both(HAlign, VAlign),
[INFO] [stdout]    |     ^^^^
[INFO] [stdout]    |
[INFO] [stdout]    = note: `Align` has derived impls for the traits `Clone` and `Debug`, but these are intentionally ignored during dead code analysis
[INFO] [stdout] 
[INFO] [stdout] 
[INFO] [stdout] warning: associated function `new` is never used
[INFO] [stdout]   --> src/types.rs:59:12
[INFO] [stdout]    |
[INFO] [stdout] 50 | impl Rectangle {
[INFO] [stdout]    | -------------- associated function in this implementation
[INFO] [stdout] ...
[INFO] [stdout] 59 |     pub fn new(x: FixedScalar, y: FixedScalar, width: FixedScalar, height: FixedScalar) -> Self {
[INFO] [stdout]    |            ^^^
[INFO] [stdout] 
[INFO] [stdout] 
[INFO] [stdout] warning: associated items `new` and `add` are never used
[INFO] [stdout]   --> src/types.rs:83:12
[INFO] [stdout]    |
[INFO] [stdout] 75 | impl Size {
[INFO] [stdout]    | --------- associated items in this implementation
[INFO] [stdout] ...
[INFO] [stdout] 83 |     pub fn new(width: FixedScalar, height: FixedScalar) -> Self {
[INFO] [stdout]    |            ^^^
[INFO] [stdout] ...
[INFO] [stdout] 87 |     pub fn add(self, other: Self, direction: Direction) -> Self {
[INFO] [stdout]    |            ^^^
[INFO] [stdout] 
[INFO] [stdout] 
[INFO] [stdout] warning: 20 warnings emitted
[INFO] [stdout] 
[INFO] [stdout] 
[INFO] [stderr]     Finished dev [unoptimized + debuginfo] target(s) in 0.29s
[INFO] running `Command { std: "docker" "inspect" "e4066f139d83278732502737b72a79a613993412d5e4e5e449a345d89633094d", kill_on_drop: false }`
[INFO] running `Command { std: "docker" "rm" "-f" "e4066f139d83278732502737b72a79a613993412d5e4e5e449a345d89633094d", kill_on_drop: false }`
[INFO] [stdout] e4066f139d83278732502737b72a79a613993412d5e4e5e449a345d89633094d
[INFO] running `Command { std: "docker" "create" "-v" "/var/lib/crater-agent-workspace/builds/worker-2-tc1/target:/opt/rustwide/target:rw,Z" "-v" "/var/lib/crater-agent-workspace/builds/worker-2-tc1/source:/opt/rustwide/workdir:ro,Z" "-v" "/var/lib/crater-agent-workspace/cargo-home:/opt/rustwide/cargo-home:ro,Z" "-v" "/var/lib/crater-agent-workspace/rustup-home:/opt/rustwide/rustup-home:ro,Z" "-e" "SOURCE_DIR=/opt/rustwide/workdir" "-e" "CARGO_TARGET_DIR=/opt/rustwide/target" "-e" "CARGO_INCREMENTAL=0" "-e" "RUST_BACKTRACE=full" "-e" "RUSTFLAGS=--cap-lints=warn" "-e" "RUSTDOCFLAGS=--cap-lints=warn" "-e" "CARGO_HOME=/opt/rustwide/cargo-home" "-e" "RUSTUP_HOME=/opt/rustwide/rustup-home" "-w" "/opt/rustwide/workdir" "-m" "1610612736" "--user" "0:0" "--network" "none" "ghcr.io/rust-lang/crates-build-env/linux@sha256:2788e3201cd34a07e3172128adcd8b3090168a8e3bcc40d7c032b9dda1df7d1c" "/opt/rustwide/cargo-home/bin/cargo" "+1.75.0" "test" "--frozen" "--no-run" "--message-format=json", kill_on_drop: false }`
[INFO] [stdout] 70989ca5d3fa514370e9ca9b9ccda6dd95fedfbb706683e2defd033e2b6941ce
[INFO] running `Command { std: "docker" "start" "-a" "70989ca5d3fa514370e9ca9b9ccda6dd95fedfbb706683e2defd033e2b6941ce", kill_on_drop: false }`
[INFO] [stderr]    Compiling slay v0.1.0 (/opt/rustwide/workdir)
[INFO] [stdout] warning: unused variable: `context`
[INFO] [stdout]   --> src/node.rs:15:38
[INFO] [stdout]    |
[INFO] [stdout] 15 |     pub fn compute_layout(&mut self, context: &context::Context) {
[INFO] [stdout]    |                                      ^^^^^^^ help: if this is intentional, prefix it with an underscore: `_context`
[INFO] [stdout]    |
[INFO] [stdout]    = note: `#[warn(unused_variables)]` on by default
[INFO] [stdout] 
[INFO] [stdout] 
[INFO] [stdout] warning: fields `desired_width` and `desired_height` are never read
[INFO] [stdout]   --> src/context.rs:12:16
[INFO] [stdout]    |
[INFO] [stdout] 7  | pub struct Context {
[INFO] [stdout]    |            ------- fields in this struct
[INFO] [stdout] ...
[INFO] [stdout] 12 |     pub(crate) desired_width: FixedScalar,
[INFO] [stdout]    |                ^^^^^^^^^^^^^
[INFO] [stdout] 13 |     pub(crate) desired_height: FixedScalar,
[INFO] [stdout]    |                ^^^^^^^^^^^^^^
[INFO] [stdout]    |
[INFO] [stdout]    = note: `Context` has a derived impl for the trait `Clone`, but this is intentionally ignored during dead code analysis
[INFO] [stdout]    = note: `#[warn(dead_code)]` on by default
[INFO] [stdout] 
[INFO] [stdout] 
[INFO] [stdout] warning: function `single_node_fixture` is never used
[INFO] [stdout]  --> src/fixtures.rs:3:8
[INFO] [stdout]   |
[INFO] [stdout] 3 | pub fn single_node_fixture() -> Node {
[INFO] [stdout]   |        ^^^^^^^^^^^^^^^^^^^
[INFO] [stdout] 
[INFO] [stdout] 
[INFO] [stdout] warning: function `vertical_stack_fixture` is never used
[INFO] [stdout]  --> src/fixtures.rs:7:8
[INFO] [stdout]   |
[INFO] [stdout] 7 | pub fn vertical_stack_fixture() -> Node {
[INFO] [stdout]   |        ^^^^^^^^^^^^^^^^^^^^^^
[INFO] [stdout] 
[INFO] [stdout] 
[INFO] [stdout] warning: function `horizontal_stack_fixture` is never used
[INFO] [stdout]   --> src/fixtures.rs:19:8
[INFO] [stdout]    |
[INFO] [stdout] 19 | pub fn horizontal_stack_fixture() -> Node {
[INFO] [stdout]    |        ^^^^^^^^^^^^^^^^^^^^^^^^
[INFO] [stdout] 
[INFO] [stdout] 
[INFO] [stdout] warning: methods `compute_layout` and `compute_self` are never used
[INFO] [stdout]   --> src/node.rs:15:12
[INFO] [stdout]    |
[INFO] [stdout] 14 | impl Node {
[INFO] [stdout]    | --------- methods in this implementation
[INFO] [stdout] 15 |     pub fn compute_layout(&mut self, context: &context::Context) {
[INFO] [stdout]    |            ^^^^^^^^^^^^^^
[INFO] [stdout] ...
[INFO] [stdout] 27 |     pub fn compute_self(&mut self) -> Rectangle {
[INFO] [stdout]    |            ^^^^^^^^^^^^
[INFO] [stdout] 
[INFO] [stdout] 
[INFO] [stdout] warning: methods `remove_child`, `get_child`, `get_child_mut`, `set_style`, `set_measure`, and `mark_dirty` are never used
[INFO] [stdout]    --> src/node.rs:113:12
[INFO] [stdout]     |
[INFO] [stdout] 93  | impl Node {
[INFO] [stdout]     | --------- methods in this implementation
[INFO] [stdout] ...
[INFO] [stdout] 113 |     pub fn remove_child(&mut self, index: usize) {
[INFO] [stdout]     |            ^^^^^^^^^^^^
[INFO] [stdout] ...
[INFO] [stdout] 121 |     pub fn get_child(&self, index: usize) -> Option<&Node> {
[INFO] [stdout]     |            ^^^^^^^^^
[INFO] [stdout] ...
[INFO] [stdout] 126 |     pub fn get_child_mut(&mut self, index: usize) -> Option<&mut Node> {
[INFO] [stdout]     |            ^^^^^^^^^^^^^
[INFO] [stdout] ...
[INFO] [stdout] 131 |     pub fn set_style(&mut self, style: Style) -> &mut Self {
[INFO] [stdout]     |            ^^^^^^^^^
[INFO] [stdout] ...
[INFO] [stdout] 138 |     pub fn set_measure(&mut self, measure: Box<dyn Fn() -> Size>) -> &mut Self {
[INFO] [stdout]     |            ^^^^^^^^^^^
[INFO] [stdout] ...
[INFO] [stdout] 145 |     pub fn mark_dirty(&mut self, deep: bool) -> &mut Self {
[INFO] [stdout]     |            ^^^^^^^^^^
[INFO] [stdout] 
[INFO] [stdout] 
[INFO] [stdout] warning: multiple methods are never used
[INFO] [stdout]    --> src/node.rs:171:12
[INFO] [stdout]     |
[INFO] [stdout] 156 | impl Node {
[INFO] [stdout]     | --------- methods in this implementation
[INFO] [stdout] ...
[INFO] [stdout] 171 |     pub fn min_width(mut self, min_width: Scalar) -> Self {
[INFO] [stdout]     |            ^^^^^^^^^
[INFO] [stdout] ...
[INFO] [stdout] 177 |     pub fn max_width(mut self, max_width: Scalar) -> Self {
[INFO] [stdout]     |            ^^^^^^^^^
[INFO] [stdout] ...
[INFO] [stdout] 183 |     pub fn min_height(mut self, min_height: Scalar) -> Self {
[INFO] [stdout]     |            ^^^^^^^^^^
[INFO] [stdout] ...
[INFO] [stdout] 189 |     pub fn max_height(mut self, max_height: Scalar) -> Self {
[INFO] [stdout]     |            ^^^^^^^^^^
[INFO] [stdout] ...
[INFO] [stdout] 195 |     pub fn padding(mut self, padding: FixedScalar) -> Self {
[INFO] [stdout]     |            ^^^^^^^
[INFO] [stdout] ...
[INFO] [stdout] 201 |     pub fn gap(mut self, gap: FixedScalar) -> Self {
[INFO] [stdout]     |            ^^^
[INFO] [stdout] ...
[INFO] [stdout] 207 |     pub fn align(mut self, align: Align) -> Self {
[INFO] [stdout]     |            ^^^^^
[INFO] [stdout] ...
[INFO] [stdout] 213 |     pub fn anchor(mut self, anchor: Align) -> Self {
[INFO] [stdout]     |            ^^^^^^
[INFO] [stdout] ...
[INFO] [stdout] 219 |     pub fn direction(mut self, direction: Direction) -> Self {
[INFO] [stdout]     |            ^^^^^^^^^
[INFO] [stdout] 
[INFO] [stdout] 
[INFO] [stdout] warning: multiple methods are never used
[INFO] [stdout]   --> src/style.rs:46:12
[INFO] [stdout]    |
[INFO] [stdout] 17 | impl Style {
[INFO] [stdout]    | ---------- methods in this implementation
[INFO] [stdout] ...
[INFO] [stdout] 46 |     pub fn min_width(mut self, min_width: Scalar) -> Self {
[INFO] [stdout]    |            ^^^^^^^^^
[INFO] [stdout] ...
[INFO] [stdout] 51 |     pub fn max_width(mut self, max_width: Scalar) -> Self {
[INFO] [stdout]    |            ^^^^^^^^^
[INFO] [stdout] ...
[INFO] [stdout] 56 |     pub fn min_height(mut self, min_height: Scalar) -> Self {
[INFO] [stdout]    |            ^^^^^^^^^^
[INFO] [stdout] ...
[INFO] [stdout] 61 |     pub fn max_height(mut self, max_height: Scalar) -> Self {
[INFO] [stdout]    |            ^^^^^^^^^^
[INFO] [stdout] ...
[INFO] [stdout] 66 |     pub fn padding(mut self, padding: FixedScalar) -> Self {
[INFO] [stdout]    |            ^^^^^^^
[INFO] [stdout] ...
[INFO] [stdout] 71 |     pub fn gap(mut self, gap: FixedScalar) -> Self {
[INFO] [stdout]    |            ^^^
[INFO] [stdout] ...
[INFO] [stdout] 76 |     pub fn align(mut self, align: Align) -> Self {
[INFO] [stdout]    |            ^^^^^
[INFO] [stdout] ...
[INFO] [stdout] 81 |     pub fn anchor(mut self, anchor: Align) -> Self {
[INFO] [stdout]    |            ^^^^^^
[INFO] [stdout] ...
[INFO] [stdout] 85 |     pub fn direction(mut self, direction: Direction) -> Self {
[INFO] [stdout]    |            ^^^^^^^^^
[INFO] [stdout] 
[INFO] [stdout] 
[INFO] [stdout] warning: variants `X` and `Z` are never constructed
[INFO] [stdout]   --> src/types.rs:11:5
[INFO] [stdout]    |
[INFO] [stdout] 10 | pub enum Direction {
[INFO] [stdout]    |          --------- variants in this enum
[INFO] [stdout] 11 |     X,
[INFO] [stdout]    |     ^
[INFO] [stdout] 12 |     Y,
[INFO] [stdout] 13 |     Z,
[INFO] [stdout]    |     ^
[INFO] [stdout]    |
[INFO] [stdout]    = note: `Direction` has derived impls for the traits `Clone` and `Debug`, but these are intentionally ignored during dead code analysis
[INFO] [stdout] 
[INFO] [stdout] 
[INFO] [stdout] warning: variants `Start`, `Center`, `End`, and `Wide` are never constructed
[INFO] [stdout]   --> src/types.rs:21:5
[INFO] [stdout]    |
[INFO] [stdout] 20 | pub enum HAlign {
[INFO] [stdout]    |          ------ variants in this enum
[INFO] [stdout] 21 |     Start,
[INFO] [stdout]    |     ^^^^^
[INFO] [stdout] 22 |     Center,
[INFO] [stdout]    |     ^^^^^^
[INFO] [stdout] 23 |     End,
[INFO] [stdout]    |     ^^^
[INFO] [stdout] 24 |     Wide,
[INFO] [stdout]    |     ^^^^
[INFO] [stdout]    |
[INFO] [stdout]    = note: `HAlign` has derived impls for the traits `Clone` and `Debug`, but these are intentionally ignored during dead code analysis
[INFO] [stdout] 
[INFO] [stdout] 
[INFO] [stdout] warning: variants `Top`, `Center`, `Bottom`, and `Tall` are never constructed
[INFO] [stdout]   --> src/types.rs:29:5
[INFO] [stdout]    |
[INFO] [stdout] 28 | pub enum VAlign {
[INFO] [stdout]    |          ------ variants in this enum
[INFO] [stdout] 29 |     Top,
[INFO] [stdout]    |     ^^^
[INFO] [stdout] 30 |     Center,
[INFO] [stdout]    |     ^^^^^^
[INFO] [stdout] 31 |     Bottom,
[INFO] [stdout]    |     ^^^^^^
[INFO] [stdout] 32 |     Tall,
[INFO] [stdout]    |     ^^^^
[INFO] [stdout]    |
[INFO] [stdout]    = note: `VAlign` has derived impls for the traits `Clone` and `Debug`, but these are intentionally ignored during dead code analysis
[INFO] [stdout] 
[INFO] [stdout] 
[INFO] [stdout] warning: variants `HAlign`, `VAlign`, and `Both` are never constructed
[INFO] [stdout]   --> src/types.rs:37:5
[INFO] [stdout]    |
[INFO] [stdout] 36 | pub enum Align {
[INFO] [stdout]    |          ----- variants in this enum
[INFO] [stdout] 37 |     HAlign(HAlign),
[INFO] [stdout]    |     ^^^^^^
[INFO] [stdout] 38 |     VAlign(VAlign),
[INFO] [stdout]    |     ^^^^^^
[INFO] [stdout] 39 |     Both(HAlign, VAlign),
[INFO] [stdout]    |     ^^^^
[INFO] [stdout]    |
[INFO] [stdout]    = note: `Align` has derived impls for the traits `Clone` and `Debug`, but these are intentionally ignored during dead code analysis
[INFO] [stdout] 
[INFO] [stdout] 
[INFO] [stdout] warning: associated function `new` is never used
[INFO] [stdout]   --> src/types.rs:59:12
[INFO] [stdout]    |
[INFO] [stdout] 50 | impl Rectangle {
[INFO] [stdout]    | -------------- associated function in this implementation
[INFO] [stdout] ...
[INFO] [stdout] 59 |     pub fn new(x: FixedScalar, y: FixedScalar, width: FixedScalar, height: FixedScalar) -> Self {
[INFO] [stdout]    |            ^^^
[INFO] [stdout] 
[INFO] [stdout] 
[INFO] [stdout] warning: associated function `new` is never used
[INFO] [stdout]   --> src/types.rs:83:12
[INFO] [stdout]    |
[INFO] [stdout] 75 | impl Size {
[INFO] [stdout]    | --------- associated function in this implementation
[INFO] [stdout] ...
[INFO] [stdout] 83 |     pub fn new(width: FixedScalar, height: FixedScalar) -> Self {
[INFO] [stdout]    |            ^^^
[INFO] [stdout] 
[INFO] [stdout] 
[INFO] [stdout] warning: 15 warnings emitted
[INFO] [stdout] 
[INFO] [stdout] 
[INFO] [stderr]     Finished test [unoptimized + debuginfo] target(s) in 0.45s
[INFO] running `Command { std: "docker" "inspect" "70989ca5d3fa514370e9ca9b9ccda6dd95fedfbb706683e2defd033e2b6941ce", kill_on_drop: false }`
[INFO] running `Command { std: "docker" "rm" "-f" "70989ca5d3fa514370e9ca9b9ccda6dd95fedfbb706683e2defd033e2b6941ce", kill_on_drop: false }`
[INFO] [stdout] 70989ca5d3fa514370e9ca9b9ccda6dd95fedfbb706683e2defd033e2b6941ce
[INFO] running `Command { std: "docker" "create" "-v" "/var/lib/crater-agent-workspace/builds/worker-2-tc1/target:/opt/rustwide/target:rw,Z" "-v" "/var/lib/crater-agent-workspace/builds/worker-2-tc1/source:/opt/rustwide/workdir:ro,Z" "-v" "/var/lib/crater-agent-workspace/cargo-home:/opt/rustwide/cargo-home:ro,Z" "-v" "/var/lib/crater-agent-workspace/rustup-home:/opt/rustwide/rustup-home:ro,Z" "-e" "SOURCE_DIR=/opt/rustwide/workdir" "-e" "CARGO_TARGET_DIR=/opt/rustwide/target" "-e" "CARGO_INCREMENTAL=0" "-e" "RUST_BACKTRACE=full" "-e" "RUSTFLAGS=--cap-lints=warn" "-e" "RUSTDOCFLAGS=--cap-lints=warn" "-e" "CARGO_HOME=/opt/rustwide/cargo-home" "-e" "RUSTUP_HOME=/opt/rustwide/rustup-home" "-w" "/opt/rustwide/workdir" "-m" "1610612736" "--user" "0:0" "--network" "none" "ghcr.io/rust-lang/crates-build-env/linux@sha256:2788e3201cd34a07e3172128adcd8b3090168a8e3bcc40d7c032b9dda1df7d1c" "/opt/rustwide/cargo-home/bin/cargo" "+1.75.0" "test" "--frozen", kill_on_drop: false }`
[INFO] [stdout] 7f3b147ebab73c618e1170e2d9e131dd17134b7e86b093cec548dfe85eb33ee5
[INFO] running `Command { std: "docker" "start" "-a" "7f3b147ebab73c618e1170e2d9e131dd17134b7e86b093cec548dfe85eb33ee5", kill_on_drop: false }`
[INFO] [stderr] warning: unused variable: `context`
[INFO] [stderr]   --> src/node.rs:15:38
[INFO] [stderr]    |
[INFO] [stderr] 15 |     pub fn compute_layout(&mut self, context: &context::Context) {
[INFO] [stderr]    |                                      ^^^^^^^ help: if this is intentional, prefix it with an underscore: `_context`
[INFO] [stderr]    |
[INFO] [stderr]    = note: `#[warn(unused_variables)]` on by default
[INFO] [stderr] 
[INFO] [stderr] warning: fields `desired_width` and `desired_height` are never read
[INFO] [stderr]   --> src/context.rs:12:16
[INFO] [stderr]    |
[INFO] [stderr] 7  | pub struct Context {
[INFO] [stderr]    |            ------- fields in this struct
[INFO] [stderr] ...
[INFO] [stderr] 12 |     pub(crate) desired_width: FixedScalar,
[INFO] [stderr]    |                ^^^^^^^^^^^^^
[INFO] [stderr] 13 |     pub(crate) desired_height: FixedScalar,
[INFO] [stderr]    |                ^^^^^^^^^^^^^^
[INFO] [stderr]    |
[INFO] [stderr]    = note: `Context` has a derived impl for the trait `Clone`, but this is intentionally ignored during dead code analysis
[INFO] [stderr]    = note: `#[warn(dead_code)]` on by default
[INFO] [stderr] 
[INFO] [stderr] warning: function `single_node_fixture` is never used
[INFO] [stderr]  --> src/fixtures.rs:3:8
[INFO] [stderr]   |
[INFO] [stderr] 3 | pub fn single_node_fixture() -> Node {
[INFO] [stderr]   |        ^^^^^^^^^^^^^^^^^^^
[INFO] [stderr] 
[INFO] [stderr] warning: function `vertical_stack_fixture` is never used
[INFO] [stderr]  --> src/fixtures.rs:7:8
[INFO] [stderr]   |
[INFO] [stderr] 7 | pub fn vertical_stack_fixture() -> Node {
[INFO] [stderr]   |        ^^^^^^^^^^^^^^^^^^^^^^
[INFO] [stderr] 
[INFO] [stderr] warning: function `horizontal_stack_fixture` is never used
[INFO] [stderr]   --> src/fixtures.rs:19:8
[INFO] [stderr]    |
[INFO] [stderr] 19 | pub fn horizontal_stack_fixture() -> Node {
[INFO] [stderr]    |        ^^^^^^^^^^^^^^^^^^^^^^^^
[INFO] [stderr] 
[INFO] [stderr] warning: methods `compute_layout` and `compute_self` are never used
[INFO] [stderr]   --> src/node.rs:15:12
[INFO] [stderr]    |
[INFO] [stderr] 14 | impl Node {
[INFO] [stderr]    | --------- methods in this implementation
[INFO] [stderr] 15 |     pub fn compute_layout(&mut self, context: &context::Context) {
[INFO] [stderr]    |            ^^^^^^^^^^^^^^
[INFO] [stderr] ...
[INFO] [stderr] 27 |     pub fn compute_self(&mut self) -> Rectangle {
[INFO] [stderr]    |            ^^^^^^^^^^^^
[INFO] [stderr] 
[INFO] [stderr] warning: methods `remove_child`, `get_child`, `get_child_mut`, `set_style`, `set_measure`, and `mark_dirty` are never used
[INFO] [stderr]    --> src/node.rs:113:12
[INFO] [stderr]     |
[INFO] [stderr] 93  | impl Node {
[INFO] [stderr]     | --------- methods in this implementation
[INFO] [stderr] ...
[INFO] [stderr] 113 |     pub fn remove_child(&mut self, index: usize) {
[INFO] [stderr]     |            ^^^^^^^^^^^^
[INFO] [stderr] ...
[INFO] [stderr] 121 |     pub fn get_child(&self, index: usize) -> Option<&Node> {
[INFO] [stderr]     |            ^^^^^^^^^
[INFO] [stderr] ...
[INFO] [stderr] 126 |     pub fn get_child_mut(&mut self, index: usize) -> Option<&mut Node> {
[INFO] [stderr]     |            ^^^^^^^^^^^^^
[INFO] [stderr] ...
[INFO] [stderr] 131 |     pub fn set_style(&mut self, style: Style) -> &mut Self {
[INFO] [stderr]     |            ^^^^^^^^^
[INFO] [stderr] ...
[INFO] [stderr] 138 |     pub fn set_measure(&mut self, measure: Box<dyn Fn() -> Size>) -> &mut Self {
[INFO] [stderr]     |            ^^^^^^^^^^^
[INFO] [stderr] ...
[INFO] [stderr] 145 |     pub fn mark_dirty(&mut self, deep: bool) -> &mut Self {
[INFO] [stderr]     |            ^^^^^^^^^^
[INFO] [stderr] 
[INFO] [stderr] warning: multiple methods are never used
[INFO] [stderr]    --> src/node.rs:171:12
[INFO] [stderr]     |
[INFO] [stderr] 156 | impl Node {
[INFO] [stderr]     | --------- methods in this implementation
[INFO] [stderr] ...
[INFO] [stderr] 171 |     pub fn min_width(mut self, min_width: Scalar) -> Self {
[INFO] [stderr]     |            ^^^^^^^^^
[INFO] [stderr] ...
[INFO] [stderr] 177 |     pub fn max_width(mut self, max_width: Scalar) -> Self {
[INFO] [stderr]     |            ^^^^^^^^^
[INFO] [stderr] ...
[INFO] [stderr] 183 |     pub fn min_height(mut self, min_height: Scalar) -> Self {
[INFO] [stderr]     |            ^^^^^^^^^^
[INFO] [stderr] ...
[INFO] [stderr] 189 |     pub fn max_height(mut self, max_height: Scalar) -> Self {
[INFO] [stderr]     |            ^^^^^^^^^^
[INFO] [stderr] ...
[INFO] [stderr] 195 |     pub fn padding(mut self, padding: FixedScalar) -> Self {
[INFO] [stderr]     |            ^^^^^^^
[INFO] [stderr] ...
[INFO] [stderr] 201 |     pub fn gap(mut self, gap: FixedScalar) -> Self {
[INFO] [stderr]     |            ^^^
[INFO] [stderr] ...
[INFO] [stderr] 207 |     pub fn align(mut self, align: Align) -> Self {
[INFO] [stderr]     |            ^^^^^
[INFO] [stderr] ...
[INFO] [stderr] 213 |     pub fn anchor(mut self, anchor: Align) -> Self {
[INFO] [stderr]     |            ^^^^^^
[INFO] [stderr] ...
[INFO] [stderr] 219 |     pub fn direction(mut self, direction: Direction) -> Self {
[INFO] [stderr]     |            ^^^^^^^^^
[INFO] [stderr] 
[INFO] [stderr] warning: multiple methods are never used
[INFO] [stderr]   --> src/style.rs:46:12
[INFO] [stderr]    |
[INFO] [stderr] 17 | impl Style {
[INFO] [stderr]    | ---------- methods in this implementation
[INFO] [stderr] ...
[INFO] [stderr] 46 |     pub fn min_width(mut self, min_width: Scalar) -> Self {
[INFO] [stderr]    |            ^^^^^^^^^
[INFO] [stderr] ...
[INFO] [stderr] 51 |     pub fn max_width(mut self, max_width: Scalar) -> Self {
[INFO] [stderr]    |            ^^^^^^^^^
[INFO] [stderr] ...
[INFO] [stderr] 56 |     pub fn min_height(mut self, min_height: Scalar) -> Self {
[INFO] [stderr]    |            ^^^^^^^^^^
[INFO] [stderr] ...
[INFO] [stderr] 61 |     pub fn max_height(mut self, max_height: Scalar) -> Self {
[INFO] [stderr]    |            ^^^^^^^^^^
[INFO] [stderr] ...
[INFO] [stderr] 66 |     pub fn padding(mut self, padding: FixedScalar) -> Self {
[INFO] [stderr]    |            ^^^^^^^
[INFO] [stderr] ...
[INFO] [stderr] 71 |     pub fn gap(mut self, gap: FixedScalar) -> Self {
[INFO] [stderr]    |            ^^^
[INFO] [stderr] ...
[INFO] [stderr] 76 |     pub fn align(mut self, align: Align) -> Self {
[INFO] [stderr]    |            ^^^^^
[INFO] [stderr] ...
[INFO] [stderr] 81 |     pub fn anchor(mut self, anchor: Align) -> Self {
[INFO] [stderr]    |            ^^^^^^
[INFO] [stderr] ...
[INFO] [stderr] 85 |     pub fn direction(mut self, direction: Direction) -> Self {
[INFO] [stderr]    |            ^^^^^^^^^
[INFO] [stderr] 
[INFO] [stderr] warning: variants `X` and `Z` are never constructed
[INFO] [stderr]   --> src/types.rs:11:5
[INFO] [stderr]    |
[INFO] [stderr] 10 | pub enum Direction {
[INFO] [stderr]    |          --------- variants in this enum
[INFO] [stderr] 11 |     X,
[INFO] [stderr]    |     ^
[INFO] [stderr] 12 |     Y,
[INFO] [stderr] 13 |     Z,
[INFO] [stderr]    |     ^
[INFO] [stderr]    |
[INFO] [stderr]    = note: `Direction` has derived impls for the traits `Clone` and `Debug`, but these are intentionally ignored during dead code analysis
[INFO] [stderr] 
[INFO] [stderr] warning: variants `Start`, `Center`, `End`, and `Wide` are never constructed
[INFO] [stderr]   --> src/types.rs:21:5
[INFO] [stderr]    |
[INFO] [stderr] 20 | pub enum HAlign {
[INFO] [stderr]    |          ------ variants in this enum
[INFO] [stderr] 21 |     Start,
[INFO] [stderr]    |     ^^^^^
[INFO] [stderr] 22 |     Center,
[INFO] [stderr]    |     ^^^^^^
[INFO] [stderr] 23 |     End,
[INFO] [stderr]    |     ^^^
[INFO] [stderr] 24 |     Wide,
[INFO] [stderr]    |     ^^^^
[INFO] [stderr]    |
[INFO] [stderr]    = note: `HAlign` has derived impls for the traits `Clone` and `Debug`, but these are intentionally ignored during dead code analysis
[INFO] [stderr] 
[INFO] [stderr] warning: variants `Top`, `Center`, `Bottom`, and `Tall` are never constructed
[INFO] [stderr]   --> src/types.rs:29:5
[INFO] [stderr]    |
[INFO] [stderr] 28 | pub enum VAlign {
[INFO] [stderr]    |          ------ variants in this enum
[INFO] [stderr] 29 |     Top,
[INFO] [stderr]    |     ^^^
[INFO] [stderr] 30 |     Center,
[INFO] [stderr]    |     ^^^^^^
[INFO] [stderr] 31 |     Bottom,
[INFO] [stderr]    |     ^^^^^^
[INFO] [stderr] 32 |     Tall,
[INFO] [stderr]    |     ^^^^
[INFO] [stderr]    |
[INFO] [stderr]    = note: `VAlign` has derived impls for the traits `Clone` and `Debug`, but these are intentionally ignored during dead code analysis
[INFO] [stderr] 
[INFO] [stderr] warning: variants `HAlign`, `VAlign`, and `Both` are never constructed
[INFO] [stderr]   --> src/types.rs:37:5
[INFO] [stderr]    |
[INFO] [stderr] 36 | pub enum Align {
[INFO] [stderr]    |          ----- variants in this enum
[INFO] [stderr] 37 |     HAlign(HAlign),
[INFO] [stderr]    |     ^^^^^^
[INFO] [stderr] 38 |     VAlign(VAlign),
[INFO] [stderr]    |     ^^^^^^
[INFO] [stderr] 39 |     Both(HAlign, VAlign),
[INFO] [stderr]    |     ^^^^
[INFO] [stderr]    |
[INFO] [stderr]    = note: `Align` has derived impls for the traits `Clone` and `Debug`, but these are intentionally ignored during dead code analysis
[INFO] [stderr] 
[INFO] [stderr] warning: associated function `new` is never used
[INFO] [stderr]   --> src/types.rs:59:12
[INFO] [stderr]    |
[INFO] [stderr] 50 | impl Rectangle {
[INFO] [stderr]    | -------------- associated function in this implementation
[INFO] [stderr] ...
[INFO] [stderr] 59 |     pub fn new(x: FixedScalar, y: FixedScalar, width: FixedScalar, height: FixedScalar) -> Self {
[INFO] [stderr]    |            ^^^
[INFO] [stderr] 
[INFO] [stderr] warning: associated function `new` is never used
[INFO] [stderr]   --> src/types.rs:83:12
[INFO] [stderr]    |
[INFO] [stderr] 75 | impl Size {
[INFO] [stderr]    | --------- associated function in this implementation
[INFO] [stderr] ...
[INFO] [stderr] 83 |     pub fn new(width: FixedScalar, height: FixedScalar) -> Self {
[INFO] [stderr]    |            ^^^
[INFO] [stderr] 
[INFO] [stderr] warning: `slay` (bin "slay" test) generated 15 warnings (run `cargo fix --bin "slay" --tests` to apply 1 suggestion)
[INFO] [stderr]     Finished test [unoptimized + debuginfo] target(s) in 0.01s
[INFO] [stderr]      Running unittests src/main.rs (/opt/rustwide/target/debug/deps/slay-d0608020bf068325)
[INFO] [stdout] 
[INFO] [stdout] running 2 tests
[INFO] [stdout] test node::tests::test_minimum_size ... ok
[INFO] [stdout] test node::tests::test_natural_size ... FAILED
[INFO] [stdout] 
[INFO] [stdout] failures:
[INFO] [stdout] 
[INFO] [stdout] ---- node::tests::test_natural_size stdout ----
[INFO] [stdout] thread 'node::tests::test_natural_size' panicked at src/node.rs:252:9:
[INFO] [stdout] assertion `left == right` failed
[INFO] [stdout]   left: 100
[INFO] [stdout]  right: 1000
[INFO] [stdout] stack backtrace:
[INFO] [stdout]    0:     0x55d98a313b0c - std::backtrace_rs::backtrace::libunwind::trace::ha637c64ce894333a
[INFO] [stdout]                                at /rustc/82e1608dfa6e0b5569232559e3d385fea5a93112/library/std/src/../../backtrace/src/backtrace/libunwind.rs:104:5
[INFO] [stdout]    1:     0x55d98a313b0c - std::backtrace_rs::backtrace::trace_unsynchronized::h47f62dea28e0c88d
[INFO] [stdout]                                at /rustc/82e1608dfa6e0b5569232559e3d385fea5a93112/library/std/src/../../backtrace/src/backtrace/mod.rs:66:5
[INFO] [stdout]    2:     0x55d98a313b0c - std::sys_common::backtrace::_print_fmt::h9eef0abe20ede486
[INFO] [stdout]                                at /rustc/82e1608dfa6e0b5569232559e3d385fea5a93112/library/std/src/sys_common/backtrace.rs:67:5
[INFO] [stdout]    3:     0x55d98a313b0c - <std::sys_common::backtrace::_print::DisplayBacktrace as core::fmt::Display>::fmt::hed7f999df88cc644
[INFO] [stdout]                                at /rustc/82e1608dfa6e0b5569232559e3d385fea5a93112/library/std/src/sys_common/backtrace.rs:44:22
[INFO] [stdout]    4:     0x55d98a33d650 - core::fmt::rt::Argument::fmt::h1539a9308b8d058d
[INFO] [stdout]                                at /rustc/82e1608dfa6e0b5569232559e3d385fea5a93112/library/core/src/fmt/rt.rs:142:9
[INFO] [stdout]    5:     0x55d98a33d650 - core::fmt::write::h3a39390d8560d9c9
[INFO] [stdout]                                at /rustc/82e1608dfa6e0b5569232559e3d385fea5a93112/library/core/src/fmt/mod.rs:1120:17
[INFO] [stdout]    6:     0x55d98a3114bf - std::io::Write::write_fmt::h040b369f3a0f9cbc
[INFO] [stdout]                                at /rustc/82e1608dfa6e0b5569232559e3d385fea5a93112/library/std/src/io/mod.rs:1762:15
[INFO] [stdout]    7:     0x55d98a3138f4 - std::sys_common::backtrace::_print::h894006fb5c6f3d45
[INFO] [stdout]                                at /rustc/82e1608dfa6e0b5569232559e3d385fea5a93112/library/std/src/sys_common/backtrace.rs:47:5
[INFO] [stdout]    8:     0x55d98a3138f4 - std::sys_common::backtrace::print::h23a2d212c6fff936
[INFO] [stdout]                                at /rustc/82e1608dfa6e0b5569232559e3d385fea5a93112/library/std/src/sys_common/backtrace.rs:34:9
[INFO] [stdout]    9:     0x55d98a3155b7 - std::panicking::default_hook::{{closure}}::h8a1d2ee00185001a
[INFO] [stdout]   10:     0x55d98a3152a3 - std::panicking::default_hook::h6038f2eba384e475
[INFO] [stdout]                                at /rustc/82e1608dfa6e0b5569232559e3d385fea5a93112/library/std/src/panicking.rs:289:9
[INFO] [stdout]   11:     0x55d98a2e5cb7 - <alloc::boxed::Box<F,A> as core::ops::function::Fn<Args>>::call::h0ad024c9bdc6d768
[INFO] [stdout]                                at /rustc/82e1608dfa6e0b5569232559e3d385fea5a93112/library/alloc/src/boxed.rs:2021:9
[INFO] [stdout]   12:     0x55d98a2e5cb7 - test::test_main::{{closure}}::h7500b54257359db6
[INFO] [stdout]                                at /rustc/82e1608dfa6e0b5569232559e3d385fea5a93112/library/test/src/lib.rs:138:21
[INFO] [stdout]   13:     0x55d98a315bc8 - <alloc::boxed::Box<F,A> as core::ops::function::Fn<Args>>::call::h1f8f335eaa9cfaee
[INFO] [stdout]                                at /rustc/82e1608dfa6e0b5569232559e3d385fea5a93112/library/alloc/src/boxed.rs:2021:9
[INFO] [stdout]   14:     0x55d98a315bc8 - std::panicking::rust_panic_with_hook::h2b5517d590cab22e
[INFO] [stdout]                                at /rustc/82e1608dfa6e0b5569232559e3d385fea5a93112/library/std/src/panicking.rs:783:13
[INFO] [stdout]   15:     0x55d98a31591e - std::panicking::begin_panic_handler::{{closure}}::h233112c06e0ef43e
[INFO] [stdout]                                at /rustc/82e1608dfa6e0b5569232559e3d385fea5a93112/library/std/src/panicking.rs:657:13
[INFO] [stdout]   16:     0x55d98a313fd6 - std::sys_common::backtrace::__rust_end_short_backtrace::h6e893f24d7ebbff8
[INFO] [stdout]                                at /rustc/82e1608dfa6e0b5569232559e3d385fea5a93112/library/std/src/sys_common/backtrace.rs:170:18
[INFO] [stdout]   17:     0x55d98a315682 - rust_begin_unwind
[INFO] [stdout]                                at /rustc/82e1608dfa6e0b5569232559e3d385fea5a93112/library/std/src/panicking.rs:645:5
[INFO] [stdout]   18:     0x55d98a2accf5 - core::panicking::panic_fmt::hbf0e066aabfa482c
[INFO] [stdout]                                at /rustc/82e1608dfa6e0b5569232559e3d385fea5a93112/library/core/src/panicking.rs:72:14
[INFO] [stdout]   19:     0x55d98a2ad01b - core::panicking::assert_failed_inner::h0bba8b7c26ee4492
[INFO] [stdout]   20:     0x55d98a2ae42e - core::panicking::assert_failed::h30dd37b88506c681
[INFO] [stdout]                                at /rustc/82e1608dfa6e0b5569232559e3d385fea5a93112/library/core/src/panicking.rs:279:5
[INFO] [stdout]   21:     0x55d98a2b2268 - slay::node::tests::test_natural_size::h87a1df5b05510290
[INFO] [stdout]                                at /opt/rustwide/workdir/src/node.rs:252:9
[INFO] [stdout]   22:     0x55d98a2b20b7 - slay::node::tests::test_natural_size::{{closure}}::h54ac5b3d581ff5f4
[INFO] [stdout]                                at /opt/rustwide/workdir/src/node.rs:244:27
[INFO] [stdout]   23:     0x55d98a2adbb6 - core::ops::function::FnOnce::call_once::h1aacda2e754632d3
[INFO] [stdout]                                at /rustc/82e1608dfa6e0b5569232559e3d385fea5a93112/library/core/src/ops/function.rs:250:5
[INFO] [stdout]   24:     0x55d98a2eb30f - core::ops::function::FnOnce::call_once::h2b5d431d5046312d
[INFO] [stdout]                                at /rustc/82e1608dfa6e0b5569232559e3d385fea5a93112/library/core/src/ops/function.rs:250:5
[INFO] [stdout]   25:     0x55d98a2eb30f - test::__rust_begin_short_backtrace::h7714669af176e207
[INFO] [stdout]                                at /rustc/82e1608dfa6e0b5569232559e3d385fea5a93112/library/test/src/lib.rs:628:18
[INFO] [stdout]   26:     0x55d98a2ea325 - test::run_test_in_process::{{closure}}::h85218797dcbcec12
[INFO] [stdout]                                at /rustc/82e1608dfa6e0b5569232559e3d385fea5a93112/library/test/src/lib.rs:651:60
[INFO] [stdout]   27:     0x55d98a2ea325 - <core::panic::unwind_safe::AssertUnwindSafe<F> as core::ops::function::FnOnce<()>>::call_once::h76c106ea31c14d7b
[INFO] [stdout]                                at /rustc/82e1608dfa6e0b5569232559e3d385fea5a93112/library/core/src/panic/unwind_safe.rs:272:9
[INFO] [stdout]   28:     0x55d98a2ea325 - std::panicking::try::do_call::h3bd5d0f6620ee946
[INFO] [stdout]                                at /rustc/82e1608dfa6e0b5569232559e3d385fea5a93112/library/std/src/panicking.rs:552:40
[INFO] [stdout]   29:     0x55d98a2ea325 - std::panicking::try::h232e535e4744fe31
[INFO] [stdout]                                at /rustc/82e1608dfa6e0b5569232559e3d385fea5a93112/library/std/src/panicking.rs:516:19
[INFO] [stdout]   30:     0x55d98a2ea325 - std::panic::catch_unwind::h3ce3bd6ca8dbac68
[INFO] [stdout]                                at /rustc/82e1608dfa6e0b5569232559e3d385fea5a93112/library/std/src/panic.rs:142:14
[INFO] [stdout]   31:     0x55d98a2ea325 - test::run_test_in_process::hc97b257c9621286a
[INFO] [stdout]                                at /rustc/82e1608dfa6e0b5569232559e3d385fea5a93112/library/test/src/lib.rs:651:27
[INFO] [stdout]   32:     0x55d98a2ea325 - test::run_test::{{closure}}::h2aa798823a438d38
[INFO] [stdout]                                at /rustc/82e1608dfa6e0b5569232559e3d385fea5a93112/library/test/src/lib.rs:574:43
[INFO] [stdout]   33:     0x55d98a2b25e6 - test::run_test::{{closure}}::h87d231c78fb59832
[INFO] [stdout]                                at /rustc/82e1608dfa6e0b5569232559e3d385fea5a93112/library/test/src/lib.rs:602:41
[INFO] [stdout]   34:     0x55d98a2b25e6 - std::sys_common::backtrace::__rust_begin_short_backtrace::he6df152596625789
[INFO] [stdout]                                at /rustc/82e1608dfa6e0b5569232559e3d385fea5a93112/library/std/src/sys_common/backtrace.rs:154:18
[INFO] [stdout]   35:     0x55d98a2b7697 - std::thread::Builder::spawn_unchecked_::{{closure}}::{{closure}}::ha94be15d1e0acf36
[INFO] [stdout]                                at /rustc/82e1608dfa6e0b5569232559e3d385fea5a93112/library/std/src/thread/mod.rs:529:17
[INFO] [stdout]   36:     0x55d98a2b7697 - <core::panic::unwind_safe::AssertUnwindSafe<F> as core::ops::function::FnOnce<()>>::call_once::h9dc6bd6372f16606
[INFO] [stdout]                                at /rustc/82e1608dfa6e0b5569232559e3d385fea5a93112/library/core/src/panic/unwind_safe.rs:272:9
[INFO] [stdout]   37:     0x55d98a2b7697 - std::panicking::try::do_call::h9057517f80303cd4
[INFO] [stdout]                                at /rustc/82e1608dfa6e0b5569232559e3d385fea5a93112/library/std/src/panicking.rs:552:40
[INFO] [stdout]   38:     0x55d98a2b7697 - std::panicking::try::he3a30b11ee45340c
[INFO] [stdout]                                at /rustc/82e1608dfa6e0b5569232559e3d385fea5a93112/library/std/src/panicking.rs:516:19
[INFO] [stdout]   39:     0x55d98a2b7697 - std::panic::catch_unwind::h410458cfd3528b8b
[INFO] [stdout]                                at /rustc/82e1608dfa6e0b5569232559e3d385fea5a93112/library/std/src/panic.rs:142:14
[INFO] [stdout]   40:     0x55d98a2b7697 - std::thread::Builder::spawn_unchecked_::{{closure}}::h72ac3bdb567b737b
[INFO] [stdout]                                at /rustc/82e1608dfa6e0b5569232559e3d385fea5a93112/library/std/src/thread/mod.rs:528:30
[INFO] [stdout]   41:     0x55d98a2b7697 - core::ops::function::FnOnce::call_once{{vtable.shim}}::h38f34da3654a8344
[INFO] [stdout]                                at /rustc/82e1608dfa6e0b5569232559e3d385fea5a93112/library/core/src/ops/function.rs:250:5
[INFO] [stdout]   42:     0x55d98a31a655 - <alloc::boxed::Box<F,A> as core::ops::function::FnOnce<Args>>::call_once::hc7eafaff61e32df9
[INFO] [stdout]                                at /rustc/82e1608dfa6e0b5569232559e3d385fea5a93112/library/alloc/src/boxed.rs:2007:9
[INFO] [stdout]   43:     0x55d98a31a655 - <alloc::boxed::Box<F,A> as core::ops::function::FnOnce<Args>>::call_once::h6ba4a5de48dd2304
[INFO] [stdout]                                at /rustc/82e1608dfa6e0b5569232559e3d385fea5a93112/library/alloc/src/boxed.rs:2007:9
[INFO] [stdout]   44:     0x55d98a31a655 - std::sys::unix::thread::Thread::new::thread_start::he469335aef763e45
[INFO] [stdout]                                at /rustc/82e1608dfa6e0b5569232559e3d385fea5a93112/library/std/src/sys/unix/thread.rs:108:17
[INFO] [stdout]   45:     0x7f640d20eac3 - <unknown>
[INFO] [stdout]   46:     0x7f640d29fbf4 - __clone
[INFO] [stdout]   47:                0x0 - <unknown>
[INFO] [stdout] 
[INFO] [stdout] 
[INFO] [stdout] failures:
[INFO] [stdout]     node::tests::test_natural_size
[INFO] [stdout] 
[INFO] [stdout] test result: FAILED. 1 passed; 1 failed; 0 ignored; 0 measured; 0 filtered out; finished in 0.02s
[INFO] [stdout] 
[INFO] [stderr] error: test failed, to rerun pass `--bin slay`
[INFO] running `Command { std: "docker" "inspect" "7f3b147ebab73c618e1170e2d9e131dd17134b7e86b093cec548dfe85eb33ee5", kill_on_drop: false }`
[INFO] running `Command { std: "docker" "rm" "-f" "7f3b147ebab73c618e1170e2d9e131dd17134b7e86b093cec548dfe85eb33ee5", kill_on_drop: false }`
[INFO] [stdout] 7f3b147ebab73c618e1170e2d9e131dd17134b7e86b093cec548dfe85eb33ee5
[INFO] testing fizx/slay against beta-2023-12-22 for beta-1.76-1
[INFO] running `Command { std: "git" "clone" "/workspace/cache/git-repos/https%3A%2F%2Fgithub.com%2Ffizx%2Fslay" "/workspace/builds/worker-2-tc2/source", kill_on_drop: false }`
[INFO] [stderr] Cloning into '/workspace/builds/worker-2-tc2/source'...
[INFO] [stderr] done.
[INFO] validating manifest of git repo https://github.com/fizx/slay on toolchain beta-2023-12-22
[INFO] running `Command { std: CARGO_HOME="/workspace/cargo-home" RUSTUP_HOME="/workspace/rustup-home" "/workspace/cargo-home/bin/cargo" "+beta-2023-12-22" "metadata" "--manifest-path" "Cargo.toml" "--no-deps", kill_on_drop: false }`
[INFO] started tweaking git repo https://github.com/fizx/slay
[INFO] finished tweaking git repo https://github.com/fizx/slay
[INFO] tweaked toml for git repo https://github.com/fizx/slay written to /workspace/builds/worker-2-tc2/source/Cargo.toml
[INFO] crate git repo https://github.com/fizx/slay already has a lockfile, it will not be regenerated
[INFO] running `Command { std: CARGO_HOME="/workspace/cargo-home" RUSTUP_HOME="/workspace/rustup-home" "/workspace/cargo-home/bin/cargo" "+beta-2023-12-22" "fetch" "--manifest-path" "Cargo.toml", kill_on_drop: false }`
[INFO] running `Command { std: "docker" "create" "-v" "/var/lib/crater-agent-workspace/builds/worker-2-tc2/target:/opt/rustwide/target:rw,Z" "-v" "/var/lib/crater-agent-workspace/builds/worker-2-tc2/source:/opt/rustwide/workdir:ro,Z" "-v" "/var/lib/crater-agent-workspace/cargo-home:/opt/rustwide/cargo-home:ro,Z" "-v" "/var/lib/crater-agent-workspace/rustup-home:/opt/rustwide/rustup-home:ro,Z" "-e" "SOURCE_DIR=/opt/rustwide/workdir" "-e" "CARGO_TARGET_DIR=/opt/rustwide/target" "-e" "CARGO_HOME=/opt/rustwide/cargo-home" "-e" "RUSTUP_HOME=/opt/rustwide/rustup-home" "-w" "/opt/rustwide/workdir" "-m" "1610612736" "--user" "0:0" "--network" "none" "ghcr.io/rust-lang/crates-build-env/linux@sha256:2788e3201cd34a07e3172128adcd8b3090168a8e3bcc40d7c032b9dda1df7d1c" "/opt/rustwide/cargo-home/bin/cargo" "+beta-2023-12-22" "metadata" "--no-deps" "--format-version=1", kill_on_drop: false }`
[INFO] [stdout] a0938e5bb7f750baf73f0f066d3154e24030d0dab3efcb956e4ab79c46dc587e
[INFO] running `Command { std: "docker" "start" "-a" "a0938e5bb7f750baf73f0f066d3154e24030d0dab3efcb956e4ab79c46dc587e", kill_on_drop: false }`
[INFO] running `Command { std: "docker" "inspect" "a0938e5bb7f750baf73f0f066d3154e24030d0dab3efcb956e4ab79c46dc587e", kill_on_drop: false }`
[INFO] running `Command { std: "docker" "rm" "-f" "a0938e5bb7f750baf73f0f066d3154e24030d0dab3efcb956e4ab79c46dc587e", kill_on_drop: false }`
[INFO] [stdout] a0938e5bb7f750baf73f0f066d3154e24030d0dab3efcb956e4ab79c46dc587e
[INFO] running `Command { std: "docker" "create" "-v" "/var/lib/crater-agent-workspace/builds/worker-2-tc2/target:/opt/rustwide/target:rw,Z" "-v" "/var/lib/crater-agent-workspace/builds/worker-2-tc2/source:/opt/rustwide/workdir:ro,Z" "-v" "/var/lib/crater-agent-workspace/cargo-home:/opt/rustwide/cargo-home:ro,Z" "-v" "/var/lib/crater-agent-workspace/rustup-home:/opt/rustwide/rustup-home:ro,Z" "-e" "SOURCE_DIR=/opt/rustwide/workdir" "-e" "CARGO_TARGET_DIR=/opt/rustwide/target" "-e" "CARGO_INCREMENTAL=0" "-e" "RUST_BACKTRACE=full" "-e" "RUSTFLAGS=--cap-lints=warn" "-e" "RUSTDOCFLAGS=--cap-lints=warn" "-e" "CARGO_HOME=/opt/rustwide/cargo-home" "-e" "RUSTUP_HOME=/opt/rustwide/rustup-home" "-w" "/opt/rustwide/workdir" "-m" "1610612736" "--user" "0:0" "--network" "none" "ghcr.io/rust-lang/crates-build-env/linux@sha256:2788e3201cd34a07e3172128adcd8b3090168a8e3bcc40d7c032b9dda1df7d1c" "/opt/rustwide/cargo-home/bin/cargo" "+beta-2023-12-22" "build" "--frozen" "--message-format=json", kill_on_drop: false }`
[INFO] [stdout] c5835f91ca37dc0de6730591b3d1e4836e60b005c84bdc42ce04a94d502c8273
[INFO] running `Command { std: "docker" "start" "-a" "c5835f91ca37dc0de6730591b3d1e4836e60b005c84bdc42ce04a94d502c8273", kill_on_drop: false }`
[INFO] [stderr]    Compiling slay v0.1.0 (/opt/rustwide/workdir)
[INFO] [stdout] warning: unused variable: `context`
[INFO] [stdout]   --> src/node.rs:15:38
[INFO] [stdout]    |
[INFO] [stdout] 15 |     pub fn compute_layout(&mut self, context: &context::Context) {
[INFO] [stdout]    |                                      ^^^^^^^ help: if this is intentional, prefix it with an underscore: `_context`
[INFO] [stdout]    |
[INFO] [stdout]    = note: `#[warn(unused_variables)]` on by default
[INFO] [stdout] 
[INFO] [stdout] 
[INFO] [stdout] warning: fields `root_width`, `root_height`, `sized_ancestor_width`, `sized_ancestor_height`, `desired_width`, and `desired_height` are never read
[INFO] [stdout]   --> src/context.rs:8:16
[INFO] [stdout]    |
[INFO] [stdout] 7  | pub struct Context {
[INFO] [stdout]    |            ------- fields in this struct
[INFO] [stdout] 8  |     pub(crate) root_width: FixedScalar,
[INFO] [stdout]    |                ^^^^^^^^^^
[INFO] [stdout] 9  |     pub(crate) root_height: FixedScalar,
[INFO] [stdout]    |                ^^^^^^^^^^^
[INFO] [stdout] 10 |     pub(crate) sized_ancestor_width: FixedScalar,
[INFO] [stdout]    |                ^^^^^^^^^^^^^^^^^^^^
[INFO] [stdout] 11 |     pub(crate) sized_ancestor_height: FixedScalar,
[INFO] [stdout]    |                ^^^^^^^^^^^^^^^^^^^^^
[INFO] [stdout] 12 |     pub(crate) desired_width: FixedScalar,
[INFO] [stdout]    |                ^^^^^^^^^^^^^
[INFO] [stdout] 13 |     pub(crate) desired_height: FixedScalar,
[INFO] [stdout]    |                ^^^^^^^^^^^^^^
[INFO] [stdout]    |
[INFO] [stdout]    = note: `Context` has a derived impl for the trait `Clone`, but this is intentionally ignored during dead code analysis
[INFO] [stdout]    = note: `#[warn(dead_code)]` on by default
[INFO] [stdout] 
[INFO] [stdout] 
[INFO] [stdout] warning: associated items `new`, `as_minimum`, `child_context`, `pixelize_width`, and `pixelize_height` are never used
[INFO] [stdout]   --> src/context.rs:17:12
[INFO] [stdout]    |
[INFO] [stdout] 16 | impl Context {
[INFO] [stdout]    | ------------ associated items in this implementation
[INFO] [stdout] 17 |     pub fn new(root_width: FixedScalar, root_height: FixedScalar) -> Self {
[INFO] [stdout]    |            ^^^
[INFO] [stdout] ...
[INFO] [stdout] 28 |     pub fn as_minimum(&self) -> Self {
[INFO] [stdout]    |            ^^^^^^^^^^
[INFO] [stdout] ...
[INFO] [stdout] 36 |     pub fn child_context(&self, node: &Node) -> Self {
[INFO] [stdout]    |            ^^^^^^^^^^^^^
[INFO] [stdout] ...
[INFO] [stdout] 57 |     pub fn pixelize_width(&self, value: Scalar) -> FixedScalar {
[INFO] [stdout]    |            ^^^^^^^^^^^^^^
[INFO] [stdout] ...
[INFO] [stdout] 77 |     pub fn pixelize_height(&self, value: Scalar) -> FixedScalar {
[INFO] [stdout]    |            ^^^^^^^^^^^^^^^
[INFO] [stdout] 
[INFO] [stdout] 
[INFO] [stdout] warning: function `single_node_fixture` is never used
[INFO] [stdout]  --> src/fixtures.rs:3:8
[INFO] [stdout]   |
[INFO] [stdout] 3 | pub fn single_node_fixture() -> Node {
[INFO] [stdout]   |        ^^^^^^^^^^^^^^^^^^^
[INFO] [stdout] 
[INFO] [stdout] 
[INFO] [stdout] warning: function `vertical_stack_fixture` is never used
[INFO] [stdout]  --> src/fixtures.rs:7:8
[INFO] [stdout]   |
[INFO] [stdout] 7 | pub fn vertical_stack_fixture() -> Node {
[INFO] [stdout]   |        ^^^^^^^^^^^^^^^^^^^^^^
[INFO] [stdout] 
[INFO] [stdout] 
[INFO] [stdout] warning: function `horizontal_stack_fixture` is never used
[INFO] [stdout]   --> src/fixtures.rs:19:8
[INFO] [stdout]    |
[INFO] [stdout] 19 | pub fn horizontal_stack_fixture() -> Node {
[INFO] [stdout]    |        ^^^^^^^^^^^^^^^^^^^^^^^^
[INFO] [stdout] 
[INFO] [stdout] 
[INFO] [stdout] warning: function `nested_layout_fixture` is never used
[INFO] [stdout]   --> src/fixtures.rs:31:8
[INFO] [stdout]    |
[INFO] [stdout] 31 | pub fn nested_layout_fixture() -> Node {
[INFO] [stdout]    |        ^^^^^^^^^^^^^^^^^^^^^
[INFO] [stdout] 
[INFO] [stdout] 
[INFO] [stdout] warning: function `vertical_stretch_layout_fixture` is never used
[INFO] [stdout]   --> src/fixtures.rs:46:8
[INFO] [stdout]    |
[INFO] [stdout] 46 | pub fn vertical_stretch_layout_fixture() -> Node {
[INFO] [stdout]    |        ^^^^^^^^^^^^^^^^^^^^^^^^^^^^^^^
[INFO] [stdout] 
[INFO] [stdout] 
[INFO] [stdout] warning: fields `min_size`, `dirty`, and `measure` are never read
[INFO] [stdout]   --> src/node.rs:9:5
[INFO] [stdout]    |
[INFO] [stdout] 5  | pub struct Node {
[INFO] [stdout]    |            ---- fields in this struct
[INFO] [stdout] ...
[INFO] [stdout] 9  |     min_size: Size,
[INFO] [stdout]    |     ^^^^^^^^
[INFO] [stdout] 10 |     dirty: bool,
[INFO] [stdout]    |     ^^^^^
[INFO] [stdout] 11 |     measure: Option<Box<dyn Fn() -> Size>>,
[INFO] [stdout]    |     ^^^^^^^
[INFO] [stdout] 
[INFO] [stdout] 
[INFO] [stdout] warning: methods `compute_layout`, `minimum_size`, `compute_self`, and `compute_size` are never used
[INFO] [stdout]   --> src/node.rs:15:12
[INFO] [stdout]    |
[INFO] [stdout] 14 | impl Node {
[INFO] [stdout]    | --------- methods in this implementation
[INFO] [stdout] 15 |     pub fn compute_layout(&mut self, context: &context::Context) {
[INFO] [stdout]    |            ^^^^^^^^^^^^^^
[INFO] [stdout] ...
[INFO] [stdout] 21 |     pub fn minimum_size(&mut self, context: &context::Context) {
[INFO] [stdout]    |            ^^^^^^^^^^^^
[INFO] [stdout] ...
[INFO] [stdout] 27 |     pub fn compute_self(&mut self) -> Rectangle {
[INFO] [stdout]    |            ^^^^^^^^^^^^
[INFO] [stdout] ...
[INFO] [stdout] 31 |     pub fn compute_size(&mut self, context: context::Context) -> Size {
[INFO] [stdout]    |            ^^^^^^^^^^^^
[INFO] [stdout] 
[INFO] [stdout] 
[INFO] [stdout] warning: multiple methods are never used
[INFO] [stdout]    --> src/node.rs:106:12
[INFO] [stdout]     |
[INFO] [stdout] 93  | impl Node {
[INFO] [stdout]     | --------- methods in this implementation
[INFO] [stdout] ...
[INFO] [stdout] 106 |     pub fn add_child(mut self, child: Node) -> Self {
[INFO] [stdout]     |            ^^^^^^^^^
[INFO] [stdout] ...
[INFO] [stdout] 113 |     pub fn remove_child(&mut self, index: usize) {
[INFO] [stdout]     |            ^^^^^^^^^^^^
[INFO] [stdout] ...
[INFO] [stdout] 121 |     pub fn get_child(&self, index: usize) -> Option<&Node> {
[INFO] [stdout]     |            ^^^^^^^^^
[INFO] [stdout] ...
[INFO] [stdout] 126 |     pub fn get_child_mut(&mut self, index: usize) -> Option<&mut Node> {
[INFO] [stdout]     |            ^^^^^^^^^^^^^
[INFO] [stdout] ...
[INFO] [stdout] 131 |     pub fn set_style(&mut self, style: Style) -> &mut Self {
[INFO] [stdout]     |            ^^^^^^^^^
[INFO] [stdout] ...
[INFO] [stdout] 138 |     pub fn set_measure(&mut self, measure: Box<dyn Fn() -> Size>) -> &mut Self {
[INFO] [stdout]     |            ^^^^^^^^^^^
[INFO] [stdout] ...
[INFO] [stdout] 145 |     pub fn mark_dirty(&mut self, deep: bool) -> &mut Self {
[INFO] [stdout]     |            ^^^^^^^^^^
[INFO] [stdout] 
[INFO] [stdout] 
[INFO] [stdout] warning: multiple methods are never used
[INFO] [stdout]    --> src/node.rs:159:12
[INFO] [stdout]     |
[INFO] [stdout] 156 | impl Node {
[INFO] [stdout]     | --------- methods in this implementation
[INFO] [stdout] ...
[INFO] [stdout] 159 |     pub fn width(mut self, width: Scalar) -> Self {
[INFO] [stdout]     |            ^^^^^
[INFO] [stdout] ...
[INFO] [stdout] 165 |     pub fn height(mut self, height: Scalar) -> Self {
[INFO] [stdout]     |            ^^^^^^
[INFO] [stdout] ...
[INFO] [stdout] 171 |     pub fn min_width(mut self, min_width: Scalar) -> Self {
[INFO] [stdout]     |            ^^^^^^^^^
[INFO] [stdout] ...
[INFO] [stdout] 177 |     pub fn max_width(mut self, max_width: Scalar) -> Self {
[INFO] [stdout]     |            ^^^^^^^^^
[INFO] [stdout] ...
[INFO] [stdout] 183 |     pub fn min_height(mut self, min_height: Scalar) -> Self {
[INFO] [stdout]     |            ^^^^^^^^^^
[INFO] [stdout] ...
[INFO] [stdout] 189 |     pub fn max_height(mut self, max_height: Scalar) -> Self {
[INFO] [stdout]     |            ^^^^^^^^^^
[INFO] [stdout] ...
[INFO] [stdout] 195 |     pub fn padding(mut self, padding: FixedScalar) -> Self {
[INFO] [stdout]     |            ^^^^^^^
[INFO] [stdout] ...
[INFO] [stdout] 201 |     pub fn gap(mut self, gap: FixedScalar) -> Self {
[INFO] [stdout]     |            ^^^
[INFO] [stdout] ...
[INFO] [stdout] 207 |     pub fn align(mut self, align: Align) -> Self {
[INFO] [stdout]     |            ^^^^^
[INFO] [stdout] ...
[INFO] [stdout] 213 |     pub fn anchor(mut self, anchor: Align) -> Self {
[INFO] [stdout]     |            ^^^^^^
[INFO] [stdout] ...
[INFO] [stdout] 219 |     pub fn direction(mut self, direction: Direction) -> Self {
[INFO] [stdout]     |            ^^^^^^^^^
[INFO] [stdout] 
[INFO] [stdout] 
[INFO] [stdout] warning: multiple methods are never used
[INFO] [stdout]   --> src/style.rs:36:12
[INFO] [stdout]    |
[INFO] [stdout] 17 | impl Style {
[INFO] [stdout]    | ---------- methods in this implementation
[INFO] [stdout] ...
[INFO] [stdout] 36 |     pub fn width(mut self, width: Scalar) -> Self {
[INFO] [stdout]    |            ^^^^^
[INFO] [stdout] ...
[INFO] [stdout] 41 |     pub fn height(mut self, height: Scalar) -> Self {
[INFO] [stdout]    |            ^^^^^^
[INFO] [stdout] ...
[INFO] [stdout] 46 |     pub fn min_width(mut self, min_width: Scalar) -> Self {
[INFO] [stdout]    |            ^^^^^^^^^
[INFO] [stdout] ...
[INFO] [stdout] 51 |     pub fn max_width(mut self, max_width: Scalar) -> Self {
[INFO] [stdout]    |            ^^^^^^^^^
[INFO] [stdout] ...
[INFO] [stdout] 56 |     pub fn min_height(mut self, min_height: Scalar) -> Self {
[INFO] [stdout]    |            ^^^^^^^^^^
[INFO] [stdout] ...
[INFO] [stdout] 61 |     pub fn max_height(mut self, max_height: Scalar) -> Self {
[INFO] [stdout]    |            ^^^^^^^^^^
[INFO] [stdout] ...
[INFO] [stdout] 66 |     pub fn padding(mut self, padding: FixedScalar) -> Self {
[INFO] [stdout]    |            ^^^^^^^
[INFO] [stdout] ...
[INFO] [stdout] 71 |     pub fn gap(mut self, gap: FixedScalar) -> Self {
[INFO] [stdout]    |            ^^^
[INFO] [stdout] ...
[INFO] [stdout] 76 |     pub fn align(mut self, align: Align) -> Self {
[INFO] [stdout]    |            ^^^^^
[INFO] [stdout] ...
[INFO] [stdout] 81 |     pub fn anchor(mut self, anchor: Align) -> Self {
[INFO] [stdout]    |            ^^^^^^
[INFO] [stdout] ...
[INFO] [stdout] 85 |     pub fn direction(mut self, direction: Direction) -> Self {
[INFO] [stdout]    |            ^^^^^^^^^
[INFO] [stdout] 
[INFO] [stdout] 
[INFO] [stdout] warning: variants `Px`, `Vh`, `Vw`, and `Percent` are never constructed
[INFO] [stdout]  --> src/types.rs:3:5
[INFO] [stdout]   |
[INFO] [stdout] 2 | pub enum ScalarUnit {
[INFO] [stdout]   |          ---------- variants in this enum
[INFO] [stdout] 3 |     Px,
[INFO] [stdout]   |     ^^
[INFO] [stdout] 4 |     Vh,
[INFO] [stdout]   |     ^^
[INFO] [stdout] 5 |     Vw,
[INFO] [stdout]   |     ^^
[INFO] [stdout] 6 |     Percent,
[INFO] [stdout]   |     ^^^^^^^
[INFO] [stdout]   |
[INFO] [stdout]   = note: `ScalarUnit` has derived impls for the traits `Clone` and `Debug`, but these are intentionally ignored during dead code analysis
[INFO] [stdout] 
[INFO] [stdout] 
[INFO] [stdout] warning: variants `X` and `Z` are never constructed
[INFO] [stdout]   --> src/types.rs:11:5
[INFO] [stdout]    |
[INFO] [stdout] 10 | pub enum Direction {
[INFO] [stdout]    |          --------- variants in this enum
[INFO] [stdout] 11 |     X,
[INFO] [stdout]    |     ^
[INFO] [stdout] 12 |     Y,
[INFO] [stdout] 13 |     Z,
[INFO] [stdout]    |     ^
[INFO] [stdout]    |
[INFO] [stdout]    = note: `Direction` has derived impls for the traits `Clone` and `Debug`, but these are intentionally ignored during dead code analysis
[INFO] [stdout] 
[INFO] [stdout] 
[INFO] [stdout] warning: variants `Start`, `Center`, `End`, and `Wide` are never constructed
[INFO] [stdout]   --> src/types.rs:21:5
[INFO] [stdout]    |
[INFO] [stdout] 20 | pub enum HAlign {
[INFO] [stdout]    |          ------ variants in this enum
[INFO] [stdout] 21 |     Start,
[INFO] [stdout]    |     ^^^^^
[INFO] [stdout] 22 |     Center,
[INFO] [stdout]    |     ^^^^^^
[INFO] [stdout] 23 |     End,
[INFO] [stdout]    |     ^^^
[INFO] [stdout] 24 |     Wide,
[INFO] [stdout]    |     ^^^^
[INFO] [stdout]    |
[INFO] [stdout]    = note: `HAlign` has derived impls for the traits `Clone` and `Debug`, but these are intentionally ignored during dead code analysis
[INFO] [stdout] 
[INFO] [stdout] 
[INFO] [stdout] warning: variants `Top`, `Center`, `Bottom`, and `Tall` are never constructed
[INFO] [stdout]   --> src/types.rs:29:5
[INFO] [stdout]    |
[INFO] [stdout] 28 | pub enum VAlign {
[INFO] [stdout]    |          ------ variants in this enum
[INFO] [stdout] 29 |     Top,
[INFO] [stdout]    |     ^^^
[INFO] [stdout] 30 |     Center,
[INFO] [stdout]    |     ^^^^^^
[INFO] [stdout] 31 |     Bottom,
[INFO] [stdout]    |     ^^^^^^
[INFO] [stdout] 32 |     Tall,
[INFO] [stdout]    |     ^^^^
[INFO] [stdout]    |
[INFO] [stdout]    = note: `VAlign` has derived impls for the traits `Clone` and `Debug`, but these are intentionally ignored during dead code analysis
[INFO] [stdout] 
[INFO] [stdout] 
[INFO] [stdout] warning: variants `HAlign`, `VAlign`, and `Both` are never constructed
[INFO] [stdout]   --> src/types.rs:37:5
[INFO] [stdout]    |
[INFO] [stdout] 36 | pub enum Align {
[INFO] [stdout]    |          ----- variants in this enum
[INFO] [stdout] 37 |     HAlign(HAlign),
[INFO] [stdout]    |     ^^^^^^
[INFO] [stdout] 38 |     VAlign(VAlign),
[INFO] [stdout]    |     ^^^^^^
[INFO] [stdout] 39 |     Both(HAlign, VAlign),
[INFO] [stdout]    |     ^^^^
[INFO] [stdout]    |
[INFO] [stdout]    = note: `Align` has derived impls for the traits `Clone` and `Debug`, but these are intentionally ignored during dead code analysis
[INFO] [stdout] 
[INFO] [stdout] 
[INFO] [stdout] warning: associated function `new` is never used
[INFO] [stdout]   --> src/types.rs:59:12
[INFO] [stdout]    |
[INFO] [stdout] 50 | impl Rectangle {
[INFO] [stdout]    | -------------- associated function in this implementation
[INFO] [stdout] ...
[INFO] [stdout] 59 |     pub fn new(x: FixedScalar, y: FixedScalar, width: FixedScalar, height: FixedScalar) -> Self {
[INFO] [stdout]    |            ^^^
[INFO] [stdout] 
[INFO] [stdout] 
[INFO] [stdout] warning: associated items `new` and `add` are never used
[INFO] [stdout]   --> src/types.rs:83:12
[INFO] [stdout]    |
[INFO] [stdout] 75 | impl Size {
[INFO] [stdout]    | --------- associated items in this implementation
[INFO] [stdout] ...
[INFO] [stdout] 83 |     pub fn new(width: FixedScalar, height: FixedScalar) -> Self {
[INFO] [stdout]    |            ^^^
[INFO] [stdout] ...
[INFO] [stdout] 87 |     pub fn add(self, other: Self, direction: Direction) -> Self {
[INFO] [stdout]    |            ^^^
[INFO] [stdout] 
[INFO] [stdout] 
[INFO] [stdout] warning: 20 warnings emitted
[INFO] [stdout] 
[INFO] [stdout] 
[INFO] [stderr]     Finished dev [unoptimized + debuginfo] target(s) in 0.25s
[INFO] running `Command { std: "docker" "inspect" "c5835f91ca37dc0de6730591b3d1e4836e60b005c84bdc42ce04a94d502c8273", kill_on_drop: false }`
[INFO] running `Command { std: "docker" "rm" "-f" "c5835f91ca37dc0de6730591b3d1e4836e60b005c84bdc42ce04a94d502c8273", kill_on_drop: false }`
[INFO] [stdout] c5835f91ca37dc0de6730591b3d1e4836e60b005c84bdc42ce04a94d502c8273
[INFO] running `Command { std: "docker" "create" "-v" "/var/lib/crater-agent-workspace/builds/worker-2-tc2/target:/opt/rustwide/target:rw,Z" "-v" "/var/lib/crater-agent-workspace/builds/worker-2-tc2/source:/opt/rustwide/workdir:ro,Z" "-v" "/var/lib/crater-agent-workspace/cargo-home:/opt/rustwide/cargo-home:ro,Z" "-v" "/var/lib/crater-agent-workspace/rustup-home:/opt/rustwide/rustup-home:ro,Z" "-e" "SOURCE_DIR=/opt/rustwide/workdir" "-e" "CARGO_TARGET_DIR=/opt/rustwide/target" "-e" "CARGO_INCREMENTAL=0" "-e" "RUST_BACKTRACE=full" "-e" "RUSTFLAGS=--cap-lints=warn" "-e" "RUSTDOCFLAGS=--cap-lints=warn" "-e" "CARGO_HOME=/opt/rustwide/cargo-home" "-e" "RUSTUP_HOME=/opt/rustwide/rustup-home" "-w" "/opt/rustwide/workdir" "-m" "1610612736" "--user" "0:0" "--network" "none" "ghcr.io/rust-lang/crates-build-env/linux@sha256:2788e3201cd34a07e3172128adcd8b3090168a8e3bcc40d7c032b9dda1df7d1c" "/opt/rustwide/cargo-home/bin/cargo" "+beta-2023-12-22" "test" "--frozen" "--no-run" "--message-format=json", kill_on_drop: false }`
[INFO] [stdout] 686ebdda26890a662231d6084116baab8bc1eaf7feaab1014f0ce813fff7da59
[INFO] running `Command { std: "docker" "start" "-a" "686ebdda26890a662231d6084116baab8bc1eaf7feaab1014f0ce813fff7da59", kill_on_drop: false }`
[INFO] [stderr]    Compiling slay v0.1.0 (/opt/rustwide/workdir)
[INFO] [stdout] warning: unused variable: `context`
[INFO] [stdout]   --> src/node.rs:15:38
[INFO] [stdout]    |
[INFO] [stdout] 15 |     pub fn compute_layout(&mut self, context: &context::Context) {
[INFO] [stdout]    |                                      ^^^^^^^ help: if this is intentional, prefix it with an underscore: `_context`
[INFO] [stdout]    |
[INFO] [stdout]    = note: `#[warn(unused_variables)]` on by default
[INFO] [stdout] 
[INFO] [stdout] 
[INFO] [stdout] warning: fields `desired_width` and `desired_height` are never read
[INFO] [stdout]   --> src/context.rs:12:16
[INFO] [stdout]    |
[INFO] [stdout] 7  | pub struct Context {
[INFO] [stdout]    |            ------- fields in this struct
[INFO] [stdout] ...
[INFO] [stdout] 12 |     pub(crate) desired_width: FixedScalar,
[INFO] [stdout]    |                ^^^^^^^^^^^^^
[INFO] [stdout] 13 |     pub(crate) desired_height: FixedScalar,
[INFO] [stdout]    |                ^^^^^^^^^^^^^^
[INFO] [stdout]    |
[INFO] [stdout]    = note: `Context` has a derived impl for the trait `Clone`, but this is intentionally ignored during dead code analysis
[INFO] [stdout]    = note: `#[warn(dead_code)]` on by default
[INFO] [stdout] 
[INFO] [stdout] 
[INFO] [stdout] warning: function `single_node_fixture` is never used
[INFO] [stdout]  --> src/fixtures.rs:3:8
[INFO] [stdout]   |
[INFO] [stdout] 3 | pub fn single_node_fixture() -> Node {
[INFO] [stdout]   |        ^^^^^^^^^^^^^^^^^^^
[INFO] [stdout] 
[INFO] [stdout] 
[INFO] [stdout] warning: function `vertical_stack_fixture` is never used
[INFO] [stdout]  --> src/fixtures.rs:7:8
[INFO] [stdout]   |
[INFO] [stdout] 7 | pub fn vertical_stack_fixture() -> Node {
[INFO] [stdout]   |        ^^^^^^^^^^^^^^^^^^^^^^
[INFO] [stdout] 
[INFO] [stdout] 
[INFO] [stdout] warning: function `horizontal_stack_fixture` is never used
[INFO] [stdout]   --> src/fixtures.rs:19:8
[INFO] [stdout]    |
[INFO] [stdout] 19 | pub fn horizontal_stack_fixture() -> Node {
[INFO] [stdout]    |        ^^^^^^^^^^^^^^^^^^^^^^^^
[INFO] [stdout] 
[INFO] [stdout] 
[INFO] [stdout] warning: methods `compute_layout` and `compute_self` are never used
[INFO] [stdout]   --> src/node.rs:15:12
[INFO] [stdout]    |
[INFO] [stdout] 14 | impl Node {
[INFO] [stdout]    | --------- methods in this implementation
[INFO] [stdout] 15 |     pub fn compute_layout(&mut self, context: &context::Context) {
[INFO] [stdout]    |            ^^^^^^^^^^^^^^
[INFO] [stdout] ...
[INFO] [stdout] 27 |     pub fn compute_self(&mut self) -> Rectangle {
[INFO] [stdout]    |            ^^^^^^^^^^^^
[INFO] [stdout] 
[INFO] [stdout] 
[INFO] [stdout] warning: methods `remove_child`, `get_child`, `get_child_mut`, `set_style`, `set_measure`, and `mark_dirty` are never used
[INFO] [stdout]    --> src/node.rs:113:12
[INFO] [stdout]     |
[INFO] [stdout] 93  | impl Node {
[INFO] [stdout]     | --------- methods in this implementation
[INFO] [stdout] ...
[INFO] [stdout] 113 |     pub fn remove_child(&mut self, index: usize) {
[INFO] [stdout]     |            ^^^^^^^^^^^^
[INFO] [stdout] ...
[INFO] [stdout] 121 |     pub fn get_child(&self, index: usize) -> Option<&Node> {
[INFO] [stdout]     |            ^^^^^^^^^
[INFO] [stdout] ...
[INFO] [stdout] 126 |     pub fn get_child_mut(&mut self, index: usize) -> Option<&mut Node> {
[INFO] [stdout]     |            ^^^^^^^^^^^^^
[INFO] [stdout] ...
[INFO] [stdout] 131 |     pub fn set_style(&mut self, style: Style) -> &mut Self {
[INFO] [stdout]     |            ^^^^^^^^^
[INFO] [stdout] ...
[INFO] [stdout] 138 |     pub fn set_measure(&mut self, measure: Box<dyn Fn() -> Size>) -> &mut Self {
[INFO] [stdout]     |            ^^^^^^^^^^^
[INFO] [stdout] ...
[INFO] [stdout] 145 |     pub fn mark_dirty(&mut self, deep: bool) -> &mut Self {
[INFO] [stdout]     |            ^^^^^^^^^^
[INFO] [stdout] 
[INFO] [stdout] 
[INFO] [stdout] warning: multiple methods are never used
[INFO] [stdout]    --> src/node.rs:171:12
[INFO] [stdout]     |
[INFO] [stdout] 156 | impl Node {
[INFO] [stdout]     | --------- methods in this implementation
[INFO] [stdout] ...
[INFO] [stdout] 171 |     pub fn min_width(mut self, min_width: Scalar) -> Self {
[INFO] [stdout]     |            ^^^^^^^^^
[INFO] [stdout] ...
[INFO] [stdout] 177 |     pub fn max_width(mut self, max_width: Scalar) -> Self {
[INFO] [stdout]     |            ^^^^^^^^^
[INFO] [stdout] ...
[INFO] [stdout] 183 |     pub fn min_height(mut self, min_height: Scalar) -> Self {
[INFO] [stdout]     |            ^^^^^^^^^^
[INFO] [stdout] ...
[INFO] [stdout] 189 |     pub fn max_height(mut self, max_height: Scalar) -> Self {
[INFO] [stdout]     |            ^^^^^^^^^^
[INFO] [stdout] ...
[INFO] [stdout] 195 |     pub fn padding(mut self, padding: FixedScalar) -> Self {
[INFO] [stdout]     |            ^^^^^^^
[INFO] [stdout] ...
[INFO] [stdout] 201 |     pub fn gap(mut self, gap: FixedScalar) -> Self {
[INFO] [stdout]     |            ^^^
[INFO] [stdout] ...
[INFO] [stdout] 207 |     pub fn align(mut self, align: Align) -> Self {
[INFO] [stdout]     |            ^^^^^
[INFO] [stdout] ...
[INFO] [stdout] 213 |     pub fn anchor(mut self, anchor: Align) -> Self {
[INFO] [stdout]     |            ^^^^^^
[INFO] [stdout] ...
[INFO] [stdout] 219 |     pub fn direction(mut self, direction: Direction) -> Self {
[INFO] [stdout]     |            ^^^^^^^^^
[INFO] [stdout] 
[INFO] [stdout] 
[INFO] [stdout] warning: multiple methods are never used
[INFO] [stdout]   --> src/style.rs:46:12
[INFO] [stdout]    |
[INFO] [stdout] 17 | impl Style {
[INFO] [stdout]    | ---------- methods in this implementation
[INFO] [stdout] ...
[INFO] [stdout] 46 |     pub fn min_width(mut self, min_width: Scalar) -> Self {
[INFO] [stdout]    |            ^^^^^^^^^
[INFO] [stdout] ...
[INFO] [stdout] 51 |     pub fn max_width(mut self, max_width: Scalar) -> Self {
[INFO] [stdout]    |            ^^^^^^^^^
[INFO] [stdout] ...
[INFO] [stdout] 56 |     pub fn min_height(mut self, min_height: Scalar) -> Self {
[INFO] [stdout]    |            ^^^^^^^^^^
[INFO] [stdout] ...
[INFO] [stdout] 61 |     pub fn max_height(mut self, max_height: Scalar) -> Self {
[INFO] [stdout]    |            ^^^^^^^^^^
[INFO] [stdout] ...
[INFO] [stdout] 66 |     pub fn padding(mut self, padding: FixedScalar) -> Self {
[INFO] [stdout]    |            ^^^^^^^
[INFO] [stdout] ...
[INFO] [stdout] 71 |     pub fn gap(mut self, gap: FixedScalar) -> Self {
[INFO] [stdout]    |            ^^^
[INFO] [stdout] ...
[INFO] [stdout] 76 |     pub fn align(mut self, align: Align) -> Self {
[INFO] [stdout]    |            ^^^^^
[INFO] [stdout] ...
[INFO] [stdout] 81 |     pub fn anchor(mut self, anchor: Align) -> Self {
[INFO] [stdout]    |            ^^^^^^
[INFO] [stdout] ...
[INFO] [stdout] 85 |     pub fn direction(mut self, direction: Direction) -> Self {
[INFO] [stdout]    |            ^^^^^^^^^
[INFO] [stdout] 
[INFO] [stdout] 
[INFO] [stdout] warning: variants `X` and `Z` are never constructed
[INFO] [stdout]   --> src/types.rs:11:5
[INFO] [stdout]    |
[INFO] [stdout] 10 | pub enum Direction {
[INFO] [stdout]    |          --------- variants in this enum
[INFO] [stdout] 11 |     X,
[INFO] [stdout]    |     ^
[INFO] [stdout] 12 |     Y,
[INFO] [stdout] 13 |     Z,
[INFO] [stdout]    |     ^
[INFO] [stdout]    |
[INFO] [stdout]    = note: `Direction` has derived impls for the traits `Clone` and `Debug`, but these are intentionally ignored during dead code analysis
[INFO] [stdout] 
[INFO] [stdout] 
[INFO] [stdout] warning: variants `Start`, `Center`, `End`, and `Wide` are never constructed
[INFO] [stdout]   --> src/types.rs:21:5
[INFO] [stdout]    |
[INFO] [stdout] 20 | pub enum HAlign {
[INFO] [stdout]    |          ------ variants in this enum
[INFO] [stdout] 21 |     Start,
[INFO] [stdout]    |     ^^^^^
[INFO] [stdout] 22 |     Center,
[INFO] [stdout]    |     ^^^^^^
[INFO] [stdout] 23 |     End,
[INFO] [stdout]    |     ^^^
[INFO] [stdout] 24 |     Wide,
[INFO] [stdout]    |     ^^^^
[INFO] [stdout]    |
[INFO] [stdout]    = note: `HAlign` has derived impls for the traits `Clone` and `Debug`, but these are intentionally ignored during dead code analysis
[INFO] [stdout] 
[INFO] [stdout] 
[INFO] [stdout] warning: variants `Top`, `Center`, `Bottom`, and `Tall` are never constructed
[INFO] [stdout]   --> src/types.rs:29:5
[INFO] [stdout]    |
[INFO] [stdout] 28 | pub enum VAlign {
[INFO] [stdout]    |          ------ variants in this enum
[INFO] [stdout] 29 |     Top,
[INFO] [stdout]    |     ^^^
[INFO] [stdout] 30 |     Center,
[INFO] [stdout]    |     ^^^^^^
[INFO] [stdout] 31 |     Bottom,
[INFO] [stdout]    |     ^^^^^^
[INFO] [stdout] 32 |     Tall,
[INFO] [stdout]    |     ^^^^
[INFO] [stdout]    |
[INFO] [stdout]    = note: `VAlign` has derived impls for the traits `Clone` and `Debug`, but these are intentionally ignored during dead code analysis
[INFO] [stdout] 
[INFO] [stdout] 
[INFO] [stdout] warning: variants `HAlign`, `VAlign`, and `Both` are never constructed
[INFO] [stdout]   --> src/types.rs:37:5
[INFO] [stdout]    |
[INFO] [stdout] 36 | pub enum Align {
[INFO] [stdout]    |          ----- variants in this enum
[INFO] [stdout] 37 |     HAlign(HAlign),
[INFO] [stdout]    |     ^^^^^^
[INFO] [stdout] 38 |     VAlign(VAlign),
[INFO] [stdout]    |     ^^^^^^
[INFO] [stdout] 39 |     Both(HAlign, VAlign),
[INFO] [stdout]    |     ^^^^
[INFO] [stdout]    |
[INFO] [stdout]    = note: `Align` has derived impls for the traits `Clone` and `Debug`, but these are intentionally ignored during dead code analysis
[INFO] [stdout] 
[INFO] [stdout] 
[INFO] [stdout] warning: associated function `new` is never used
[INFO] [stdout]   --> src/types.rs:59:12
[INFO] [stdout]    |
[INFO] [stdout] 50 | impl Rectangle {
[INFO] [stdout]    | -------------- associated function in this implementation
[INFO] [stdout] ...
[INFO] [stdout] 59 |     pub fn new(x: FixedScalar, y: FixedScalar, width: FixedScalar, height: FixedScalar) -> Self {
[INFO] [stdout]    |            ^^^
[INFO] [stdout] 
[INFO] [stdout] 
[INFO] [stdout] warning: associated function `new` is never used
[INFO] [stdout]   --> src/types.rs:83:12
[INFO] [stdout]    |
[INFO] [stdout] 75 | impl Size {
[INFO] [stdout]    | --------- associated function in this implementation
[INFO] [stdout] ...
[INFO] [stdout] 83 |     pub fn new(width: FixedScalar, height: FixedScalar) -> Self {
[INFO] [stdout]    |            ^^^
[INFO] [stdout] 
[INFO] [stdout] 
[INFO] [stdout] warning: 15 warnings emitted
[INFO] [stdout] 
[INFO] [stdout] 
[INFO] [stderr]     Finished test [unoptimized + debuginfo] target(s) in 0.39s
[INFO] running `Command { std: "docker" "inspect" "686ebdda26890a662231d6084116baab8bc1eaf7feaab1014f0ce813fff7da59", kill_on_drop: false }`
[INFO] running `Command { std: "docker" "rm" "-f" "686ebdda26890a662231d6084116baab8bc1eaf7feaab1014f0ce813fff7da59", kill_on_drop: false }`
[INFO] [stdout] 686ebdda26890a662231d6084116baab8bc1eaf7feaab1014f0ce813fff7da59
[INFO] running `Command { std: "docker" "create" "-v" "/var/lib/crater-agent-workspace/builds/worker-2-tc2/target:/opt/rustwide/target:rw,Z" "-v" "/var/lib/crater-agent-workspace/builds/worker-2-tc2/source:/opt/rustwide/workdir:ro,Z" "-v" "/var/lib/crater-agent-workspace/cargo-home:/opt/rustwide/cargo-home:ro,Z" "-v" "/var/lib/crater-agent-workspace/rustup-home:/opt/rustwide/rustup-home:ro,Z" "-e" "SOURCE_DIR=/opt/rustwide/workdir" "-e" "CARGO_TARGET_DIR=/opt/rustwide/target" "-e" "CARGO_INCREMENTAL=0" "-e" "RUST_BACKTRACE=full" "-e" "RUSTFLAGS=--cap-lints=warn" "-e" "RUSTDOCFLAGS=--cap-lints=warn" "-e" "CARGO_HOME=/opt/rustwide/cargo-home" "-e" "RUSTUP_HOME=/opt/rustwide/rustup-home" "-w" "/opt/rustwide/workdir" "-m" "1610612736" "--user" "0:0" "--network" "none" "ghcr.io/rust-lang/crates-build-env/linux@sha256:2788e3201cd34a07e3172128adcd8b3090168a8e3bcc40d7c032b9dda1df7d1c" "/opt/rustwide/cargo-home/bin/cargo" "+beta-2023-12-22" "test" "--frozen", kill_on_drop: false }`
[INFO] [stdout] 603d37bc29147866f432e1730748d89e23d0ba41a2174f985c180b71bb17c55c
[INFO] running `Command { std: "docker" "start" "-a" "603d37bc29147866f432e1730748d89e23d0ba41a2174f985c180b71bb17c55c", kill_on_drop: false }`
[INFO] [stderr] warning: unused variable: `context`
[INFO] [stderr]   --> src/node.rs:15:38
[INFO] [stderr]    |
[INFO] [stderr] 15 |     pub fn compute_layout(&mut self, context: &context::Context) {
[INFO] [stderr]    |                                      ^^^^^^^ help: if this is intentional, prefix it with an underscore: `_context`
[INFO] [stderr]    |
[INFO] [stderr]    = note: `#[warn(unused_variables)]` on by default
[INFO] [stderr] 
[INFO] [stderr] warning: fields `desired_width` and `desired_height` are never read
[INFO] [stderr]   --> src/context.rs:12:16
[INFO] [stderr]    |
[INFO] [stderr] 7  | pub struct Context {
[INFO] [stderr]    |            ------- fields in this struct
[INFO] [stderr] ...
[INFO] [stderr] 12 |     pub(crate) desired_width: FixedScalar,
[INFO] [stderr]    |                ^^^^^^^^^^^^^
[INFO] [stderr] 13 |     pub(crate) desired_height: FixedScalar,
[INFO] [stderr]    |                ^^^^^^^^^^^^^^
[INFO] [stderr]    |
[INFO] [stderr]    = note: `Context` has a derived impl for the trait `Clone`, but this is intentionally ignored during dead code analysis
[INFO] [stderr]    = note: `#[warn(dead_code)]` on by default
[INFO] [stderr] 
[INFO] [stderr] warning: function `single_node_fixture` is never used
[INFO] [stderr]  --> src/fixtures.rs:3:8
[INFO] [stderr]   |
[INFO] [stderr] 3 | pub fn single_node_fixture() -> Node {
[INFO] [stderr]   |        ^^^^^^^^^^^^^^^^^^^
[INFO] [stderr] 
[INFO] [stderr] warning: function `vertical_stack_fixture` is never used
[INFO] [stderr]  --> src/fixtures.rs:7:8
[INFO] [stderr]   |
[INFO] [stderr] 7 | pub fn vertical_stack_fixture() -> Node {
[INFO] [stderr]   |        ^^^^^^^^^^^^^^^^^^^^^^
[INFO] [stderr] 
[INFO] [stderr] warning: function `horizontal_stack_fixture` is never used
[INFO] [stderr]   --> src/fixtures.rs:19:8
[INFO] [stderr]    |
[INFO] [stderr] 19 | pub fn horizontal_stack_fixture() -> Node {
[INFO] [stderr]    |        ^^^^^^^^^^^^^^^^^^^^^^^^
[INFO] [stderr] 
[INFO] [stderr] warning: methods `compute_layout` and `compute_self` are never used
[INFO] [stderr]   --> src/node.rs:15:12
[INFO] [stderr]    |
[INFO] [stderr] 14 | impl Node {
[INFO] [stderr]    | --------- methods in this implementation
[INFO] [stderr] 15 |     pub fn compute_layout(&mut self, context: &context::Context) {
[INFO] [stderr]    |            ^^^^^^^^^^^^^^
[INFO] [stderr] ...
[INFO] [stderr] 27 |     pub fn compute_self(&mut self) -> Rectangle {
[INFO] [stderr]    |            ^^^^^^^^^^^^
[INFO] [stderr] 
[INFO] [stderr] warning: methods `remove_child`, `get_child`, `get_child_mut`, `set_style`, `set_measure`, and `mark_dirty` are never used
[INFO] [stderr]    --> src/node.rs:113:12
[INFO] [stderr]     |
[INFO] [stderr] 93  | impl Node {
[INFO] [stderr]     | --------- methods in this implementation
[INFO] [stderr] ...
[INFO] [stderr] 113 |     pub fn remove_child(&mut self, index: usize) {
[INFO] [stderr]     |            ^^^^^^^^^^^^
[INFO] [stderr] ...
[INFO] [stderr] 121 |     pub fn get_child(&self, index: usize) -> Option<&Node> {
[INFO] [stderr]     |            ^^^^^^^^^
[INFO] [stderr] ...
[INFO] [stderr] 126 |     pub fn get_child_mut(&mut self, index: usize) -> Option<&mut Node> {
[INFO] [stderr]     |            ^^^^^^^^^^^^^
[INFO] [stderr] ...
[INFO] [stderr] 131 |     pub fn set_style(&mut self, style: Style) -> &mut Self {
[INFO] [stderr]     |            ^^^^^^^^^
[INFO] [stderr] ...
[INFO] [stderr] 138 |     pub fn set_measure(&mut self, measure: Box<dyn Fn() -> Size>) -> &mut Self {
[INFO] [stderr]     |            ^^^^^^^^^^^
[INFO] [stderr] ...
[INFO] [stderr] 145 |     pub fn mark_dirty(&mut self, deep: bool) -> &mut Self {
[INFO] [stderr]     |            ^^^^^^^^^^
[INFO] [stderr] 
[INFO] [stderr] warning: multiple methods are never used
[INFO] [stderr]    --> src/node.rs:171:12
[INFO] [stderr]     |
[INFO] [stderr] 156 | impl Node {
[INFO] [stderr]     | --------- methods in this implementation
[INFO] [stderr] ...
[INFO] [stderr] 171 |     pub fn min_width(mut self, min_width: Scalar) -> Self {
[INFO] [stderr]     |            ^^^^^^^^^
[INFO] [stderr] ...
[INFO] [stderr] 177 |     pub fn max_width(mut self, max_width: Scalar) -> Self {
[INFO] [stderr]     |            ^^^^^^^^^
[INFO] [stderr] ...
[INFO] [stderr] 183 |     pub fn min_height(mut self, min_height: Scalar) -> Self {
[INFO] [stderr]     |            ^^^^^^^^^^
[INFO] [stderr] ...
[INFO] [stderr] 189 |     pub fn max_height(mut self, max_height: Scalar) -> Self {
[INFO] [stderr]     |            ^^^^^^^^^^
[INFO] [stderr] ...
[INFO] [stderr] 195 |     pub fn padding(mut self, padding: FixedScalar) -> Self {
[INFO] [stderr]     |            ^^^^^^^
[INFO] [stderr] ...
[INFO] [stderr] 201 |     pub fn gap(mut self, gap: FixedScalar) -> Self {
[INFO] [stderr]     |            ^^^
[INFO] [stderr] ...
[INFO] [stderr] 207 |     pub fn align(mut self, align: Align) -> Self {
[INFO] [stderr]     |            ^^^^^
[INFO] [stderr] ...
[INFO] [stderr] 213 |     pub fn anchor(mut self, anchor: Align) -> Self {
[INFO] [stderr]     |            ^^^^^^
[INFO] [stderr] ...
[INFO] [stderr] 219 |     pub fn direction(mut self, direction: Direction) -> Self {
[INFO] [stderr]     |            ^^^^^^^^^
[INFO] [stderr] 
[INFO] [stderr] warning: multiple methods are never used
[INFO] [stderr]   --> src/style.rs:46:12
[INFO] [stderr]    |
[INFO] [stderr] 17 | impl Style {
[INFO] [stderr]    | ---------- methods in this implementation
[INFO] [stderr] ...
[INFO] [stderr] 46 |     pub fn min_width(mut self, min_width: Scalar) -> Self {
[INFO] [stderr]    |            ^^^^^^^^^
[INFO] [stderr] ...
[INFO] [stderr] 51 |     pub fn max_width(mut self, max_width: Scalar) -> Self {
[INFO] [stderr]    |            ^^^^^^^^^
[INFO] [stderr] ...
[INFO] [stderr] 56 |     pub fn min_height(mut self, min_height: Scalar) -> Self {
[INFO] [stderr]    |            ^^^^^^^^^^
[INFO] [stderr] ...
[INFO] [stderr] 61 |     pub fn max_height(mut self, max_height: Scalar) -> Self {
[INFO] [stderr]    |            ^^^^^^^^^^
[INFO] [stderr] ...
[INFO] [stderr] 66 |     pub fn padding(mut self, padding: FixedScalar) -> Self {
[INFO] [stderr]    |            ^^^^^^^
[INFO] [stderr] ...
[INFO] [stderr] 71 |     pub fn gap(mut self, gap: FixedScalar) -> Self {
[INFO] [stderr]    |            ^^^
[INFO] [stderr] ...
[INFO] [stderr] 76 |     pub fn align(mut self, align: Align) -> Self {
[INFO] [stderr]    |            ^^^^^
[INFO] [stderr] ...
[INFO] [stderr] 81 |     pub fn anchor(mut self, anchor: Align) -> Self {
[INFO] [stderr]    |            ^^^^^^
[INFO] [stderr] ...
[INFO] [stderr] 85 |     pub fn direction(mut self, direction: Direction) -> Self {
[INFO] [stderr]    |            ^^^^^^^^^
[INFO] [stderr] 
[INFO] [stderr] warning: variants `X` and `Z` are never constructed
[INFO] [stderr]   --> src/types.rs:11:5
[INFO] [stderr]    |
[INFO] [stderr] 10 | pub enum Direction {
[INFO] [stderr]    |          --------- variants in this enum
[INFO] [stderr] 11 |     X,
[INFO] [stderr]    |     ^
[INFO] [stderr] 12 |     Y,
[INFO] [stderr] 13 |     Z,
[INFO] [stderr]    |     ^
[INFO] [stderr]    |
[INFO] [stderr]    = note: `Direction` has derived impls for the traits `Clone` and `Debug`, but these are intentionally ignored during dead code analysis
[INFO] [stderr] 
[INFO] [stderr] warning: variants `Start`, `Center`, `End`, and `Wide` are never constructed
[INFO] [stderr]   --> src/types.rs:21:5
[INFO] [stderr]    |
[INFO] [stderr] 20 | pub enum HAlign {
[INFO] [stderr]    |          ------ variants in this enum
[INFO] [stderr] 21 |     Start,
[INFO] [stderr]    |     ^^^^^
[INFO] [stderr] 22 |     Center,
[INFO] [stderr]    |     ^^^^^^
[INFO] [stderr] 23 |     End,
[INFO] [stderr]    |     ^^^
[INFO] [stderr] 24 |     Wide,
[INFO] [stderr]    |     ^^^^
[INFO] [stderr]    |
[INFO] [stderr]    = note: `HAlign` has derived impls for the traits `Clone` and `Debug`, but these are intentionally ignored during dead code analysis
[INFO] [stderr] 
[INFO] [stderr] warning: variants `Top`, `Center`, `Bottom`, and `Tall` are never constructed
[INFO] [stderr]   --> src/types.rs:29:5
[INFO] [stderr]    |
[INFO] [stderr] 28 | pub enum VAlign {
[INFO] [stderr]    |          ------ variants in this enum
[INFO] [stderr] 29 |     Top,
[INFO] [stderr]    |     ^^^
[INFO] [stderr] 30 |     Center,
[INFO] [stderr]    |     ^^^^^^
[INFO] [stderr] 31 |     Bottom,
[INFO] [stderr]    |     ^^^^^^
[INFO] [stderr] 32 |     Tall,
[INFO] [stderr]    |     ^^^^
[INFO] [stderr]    |
[INFO] [stderr]    = note: `VAlign` has derived impls for the traits `Clone` and `Debug`, but these are intentionally ignored during dead code analysis
[INFO] [stderr] 
[INFO] [stderr] warning: variants `HAlign`, `VAlign`, and `Both` are never constructed
[INFO] [stderr]   --> src/types.rs:37:5
[INFO] [stderr]    |
[INFO] [stderr] 36 | pub enum Align {
[INFO] [stderr]    |          ----- variants in this enum
[INFO] [stderr] 37 |     HAlign(HAlign),
[INFO] [stderr]    |     ^^^^^^
[INFO] [stderr] 38 |     VAlign(VAlign),
[INFO] [stderr]    |     ^^^^^^
[INFO] [stderr] 39 |     Both(HAlign, VAlign),
[INFO] [stderr]    |     ^^^^
[INFO] [stderr]    |
[INFO] [stderr]    = note: `Align` has derived impls for the traits `Clone` and `Debug`, but these are intentionally ignored during dead code analysis
[INFO] [stderr] 
[INFO] [stderr] warning: associated function `new` is never used
[INFO] [stderr]   --> src/types.rs:59:12
[INFO] [stderr]    |
[INFO] [stderr] 50 | impl Rectangle {
[INFO] [stderr]    | -------------- associated function in this implementation
[INFO] [stderr] ...
[INFO] [stderr] 59 |     pub fn new(x: FixedScalar, y: FixedScalar, width: FixedScalar, height: FixedScalar) -> Self {
[INFO] [stderr]    |            ^^^
[INFO] [stderr] 
[INFO] [stderr] warning: associated function `new` is never used
[INFO] [stderr]   --> src/types.rs:83:12
[INFO] [stderr]    |
[INFO] [stderr] 75 | impl Size {
[INFO] [stderr]    | --------- associated function in this implementation
[INFO] [stderr] ...
[INFO] [stderr] 83 |     pub fn new(width: FixedScalar, height: FixedScalar) -> Self {
[INFO] [stderr]    |            ^^^
[INFO] [stderr] 
[INFO] [stderr] warning: `slay` (bin "slay" test) generated 15 warnings (run `cargo fix --bin "slay" --tests` to apply 1 suggestion)
[INFO] [stderr]     Finished test [unoptimized + debuginfo] target(s) in 0.00s
[INFO] [stderr]      Running unittests src/main.rs (/opt/rustwide/target/debug/deps/slay-d0795b7cd94ed566)
[INFO] [stdout] 
[INFO] [stdout] running 2 tests
[INFO] [stdout] test node::tests::test_minimum_size ... ok
[INFO] [stdout] test node::tests::test_natural_size ... FAILED
[INFO] [stderr] error: test failed, to rerun pass `--bin slay`
[INFO] [stdout] 
[INFO] [stdout] failures:
[INFO] [stdout] 
[INFO] [stdout] ---- node::tests::test_natural_size stdout ----
[INFO] [stdout] thread 'node::tests::test_natural_size' panicked at src/node.rs:252:9:
[INFO] [stdout] assertion `left == right` failed
[INFO] [stdout]   left: 100
[INFO] [stdout]  right: 1000
[INFO] [stdout] stack backtrace:
[INFO] [stdout]    0:     0x55f4290431f6 - std::backtrace_rs::backtrace::libunwind::trace::h261606ad26a499c1
[INFO] [stdout]                                at /rustc/0e09125c6c3c2fd70d7de961bcf0e51575235fad/library/std/src/../../backtrace/src/backtrace/libunwind.rs:104:5
[INFO] [stdout]    1:     0x55f4290431f6 - std::backtrace_rs::backtrace::trace_unsynchronized::hd183f0625477fb28
[INFO] [stdout]                                at /rustc/0e09125c6c3c2fd70d7de961bcf0e51575235fad/library/std/src/../../backtrace/src/backtrace/mod.rs:66:5
[INFO] [stdout]    2:     0x55f4290431f6 - std::sys_common::backtrace::_print_fmt::hd7f8fef21b4eda67
[INFO] [stdout]                                at /rustc/0e09125c6c3c2fd70d7de961bcf0e51575235fad/library/std/src/sys_common/backtrace.rs:68:5
[INFO] [stdout]    3:     0x55f4290431f6 - <std::sys_common::backtrace::_print::DisplayBacktrace as core::fmt::Display>::fmt::h623d9b51f2f453f1
[INFO] [stdout]                                at /rustc/0e09125c6c3c2fd70d7de961bcf0e51575235fad/library/std/src/sys_common/backtrace.rs:44:22
[INFO] [stdout]    4:     0x55f42906c040 - core::fmt::rt::Argument::fmt::h9f417ac76a86f368
[INFO] [stdout]                                at /rustc/0e09125c6c3c2fd70d7de961bcf0e51575235fad/library/core/src/fmt/rt.rs:142:9
[INFO] [stdout]    5:     0x55f42906c040 - core::fmt::write::hc9b6faf4ac2aeff7
[INFO] [stdout]                                at /rustc/0e09125c6c3c2fd70d7de961bcf0e51575235fad/library/core/src/fmt/mod.rs:1120:17
[INFO] [stdout]    6:     0x55f429040c5f - std::io::Write::write_fmt::he04625a3a989fec3
[INFO] [stdout]                                at /rustc/0e09125c6c3c2fd70d7de961bcf0e51575235fad/library/std/src/io/mod.rs:1810:15
[INFO] [stdout]    7:     0x55f429042fd4 - std::sys_common::backtrace::_print::hd5d66399c7df88a2
[INFO] [stdout]                                at /rustc/0e09125c6c3c2fd70d7de961bcf0e51575235fad/library/std/src/sys_common/backtrace.rs:47:5
[INFO] [stdout]    8:     0x55f429042fd4 - std::sys_common::backtrace::print::he81ed2da642d37e5
[INFO] [stdout]                                at /rustc/0e09125c6c3c2fd70d7de961bcf0e51575235fad/library/std/src/sys_common/backtrace.rs:34:9
[INFO] [stdout]    9:     0x55f429044d47 - std::panicking::default_hook::{{closure}}::h85773f4fa117163d
[INFO] [stdout]   10:     0x55f429044a2d - std::panicking::default_hook::h6a1694a91d09b278
[INFO] [stdout]                                at /rustc/0e09125c6c3c2fd70d7de961bcf0e51575235fad/library/std/src/panicking.rs:289:9
[INFO] [stdout]   11:     0x55f429014c07 - <alloc::boxed::Box<F,A> as core::ops::function::Fn<Args>>::call::h616ac37fa3cd6c8f
[INFO] [stdout]                                at /rustc/0e09125c6c3c2fd70d7de961bcf0e51575235fad/library/alloc/src/boxed.rs:2029:9
[INFO] [stdout]   12:     0x55f429014c07 - test::test_main::{{closure}}::h00d84697cefdcbb6
[INFO] [stdout]                                at /rustc/0e09125c6c3c2fd70d7de961bcf0e51575235fad/library/test/src/lib.rs:138:21
[INFO] [stdout]   13:     0x55f429045366 - <alloc::boxed::Box<F,A> as core::ops::function::Fn<Args>>::call::hcb3fe3b9bb537ba8
[INFO] [stdout]                                at /rustc/0e09125c6c3c2fd70d7de961bcf0e51575235fad/library/alloc/src/boxed.rs:2029:9
[INFO] [stdout]   14:     0x55f429045366 - std::panicking::rust_panic_with_hook::h0a7ad96e90f7145b
[INFO] [stdout]                                at /rustc/0e09125c6c3c2fd70d7de961bcf0e51575235fad/library/std/src/panicking.rs:783:13
[INFO] [stdout]   15:     0x55f4290450b2 - std::panicking::begin_panic_handler::{{closure}}::h7919090525c6485e
[INFO] [stdout]                                at /rustc/0e09125c6c3c2fd70d7de961bcf0e51575235fad/library/std/src/panicking.rs:657:13
[INFO] [stdout]   16:     0x55f4290436f6 - std::sys_common::backtrace::__rust_end_short_backtrace::hf3289479464f7dfe
[INFO] [stdout]                                at /rustc/0e09125c6c3c2fd70d7de961bcf0e51575235fad/library/std/src/sys_common/backtrace.rs:171:18
[INFO] [stdout]   17:     0x55f429044e10 - rust_begin_unwind
[INFO] [stdout]                                at /rustc/0e09125c6c3c2fd70d7de961bcf0e51575235fad/library/std/src/panicking.rs:645:5
[INFO] [stdout]   18:     0x55f428fdacd5 - core::panicking::panic_fmt::hcc9f77c5c132af55
[INFO] [stdout]                                at /rustc/0e09125c6c3c2fd70d7de961bcf0e51575235fad/library/core/src/panicking.rs:72:14
[INFO] [stdout]   19:     0x55f428fdb01b - core::panicking::assert_failed_inner::h9f13e27dd63c3a08
[INFO] [stdout]                                at /rustc/0e09125c6c3c2fd70d7de961bcf0e51575235fad/library/core/src/panicking.rs:342:17
[INFO] [stdout]   20:     0x55f428fdc3fe - core::panicking::assert_failed::h4304b277dd3c3c3e
[INFO] [stdout]                                at /rustc/0e09125c6c3c2fd70d7de961bcf0e51575235fad/library/core/src/panicking.rs:297:5
[INFO] [stdout]   21:     0x55f428fe0218 - slay::node::tests::test_natural_size::h170424c150a36b92
[INFO] [stdout]                                at /opt/rustwide/workdir/src/node.rs:252:9
[INFO] [stdout]   22:     0x55f428fe0067 - slay::node::tests::test_natural_size::{{closure}}::ha83f734ba5f8bea4
[INFO] [stdout]                                at /opt/rustwide/workdir/src/node.rs:244:27
[INFO] [stdout]   23:     0x55f428fdbc16 - core::ops::function::FnOnce::call_once::h99a22ef0a94c76d1
[INFO] [stdout]                                at /rustc/0e09125c6c3c2fd70d7de961bcf0e51575235fad/library/core/src/ops/function.rs:250:5
[INFO] [stdout]   24:     0x55f42901a4df - core::ops::function::FnOnce::call_once::hd64d26f405258157
[INFO] [stdout]                                at /rustc/0e09125c6c3c2fd70d7de961bcf0e51575235fad/library/core/src/ops/function.rs:250:5
[INFO] [stdout]   25:     0x55f42901a4df - test::__rust_begin_short_backtrace::he21b0b7a6d731bf9
[INFO] [stdout]                                at /rustc/0e09125c6c3c2fd70d7de961bcf0e51575235fad/library/test/src/lib.rs:627:18
[INFO] [stdout]   26:     0x55f429019261 - test::run_test_in_process::{{closure}}::hf5c73986d7bdfde2
[INFO] [stdout]                                at /rustc/0e09125c6c3c2fd70d7de961bcf0e51575235fad/library/test/src/lib.rs:650:60
[INFO] [stdout]   27:     0x55f429019261 - <core::panic::unwind_safe::AssertUnwindSafe<F> as core::ops::function::FnOnce<()>>::call_once::h330011ad032aadc0
[INFO] [stdout]                                at /rustc/0e09125c6c3c2fd70d7de961bcf0e51575235fad/library/core/src/panic/unwind_safe.rs:272:9
[INFO] [stdout]   28:     0x55f429019261 - std::panicking::try::do_call::he61b0a958b795a41
[INFO] [stdout]                                at /rustc/0e09125c6c3c2fd70d7de961bcf0e51575235fad/library/std/src/panicking.rs:552:40
[INFO] [stdout]   29:     0x55f429019261 - std::panicking::try::h7309da130f906eb7
[INFO] [stdout]                                at /rustc/0e09125c6c3c2fd70d7de961bcf0e51575235fad/library/std/src/panicking.rs:516:19
[INFO] [stdout]   30:     0x55f429019261 - std::panic::catch_unwind::hc5c3a06fdaf0a92a
[INFO] [stdout]                                at /rustc/0e09125c6c3c2fd70d7de961bcf0e51575235fad/library/std/src/panic.rs:142:14
[INFO] [stdout]   31:     0x55f429019261 - test::run_test_in_process::h7e7b7c71c3324e0f
[INFO] [stdout]                                at /rustc/0e09125c6c3c2fd70d7de961bcf0e51575235fad/library/test/src/lib.rs:650:27
[INFO] [stdout]   32:     0x55f429019261 - test::run_test::{{closure}}::h1f509f28f5cf20b1
[INFO] [stdout]                                at /rustc/0e09125c6c3c2fd70d7de961bcf0e51575235fad/library/test/src/lib.rs:573:43
[INFO] [stdout]   33:     0x55f428fe0596 - test::run_test::{{closure}}::h1754218abf443f6d
[INFO] [stdout]                                at /rustc/0e09125c6c3c2fd70d7de961bcf0e51575235fad/library/test/src/lib.rs:601:41
[INFO] [stdout]   34:     0x55f428fe0596 - std::sys_common::backtrace::__rust_begin_short_backtrace::h2ee174b9d5954948
[INFO] [stdout]                                at /rustc/0e09125c6c3c2fd70d7de961bcf0e51575235fad/library/std/src/sys_common/backtrace.rs:155:18
[INFO] [stdout]   35:     0x55f428fe55f7 - std::thread::Builder::spawn_unchecked_::{{closure}}::{{closure}}::hf60bee9c1a17ef09
[INFO] [stdout]                                at /rustc/0e09125c6c3c2fd70d7de961bcf0e51575235fad/library/std/src/thread/mod.rs:529:17
[INFO] [stdout]   36:     0x55f428fe55f7 - <core::panic::unwind_safe::AssertUnwindSafe<F> as core::ops::function::FnOnce<()>>::call_once::h33d0dddec5216160
[INFO] [stdout]                                at /rustc/0e09125c6c3c2fd70d7de961bcf0e51575235fad/library/core/src/panic/unwind_safe.rs:272:9
[INFO] [stdout]   37:     0x55f428fe55f7 - std::panicking::try::do_call::h144b3048b546f835
[INFO] [stdout]                                at /rustc/0e09125c6c3c2fd70d7de961bcf0e51575235fad/library/std/src/panicking.rs:552:40
[INFO] [stdout]   38:     0x55f428fe55f7 - std::panicking::try::h978244d04646189f
[INFO] [stdout]                                at /rustc/0e09125c6c3c2fd70d7de961bcf0e51575235fad/library/std/src/panicking.rs:516:19
[INFO] [stdout]   39:     0x55f428fe55f7 - std::panic::catch_unwind::hdf436369d188fe86
[INFO] [stdout]                                at /rustc/0e09125c6c3c2fd70d7de961bcf0e51575235fad/library/std/src/panic.rs:142:14
[INFO] [stdout]   40:     0x55f428fe55f7 - std::thread::Builder::spawn_unchecked_::{{closure}}::h87329cbdd33c79ec
[INFO] [stdout]                                at /rustc/0e09125c6c3c2fd70d7de961bcf0e51575235fad/library/std/src/thread/mod.rs:528:30
[INFO] [stdout]   41:     0x55f428fe55f7 - core::ops::function::FnOnce::call_once{{vtable.shim}}::h401abbe67897d450
[INFO] [stdout]                                at /rustc/0e09125c6c3c2fd70d7de961bcf0e51575235fad/library/core/src/ops/function.rs:250:5
[INFO] [stdout]   42:     0x55f429049e15 - <alloc::boxed::Box<F,A> as core::ops::function::FnOnce<Args>>::call_once::h5d7c8f150ab9c84c
[INFO] [stdout]                                at /rustc/0e09125c6c3c2fd70d7de961bcf0e51575235fad/library/alloc/src/boxed.rs:2015:9
[INFO] [stdout]   43:     0x55f429049e15 - <alloc::boxed::Box<F,A> as core::ops::function::FnOnce<Args>>::call_once::h570d5b005c242c15
[INFO] [stdout]                                at /rustc/0e09125c6c3c2fd70d7de961bcf0e51575235fad/library/alloc/src/boxed.rs:2015:9
[INFO] [stdout]   44:     0x55f429049e15 - std::sys::unix::thread::Thread::new::thread_start::h36b0a20c0b2361ad
[INFO] [stdout]                                at /rustc/0e09125c6c3c2fd70d7de961bcf0e51575235fad/library/std/src/sys/unix/thread.rs:108:17
[INFO] [stdout]   45:     0x7fc567d30ac3 - <unknown>
[INFO] [stdout]   46:     0x7fc567dc1bf4 - __clone
[INFO] [stdout]   47:                0x0 - <unknown>
[INFO] [stdout] 
[INFO] [stdout] 
[INFO] [stdout] failures:
[INFO] [stdout]     node::tests::test_natural_size
[INFO] [stdout] 
[INFO] [stdout] test result: FAILED. 1 passed; 1 failed; 0 ignored; 0 measured; 0 filtered out; finished in 0.02s
[INFO] [stdout] 
[INFO] running `Command { std: "docker" "inspect" "603d37bc29147866f432e1730748d89e23d0ba41a2174f985c180b71bb17c55c", kill_on_drop: false }`
[INFO] running `Command { std: "docker" "rm" "-f" "603d37bc29147866f432e1730748d89e23d0ba41a2174f985c180b71bb17c55c", kill_on_drop: false }`
[INFO] [stdout] 603d37bc29147866f432e1730748d89e23d0ba41a2174f985c180b71bb17c55c
