[INFO] cloning repository https://github.com/fitan/fastdfs
[INFO] running `Command { std: "git" "-c" "credential.helper=" "-c" "credential.helper=/workspace/cargo-home/bin/git-credential-null" "clone" "--bare" "https://github.com/fitan/fastdfs" "/workspace/cache/git-repos/https%3A%2F%2Fgithub.com%2Ffitan%2Ffastdfs", kill_on_drop: false }`
[INFO] [stderr] Cloning into bare repository '/workspace/cache/git-repos/https%3A%2F%2Fgithub.com%2Ffitan%2Ffastdfs'...
[INFO] running `Command { std: "git" "rev-parse" "HEAD", kill_on_drop: false }`
[INFO] [stdout] c5216343a2bf1f524fa4462721e5c9c68e11e990
[INFO] testing fitan/fastdfs against 1.75.0 for beta-1.76-1
[INFO] running `Command { std: "git" "clone" "/workspace/cache/git-repos/https%3A%2F%2Fgithub.com%2Ffitan%2Ffastdfs" "/workspace/builds/worker-5-tc1/source", kill_on_drop: false }`
[INFO] [stderr] Cloning into '/workspace/builds/worker-5-tc1/source'...
[INFO] [stderr] done.
[INFO] validating manifest of git repo https://github.com/fitan/fastdfs on toolchain 1.75.0
[INFO] running `Command { std: CARGO_HOME="/workspace/cargo-home" RUSTUP_HOME="/workspace/rustup-home" "/workspace/cargo-home/bin/cargo" "+1.75.0" "metadata" "--manifest-path" "Cargo.toml" "--no-deps", kill_on_drop: false }`
[INFO] started tweaking git repo https://github.com/fitan/fastdfs
[INFO] finished tweaking git repo https://github.com/fitan/fastdfs
[INFO] tweaked toml for git repo https://github.com/fitan/fastdfs written to /workspace/builds/worker-5-tc1/source/Cargo.toml
[INFO] crate git repo https://github.com/fitan/fastdfs already has a lockfile, it will not be regenerated
[INFO] running `Command { std: CARGO_HOME="/workspace/cargo-home" RUSTUP_HOME="/workspace/rustup-home" "/workspace/cargo-home/bin/cargo" "+1.75.0" "fetch" "--manifest-path" "Cargo.toml", kill_on_drop: false }`
[INFO] [stderr]  Downloading crates ...
[INFO] [stderr]   Downloaded axum v0.6.9
[INFO] [stderr]   Downloaded axum-macros v0.3.4
[INFO] [stderr]   Downloaded axum-extra v0.5.0
[INFO] running `Command { std: "docker" "create" "-v" "/var/lib/crater-agent-workspace/builds/worker-5-tc1/target:/opt/rustwide/target:rw,Z" "-v" "/var/lib/crater-agent-workspace/builds/worker-5-tc1/source:/opt/rustwide/workdir:ro,Z" "-v" "/var/lib/crater-agent-workspace/cargo-home:/opt/rustwide/cargo-home:ro,Z" "-v" "/var/lib/crater-agent-workspace/rustup-home:/opt/rustwide/rustup-home:ro,Z" "-e" "SOURCE_DIR=/opt/rustwide/workdir" "-e" "CARGO_TARGET_DIR=/opt/rustwide/target" "-e" "CARGO_HOME=/opt/rustwide/cargo-home" "-e" "RUSTUP_HOME=/opt/rustwide/rustup-home" "-w" "/opt/rustwide/workdir" "-m" "1610612736" "--user" "0:0" "--network" "none" "ghcr.io/rust-lang/crates-build-env/linux@sha256:2788e3201cd34a07e3172128adcd8b3090168a8e3bcc40d7c032b9dda1df7d1c" "/opt/rustwide/cargo-home/bin/cargo" "+1.75.0" "metadata" "--no-deps" "--format-version=1", kill_on_drop: false }`
[INFO] [stdout] 34a62ab03932178cf57874d00ec76c1a92f4854c1845d28938a84347b719a475
[INFO] running `Command { std: "docker" "start" "-a" "34a62ab03932178cf57874d00ec76c1a92f4854c1845d28938a84347b719a475", kill_on_drop: false }`
[INFO] running `Command { std: "docker" "inspect" "34a62ab03932178cf57874d00ec76c1a92f4854c1845d28938a84347b719a475", kill_on_drop: false }`
[INFO] running `Command { std: "docker" "rm" "-f" "34a62ab03932178cf57874d00ec76c1a92f4854c1845d28938a84347b719a475", kill_on_drop: false }`
[INFO] [stdout] 34a62ab03932178cf57874d00ec76c1a92f4854c1845d28938a84347b719a475
[INFO] running `Command { std: "docker" "create" "-v" "/var/lib/crater-agent-workspace/builds/worker-5-tc1/target:/opt/rustwide/target:rw,Z" "-v" "/var/lib/crater-agent-workspace/builds/worker-5-tc1/source:/opt/rustwide/workdir:ro,Z" "-v" "/var/lib/crater-agent-workspace/cargo-home:/opt/rustwide/cargo-home:ro,Z" "-v" "/var/lib/crater-agent-workspace/rustup-home:/opt/rustwide/rustup-home:ro,Z" "-e" "SOURCE_DIR=/opt/rustwide/workdir" "-e" "CARGO_TARGET_DIR=/opt/rustwide/target" "-e" "CARGO_INCREMENTAL=0" "-e" "RUST_BACKTRACE=full" "-e" "RUSTFLAGS=--cap-lints=warn" "-e" "RUSTDOCFLAGS=--cap-lints=warn" "-e" "CARGO_HOME=/opt/rustwide/cargo-home" "-e" "RUSTUP_HOME=/opt/rustwide/rustup-home" "-w" "/opt/rustwide/workdir" "-m" "1610612736" "--user" "0:0" "--network" "none" "ghcr.io/rust-lang/crates-build-env/linux@sha256:2788e3201cd34a07e3172128adcd8b3090168a8e3bcc40d7c032b9dda1df7d1c" "/opt/rustwide/cargo-home/bin/cargo" "+1.75.0" "build" "--frozen" "--message-format=json", kill_on_drop: false }`
[INFO] [stdout] e0fb2e518c0cf2f907153e8ff55bf05c4abf2e9b102909f7c6ee68a34363be14
[INFO] running `Command { std: "docker" "start" "-a" "e0fb2e518c0cf2f907153e8ff55bf05c4abf2e9b102909f7c6ee68a34363be14", kill_on_drop: false }`
[INFO] [stderr]    Compiling proc-macro2 v1.0.51
[INFO] [stderr]    Compiling quote v1.0.23
[INFO] [stderr]    Compiling unicode-ident v1.0.6
[INFO] [stderr]    Compiling syn v1.0.109
[INFO] [stderr]    Compiling cfg-if v1.0.0
[INFO] [stderr]    Compiling autocfg v1.1.0
[INFO] [stderr]    Compiling libc v0.2.139
[INFO] [stderr]    Compiling log v0.4.17
[INFO] [stderr]    Compiling memchr v2.5.0
[INFO] [stderr]    Compiling futures-core v0.3.26
[INFO] [stderr]    Compiling pin-project-lite v0.2.9
[INFO] [stderr]    Compiling futures-channel v0.3.26
[INFO] [stderr]    Compiling futures-task v0.3.26
[INFO] [stderr]    Compiling futures-util v0.3.26
[INFO] [stderr]    Compiling version_check v0.9.4
[INFO] [stderr]    Compiling futures-sink v0.3.27
[INFO] [stderr]    Compiling bytes v1.4.0
[INFO] [stderr]    Compiling futures-io v0.3.27
[INFO] [stderr]    Compiling itoa v1.0.5
[INFO] [stderr]    Compiling pin-utils v0.1.0
[INFO] [stderr]    Compiling once_cell v1.17.1
[INFO] [stderr]    Compiling parking_lot_core v0.9.7
[INFO] [stderr]    Compiling rustversion v1.0.11
[INFO] [stderr]    Compiling smallvec v1.10.0
[INFO] [stderr]    Compiling fnv v1.0.7
[INFO] [stderr]    Compiling tracing-core v0.1.30
[INFO] [stderr]    Compiling serde_derive v1.0.152
[INFO] [stderr]    Compiling slab v0.4.8
[INFO] [stderr]    Compiling lock_api v0.4.9
[INFO] [stderr]    Compiling scopeguard v1.1.0
[INFO] [stderr]    Compiling tokio v1.25.0
[INFO] [stderr]    Compiling typenum v1.16.0
[INFO] [stderr]    Compiling tower-service v0.3.2
[INFO] [stderr]    Compiling serde v1.0.152
[INFO] [stderr]    Compiling generic-array v0.14.6
[INFO] [stderr]    Compiling tower-layer v0.3.2
[INFO] [stderr]    Compiling httparse v1.8.0
[INFO] [stderr]    Compiling http v0.2.9
[INFO] [stderr]    Compiling async-trait v0.1.64
[INFO] [stderr]    Compiling multer v2.0.4
[INFO] [stderr]    Compiling bitflags v1.3.2
[INFO] [stderr]    Compiling percent-encoding v2.2.0
[INFO] [stderr]    Compiling http-range-header v0.3.0
[INFO] [stderr]    Compiling serde_json v1.0.93
[INFO] [stderr]    Compiling ryu v1.0.12
[INFO] [stderr]    Compiling mime v0.3.16
[INFO] [stderr]    Compiling try-lock v0.2.4
[INFO] [stderr]    Compiling form_urlencoded v1.1.0
[INFO] [stderr]    Compiling want v0.3.0
[INFO] [stderr]    Compiling encoding_rs v0.8.32
[INFO] [stderr]    Compiling httpdate v1.0.2
[INFO] [stderr]    Compiling spin v0.9.5
[INFO] [stderr]    Compiling mio v0.8.6
[INFO] [stderr]    Compiling num_cpus v1.15.0
[INFO] [stderr]    Compiling signal-hook-registry v1.4.1
[INFO] [stderr]    Compiling socket2 v0.4.7
[INFO] [stderr]    Compiling getrandom v0.2.8
[INFO] [stderr]    Compiling lazy_static v1.4.0
[INFO] [stderr]    Compiling crc32fast v1.3.2
[INFO] [stderr]    Compiling ppv-lite86 v0.2.17
[INFO] [stderr]    Compiling sync_wrapper v0.1.2
[INFO] [stderr]    Compiling matchit v0.7.0
[INFO] [stderr]    Compiling parking_lot v0.12.1
[INFO] [stderr]    Compiling anyhow v1.0.69
[INFO] [stderr]    Compiling rand_core v0.6.4
[INFO] [stderr]    Compiling http-body v0.4.5
[INFO] [stderr]    Compiling axum-core v0.3.2
[INFO] [stderr]    Compiling axum v0.6.9
[INFO] [stderr]    Compiling overload v0.1.1
[INFO] [stderr]    Compiling nu-ansi-term v0.46.0
[INFO] [stderr]    Compiling rand_chacha v0.3.1
[INFO] [stderr]    Compiling tracing-log v0.1.3
[INFO] [stderr]    Compiling sharded-slab v0.1.4
[INFO] [stderr]    Compiling thread_local v1.1.7
[INFO] [stderr]    Compiling heck v0.4.1
[INFO] [stderr]    Compiling hex v0.4.3
[INFO] [stderr]    Compiling base64 v0.21.0
[INFO] [stderr]    Compiling rand v0.8.5
[INFO] [stderr]    Compiling tracing-subscriber v0.3.16
[INFO] [stderr]    Compiling block-buffer v0.10.3
[INFO] [stderr]    Compiling crypto-common v0.1.6
[INFO] [stderr]    Compiling digest v0.10.6
[INFO] [stderr]    Compiling md-5 v0.10.5
[INFO] [stderr]    Compiling futures-macro v0.3.26
[INFO] [stderr]    Compiling tokio-macros v1.8.2
[INFO] [stderr]    Compiling tracing-attributes v0.1.23
[INFO] [stderr]    Compiling pin-project-internal v1.0.12
[INFO] [stderr]    Compiling axum-macros v0.3.4
[INFO] [stderr]    Compiling pin-project v1.0.12
[INFO] [stderr]    Compiling tracing v0.1.37
[INFO] [stderr]    Compiling futures-executor v0.3.26
[INFO] [stderr]    Compiling tower-http v0.3.5
[INFO] [stderr]    Compiling futures v0.3.26
[INFO] [stderr]    Compiling tower v0.4.13
[INFO] [stderr]    Compiling hyper v0.14.24
[INFO] [stderr]    Compiling tower-http v0.4.0
[INFO] [stderr]    Compiling serde_path_to_error v0.1.9
[INFO] [stderr]    Compiling serde_urlencoded v0.7.1
[INFO] [stderr]    Compiling axum-extra v0.5.0
[INFO] [stderr]    Compiling fastdfs v0.1.0 (/opt/rustwide/workdir)
[INFO] [stdout] warning: unused import: `Path`
[INFO] [stdout]  --> src/http.rs:3:32
[INFO] [stdout]   |
[INFO] [stdout] 3 | use axum::extract::{Multipart, Path, Query, State};
[INFO] [stdout]   |                                ^^^^
[INFO] [stdout]   |
[INFO] [stdout]   = note: `#[warn(unused_imports)]` on by default
[INFO] [stdout] 
[INFO] [stdout] 
[INFO] [stdout] warning: unused import: `axum::response::Response`
[INFO] [stdout]  --> src/http.rs:6:5
[INFO] [stdout]   |
[INFO] [stdout] 6 | use axum::response::Response;
[INFO] [stdout]   |     ^^^^^^^^^^^^^^^^^^^^^^^^
[INFO] [stdout] 
[INFO] [stdout] 
[INFO] [stdout] warning: unused import: `std::cell::RefCell`
[INFO] [stdout]  --> src/storage.rs:1:5
[INFO] [stdout]   |
[INFO] [stdout] 1 | use std::cell::RefCell;
[INFO] [stdout]   |     ^^^^^^^^^^^^^^^^^^
[INFO] [stdout] 
[INFO] [stdout] 
[INFO] [stdout] warning: unused import: `std::fs::File`
[INFO] [stdout]  --> src/storage.rs:3:5
[INFO] [stdout]   |
[INFO] [stdout] 3 | use std::fs::File;
[INFO] [stdout]   |     ^^^^^^^^^^^^^
[INFO] [stdout] 
[INFO] [stdout] 
[INFO] [stdout] warning: unused imports: `Bytes`, `Write`
[INFO] [stdout]  --> src/storage.rs:4:15
[INFO] [stdout]   |
[INFO] [stdout] 4 | use std::io::{Bytes, Read, Write};
[INFO] [stdout]   |               ^^^^^        ^^^^^
[INFO] [stdout] 
[INFO] [stdout] 
[INFO] [stdout] warning: unused imports: `Engine as _`, `alphabet`, `general_purpose`, `self`
[INFO] [stdout]   --> src/storage.rs:11:14
[INFO] [stdout]    |
[INFO] [stdout] 11 | use base64::{Engine as _, engine::{self, general_purpose}, alphabet};
[INFO] [stdout]    |              ^^^^^^^^^^^           ^^^^  ^^^^^^^^^^^^^^^   ^^^^^^^^
[INFO] [stdout] 
[INFO] [stdout] 
[INFO] [stdout] warning: unused import: `hex::ToHex`
[INFO] [stdout]   --> src/storage.rs:13:5
[INFO] [stdout]    |
[INFO] [stdout] 13 | use hex::ToHex;
[INFO] [stdout]    |     ^^^^^^^^^^
[INFO] [stdout] 
[INFO] [stdout] 
[INFO] [stdout] warning: unused import: `tokio::io::split`
[INFO] [stdout]   --> src/storage.rs:14:5
[INFO] [stdout]    |
[INFO] [stdout] 14 | use tokio::io::split;
[INFO] [stdout]    |     ^^^^^^^^^^^^^^^^
[INFO] [stdout] 
[INFO] [stdout] 
[INFO] [stdout] warning: unused import: `tokio::stream`
[INFO] [stdout]   --> src/storage.rs:15:5
[INFO] [stdout]    |
[INFO] [stdout] 15 | use tokio::stream;
[INFO] [stdout]    |     ^^^^^^^^^^^^^
[INFO] [stdout] 
[INFO] [stdout] 
[INFO] [stdout] warning: unused import: `futures::executor::block_on`
[INFO] [stdout]   --> src/storage.rs:19:5
[INFO] [stdout]    |
[INFO] [stdout] 19 | use futures::executor::block_on;
[INFO] [stdout]    |     ^^^^^^^^^^^^^^^^^^^^^^^^^^^
[INFO] [stdout] 
[INFO] [stdout] 
[INFO] [stdout] warning: unused import: `std::cell::RefCell`
[INFO] [stdout]  --> src/wrr.rs:1:5
[INFO] [stdout]   |
[INFO] [stdout] 1 | use std::cell::RefCell;
[INFO] [stdout]   |     ^^^^^^^^^^^^^^^^^^
[INFO] [stdout] 
[INFO] [stdout] 
[INFO] [stdout] warning: unused import: `std::rc::Rc`
[INFO] [stdout]  --> src/wrr.rs:2:5
[INFO] [stdout]   |
[INFO] [stdout] 2 | use std::rc::Rc;
[INFO] [stdout]   |     ^^^^^^^^^^^
[INFO] [stdout] 
[INFO] [stdout] 
[INFO] [stdout] warning: unused imports: `Cursor`, `SeekFrom`, `Seek`
[INFO] [stdout]  --> src/next_file.rs:3:21
[INFO] [stdout]   |
[INFO] [stdout] 3 | use std::io::{Read, Cursor, Seek, Write, SeekFrom};
[INFO] [stdout]   |                     ^^^^^^  ^^^^         ^^^^^^^^
[INFO] [stdout] 
[INFO] [stdout] 
[INFO] [stdout] warning: unused import: `AsyncSeekExt`
[INFO] [stdout]  --> src/next_file.rs:6:31
[INFO] [stdout]   |
[INFO] [stdout] 6 | use tokio::io::{AsyncReadExt, AsyncSeekExt, AsyncWriteExt};
[INFO] [stdout]   |                               ^^^^^^^^^^^^
[INFO] [stdout] 
[INFO] [stdout] 
[INFO] [stdout] warning: unused import: `post`
[INFO] [stdout]   --> src/main.rs:14:26
[INFO] [stdout]    |
[INFO] [stdout] 14 | use axum::routing::{get, post};
[INFO] [stdout]    |                          ^^^^
[INFO] [stdout] 
[INFO] [stdout] 
[INFO] [stdout] warning: use of deprecated function `base64::encode`: Use Engine::encode
[INFO] [stdout]    --> src/storage.rs:184:16
[INFO] [stdout]     |
[INFO] [stdout] 184 |     Ok(base64::encode(&file_id))
[INFO] [stdout]     |                ^^^^^^
[INFO] [stdout]     |
[INFO] [stdout]     = note: `#[warn(deprecated)]` on by default
[INFO] [stdout] 
[INFO] [stdout] 
[INFO] [stdout] warning: use of deprecated function `base64::decode`: Use Engine::decode
[INFO] [stdout]    --> src/storage.rs:188:21
[INFO] [stdout]     |
[INFO] [stdout] 188 |     let d = base64::decode(s).context("decode base64")?;
[INFO] [stdout]     |                     ^^^^^^
[INFO] [stdout] 
[INFO] [stdout] 
[INFO] [stdout] warning: variable does not need to be mutable
[INFO] [stdout]   --> src/http.rs:12:70
[INFO] [stdout]    |
[INFO] [stdout] 12 | pub async fn file_upload(State(storage): State<Arc<Mutex<Storage>>>, mut multipart: Multipart) -> String {
[INFO] [stdout]    |                                                                      ----^^^^^^^^^
[INFO] [stdout]    |                                                                      |
[INFO] [stdout]    |                                                                      help: remove this `mut`
[INFO] [stdout]    |
[INFO] [stdout]    = note: `#[warn(unused_mut)]` on by default
[INFO] [stdout] 
[INFO] [stdout] 
[INFO] [stdout] warning: unused variable: `content_type`
[INFO] [stdout]    --> src/storage.rs:123:17
[INFO] [stdout]     |
[INFO] [stdout] 123 |             let content_type = field.content_type().context("not found content_type")?.to_string();
[INFO] [stdout]     |                 ^^^^^^^^^^^^ help: if this is intentional, prefix it with an underscore: `_content_type`
[INFO] [stdout]     |
[INFO] [stdout]     = note: `#[warn(unused_variables)]` on by default
[INFO] [stdout] 
[INFO] [stdout] 
[INFO] [stdout] warning: value assigned to `body` is never read
[INFO] [stdout]   --> src/http.rs:27:13
[INFO] [stdout]    |
[INFO] [stdout] 27 |     let mut body = Vec::new();
[INFO] [stdout]    |             ^^^^
[INFO] [stdout]    |
[INFO] [stdout]    = help: maybe it is overwritten before being read?
[INFO] [stdout]    = note: `#[warn(unused_assignments)]` on by default
[INFO] [stdout] 
[INFO] [stdout] 
[INFO] [stdout] warning: variable does not need to be mutable
[INFO] [stdout]   --> src/http.rs:28:9
[INFO] [stdout]    |
[INFO] [stdout] 28 |     let mut file = storage.clone().lock().await.get_file(&name).await;
[INFO] [stdout]    |         ----^^^^
[INFO] [stdout]    |         |
[INFO] [stdout]    |         help: remove this `mut`
[INFO] [stdout] 
[INFO] [stdout] 
[INFO] [stdout] warning: unused variable: `timestamp`
[INFO] [stdout]   --> src/binlog.rs:37:29
[INFO] [stdout]    |
[INFO] [stdout] 37 |     pub async fn get(&self, timestamp: i64) -> anyhow::Result<()> {
[INFO] [stdout]    |                             ^^^^^^^^^ help: if this is intentional, prefix it with an underscore: `_timestamp`
[INFO] [stdout] 
[INFO] [stdout] 
[INFO] [stdout] warning: variable `file_size` is assigned to, but never used
[INFO] [stdout]   --> src/binlog.rs:38:17
[INFO] [stdout]    |
[INFO] [stdout] 38 |         let mut file_size = 0;
[INFO] [stdout]    |                 ^^^^^^^^^
[INFO] [stdout]    |
[INFO] [stdout]    = note: consider using `_file_size` instead
[INFO] [stdout] 
[INFO] [stdout] 
[INFO] [stdout] warning: value assigned to `file_size` is never read
[INFO] [stdout]   --> src/binlog.rs:41:17
[INFO] [stdout]    |
[INFO] [stdout] 41 |                 file_size = meta.len();
[INFO] [stdout]    |                 ^^^^^^^^^
[INFO] [stdout]    |
[INFO] [stdout]    = help: maybe it is overwritten before being read?
[INFO] [stdout] 
[INFO] [stdout] 
[INFO] [stdout] warning: unused variable: `file`
[INFO] [stdout]   --> src/binlog.rs:47:13
[INFO] [stdout]    |
[INFO] [stdout] 47 |         let file = OpenOptions::new().read(true).open(&self.path).await.context("open")?;
[INFO] [stdout]    |             ^^^^ help: if this is intentional, prefix it with an underscore: `_file`
[INFO] [stdout] 
[INFO] [stdout] 
[INFO] [stdout] warning: unused variable: `current_offset`
[INFO] [stdout]   --> src/binlog.rs:48:13
[INFO] [stdout]    |
[INFO] [stdout] 48 |         let current_offset = 0;
[INFO] [stdout]    |             ^^^^^^^^^^^^^^ help: if this is intentional, prefix it with an underscore: `_current_offset`
[INFO] [stdout] 
[INFO] [stdout] 
[INFO] [stdout] warning: unused import: `serde_json::de::Read`
[INFO] [stdout]  --> src/http.rs:7:5
[INFO] [stdout]   |
[INFO] [stdout] 7 | use serde_json::de::Read;
[INFO] [stdout]   |     ^^^^^^^^^^^^^^^^^^^^
[INFO] [stdout] 
[INFO] [stdout] 
[INFO] [stdout] warning: unused import: `Read`
[INFO] [stdout]  --> src/storage.rs:4:22
[INFO] [stdout]   |
[INFO] [stdout] 4 | use std::io::{Bytes, Read, Write};
[INFO] [stdout]   |                      ^^^^
[INFO] [stdout] 
[INFO] [stdout] 
[INFO] [stdout] warning: unused import: `AsyncWriteExt`
[INFO] [stdout]  --> src/next_file.rs:6:45
[INFO] [stdout]   |
[INFO] [stdout] 6 | use tokio::io::{AsyncReadExt, AsyncSeekExt, AsyncWriteExt};
[INFO] [stdout]   |                                             ^^^^^^^^^^^^^
[INFO] [stdout] 
[INFO] [stdout] 
[INFO] [stdout] warning: unused import: `AsyncReadExt`
[INFO] [stdout]  --> src/next_file.rs:6:17
[INFO] [stdout]   |
[INFO] [stdout] 6 | use tokio::io::{AsyncReadExt, AsyncSeekExt, AsyncWriteExt};
[INFO] [stdout]   |                 ^^^^^^^^^^^^
[INFO] [stdout] 
[INFO] [stdout] 
[INFO] [stdout] warning: unused variable: `rand`
[INFO] [stdout]    --> src/storage.rs:242:41
[INFO] [stdout]     |
[INFO] [stdout] 242 |         let (ip,timestamp, size, crc32, rand) = decode_file_id(&file_id)?;
[INFO] [stdout]     |                                         ^^^^ help: if this is intentional, prefix it with an underscore: `_rand`
[INFO] [stdout] 
[INFO] [stdout] 
[INFO] [stdout] warning: function `decode_file_id` is never used
[INFO] [stdout]    --> src/storage.rs:187:4
[INFO] [stdout]     |
[INFO] [stdout] 187 | fn decode_file_id(s: &String) -> anyhow::Result<(String,u64, u64, u32, u32)> {
[INFO] [stdout]     |    ^^^^^^^^^^^^^^
[INFO] [stdout]     |
[INFO] [stdout]     = note: `#[warn(dead_code)]` on by default
[INFO] [stdout] 
[INFO] [stdout] 
[INFO] [stdout] warning: struct `FileMsg` is never constructed
[INFO] [stdout]    --> src/storage.rs:224:8
[INFO] [stdout]     |
[INFO] [stdout] 224 | struct FileMsg {
[INFO] [stdout]     |        ^^^^^^^
[INFO] [stdout] 
[INFO] [stdout] 
[INFO] [stdout] warning: struct `FileId` is never constructed
[INFO] [stdout]    --> src/storage.rs:232:8
[INFO] [stdout]     |
[INFO] [stdout] 232 | struct FileId {
[INFO] [stdout]     |        ^^^^^^
[INFO] [stdout] 
[INFO] [stdout] 
[INFO] [stdout] warning: associated function `new` is never used
[INFO] [stdout]    --> src/storage.rs:240:12
[INFO] [stdout]     |
[INFO] [stdout] 239 | impl FileMsg {
[INFO] [stdout]     | ------------ associated function in this implementation
[INFO] [stdout] 240 |     pub fn new(file_name: &String) -> anyhow::Result<FileMsg> {
[INFO] [stdout]     |            ^^^
[INFO] [stdout] 
[INFO] [stdout] 
[INFO] [stdout] warning: enum `Operation` is never used
[INFO] [stdout]  --> src/binlog.rs:7:6
[INFO] [stdout]   |
[INFO] [stdout] 7 | enum Operation {
[INFO] [stdout]   |      ^^^^^^^^^
[INFO] [stdout] 
[INFO] [stdout] 
[INFO] [stdout] warning: struct `BindLog` is never constructed
[INFO] [stdout]   --> src/binlog.rs:13:8
[INFO] [stdout]    |
[INFO] [stdout] 13 | struct BindLog {
[INFO] [stdout]    |        ^^^^^^^
[INFO] [stdout] 
[INFO] [stdout] 
[INFO] [stdout] warning: associated items `new`, `inset`, and `get` are never used
[INFO] [stdout]   --> src/binlog.rs:18:12
[INFO] [stdout]    |
[INFO] [stdout] 17 | impl BindLog {
[INFO] [stdout]    | ------------ associated items in this implementation
[INFO] [stdout] 18 |     pub fn new(path: String) -> BindLog {
[INFO] [stdout]    |            ^^^
[INFO] [stdout] ...
[INFO] [stdout] 25 |     pub async fn inset(&mut self, timestamp: i64, path: &str, op: &str) -> anyhow::Result<()> {
[INFO] [stdout]    |                  ^^^^^
[INFO] [stdout] ...
[INFO] [stdout] 37 |     pub async fn get(&self, timestamp: i64) -> anyhow::Result<()> {
[INFO] [stdout]    |                  ^^^
[INFO] [stdout] 
[INFO] [stdout] 
[INFO] [stdout] warning: unused `Result` that must be used
[INFO] [stdout]   --> src/next_file.rs:28:9
[INFO] [stdout]    |
[INFO] [stdout] 28 |         sum.sum();
[INFO] [stdout]    |         ^^^^^^^^^
[INFO] [stdout]    |
[INFO] [stdout]    = note: this `Result` may be an `Err` variant, which should be handled
[INFO] [stdout]    = note: `#[warn(unused_must_use)]` on by default
[INFO] [stdout] help: use `let _ = ...` to ignore the resulting value
[INFO] [stdout]    |
[INFO] [stdout] 28 |         let _ = sum.sum();
[INFO] [stdout]    |         +++++++
[INFO] [stdout] 
[INFO] [stdout] 
[INFO] [stdout] warning: 39 warnings emitted
[INFO] [stdout] 
[INFO] [stdout] 
[INFO] [stderr]     Finished dev [unoptimized + debuginfo] target(s) in 15.02s
[INFO] running `Command { std: "docker" "inspect" "e0fb2e518c0cf2f907153e8ff55bf05c4abf2e9b102909f7c6ee68a34363be14", kill_on_drop: false }`
[INFO] running `Command { std: "docker" "rm" "-f" "e0fb2e518c0cf2f907153e8ff55bf05c4abf2e9b102909f7c6ee68a34363be14", kill_on_drop: false }`
[INFO] [stdout] e0fb2e518c0cf2f907153e8ff55bf05c4abf2e9b102909f7c6ee68a34363be14
[INFO] running `Command { std: "docker" "create" "-v" "/var/lib/crater-agent-workspace/builds/worker-5-tc1/target:/opt/rustwide/target:rw,Z" "-v" "/var/lib/crater-agent-workspace/builds/worker-5-tc1/source:/opt/rustwide/workdir:ro,Z" "-v" "/var/lib/crater-agent-workspace/cargo-home:/opt/rustwide/cargo-home:ro,Z" "-v" "/var/lib/crater-agent-workspace/rustup-home:/opt/rustwide/rustup-home:ro,Z" "-e" "SOURCE_DIR=/opt/rustwide/workdir" "-e" "CARGO_TARGET_DIR=/opt/rustwide/target" "-e" "CARGO_INCREMENTAL=0" "-e" "RUST_BACKTRACE=full" "-e" "RUSTFLAGS=--cap-lints=warn" "-e" "RUSTDOCFLAGS=--cap-lints=warn" "-e" "CARGO_HOME=/opt/rustwide/cargo-home" "-e" "RUSTUP_HOME=/opt/rustwide/rustup-home" "-w" "/opt/rustwide/workdir" "-m" "1610612736" "--user" "0:0" "--network" "none" "ghcr.io/rust-lang/crates-build-env/linux@sha256:2788e3201cd34a07e3172128adcd8b3090168a8e3bcc40d7c032b9dda1df7d1c" "/opt/rustwide/cargo-home/bin/cargo" "+1.75.0" "test" "--frozen" "--no-run" "--message-format=json", kill_on_drop: false }`
[INFO] [stdout] 53e7ba46ba801367461198aa5452ce5ba9a2763e02cf36eddf028d3275b8070b
[INFO] running `Command { std: "docker" "start" "-a" "53e7ba46ba801367461198aa5452ce5ba9a2763e02cf36eddf028d3275b8070b", kill_on_drop: false }`
[INFO] [stderr]    Compiling fastdfs v0.1.0 (/opt/rustwide/workdir)
[INFO] [stdout] warning: unused import: `Path`
[INFO] [stdout]  --> src/http.rs:3:32
[INFO] [stdout]   |
[INFO] [stdout] 3 | use axum::extract::{Multipart, Path, Query, State};
[INFO] [stdout]   |                                ^^^^
[INFO] [stdout]   |
[INFO] [stdout]   = note: `#[warn(unused_imports)]` on by default
[INFO] [stdout] 
[INFO] [stdout] 
[INFO] [stdout] warning: unused import: `axum::response::Response`
[INFO] [stdout]  --> src/http.rs:6:5
[INFO] [stdout]   |
[INFO] [stdout] 6 | use axum::response::Response;
[INFO] [stdout]   |     ^^^^^^^^^^^^^^^^^^^^^^^^
[INFO] [stdout] 
[INFO] [stdout] 
[INFO] [stdout] warning: unused import: `std::cell::RefCell`
[INFO] [stdout]  --> src/storage.rs:1:5
[INFO] [stdout]   |
[INFO] [stdout] 1 | use std::cell::RefCell;
[INFO] [stdout]   |     ^^^^^^^^^^^^^^^^^^
[INFO] [stdout] 
[INFO] [stdout] 
[INFO] [stdout] warning: unused import: `std::fs::File`
[INFO] [stdout]  --> src/storage.rs:3:5
[INFO] [stdout]   |
[INFO] [stdout] 3 | use std::fs::File;
[INFO] [stdout]   |     ^^^^^^^^^^^^^
[INFO] [stdout] 
[INFO] [stdout] 
[INFO] [stdout] warning: unused imports: `Bytes`, `Write`
[INFO] [stdout]  --> src/storage.rs:4:15
[INFO] [stdout]   |
[INFO] [stdout] 4 | use std::io::{Bytes, Read, Write};
[INFO] [stdout]   |               ^^^^^        ^^^^^
[INFO] [stdout] 
[INFO] [stdout] 
[INFO] [stdout] warning: unused imports: `Engine as _`, `alphabet`, `general_purpose`, `self`
[INFO] [stdout]   --> src/storage.rs:11:14
[INFO] [stdout]    |
[INFO] [stdout] 11 | use base64::{Engine as _, engine::{self, general_purpose}, alphabet};
[INFO] [stdout]    |              ^^^^^^^^^^^           ^^^^  ^^^^^^^^^^^^^^^   ^^^^^^^^
[INFO] [stdout] 
[INFO] [stdout] 
[INFO] [stdout] warning: unused import: `hex::ToHex`
[INFO] [stdout]   --> src/storage.rs:13:5
[INFO] [stdout]    |
[INFO] [stdout] 13 | use hex::ToHex;
[INFO] [stdout]    |     ^^^^^^^^^^
[INFO] [stdout] 
[INFO] [stdout] 
[INFO] [stdout] warning: unused import: `tokio::io::split`
[INFO] [stdout]   --> src/storage.rs:14:5
[INFO] [stdout]    |
[INFO] [stdout] 14 | use tokio::io::split;
[INFO] [stdout]    |     ^^^^^^^^^^^^^^^^
[INFO] [stdout] 
[INFO] [stdout] 
[INFO] [stdout] warning: unused import: `tokio::stream`
[INFO] [stdout]   --> src/storage.rs:15:5
[INFO] [stdout]    |
[INFO] [stdout] 15 | use tokio::stream;
[INFO] [stdout]    |     ^^^^^^^^^^^^^
[INFO] [stdout] 
[INFO] [stdout] 
[INFO] [stdout] warning: unused import: `futures::executor::block_on`
[INFO] [stdout]   --> src/storage.rs:19:5
[INFO] [stdout]    |
[INFO] [stdout] 19 | use futures::executor::block_on;
[INFO] [stdout]    |     ^^^^^^^^^^^^^^^^^^^^^^^^^^^
[INFO] [stdout] 
[INFO] [stdout] 
[INFO] [stdout] warning: unused import: `std::cell::RefCell`
[INFO] [stdout]  --> src/wrr.rs:1:5
[INFO] [stdout]   |
[INFO] [stdout] 1 | use std::cell::RefCell;
[INFO] [stdout]   |     ^^^^^^^^^^^^^^^^^^
[INFO] [stdout] 
[INFO] [stdout] 
[INFO] [stdout] warning: unused import: `std::rc::Rc`
[INFO] [stdout]  --> src/wrr.rs:2:5
[INFO] [stdout]   |
[INFO] [stdout] 2 | use std::rc::Rc;
[INFO] [stdout]   |     ^^^^^^^^^^^
[INFO] [stdout] 
[INFO] [stdout] 
[INFO] [stdout] warning: unused imports: `Cursor`, `SeekFrom`, `Seek`
[INFO] [stdout]  --> src/next_file.rs:3:21
[INFO] [stdout]   |
[INFO] [stdout] 3 | use std::io::{Read, Cursor, Seek, Write, SeekFrom};
[INFO] [stdout]   |                     ^^^^^^  ^^^^         ^^^^^^^^
[INFO] [stdout] 
[INFO] [stdout] 
[INFO] [stdout] warning: unused import: `AsyncSeekExt`
[INFO] [stdout]  --> src/next_file.rs:6:31
[INFO] [stdout]   |
[INFO] [stdout] 6 | use tokio::io::{AsyncReadExt, AsyncSeekExt, AsyncWriteExt};
[INFO] [stdout]   |                               ^^^^^^^^^^^^
[INFO] [stdout] 
[INFO] [stdout] 
[INFO] [stdout] warning: unused import: `anyhow::Context`
[INFO] [stdout]   --> src/next_file.rs:92:9
[INFO] [stdout]    |
[INFO] [stdout] 92 |     use anyhow::Context;
[INFO] [stdout]    |         ^^^^^^^^^^^^^^^
[INFO] [stdout] 
[INFO] [stdout] 
[INFO] [stdout] warning: unused import: `crate::next_file::SumSizeFile`
[INFO] [stdout]   --> src/next_file.rs:93:9
[INFO] [stdout]    |
[INFO] [stdout] 93 |     use crate::next_file::SumSizeFile;
[INFO] [stdout]    |         ^^^^^^^^^^^^^^^^^^^^^^^^^^^^^
[INFO] [stdout] 
[INFO] [stdout] 
[INFO] [stdout] warning: unused import: `post`
[INFO] [stdout]   --> src/main.rs:14:26
[INFO] [stdout]    |
[INFO] [stdout] 14 | use axum::routing::{get, post};
[INFO] [stdout]    |                          ^^^^
[INFO] [stdout] 
[INFO] [stdout] 
[INFO] [stdout] warning: use of deprecated function `base64::encode`: Use Engine::encode
[INFO] [stdout]    --> src/storage.rs:184:16
[INFO] [stdout]     |
[INFO] [stdout] 184 |     Ok(base64::encode(&file_id))
[INFO] [stdout]     |                ^^^^^^
[INFO] [stdout]     |
[INFO] [stdout]     = note: `#[warn(deprecated)]` on by default
[INFO] [stdout] 
[INFO] [stdout] 
[INFO] [stdout] warning: use of deprecated function `base64::decode`: Use Engine::decode
[INFO] [stdout]    --> src/storage.rs:188:21
[INFO] [stdout]     |
[INFO] [stdout] 188 |     let d = base64::decode(s).context("decode base64")?;
[INFO] [stdout]     |                     ^^^^^^
[INFO] [stdout] 
[INFO] [stdout] 
[INFO] [stdout] warning: variable does not need to be mutable
[INFO] [stdout]   --> src/http.rs:12:70
[INFO] [stdout]    |
[INFO] [stdout] 12 | pub async fn file_upload(State(storage): State<Arc<Mutex<Storage>>>, mut multipart: Multipart) -> String {
[INFO] [stdout]    |                                                                      ----^^^^^^^^^
[INFO] [stdout]    |                                                                      |
[INFO] [stdout]    |                                                                      help: remove this `mut`
[INFO] [stdout]    |
[INFO] [stdout]    = note: `#[warn(unused_mut)]` on by default
[INFO] [stdout] 
[INFO] [stdout] 
[INFO] [stdout] warning: unused variable: `content_type`
[INFO] [stdout]    --> src/storage.rs:123:17
[INFO] [stdout]     |
[INFO] [stdout] 123 |             let content_type = field.content_type().context("not found content_type")?.to_string();
[INFO] [stdout]     |                 ^^^^^^^^^^^^ help: if this is intentional, prefix it with an underscore: `_content_type`
[INFO] [stdout]     |
[INFO] [stdout]     = note: `#[warn(unused_variables)]` on by default
[INFO] [stdout] 
[INFO] [stdout] 
[INFO] [stdout] warning: value assigned to `body` is never read
[INFO] [stdout]   --> src/http.rs:27:13
[INFO] [stdout]    |
[INFO] [stdout] 27 |     let mut body = Vec::new();
[INFO] [stdout]    |             ^^^^
[INFO] [stdout]    |
[INFO] [stdout]    = help: maybe it is overwritten before being read?
[INFO] [stdout]    = note: `#[warn(unused_assignments)]` on by default
[INFO] [stdout] 
[INFO] [stdout] 
[INFO] [stdout] warning: variable does not need to be mutable
[INFO] [stdout]   --> src/http.rs:28:9
[INFO] [stdout]    |
[INFO] [stdout] 28 |     let mut file = storage.clone().lock().await.get_file(&name).await;
[INFO] [stdout]    |         ----^^^^
[INFO] [stdout]    |         |
[INFO] [stdout]    |         help: remove this `mut`
[INFO] [stdout] 
[INFO] [stdout] 
[INFO] [stdout] warning: unused variable: `timestamp`
[INFO] [stdout]   --> src/binlog.rs:37:29
[INFO] [stdout]    |
[INFO] [stdout] 37 |     pub async fn get(&self, timestamp: i64) -> anyhow::Result<()> {
[INFO] [stdout]    |                             ^^^^^^^^^ help: if this is intentional, prefix it with an underscore: `_timestamp`
[INFO] [stdout] 
[INFO] [stdout] 
[INFO] [stdout] warning: variable `file_size` is assigned to, but never used
[INFO] [stdout]   --> src/binlog.rs:38:17
[INFO] [stdout]    |
[INFO] [stdout] 38 |         let mut file_size = 0;
[INFO] [stdout]    |                 ^^^^^^^^^
[INFO] [stdout]    |
[INFO] [stdout]    = note: consider using `_file_size` instead
[INFO] [stdout] 
[INFO] [stdout] 
[INFO] [stdout] warning: value assigned to `file_size` is never read
[INFO] [stdout]   --> src/binlog.rs:41:17
[INFO] [stdout]    |
[INFO] [stdout] 41 |                 file_size = meta.len();
[INFO] [stdout]    |                 ^^^^^^^^^
[INFO] [stdout]    |
[INFO] [stdout]    = help: maybe it is overwritten before being read?
[INFO] [stdout] 
[INFO] [stdout] 
[INFO] [stdout] warning: unused variable: `file`
[INFO] [stdout]   --> src/binlog.rs:47:13
[INFO] [stdout]    |
[INFO] [stdout] 47 |         let file = OpenOptions::new().read(true).open(&self.path).await.context("open")?;
[INFO] [stdout]    |             ^^^^ help: if this is intentional, prefix it with an underscore: `_file`
[INFO] [stdout] 
[INFO] [stdout] 
[INFO] [stdout] warning: unused variable: `current_offset`
[INFO] [stdout]   --> src/binlog.rs:48:13
[INFO] [stdout]    |
[INFO] [stdout] 48 |         let current_offset = 0;
[INFO] [stdout]    |             ^^^^^^^^^^^^^^ help: if this is intentional, prefix it with an underscore: `_current_offset`
[INFO] [stdout] 
[INFO] [stdout] 
[INFO] [stdout] warning: unused import: `serde_json::de::Read`
[INFO] [stdout]  --> src/http.rs:7:5
[INFO] [stdout]   |
[INFO] [stdout] 7 | use serde_json::de::Read;
[INFO] [stdout]   |     ^^^^^^^^^^^^^^^^^^^^
[INFO] [stdout] 
[INFO] [stdout] 
[INFO] [stdout] warning: unused import: `Read`
[INFO] [stdout]  --> src/storage.rs:4:22
[INFO] [stdout]   |
[INFO] [stdout] 4 | use std::io::{Bytes, Read, Write};
[INFO] [stdout]   |                      ^^^^
[INFO] [stdout] 
[INFO] [stdout] 
[INFO] [stdout] warning: unused import: `AsyncWriteExt`
[INFO] [stdout]  --> src/next_file.rs:6:45
[INFO] [stdout]   |
[INFO] [stdout] 6 | use tokio::io::{AsyncReadExt, AsyncSeekExt, AsyncWriteExt};
[INFO] [stdout]   |                                             ^^^^^^^^^^^^^
[INFO] [stdout] 
[INFO] [stdout] 
[INFO] [stdout] warning: unused import: `AsyncReadExt`
[INFO] [stdout]  --> src/next_file.rs:6:17
[INFO] [stdout]   |
[INFO] [stdout] 6 | use tokio::io::{AsyncReadExt, AsyncSeekExt, AsyncWriteExt};
[INFO] [stdout]   |                 ^^^^^^^^^^^^
[INFO] [stdout] 
[INFO] [stdout] 
[INFO] [stdout] warning: unused variable: `rand`
[INFO] [stdout]    --> src/storage.rs:242:41
[INFO] [stdout]     |
[INFO] [stdout] 242 |         let (ip,timestamp, size, crc32, rand) = decode_file_id(&file_id)?;
[INFO] [stdout]     |                                         ^^^^ help: if this is intentional, prefix it with an underscore: `_rand`
[INFO] [stdout] 
[INFO] [stdout] 
[INFO] [stdout] warning: function `decode_file_id` is never used
[INFO] [stdout]    --> src/storage.rs:187:4
[INFO] [stdout]     |
[INFO] [stdout] 187 | fn decode_file_id(s: &String) -> anyhow::Result<(String,u64, u64, u32, u32)> {
[INFO] [stdout]     |    ^^^^^^^^^^^^^^
[INFO] [stdout]     |
[INFO] [stdout]     = note: `#[warn(dead_code)]` on by default
[INFO] [stdout] 
[INFO] [stdout] 
[INFO] [stdout] warning: struct `FileMsg` is never constructed
[INFO] [stdout]    --> src/storage.rs:224:8
[INFO] [stdout]     |
[INFO] [stdout] 224 | struct FileMsg {
[INFO] [stdout]     |        ^^^^^^^
[INFO] [stdout] 
[INFO] [stdout] 
[INFO] [stdout] warning: struct `FileId` is never constructed
[INFO] [stdout]    --> src/storage.rs:232:8
[INFO] [stdout]     |
[INFO] [stdout] 232 | struct FileId {
[INFO] [stdout]     |        ^^^^^^
[INFO] [stdout] 
[INFO] [stdout] 
[INFO] [stdout] warning: associated function `new` is never used
[INFO] [stdout]    --> src/storage.rs:240:12
[INFO] [stdout]     |
[INFO] [stdout] 239 | impl FileMsg {
[INFO] [stdout]     | ------------ associated function in this implementation
[INFO] [stdout] 240 |     pub fn new(file_name: &String) -> anyhow::Result<FileMsg> {
[INFO] [stdout]     |            ^^^
[INFO] [stdout] 
[INFO] [stdout] 
[INFO] [stdout] warning: enum `Operation` is never used
[INFO] [stdout]  --> src/binlog.rs:7:6
[INFO] [stdout]   |
[INFO] [stdout] 7 | enum Operation {
[INFO] [stdout]   |      ^^^^^^^^^
[INFO] [stdout] 
[INFO] [stdout] 
[INFO] [stdout] warning: struct `BindLog` is never constructed
[INFO] [stdout]   --> src/binlog.rs:13:8
[INFO] [stdout]    |
[INFO] [stdout] 13 | struct BindLog {
[INFO] [stdout]    |        ^^^^^^^
[INFO] [stdout] 
[INFO] [stdout] 
[INFO] [stdout] warning: associated items `new`, `inset`, and `get` are never used
[INFO] [stdout]   --> src/binlog.rs:18:12
[INFO] [stdout]    |
[INFO] [stdout] 17 | impl BindLog {
[INFO] [stdout]    | ------------ associated items in this implementation
[INFO] [stdout] 18 |     pub fn new(path: String) -> BindLog {
[INFO] [stdout]    |            ^^^
[INFO] [stdout] ...
[INFO] [stdout] 25 |     pub async fn inset(&mut self, timestamp: i64, path: &str, op: &str) -> anyhow::Result<()> {
[INFO] [stdout]    |                  ^^^^^
[INFO] [stdout] ...
[INFO] [stdout] 37 |     pub async fn get(&self, timestamp: i64) -> anyhow::Result<()> {
[INFO] [stdout]    |                  ^^^
[INFO] [stdout] 
[INFO] [stdout] 
[INFO] [stdout] warning: unused `Result` that must be used
[INFO] [stdout]   --> src/next_file.rs:28:9
[INFO] [stdout]    |
[INFO] [stdout] 28 |         sum.sum();
[INFO] [stdout]    |         ^^^^^^^^^
[INFO] [stdout]    |
[INFO] [stdout]    = note: this `Result` may be an `Err` variant, which should be handled
[INFO] [stdout]    = note: `#[warn(unused_must_use)]` on by default
[INFO] [stdout] help: use `let _ = ...` to ignore the resulting value
[INFO] [stdout]    |
[INFO] [stdout] 28 |         let _ = sum.sum();
[INFO] [stdout]    |         +++++++
[INFO] [stdout] 
[INFO] [stdout] 
[INFO] [stdout] warning: 41 warnings emitted
[INFO] [stdout] 
[INFO] [stdout] 
[INFO] [stderr]     Finished test [unoptimized + debuginfo] target(s) in 1.15s
[INFO] running `Command { std: "docker" "inspect" "53e7ba46ba801367461198aa5452ce5ba9a2763e02cf36eddf028d3275b8070b", kill_on_drop: false }`
[INFO] running `Command { std: "docker" "rm" "-f" "53e7ba46ba801367461198aa5452ce5ba9a2763e02cf36eddf028d3275b8070b", kill_on_drop: false }`
[INFO] [stdout] 53e7ba46ba801367461198aa5452ce5ba9a2763e02cf36eddf028d3275b8070b
[INFO] running `Command { std: "docker" "create" "-v" "/var/lib/crater-agent-workspace/builds/worker-5-tc1/target:/opt/rustwide/target:rw,Z" "-v" "/var/lib/crater-agent-workspace/builds/worker-5-tc1/source:/opt/rustwide/workdir:ro,Z" "-v" "/var/lib/crater-agent-workspace/cargo-home:/opt/rustwide/cargo-home:ro,Z" "-v" "/var/lib/crater-agent-workspace/rustup-home:/opt/rustwide/rustup-home:ro,Z" "-e" "SOURCE_DIR=/opt/rustwide/workdir" "-e" "CARGO_TARGET_DIR=/opt/rustwide/target" "-e" "CARGO_INCREMENTAL=0" "-e" "RUST_BACKTRACE=full" "-e" "RUSTFLAGS=--cap-lints=warn" "-e" "RUSTDOCFLAGS=--cap-lints=warn" "-e" "CARGO_HOME=/opt/rustwide/cargo-home" "-e" "RUSTUP_HOME=/opt/rustwide/rustup-home" "-w" "/opt/rustwide/workdir" "-m" "1610612736" "--user" "0:0" "--network" "none" "ghcr.io/rust-lang/crates-build-env/linux@sha256:2788e3201cd34a07e3172128adcd8b3090168a8e3bcc40d7c032b9dda1df7d1c" "/opt/rustwide/cargo-home/bin/cargo" "+1.75.0" "test" "--frozen", kill_on_drop: false }`
[INFO] [stdout] 56a480f158ad91301a870396785a89b9e3b293c2cc318ed3aa23957464a33585
[INFO] running `Command { std: "docker" "start" "-a" "56a480f158ad91301a870396785a89b9e3b293c2cc318ed3aa23957464a33585", kill_on_drop: false }`
[INFO] [stderr] warning: unused import: `Path`
[INFO] [stderr]  --> src/http.rs:3:32
[INFO] [stderr]   |
[INFO] [stderr] 3 | use axum::extract::{Multipart, Path, Query, State};
[INFO] [stderr]   |                                ^^^^
[INFO] [stderr]   |
[INFO] [stderr]   = note: `#[warn(unused_imports)]` on by default
[INFO] [stderr] 
[INFO] [stderr] warning: unused import: `axum::response::Response`
[INFO] [stderr]  --> src/http.rs:6:5
[INFO] [stderr]   |
[INFO] [stderr] 6 | use axum::response::Response;
[INFO] [stderr]   |     ^^^^^^^^^^^^^^^^^^^^^^^^
[INFO] [stderr] 
[INFO] [stderr] warning: unused import: `std::cell::RefCell`
[INFO] [stderr]  --> src/storage.rs:1:5
[INFO] [stderr]   |
[INFO] [stderr] 1 | use std::cell::RefCell;
[INFO] [stderr]   |     ^^^^^^^^^^^^^^^^^^
[INFO] [stderr] 
[INFO] [stderr] warning: unused import: `std::fs::File`
[INFO] [stderr]  --> src/storage.rs:3:5
[INFO] [stderr]   |
[INFO] [stderr] 3 | use std::fs::File;
[INFO] [stderr]   |     ^^^^^^^^^^^^^
[INFO] [stderr] 
[INFO] [stderr] warning: unused imports: `Bytes`, `Write`
[INFO] [stderr]  --> src/storage.rs:4:15
[INFO] [stderr]   |
[INFO] [stderr] 4 | use std::io::{Bytes, Read, Write};
[INFO] [stderr]   |               ^^^^^        ^^^^^
[INFO] [stderr] 
[INFO] [stderr] warning: unused imports: `Engine as _`, `alphabet`, `general_purpose`, `self`
[INFO] [stderr]   --> src/storage.rs:11:14
[INFO] [stderr]    |
[INFO] [stderr] 11 | use base64::{Engine as _, engine::{self, general_purpose}, alphabet};
[INFO] [stderr]    |              ^^^^^^^^^^^           ^^^^  ^^^^^^^^^^^^^^^   ^^^^^^^^
[INFO] [stderr] 
[INFO] [stderr] warning: unused import: `hex::ToHex`
[INFO] [stderr]   --> src/storage.rs:13:5
[INFO] [stderr]    |
[INFO] [stderr] 13 | use hex::ToHex;
[INFO] [stderr]    |     ^^^^^^^^^^
[INFO] [stderr] 
[INFO] [stderr] warning: unused import: `tokio::io::split`
[INFO] [stderr]   --> src/storage.rs:14:5
[INFO] [stderr]    |
[INFO] [stderr] 14 | use tokio::io::split;
[INFO] [stderr]    |     ^^^^^^^^^^^^^^^^
[INFO] [stderr] 
[INFO] [stderr] warning: unused import: `tokio::stream`
[INFO] [stderr]   --> src/storage.rs:15:5
[INFO] [stderr]    |
[INFO] [stderr] 15 | use tokio::stream;
[INFO] [stderr]    |     ^^^^^^^^^^^^^
[INFO] [stderr] 
[INFO] [stderr] warning: unused import: `futures::executor::block_on`
[INFO] [stderr]   --> src/storage.rs:19:5
[INFO] [stderr]    |
[INFO] [stderr] 19 | use futures::executor::block_on;
[INFO] [stderr]    |     ^^^^^^^^^^^^^^^^^^^^^^^^^^^
[INFO] [stderr] 
[INFO] [stderr] warning: unused import: `std::cell::RefCell`
[INFO] [stderr]  --> src/wrr.rs:1:5
[INFO] [stderr]   |
[INFO] [stderr] 1 | use std::cell::RefCell;
[INFO] [stderr]   |     ^^^^^^^^^^^^^^^^^^
[INFO] [stderr] 
[INFO] [stderr] warning: unused import: `std::rc::Rc`
[INFO] [stderr]  --> src/wrr.rs:2:5
[INFO] [stderr]   |
[INFO] [stderr] 2 | use std::rc::Rc;
[INFO] [stderr]   |     ^^^^^^^^^^^
[INFO] [stderr] 
[INFO] [stderr] warning: unused imports: `Cursor`, `SeekFrom`, `Seek`
[INFO] [stderr]  --> src/next_file.rs:3:21
[INFO] [stderr]   |
[INFO] [stderr] 3 | use std::io::{Read, Cursor, Seek, Write, SeekFrom};
[INFO] [stderr]   |                     ^^^^^^  ^^^^         ^^^^^^^^
[INFO] [stderr] 
[INFO] [stderr] warning: unused import: `AsyncSeekExt`
[INFO] [stderr]  --> src/next_file.rs:6:31
[INFO] [stderr]   |
[INFO] [stderr] 6 | use tokio::io::{AsyncReadExt, AsyncSeekExt, AsyncWriteExt};
[INFO] [stderr]   |                               ^^^^^^^^^^^^
[INFO] [stderr] 
[INFO] [stderr] warning: unused import: `anyhow::Context`
[INFO] [stderr]   --> src/next_file.rs:92:9
[INFO] [stderr]    |
[INFO] [stderr] 92 |     use anyhow::Context;
[INFO] [stderr]    |         ^^^^^^^^^^^^^^^
[INFO] [stderr] 
[INFO] [stderr] warning: unused import: `crate::next_file::SumSizeFile`
[INFO] [stderr]   --> src/next_file.rs:93:9
[INFO] [stderr]    |
[INFO] [stderr] 93 |     use crate::next_file::SumSizeFile;
[INFO] [stderr]    |         ^^^^^^^^^^^^^^^^^^^^^^^^^^^^^
[INFO] [stderr] 
[INFO] [stderr] warning: unused import: `post`
[INFO] [stderr]   --> src/main.rs:14:26
[INFO] [stderr]    |
[INFO] [stderr] 14 | use axum::routing::{get, post};
[INFO] [stderr]    |                          ^^^^
[INFO] [stderr] 
[INFO] [stderr] warning: use of deprecated function `base64::encode`: Use Engine::encode
[INFO] [stderr]    --> src/storage.rs:184:16
[INFO] [stderr]     |
[INFO] [stderr] 184 |     Ok(base64::encode(&file_id))
[INFO] [stderr]     |                ^^^^^^
[INFO] [stderr]     |
[INFO] [stderr]     = note: `#[warn(deprecated)]` on by default
[INFO] [stderr] 
[INFO] [stderr] warning: use of deprecated function `base64::decode`: Use Engine::decode
[INFO] [stderr]    --> src/storage.rs:188:21
[INFO] [stderr]     |
[INFO] [stderr] 188 |     let d = base64::decode(s).context("decode base64")?;
[INFO] [stderr]     |                     ^^^^^^
[INFO] [stderr] 
[INFO] [stderr] warning: variable does not need to be mutable
[INFO] [stderr]   --> src/http.rs:12:70
[INFO] [stderr]    |
[INFO] [stderr] 12 | pub async fn file_upload(State(storage): State<Arc<Mutex<Storage>>>, mut multipart: Multipart) -> String {
[INFO] [stderr]    |                                                                      ----^^^^^^^^^
[INFO] [stderr]    |                                                                      |
[INFO] [stderr]    |                                                                      help: remove this `mut`
[INFO] [stderr]    |
[INFO] [stderr]    = note: `#[warn(unused_mut)]` on by default
[INFO] [stderr] 
[INFO] [stderr] warning: unused variable: `content_type`
[INFO] [stderr]    --> src/storage.rs:123:17
[INFO] [stderr]     |
[INFO] [stderr] 123 |             let content_type = field.content_type().context("not found content_type")?.to_string();
[INFO] [stderr]     |                 ^^^^^^^^^^^^ help: if this is intentional, prefix it with an underscore: `_content_type`
[INFO] [stderr]     |
[INFO] [stderr]     = note: `#[warn(unused_variables)]` on by default
[INFO] [stderr] 
[INFO] [stderr] warning: value assigned to `body` is never read
[INFO] [stderr]   --> src/http.rs:27:13
[INFO] [stderr]    |
[INFO] [stderr] 27 |     let mut body = Vec::new();
[INFO] [stderr]    |             ^^^^
[INFO] [stderr]    |
[INFO] [stderr]    = help: maybe it is overwritten before being read?
[INFO] [stderr]    = note: `#[warn(unused_assignments)]` on by default
[INFO] [stderr] 
[INFO] [stderr] warning: variable does not need to be mutable
[INFO] [stderr]   --> src/http.rs:28:9
[INFO] [stderr]    |
[INFO] [stderr] 28 |     let mut file = storage.clone().lock().await.get_file(&name).await;
[INFO] [stderr]    |         ----^^^^
[INFO] [stderr]    |         |
[INFO] [stderr]    |         help: remove this `mut`
[INFO] [stderr] 
[INFO] [stderr] warning: unused variable: `timestamp`
[INFO] [stderr]   --> src/binlog.rs:37:29
[INFO] [stderr]    |
[INFO] [stderr] 37 |     pub async fn get(&self, timestamp: i64) -> anyhow::Result<()> {
[INFO] [stderr]    |                             ^^^^^^^^^ help: if this is intentional, prefix it with an underscore: `_timestamp`
[INFO] [stderr] 
[INFO] [stderr] warning: variable `file_size` is assigned to, but never used
[INFO] [stderr]   --> src/binlog.rs:38:17
[INFO] [stderr]    |
[INFO] [stderr] 38 |         let mut file_size = 0;
[INFO] [stderr]    |                 ^^^^^^^^^
[INFO] [stderr]    |
[INFO] [stderr]    = note: consider using `_file_size` instead
[INFO] [stderr] 
[INFO] [stderr] warning: value assigned to `file_size` is never read
[INFO] [stderr]   --> src/binlog.rs:41:17
[INFO] [stderr]    |
[INFO] [stderr] 41 |                 file_size = meta.len();
[INFO] [stderr]    |                 ^^^^^^^^^
[INFO] [stderr]    |
[INFO] [stderr]    = help: maybe it is overwritten before being read?
[INFO] [stderr] 
[INFO] [stderr] warning: unused variable: `file`
[INFO] [stderr]   --> src/binlog.rs:47:13
[INFO] [stderr]    |
[INFO] [stderr] 47 |         let file = OpenOptions::new().read(true).open(&self.path).await.context("open")?;
[INFO] [stderr]    |             ^^^^ help: if this is intentional, prefix it with an underscore: `_file`
[INFO] [stderr] 
[INFO] [stderr] warning: unused variable: `current_offset`
[INFO] [stderr]   --> src/binlog.rs:48:13
[INFO] [stderr]    |
[INFO] [stderr] 48 |         let current_offset = 0;
[INFO] [stderr]    |             ^^^^^^^^^^^^^^ help: if this is intentional, prefix it with an underscore: `_current_offset`
[INFO] [stderr] 
[INFO] [stderr] warning: unused import: `serde_json::de::Read`
[INFO] [stderr]  --> src/http.rs:7:5
[INFO] [stderr]   |
[INFO] [stderr] 7 | use serde_json::de::Read;
[INFO] [stderr]   |     ^^^^^^^^^^^^^^^^^^^^
[INFO] [stderr] 
[INFO] [stderr] warning: unused import: `Read`
[INFO] [stderr]  --> src/storage.rs:4:22
[INFO] [stderr]   |
[INFO] [stderr] 4 | use std::io::{Bytes, Read, Write};
[INFO] [stderr]   |                      ^^^^
[INFO] [stderr] 
[INFO] [stderr] warning: unused import: `AsyncWriteExt`
[INFO] [stderr]  --> src/next_file.rs:6:45
[INFO] [stderr]   |
[INFO] [stderr] 6 | use tokio::io::{AsyncReadExt, AsyncSeekExt, AsyncWriteExt};
[INFO] [stderr]   |                                             ^^^^^^^^^^^^^
[INFO] [stderr] 
[INFO] [stderr] warning: unused import: `AsyncReadExt`
[INFO] [stderr]  --> src/next_file.rs:6:17
[INFO] [stderr]   |
[INFO] [stderr] 6 | use tokio::io::{AsyncReadExt, AsyncSeekExt, AsyncWriteExt};
[INFO] [stderr]   |                 ^^^^^^^^^^^^
[INFO] [stderr] 
[INFO] [stderr] warning: unused variable: `rand`
[INFO] [stderr]    --> src/storage.rs:242:41
[INFO] [stderr]     |
[INFO] [stderr] 242 |         let (ip,timestamp, size, crc32, rand) = decode_file_id(&file_id)?;
[INFO] [stderr]     |                                         ^^^^ help: if this is intentional, prefix it with an underscore: `_rand`
[INFO] [stderr] 
[INFO] [stderr] warning: function `decode_file_id` is never used
[INFO] [stderr]    --> src/storage.rs:187:4
[INFO] [stderr]     |
[INFO] [stderr] 187 | fn decode_file_id(s: &String) -> anyhow::Result<(String,u64, u64, u32, u32)> {
[INFO] [stderr]     |    ^^^^^^^^^^^^^^
[INFO] [stderr]     |
[INFO] [stderr]     = note: `#[warn(dead_code)]` on by default
[INFO] [stderr] 
[INFO] [stderr] warning: struct `FileMsg` is never constructed
[INFO] [stderr]    --> src/storage.rs:224:8
[INFO] [stderr]     |
[INFO] [stderr] 224 | struct FileMsg {
[INFO] [stderr]     |        ^^^^^^^
[INFO] [stderr] 
[INFO] [stderr] warning: struct `FileId` is never constructed
[INFO] [stderr]    --> src/storage.rs:232:8
[INFO] [stderr]     |
[INFO] [stderr] 232 | struct FileId {
[INFO] [stderr]     |        ^^^^^^
[INFO] [stderr] 
[INFO] [stderr] warning: associated function `new` is never used
[INFO] [stderr]    --> src/storage.rs:240:12
[INFO] [stderr]     |
[INFO] [stderr] 239 | impl FileMsg {
[INFO] [stderr]     | ------------ associated function in this implementation
[INFO] [stderr] 240 |     pub fn new(file_name: &String) -> anyhow::Result<FileMsg> {
[INFO] [stderr]     |            ^^^
[INFO] [stderr] 
[INFO] [stderr] warning: enum `Operation` is never used
[INFO] [stderr]  --> src/binlog.rs:7:6
[INFO] [stderr]   |
[INFO] [stderr] 7 | enum Operation {
[INFO] [stderr]   |      ^^^^^^^^^
[INFO] [stderr] 
[INFO] [stderr] warning: struct `BindLog` is never constructed
[INFO] [stderr]   --> src/binlog.rs:13:8
[INFO] [stderr]    |
[INFO] [stderr] 13 | struct BindLog {
[INFO] [stderr]    |        ^^^^^^^
[INFO] [stderr] 
[INFO] [stderr] warning: associated items `new`, `inset`, and `get` are never used
[INFO] [stderr]   --> src/binlog.rs:18:12
[INFO] [stderr]    |
[INFO] [stderr] 17 | impl BindLog {
[INFO] [stderr]    | ------------ associated items in this implementation
[INFO] [stderr] 18 |     pub fn new(path: String) -> BindLog {
[INFO] [stderr]    |            ^^^
[INFO] [stderr] ...
[INFO] [stderr] 25 |     pub async fn inset(&mut self, timestamp: i64, path: &str, op: &str) -> anyhow::Result<()> {
[INFO] [stderr]    |                  ^^^^^
[INFO] [stderr] ...
[INFO] [stderr] 37 |     pub async fn get(&self, timestamp: i64) -> anyhow::Result<()> {
[INFO] [stderr]    |                  ^^^
[INFO] [stderr] 
[INFO] [stderr] warning: unused `Result` that must be used
[INFO] [stderr]   --> src/next_file.rs:28:9
[INFO] [stderr]    |
[INFO] [stderr] 28 |         sum.sum();
[INFO] [stderr]    |         ^^^^^^^^^
[INFO] [stderr]    |
[INFO] [stderr]    = note: this `Result` may be an `Err` variant, which should be handled
[INFO] [stderr]    = note: `#[warn(unused_must_use)]` on by default
[INFO] [stderr] help: use `let _ = ...` to ignore the resulting value
[INFO] [stderr]    |
[INFO] [stderr] 28 |         let _ = sum.sum();
[INFO] [stderr]    |         +++++++
[INFO] [stderr] 
[INFO] [stderr] warning: `fastdfs` (bin "fastdfs" test) generated 41 warnings (run `cargo fix --bin "fastdfs" --tests` to apply 24 suggestions)
[INFO] [stderr]     Finished test [unoptimized + debuginfo] target(s) in 0.06s
[INFO] [stderr]      Running unittests src/main.rs (/opt/rustwide/target/debug/deps/fastdfs-63b3216ca7d4a9cf)
[INFO] [stdout] 
[INFO] [stdout] running 1 test
[INFO] [stdout] test next_file::tests::it_works ... FAILED
[INFO] [stdout] 
[INFO] [stdout] failures:
[INFO] [stdout] 
[INFO] [stdout] ---- next_file::tests::it_works stdout ----
[INFO] [stdout] thread 'next_file::tests::it_works' panicked at src/next_file.rs:98:77:
[INFO] [stdout] called `Result::unwrap()` on an `Err` value: open
[INFO] [stdout] 
[INFO] [stdout] Caused by:
[INFO] [stdout]     Read-only file system (os error 30)
[INFO] [stdout] stack backtrace:
[INFO] [stdout]    0:     0x55fa831623ec - std::backtrace_rs::backtrace::libunwind::trace::ha637c64ce894333a
[INFO] [stdout]                                at /rustc/82e1608dfa6e0b5569232559e3d385fea5a93112/library/std/src/../../backtrace/src/backtrace/libunwind.rs:104:5
[INFO] [stdout]    1:     0x55fa831623ec - std::backtrace_rs::backtrace::trace_unsynchronized::h47f62dea28e0c88d
[INFO] [stdout]                                at /rustc/82e1608dfa6e0b5569232559e3d385fea5a93112/library/std/src/../../backtrace/src/backtrace/mod.rs:66:5
[INFO] [stdout]    2:     0x55fa831623ec - std::sys_common::backtrace::_print_fmt::h9eef0abe20ede486
[INFO] [stdout]                                at /rustc/82e1608dfa6e0b5569232559e3d385fea5a93112/library/std/src/sys_common/backtrace.rs:67:5
[INFO] [stdout]    3:     0x55fa831623ec - <std::sys_common::backtrace::_print::DisplayBacktrace as core::fmt::Display>::fmt::hed7f999df88cc644
[INFO] [stdout]                                at /rustc/82e1608dfa6e0b5569232559e3d385fea5a93112/library/std/src/sys_common/backtrace.rs:44:22
[INFO] [stdout]    4:     0x55fa8318c5f0 - core::fmt::rt::Argument::fmt::h1539a9308b8d058d
[INFO] [stdout]                                at /rustc/82e1608dfa6e0b5569232559e3d385fea5a93112/library/core/src/fmt/rt.rs:142:9
[INFO] [stdout]    5:     0x55fa8318c5f0 - core::fmt::write::h3a39390d8560d9c9
[INFO] [stdout]                                at /rustc/82e1608dfa6e0b5569232559e3d385fea5a93112/library/core/src/fmt/mod.rs:1120:17
[INFO] [stdout]    6:     0x55fa8315faef - std::io::Write::write_fmt::h040b369f3a0f9cbc
[INFO] [stdout]                                at /rustc/82e1608dfa6e0b5569232559e3d385fea5a93112/library/std/src/io/mod.rs:1762:15
[INFO] [stdout]    7:     0x55fa831621d4 - std::sys_common::backtrace::_print::h894006fb5c6f3d45
[INFO] [stdout]                                at /rustc/82e1608dfa6e0b5569232559e3d385fea5a93112/library/std/src/sys_common/backtrace.rs:47:5
[INFO] [stdout]    8:     0x55fa831621d4 - std::sys_common::backtrace::print::h23a2d212c6fff936
[INFO] [stdout]                                at /rustc/82e1608dfa6e0b5569232559e3d385fea5a93112/library/std/src/sys_common/backtrace.rs:34:9
[INFO] [stdout]    9:     0x55fa83163e97 - std::panicking::default_hook::{{closure}}::h8a1d2ee00185001a
[INFO] [stdout]   10:     0x55fa83163b83 - std::panicking::default_hook::h6038f2eba384e475
[INFO] [stdout]                                at /rustc/82e1608dfa6e0b5569232559e3d385fea5a93112/library/std/src/panicking.rs:289:9
[INFO] [stdout]   11:     0x55fa8306ac87 - <alloc::boxed::Box<F,A> as core::ops::function::Fn<Args>>::call::h0ad024c9bdc6d768
[INFO] [stdout]                                at /rustc/82e1608dfa6e0b5569232559e3d385fea5a93112/library/alloc/src/boxed.rs:2021:9
[INFO] [stdout]   12:     0x55fa8306ac87 - test::test_main::{{closure}}::h7500b54257359db6
[INFO] [stdout]                                at /rustc/82e1608dfa6e0b5569232559e3d385fea5a93112/library/test/src/lib.rs:138:21
[INFO] [stdout]   13:     0x55fa831644a8 - <alloc::boxed::Box<F,A> as core::ops::function::Fn<Args>>::call::h1f8f335eaa9cfaee
[INFO] [stdout]                                at /rustc/82e1608dfa6e0b5569232559e3d385fea5a93112/library/alloc/src/boxed.rs:2021:9
[INFO] [stdout]   14:     0x55fa831644a8 - std::panicking::rust_panic_with_hook::h2b5517d590cab22e
[INFO] [stdout]                                at /rustc/82e1608dfa6e0b5569232559e3d385fea5a93112/library/std/src/panicking.rs:783:13
[INFO] [stdout]   15:     0x55fa831641fe - std::panicking::begin_panic_handler::{{closure}}::h233112c06e0ef43e
[INFO] [stdout]                                at /rustc/82e1608dfa6e0b5569232559e3d385fea5a93112/library/std/src/panicking.rs:657:13
[INFO] [stdout]   16:     0x55fa831628b6 - std::sys_common::backtrace::__rust_end_short_backtrace::h6e893f24d7ebbff8
[INFO] [stdout]                                at /rustc/82e1608dfa6e0b5569232559e3d385fea5a93112/library/std/src/sys_common/backtrace.rs:170:18
[INFO] [stdout]   17:     0x55fa83163f62 - rust_begin_unwind
[INFO] [stdout]                                at /rustc/82e1608dfa6e0b5569232559e3d385fea5a93112/library/std/src/panicking.rs:645:5
[INFO] [stdout]   18:     0x55fa8302add5 - core::panicking::panic_fmt::hbf0e066aabfa482c
[INFO] [stdout]                                at /rustc/82e1608dfa6e0b5569232559e3d385fea5a93112/library/core/src/panicking.rs:72:14
[INFO] [stdout]   19:     0x55fa8302b363 - core::result::unwrap_failed::hddb4fea594200c52
[INFO] [stdout]                                at /rustc/82e1608dfa6e0b5569232559e3d385fea5a93112/library/core/src/result.rs:1653:5
[INFO] [stdout]   20:     0x55fa8302cfd0 - core::result::Result<T,E>::unwrap::h82ccb4376905563f
[INFO] [stdout]                                at /rustc/82e1608dfa6e0b5569232559e3d385fea5a93112/library/core/src/result.rs:1077:23
[INFO] [stdout]   21:     0x55fa83034e84 - fastdfs::next_file::tests::it_works::{{closure}}::h9f04fcb5d5b9c774
[INFO] [stdout]                                at /opt/rustwide/workdir/src/next_file.rs:98:29
[INFO] [stdout]   22:     0x55fa83030b78 - <core::pin::Pin<P> as core::future::future::Future>::poll::ha9b9fbb5f2d8bbc3
[INFO] [stdout]                                at /rustc/82e1608dfa6e0b5569232559e3d385fea5a93112/library/core/src/future/future.rs:125:9
[INFO] [stdout]   23:     0x55fa83030bcb - <core::pin::Pin<P> as core::future::future::Future>::poll::hd8884f0b2a09baa9
[INFO] [stdout]                                at /rustc/82e1608dfa6e0b5569232559e3d385fea5a93112/library/core/src/future/future.rs:125:9
[INFO] [stdout]   24:     0x55fa83030384 - tokio::runtime::scheduler::current_thread::CoreGuard::block_on::{{closure}}::{{closure}}::{{closure}}::h0454d2aea3ea403e
[INFO] [stdout]                                at /opt/rustwide/cargo-home/registry/src/index.crates.io-6f17d22bba15001f/tokio-1.25.0/src/runtime/scheduler/current_thread.rs:541:57
[INFO] [stdout]   25:     0x55fa8303028a - tokio::runtime::coop::with_budget::he3bc1597a8e690b5
[INFO] [stdout]                                at /opt/rustwide/cargo-home/registry/src/index.crates.io-6f17d22bba15001f/tokio-1.25.0/src/runtime/coop.rs:102:5
[INFO] [stdout]   26:     0x55fa8303028a - tokio::runtime::coop::budget::hd8ca6a31c76425ce
[INFO] [stdout]                                at /opt/rustwide/cargo-home/registry/src/index.crates.io-6f17d22bba15001f/tokio-1.25.0/src/runtime/coop.rs:68:5
[INFO] [stdout]   27:     0x55fa8303028a - tokio::runtime::scheduler::current_thread::CoreGuard::block_on::{{closure}}::{{closure}}::h3efcfb50a28579c6
[INFO] [stdout]                                at /opt/rustwide/cargo-home/registry/src/index.crates.io-6f17d22bba15001f/tokio-1.25.0/src/runtime/scheduler/current_thread.rs:541:25
[INFO] [stdout]   28:     0x55fa8302ed8c - tokio::runtime::scheduler::current_thread::Context::enter::hbe2a140c416cdd29
[INFO] [stdout]                                at /opt/rustwide/cargo-home/registry/src/index.crates.io-6f17d22bba15001f/tokio-1.25.0/src/runtime/scheduler/current_thread.rs:350:19
[INFO] [stdout]   29:     0x55fa8302f872 - tokio::runtime::scheduler::current_thread::CoreGuard::block_on::{{closure}}::ha8017cb642af447a
[INFO] [stdout]                                at /opt/rustwide/cargo-home/registry/src/index.crates.io-6f17d22bba15001f/tokio-1.25.0/src/runtime/scheduler/current_thread.rs:540:36
[INFO] [stdout]   30:     0x55fa8302f58b - tokio::runtime::scheduler::current_thread::CoreGuard::enter::{{closure}}::hd4e01b9db97bc624
[INFO] [stdout]                                at /opt/rustwide/cargo-home/registry/src/index.crates.io-6f17d22bba15001f/tokio-1.25.0/src/runtime/scheduler/current_thread.rs:615:57
[INFO] [stdout]   31:     0x55fa8302d75d - tokio::macros::scoped_tls::ScopedKey<T>::set::h8754f7d6860f9302
[INFO] [stdout]                                at /opt/rustwide/cargo-home/registry/src/index.crates.io-6f17d22bba15001f/tokio-1.25.0/src/macros/scoped_tls.rs:61:9
[INFO] [stdout]   32:     0x55fa8302f31f - tokio::runtime::scheduler::current_thread::CoreGuard::enter::hc2363803df59ea2f
[INFO] [stdout]                                at /opt/rustwide/cargo-home/registry/src/index.crates.io-6f17d22bba15001f/tokio-1.25.0/src/runtime/scheduler/current_thread.rs:615:27
[INFO] [stdout]   33:     0x55fa8302f5bc - tokio::runtime::scheduler::current_thread::CoreGuard::block_on::h420694dabbdf3193
[INFO] [stdout]                                at /opt/rustwide/cargo-home/registry/src/index.crates.io-6f17d22bba15001f/tokio-1.25.0/src/runtime/scheduler/current_thread.rs:530:19
[INFO] [stdout]   34:     0x55fa8302e53d - tokio::runtime::scheduler::current_thread::CurrentThread::block_on::hde2280314d828f19
[INFO] [stdout]                                at /opt/rustwide/cargo-home/registry/src/index.crates.io-6f17d22bba15001f/tokio-1.25.0/src/runtime/scheduler/current_thread.rs:154:24
[INFO] [stdout]   35:     0x55fa83032a2d - tokio::runtime::runtime::Runtime::block_on::hbe3e37bcf98b6883
[INFO] [stdout]                                at /opt/rustwide/cargo-home/registry/src/index.crates.io-6f17d22bba15001f/tokio-1.25.0/src/runtime/runtime.rs:282:47
[INFO] [stdout]   36:     0x55fa83034cc9 - fastdfs::next_file::tests::it_works::h86839d544444f163
[INFO] [stdout]                                at /opt/rustwide/workdir/src/next_file.rs:119:9
[INFO] [stdout]   37:     0x55fa83034b67 - fastdfs::next_file::tests::it_works::{{closure}}::h7d7ea8d22d501a83
[INFO] [stdout]                                at /opt/rustwide/workdir/src/next_file.rs:96:24
[INFO] [stdout]   38:     0x55fa8302c4c6 - core::ops::function::FnOnce::call_once::he07cbd2c498920e2
[INFO] [stdout]                                at /rustc/82e1608dfa6e0b5569232559e3d385fea5a93112/library/core/src/ops/function.rs:250:5
[INFO] [stdout]   39:     0x55fa830702df - core::ops::function::FnOnce::call_once::h2b5d431d5046312d
[INFO] [stdout]                                at /rustc/82e1608dfa6e0b5569232559e3d385fea5a93112/library/core/src/ops/function.rs:250:5
[INFO] [stdout]   40:     0x55fa830702df - test::__rust_begin_short_backtrace::h7714669af176e207
[INFO] [stdout]                                at /rustc/82e1608dfa6e0b5569232559e3d385fea5a93112/library/test/src/lib.rs:628:18
[INFO] [stdout]   41:     0x55fa8306f2f5 - test::run_test_in_process::{{closure}}::h85218797dcbcec12
[INFO] [stdout]                                at /rustc/82e1608dfa6e0b5569232559e3d385fea5a93112/library/test/src/lib.rs:651:60
[INFO] [stdout]   42:     0x55fa8306f2f5 - <core::panic::unwind_safe::AssertUnwindSafe<F> as core::ops::function::FnOnce<()>>::call_once::h76c106ea31c14d7b
[INFO] [stdout]                                at /rustc/82e1608dfa6e0b5569232559e3d385fea5a93112/library/core/src/panic/unwind_safe.rs:272:9
[INFO] [stdout]   43:     0x55fa8306f2f5 - std::panicking::try::do_call::h3bd5d0f6620ee946
[INFO] [stdout]                                at /rustc/82e1608dfa6e0b5569232559e3d385fea5a93112/library/std/src/panicking.rs:552:40
[INFO] [stdout]   44:     0x55fa8306f2f5 - std::panicking::try::h232e535e4744fe31
[INFO] [stdout]                                at /rustc/82e1608dfa6e0b5569232559e3d385fea5a93112/library/std/src/panicking.rs:516:19
[INFO] [stdout]   45:     0x55fa8306f2f5 - std::panic::catch_unwind::h3ce3bd6ca8dbac68
[INFO] [stdout]                                at /rustc/82e1608dfa6e0b5569232559e3d385fea5a93112/library/std/src/panic.rs:142:14
[INFO] [stdout]   46:     0x55fa8306f2f5 - test::run_test_in_process::hc97b257c9621286a
[INFO] [stdout]                                at /rustc/82e1608dfa6e0b5569232559e3d385fea5a93112/library/test/src/lib.rs:651:27
[INFO] [stdout]   47:     0x55fa8306f2f5 - test::run_test::{{closure}}::h2aa798823a438d38
[INFO] [stdout]                                at /rustc/82e1608dfa6e0b5569232559e3d385fea5a93112/library/test/src/lib.rs:574:43
[INFO] [stdout]   48:     0x55fa830375b6 - test::run_test::{{closure}}::h87d231c78fb59832
[INFO] [stdout]                                at /rustc/82e1608dfa6e0b5569232559e3d385fea5a93112/library/test/src/lib.rs:602:41
[INFO] [stdout]   49:     0x55fa830375b6 - std::sys_common::backtrace::__rust_begin_short_backtrace::he6df152596625789
[INFO] [stdout]                                at /rustc/82e1608dfa6e0b5569232559e3d385fea5a93112/library/std/src/sys_common/backtrace.rs:154:18
[INFO] [stdout]   50:     0x55fa8303c667 - std::thread::Builder::spawn_unchecked_::{{closure}}::{{closure}}::ha94be15d1e0acf36
[INFO] [stdout]                                at /rustc/82e1608dfa6e0b5569232559e3d385fea5a93112/library/std/src/thread/mod.rs:529:17
[INFO] [stdout]   51:     0x55fa8303c667 - <core::panic::unwind_safe::AssertUnwindSafe<F> as core::ops::function::FnOnce<()>>::call_once::h9dc6bd6372f16606
[INFO] [stdout]                                at /rustc/82e1608dfa6e0b5569232559e3d385fea5a93112/library/core/src/panic/unwind_safe.rs:272:9
[INFO] [stdout]   52:     0x55fa8303c667 - std::panicking::try::do_call::h9057517f80303cd4
[INFO] [stdout]                                at /rustc/82e1608dfa6e0b5569232559e3d385fea5a93112/library/std/src/panicking.rs:552:40
[INFO] [stdout]   53:     0x55fa8303c667 - std::panicking::try::he3a30b11ee45340c
[INFO] [stdout]                                at /rustc/82e1608dfa6e0b5569232559e3d385fea5a93112/library/std/src/panicking.rs:516:19
[INFO] [stdout]   54:     0x55fa8303c667 - std::panic::catch_unwind::h410458cfd3528b8b
[INFO] [stdout]                                at /rustc/82e1608dfa6e0b5569232559e3d385fea5a93112/library/std/src/panic.rs:142:14
[INFO] [stdout]   55:     0x55fa8303c667 - std::thread::Builder::spawn_unchecked_::{{closure}}::h72ac3bdb567b737b
[INFO] [stdout]                                at /rustc/82e1608dfa6e0b5569232559e3d385fea5a93112/library/std/src/thread/mod.rs:528:30
[INFO] [stdout]   56:     0x55fa8303c667 - core::ops::function::FnOnce::call_once{{vtable.shim}}::h38f34da3654a8344
[INFO] [stdout]                                at /rustc/82e1608dfa6e0b5569232559e3d385fea5a93112/library/core/src/ops/function.rs:250:5
[INFO] [stdout]   57:     0x55fa831690b5 - <alloc::boxed::Box<F,A> as core::ops::function::FnOnce<Args>>::call_once::hc7eafaff61e32df9
[INFO] [stdout]                                at /rustc/82e1608dfa6e0b5569232559e3d385fea5a93112/library/alloc/src/boxed.rs:2007:9
[INFO] [stdout]   58:     0x55fa831690b5 - <alloc::boxed::Box<F,A> as core::ops::function::FnOnce<Args>>::call_once::h6ba4a5de48dd2304
[INFO] [stdout]                                at /rustc/82e1608dfa6e0b5569232559e3d385fea5a93112/library/alloc/src/boxed.rs:2007:9
[INFO] [stdout]   59:     0x55fa831690b5 - std::sys::unix::thread::Thread::new::thread_start::he469335aef763e45
[INFO] [stdout]                                at /rustc/82e1608dfa6e0b5569232559e3d385fea5a93112/library/std/src/sys/unix/thread.rs:108:17
[INFO] [stdout]   60:     0x7f6db8f96ac3 - <unknown>
[INFO] [stdout]   61:     0x7f6db9027bf4 - __clone
[INFO] [stdout]   62:                0x0 - <unknown>
[INFO] [stdout] 
[INFO] [stdout] 
[INFO] [stdout] failures:
[INFO] [stdout]     next_file::tests::it_works
[INFO] [stdout] 
[INFO] [stdout] test result: FAILED. 0 passed; 1 failed; 0 ignored; 0 measured; 0 filtered out; finished in 0.02s
[INFO] [stdout] 
[INFO] [stderr] error: test failed, to rerun pass `--bin fastdfs`
[INFO] running `Command { std: "docker" "inspect" "56a480f158ad91301a870396785a89b9e3b293c2cc318ed3aa23957464a33585", kill_on_drop: false }`
[INFO] running `Command { std: "docker" "rm" "-f" "56a480f158ad91301a870396785a89b9e3b293c2cc318ed3aa23957464a33585", kill_on_drop: false }`
[INFO] [stdout] 56a480f158ad91301a870396785a89b9e3b293c2cc318ed3aa23957464a33585
