[INFO] cloning repository https://github.com/fission-codes/fission-cli
[INFO] running `Command { std: "git" "-c" "credential.helper=" "-c" "credential.helper=/workspace/cargo-home/bin/git-credential-null" "clone" "--bare" "https://github.com/fission-codes/fission-cli" "/workspace/cache/git-repos/https%3A%2F%2Fgithub.com%2Ffission-codes%2Ffission-cli", kill_on_drop: false }`
[INFO] [stderr] Cloning into bare repository '/workspace/cache/git-repos/https%3A%2F%2Fgithub.com%2Ffission-codes%2Ffission-cli'...
[INFO] running `Command { std: "git" "rev-parse" "HEAD", kill_on_drop: false }`
[INFO] [stdout] 416d0dd890a578b6eaf2c060bd5dd91d5c1a2646
[INFO] testing fission-codes/fission-cli against 1.75.0 for beta-1.76-1
[INFO] running `Command { std: "git" "clone" "/workspace/cache/git-repos/https%3A%2F%2Fgithub.com%2Ffission-codes%2Ffission-cli" "/workspace/builds/worker-7-tc1/source", kill_on_drop: false }`
[INFO] [stderr] Cloning into '/workspace/builds/worker-7-tc1/source'...
[INFO] [stderr] done.
[INFO] validating manifest of git repo https://github.com/fission-codes/fission-cli on toolchain 1.75.0
[INFO] running `Command { std: CARGO_HOME="/workspace/cargo-home" RUSTUP_HOME="/workspace/rustup-home" "/workspace/cargo-home/bin/cargo" "+1.75.0" "metadata" "--manifest-path" "Cargo.toml" "--no-deps", kill_on_drop: false }`
[INFO] removed /workspace/builds/worker-7-tc1/source/rust-toolchain
[INFO] started tweaking git repo https://github.com/fission-codes/fission-cli
[INFO] finished tweaking git repo https://github.com/fission-codes/fission-cli
[INFO] tweaked toml for git repo https://github.com/fission-codes/fission-cli written to /workspace/builds/worker-7-tc1/source/Cargo.toml
[INFO] crate git repo https://github.com/fission-codes/fission-cli already has a lockfile, it will not be regenerated
[INFO] running `Command { std: CARGO_HOME="/workspace/cargo-home" RUSTUP_HOME="/workspace/rustup-home" "/workspace/cargo-home/bin/cargo" "+1.75.0" "fetch" "--manifest-path" "Cargo.toml", kill_on_drop: false }`
[INFO] [stderr]     Updating crates.io index
[INFO] [stderr]  Downloading crates ...
[INFO] [stderr]   Downloaded nix v0.7.0
[INFO] [stderr]   Downloaded multiaddr v0.17.0
[INFO] [stderr]   Downloaded graceful v0.1.1
[INFO] running `Command { std: "docker" "create" "-v" "/var/lib/crater-agent-workspace/builds/worker-7-tc1/target:/opt/rustwide/target:rw,Z" "-v" "/var/lib/crater-agent-workspace/builds/worker-7-tc1/source:/opt/rustwide/workdir:ro,Z" "-v" "/var/lib/crater-agent-workspace/cargo-home:/opt/rustwide/cargo-home:ro,Z" "-v" "/var/lib/crater-agent-workspace/rustup-home:/opt/rustwide/rustup-home:ro,Z" "-e" "SOURCE_DIR=/opt/rustwide/workdir" "-e" "CARGO_TARGET_DIR=/opt/rustwide/target" "-e" "CARGO_HOME=/opt/rustwide/cargo-home" "-e" "RUSTUP_HOME=/opt/rustwide/rustup-home" "-w" "/opt/rustwide/workdir" "-m" "1610612736" "--user" "0:0" "--network" "none" "ghcr.io/rust-lang/crates-build-env/linux@sha256:2788e3201cd34a07e3172128adcd8b3090168a8e3bcc40d7c032b9dda1df7d1c" "/opt/rustwide/cargo-home/bin/cargo" "+1.75.0" "metadata" "--no-deps" "--format-version=1", kill_on_drop: false }`
[INFO] [stdout] 9d31a3adf01595aab846e1fd34a0fd82d4ec3f320570b44659b79d9c961c8bef
[INFO] running `Command { std: "docker" "start" "-a" "9d31a3adf01595aab846e1fd34a0fd82d4ec3f320570b44659b79d9c961c8bef", kill_on_drop: false }`
[INFO] running `Command { std: "docker" "inspect" "9d31a3adf01595aab846e1fd34a0fd82d4ec3f320570b44659b79d9c961c8bef", kill_on_drop: false }`
[INFO] running `Command { std: "docker" "rm" "-f" "9d31a3adf01595aab846e1fd34a0fd82d4ec3f320570b44659b79d9c961c8bef", kill_on_drop: false }`
[INFO] [stdout] 9d31a3adf01595aab846e1fd34a0fd82d4ec3f320570b44659b79d9c961c8bef
[INFO] running `Command { std: "docker" "create" "-v" "/var/lib/crater-agent-workspace/builds/worker-7-tc1/target:/opt/rustwide/target:rw,Z" "-v" "/var/lib/crater-agent-workspace/builds/worker-7-tc1/source:/opt/rustwide/workdir:ro,Z" "-v" "/var/lib/crater-agent-workspace/cargo-home:/opt/rustwide/cargo-home:ro,Z" "-v" "/var/lib/crater-agent-workspace/rustup-home:/opt/rustwide/rustup-home:ro,Z" "-e" "SOURCE_DIR=/opt/rustwide/workdir" "-e" "CARGO_TARGET_DIR=/opt/rustwide/target" "-e" "CARGO_INCREMENTAL=0" "-e" "RUST_BACKTRACE=full" "-e" "RUSTFLAGS=--cap-lints=warn" "-e" "RUSTDOCFLAGS=--cap-lints=warn" "-e" "CARGO_HOME=/opt/rustwide/cargo-home" "-e" "RUSTUP_HOME=/opt/rustwide/rustup-home" "-w" "/opt/rustwide/workdir" "-m" "1610612736" "--user" "0:0" "--network" "none" "ghcr.io/rust-lang/crates-build-env/linux@sha256:2788e3201cd34a07e3172128adcd8b3090168a8e3bcc40d7c032b9dda1df7d1c" "/opt/rustwide/cargo-home/bin/cargo" "+1.75.0" "build" "--frozen" "--message-format=json", kill_on_drop: false }`
[INFO] [stdout] f40e735334668c8bc15d53fa1b557a7afc89f9223147cecf01db3b9d1f87f638
[INFO] running `Command { std: "docker" "start" "-a" "f40e735334668c8bc15d53fa1b557a7afc89f9223147cecf01db3b9d1f87f638", kill_on_drop: false }`
[INFO] [stderr]    Compiling version_check v0.9.4
[INFO] [stderr]    Compiling proc-macro2 v1.0.49
[INFO] [stderr]    Compiling unicode-ident v1.0.6
[INFO] [stderr]    Compiling quote v1.0.23
[INFO] [stderr]    Compiling syn v1.0.107
[INFO] [stderr]    Compiling libc v0.2.139
[INFO] [stderr]    Compiling cfg-if v1.0.0
[INFO] [stderr]    Compiling typenum v1.16.0
[INFO] [stderr]    Compiling subtle v2.4.1
[INFO] [stderr]    Compiling autocfg v1.1.0
[INFO] [stderr]    Compiling unicode-xid v0.2.4
[INFO] [stderr]    Compiling memchr v2.5.0
[INFO] [stderr]    Compiling serde_derive v1.0.151
[INFO] [stderr]    Compiling generic-array v0.14.6
[INFO] [stderr]    Compiling scopeguard v1.1.0
[INFO] [stderr]    Compiling futures-core v0.3.25
[INFO] [stderr]    Compiling lock_api v0.4.9
[INFO] [stderr]    Compiling serde v1.0.151
[INFO] [stderr]    Compiling itoa v1.0.5
[INFO] [stderr]    Compiling pin-project-lite v0.2.9
[INFO] [stderr]    Compiling getrandom v0.2.8
[INFO] [stderr]    Compiling slab v0.4.7
[INFO] [stderr]    Compiling radium v0.7.0
[INFO] [stderr]    Compiling rand_core v0.6.4
[INFO] [stderr]    Compiling log v0.4.17
[INFO] [stderr]    Compiling futures-task v0.3.25
[INFO] [stderr]    Compiling ppv-lite86 v0.2.17
[INFO] [stderr]    Compiling futures-sink v0.3.25
[INFO] [stderr]    Compiling futures-channel v0.3.25
[INFO] [stderr]    Compiling proc-macro-error-attr v1.0.4
[INFO] [stderr]    Compiling tap v1.0.1
[INFO] [stderr]    Compiling thiserror v1.0.38
[INFO] [stderr]    Compiling bytes v1.3.0
[INFO] [stderr]    Compiling crunchy v0.2.2
[INFO] [stderr]    Compiling parking_lot_core v0.9.5
[INFO] [stderr]    Compiling futures-util v0.3.25
[INFO] [stderr]    Compiling byteorder v1.4.3
[INFO] [stderr]    Compiling wyz v0.5.1
[INFO] [stderr]    Compiling block-buffer v0.10.3
[INFO] [stderr]    Compiling digest v0.9.0
[INFO] [stderr]    Compiling crypto-common v0.1.6
[INFO] [stderr]    Compiling unicase v2.6.0
[INFO] [stderr]    Compiling proc-macro-error v1.0.4
[INFO] [stderr]    Compiling digest v0.10.6
[INFO] [stderr]    Compiling getrandom v0.1.16
[INFO] [stderr]    Compiling pin-utils v0.1.0
[INFO] [stderr]    Compiling smallvec v1.10.0
[INFO] [stderr]    Compiling funty v2.0.0
[INFO] [stderr]    Compiling once_cell v1.16.0
[INFO] [stderr]    Compiling futures-io v0.3.25
[INFO] [stderr]    Compiling tokio v1.23.0
[INFO] [stderr]    Compiling const-oid v0.9.1
[INFO] [stderr]    Compiling percent-encoding v2.2.0
[INFO] [stderr]    Compiling fnv v1.0.7
[INFO] [stderr]    Compiling semver v1.0.16
[INFO] [stderr]    Compiling http v0.2.8
[INFO] [stderr]    Compiling form_urlencoded v1.1.0
[INFO] [stderr]    Compiling bitvec v1.0.1
[INFO] [stderr]    Compiling parking_lot v0.12.1
[INFO] [stderr]    Compiling tracing-core v0.1.30
[INFO] [stderr]    Compiling mio v0.8.5
[INFO] [stderr]    Compiling rand_chacha v0.3.1
[INFO] [stderr]    Compiling signal-hook-registry v1.4.0
[INFO] [stderr]    Compiling num_cpus v1.15.0
[INFO] [stderr]    Compiling socket2 v0.4.7
[INFO] [stderr]    Compiling indexmap v1.9.2
[INFO] [stderr]    Compiling tinyvec_macros v0.1.0
[INFO] [stderr]    Compiling serde_json v1.0.91
[INFO] [stderr]    Compiling ryu v1.0.12
[INFO] [stderr]    Compiling base64ct v1.5.3
[INFO] [stderr]    Compiling libsecp256k1-core v0.3.0
[INFO] [stderr]    Compiling tinyvec v1.6.0
[INFO] [stderr]    Compiling rand v0.8.5
[INFO] [stderr]    Compiling rand_core v0.5.1
[INFO] [stderr]    Compiling synstructure v0.12.6
[INFO] [stderr]    Compiling ff v0.12.1
[INFO] [stderr]    Compiling group v0.12.1
[INFO] [stderr]    Compiling mime_guess v2.0.4
[INFO] [stderr]    Compiling hmac v0.12.1
[INFO] [stderr]    Compiling cpufeatures v0.2.5
[INFO] [stderr]    Compiling data-encoding v2.3.3
[INFO] [stderr]    Compiling hashbrown v0.12.3
[INFO] [stderr]    Compiling rustc_version v0.4.0
[INFO] [stderr]    Compiling unicode-normalization v0.1.22
[INFO] [stderr]    Compiling signature v1.6.4
[INFO] [stderr]    Compiling base16ct v0.1.1
[INFO] [stderr]    Compiling arrayref v0.3.6
[INFO] [stderr]    Compiling unicode-bidi v0.3.8
[INFO] [stderr]    Compiling httparse v1.8.0
[INFO] [stderr]    Compiling toml v0.5.10
[INFO] [stderr]    Compiling mime v0.3.16
[INFO] [stderr]    Compiling semver v0.1.20
[INFO] [stderr]    Compiling rustc_version v0.1.7
[INFO] [stderr]    Compiling idna v0.3.0
[INFO] [stderr]    Compiling heapless v0.7.16
[INFO] [stderr]    Compiling hkdf v0.12.3
[INFO] [stderr]    Compiling libsecp256k1-gen-genmult v0.3.0
[INFO] [stderr]    Compiling libsecp256k1-gen-ecmult v0.3.0
[INFO] [stderr]    Compiling block-buffer v0.9.0
[INFO] [stderr]    Compiling crypto-mac v0.8.0
[INFO] [stderr]    Compiling core2 v0.4.0
[INFO] [stderr]    Compiling try-lock v0.2.3
[INFO] [stderr]    Compiling opaque-debug v0.3.0
[INFO] [stderr]    Compiling winapi-build v0.1.1
[INFO] [stderr]    Compiling unsigned-varint v0.7.1
[INFO] [stderr]    Compiling base-x v0.2.11
[INFO] [stderr]    Compiling async-trait v0.1.60
[INFO] [stderr]    Compiling url v2.3.1
[INFO] [stderr]    Compiling kernel32-sys v0.2.2
[INFO] [stderr]    Compiling want v0.3.0
[INFO] [stderr]    Compiling sha2 v0.9.9
[INFO] [stderr]    Compiling hmac v0.8.1
[INFO] [stderr]    Compiling libsecp256k1 v0.7.1
[INFO] [stderr]    Compiling nix v0.7.0
[INFO] [stderr]    Compiling rand_chacha v0.2.2
[INFO] [stderr]    Compiling zeroize_derive v1.3.3
[INFO] [stderr]    Compiling futures-macro v0.3.25
[INFO] [stderr]    Compiling thiserror-impl v1.0.38
[INFO] [stderr]    Compiling tracing-attributes v0.1.23
[INFO] [stderr]    Compiling tokio-macros v1.8.2
[INFO] [stderr]    Compiling data-encoding-macro-internal v0.1.10
[INFO] [stderr]    Compiling http-body v0.4.5
[INFO] [stderr]    Compiling crypto-mac v0.11.1
[INFO] [stderr]    Compiling hash32 v0.2.1
[INFO] [stderr]    Compiling zeroize v1.5.7
[INFO] [stderr]    Compiling der v0.6.1
[INFO] [stderr]    Compiling crypto-bigint v0.4.9
[INFO] [stderr]    Compiling data-encoding-macro v0.1.12
[INFO] [stderr]    Compiling multibase v0.9.1
[INFO] [stderr]    Compiling curve25519-dalek v3.2.0
[INFO] [stderr]    Compiling spki v0.6.0
[INFO] [stderr]    Compiling proc-macro-crate v1.1.3
[INFO] [stderr]    Compiling tracing v0.1.37
[INFO] [stderr]    Compiling pkcs8 v0.9.0
[INFO] [stderr]    Compiling multihash-derive v0.8.1
[INFO] [stderr]    Compiling rfc6979 v0.3.1
[INFO] [stderr]    Compiling sec1 v0.3.0
[INFO] [stderr]    Compiling spin v0.9.4
[INFO] [stderr]    Compiling dirs-sys v0.3.7
[INFO] [stderr]    Compiling elliptic-curve v0.12.3
[INFO] [stderr]    Compiling httpdate v1.0.2
[INFO] [stderr]    Compiling base64 v0.13.1
[INFO] [stderr]    Compiling stable_deref_trait v1.2.0
[INFO] [stderr]    Compiling static_assertions v1.1.0
[INFO] [stderr]    Compiling tower-service v0.3.2
[INFO] [stderr]    Compiling same-file v1.0.6
[INFO] [stderr]    Compiling walkdir v2.3.2
[INFO] [stderr]    Compiling ecdsa v0.14.8
[INFO] [stderr]    Compiling dirs v4.0.0
[INFO] [stderr]    Compiling hmac v0.11.0
[INFO] [stderr]    Compiling multihash v0.17.0
[INFO] [stderr]    Compiling rand v0.7.3
[INFO] [stderr]    Compiling hmac-drbg v0.3.0
[INFO] [stderr]    Compiling ed25519 v1.5.2
[INFO] [stderr]    Compiling sha2 v0.10.6
[INFO] [stderr]    Compiling pairing v0.22.0
[INFO] [stderr]    Compiling atty v0.2.14
[INFO] [stderr]    Compiling common-multipart-rfc7578 v0.6.0
[INFO] [stderr]    Compiling futures-executor v0.3.25
[INFO] [stderr]    Compiling heck v0.4.0
[INFO] [stderr]    Compiling os_str_bytes v6.4.1
[INFO] [stderr]    Compiling futures v0.3.25
[INFO] [stderr]    Compiling void v1.0.2
[INFO] [stderr]    Compiling winapi v0.2.8
[INFO] [stderr]    Compiling bitflags v0.4.0
[INFO] [stderr]    Compiling cfg-if v0.1.10
[INFO] [stderr]    Compiling anyhow v1.0.68
[INFO] [stderr]    Compiling clap_derive v3.2.18
[INFO] [stderr]    Compiling clap_lex v0.2.4
[INFO] [stderr]    Compiling p256 v0.11.1
[INFO] [stderr]    Compiling hkdf v0.11.0
[INFO] [stderr]    Compiling x25519-dalek v1.1.1
[INFO] [stderr]    Compiling tokio-util v0.7.4
[INFO] [stderr]    Compiling did_url v0.1.0
[INFO] [stderr]    Compiling bs58 v0.4.0
[INFO] [stderr]    Compiling strsim v0.10.0
[INFO] [stderr]    Compiling termcolor v1.1.3
[INFO] [stderr]    Compiling h2 v0.3.15
[INFO] [stderr]    Compiling bitflags v1.3.2
[INFO] [stderr]    Compiling textwrap v0.16.0
[INFO] [stderr]    Compiling graceful v0.1.1
[INFO] [stderr]    Compiling colored v2.0.0
[INFO] [stderr]    Compiling base64 v0.20.0
[INFO] [stderr]    Compiling clap v3.2.23
[INFO] [stderr]    Compiling multiaddr v0.17.0
[INFO] [stderr]    Compiling serde_urlencoded v0.7.1
[INFO] [stderr]    Compiling bls12_381_plus v0.7.0
[INFO] [stderr]    Compiling ed25519-dalek v1.0.1
[INFO] [stderr]    Compiling treediff v3.0.2
[INFO] [stderr]    Compiling ipfs-api-prelude v0.6.0
[INFO] [stderr]    Compiling hyper v0.14.23
[INFO] [stderr]    Compiling json-patch v0.2.7
[INFO] [stderr]    Compiling hyper-multipart-rfc7578 v0.8.0
[INFO] [stderr]    Compiling ipfs-api-backend-hyper v0.6.0
[INFO] [stderr]    Compiling did-key v0.2.1
[INFO] [stderr]    Compiling fission v0.1.0 (/opt/rustwide/workdir)
[INFO] [stdout] warning: unused variable: `verbose`
[INFO] [stdout]    --> src/cmd/app.rs:156:13
[INFO] [stdout]     |
[INFO] [stdout] 156 |             verbose,
[INFO] [stdout]     |             ^^^^^^^ help: try ignoring the field: `verbose: _`
[INFO] [stdout]     |
[INFO] [stdout]     = note: `#[warn(unused_variables)]` on by default
[INFO] [stdout] 
[INFO] [stdout] 
[INFO] [stdout] warning: 1 warning emitted
[INFO] [stdout] 
[INFO] [stdout] 
[INFO] [stderr]     Finished dev [unoptimized + debuginfo] target(s) in 28.70s
[INFO] running `Command { std: "docker" "inspect" "f40e735334668c8bc15d53fa1b557a7afc89f9223147cecf01db3b9d1f87f638", kill_on_drop: false }`
[INFO] running `Command { std: "docker" "rm" "-f" "f40e735334668c8bc15d53fa1b557a7afc89f9223147cecf01db3b9d1f87f638", kill_on_drop: false }`
[INFO] [stdout] f40e735334668c8bc15d53fa1b557a7afc89f9223147cecf01db3b9d1f87f638
[INFO] running `Command { std: "docker" "create" "-v" "/var/lib/crater-agent-workspace/builds/worker-7-tc1/target:/opt/rustwide/target:rw,Z" "-v" "/var/lib/crater-agent-workspace/builds/worker-7-tc1/source:/opt/rustwide/workdir:ro,Z" "-v" "/var/lib/crater-agent-workspace/cargo-home:/opt/rustwide/cargo-home:ro,Z" "-v" "/var/lib/crater-agent-workspace/rustup-home:/opt/rustwide/rustup-home:ro,Z" "-e" "SOURCE_DIR=/opt/rustwide/workdir" "-e" "CARGO_TARGET_DIR=/opt/rustwide/target" "-e" "CARGO_INCREMENTAL=0" "-e" "RUST_BACKTRACE=full" "-e" "RUSTFLAGS=--cap-lints=warn" "-e" "RUSTDOCFLAGS=--cap-lints=warn" "-e" "CARGO_HOME=/opt/rustwide/cargo-home" "-e" "RUSTUP_HOME=/opt/rustwide/rustup-home" "-w" "/opt/rustwide/workdir" "-m" "1610612736" "--user" "0:0" "--network" "none" "ghcr.io/rust-lang/crates-build-env/linux@sha256:2788e3201cd34a07e3172128adcd8b3090168a8e3bcc40d7c032b9dda1df7d1c" "/opt/rustwide/cargo-home/bin/cargo" "+1.75.0" "test" "--frozen" "--no-run" "--message-format=json", kill_on_drop: false }`
[INFO] [stdout] fe33a7a019bee09aa1bed33298dc4defd3f90ab6fdb2a71d155157e1a48e29b9
[INFO] running `Command { std: "docker" "start" "-a" "fe33a7a019bee09aa1bed33298dc4defd3f90ab6fdb2a71d155157e1a48e29b9", kill_on_drop: false }`
[INFO] [stderr]    Compiling num-traits v0.2.15
[INFO] [stderr]    Compiling remove_dir_all v0.5.3
[INFO] [stderr]    Compiling fastrand v1.8.0
[INFO] [stderr]    Compiling wait-timeout v0.2.0
[INFO] [stderr]    Compiling bit-vec v0.6.3
[INFO] [stderr]    Compiling quick-error v1.2.3
[INFO] [stderr]    Compiling dashmap v5.4.0
[INFO] [stderr]    Compiling serial_test_derive v0.9.0
[INFO] [stderr]    Compiling rand_xorshift v0.3.0
[INFO] [stderr]    Compiling quick-error v2.0.1
[INFO] [stderr]    Compiling regex-syntax v0.6.28
[INFO] [stderr]    Compiling tempfile v3.3.0
[INFO] [stderr]    Compiling bit-set v0.5.3
[INFO] [stdout] warning: unused variable: `verbose`
[INFO] [stdout]    --> src/cmd/app.rs:156:13
[INFO] [stdout]     |
[INFO] [stdout] 156 |             verbose,
[INFO] [stdout]     |             ^^^^^^^ help: try ignoring the field: `verbose: _`
[INFO] [stdout]     |
[INFO] [stdout]     = note: `#[warn(unused_variables)]` on by default
[INFO] [stdout] 
[INFO] [stdout] 
[INFO] [stdout] warning: 1 warning emitted
[INFO] [stdout] 
[INFO] [stdout] 
[INFO] [stderr]    Compiling rusty-fork v0.3.0
[INFO] [stderr]    Compiling serial_test v0.9.0
[INFO] [stderr]    Compiling proptest v1.0.0
[INFO] [stderr]    Compiling fission v0.1.0 (/opt/rustwide/workdir)
[INFO] [stdout] warning: unused variable: `verbose`
[INFO] [stdout]    --> src/cmd/app.rs:156:13
[INFO] [stdout]     |
[INFO] [stdout] 156 |             verbose,
[INFO] [stdout]     |             ^^^^^^^ help: try ignoring the field: `verbose: _`
[INFO] [stdout]     |
[INFO] [stdout]     = note: `#[warn(unused_variables)]` on by default
[INFO] [stdout] 
[INFO] [stdout] 
[INFO] [stdout] warning: 1 warning emitted
[INFO] [stdout] 
[INFO] [stdout] 
[INFO] [stderr]     Finished test [unoptimized + debuginfo] target(s) in 8.22s
[INFO] running `Command { std: "docker" "inspect" "fe33a7a019bee09aa1bed33298dc4defd3f90ab6fdb2a71d155157e1a48e29b9", kill_on_drop: false }`
[INFO] running `Command { std: "docker" "rm" "-f" "fe33a7a019bee09aa1bed33298dc4defd3f90ab6fdb2a71d155157e1a48e29b9", kill_on_drop: false }`
[INFO] [stdout] fe33a7a019bee09aa1bed33298dc4defd3f90ab6fdb2a71d155157e1a48e29b9
[INFO] running `Command { std: "docker" "create" "-v" "/var/lib/crater-agent-workspace/builds/worker-7-tc1/target:/opt/rustwide/target:rw,Z" "-v" "/var/lib/crater-agent-workspace/builds/worker-7-tc1/source:/opt/rustwide/workdir:ro,Z" "-v" "/var/lib/crater-agent-workspace/cargo-home:/opt/rustwide/cargo-home:ro,Z" "-v" "/var/lib/crater-agent-workspace/rustup-home:/opt/rustwide/rustup-home:ro,Z" "-e" "SOURCE_DIR=/opt/rustwide/workdir" "-e" "CARGO_TARGET_DIR=/opt/rustwide/target" "-e" "CARGO_INCREMENTAL=0" "-e" "RUST_BACKTRACE=full" "-e" "RUSTFLAGS=--cap-lints=warn" "-e" "RUSTDOCFLAGS=--cap-lints=warn" "-e" "CARGO_HOME=/opt/rustwide/cargo-home" "-e" "RUSTUP_HOME=/opt/rustwide/rustup-home" "-w" "/opt/rustwide/workdir" "-m" "1610612736" "--user" "0:0" "--network" "none" "ghcr.io/rust-lang/crates-build-env/linux@sha256:2788e3201cd34a07e3172128adcd8b3090168a8e3bcc40d7c032b9dda1df7d1c" "/opt/rustwide/cargo-home/bin/cargo" "+1.75.0" "test" "--frozen", kill_on_drop: false }`
[INFO] [stdout] c658430461ca370b91426e7140b5c62b1c3f8b1efa70e7a10515a6bf61ad5303
[INFO] running `Command { std: "docker" "start" "-a" "c658430461ca370b91426e7140b5c62b1c3f8b1efa70e7a10515a6bf61ad5303", kill_on_drop: false }`
[INFO] [stderr] warning: unused variable: `verbose`
[INFO] [stderr]    --> src/cmd/app.rs:156:13
[INFO] [stderr]     |
[INFO] [stderr] 156 |             verbose,
[INFO] [stderr]     |             ^^^^^^^ help: try ignoring the field: `verbose: _`
[INFO] [stderr]     |
[INFO] [stderr]     = note: `#[warn(unused_variables)]` on by default
[INFO] [stderr] 
[INFO] [stderr] warning: `fission` (lib) generated 1 warning (run `cargo fix --lib -p fission` to apply 1 suggestion)
[INFO] [stderr] warning: `fission` (lib test) generated 1 warning (1 duplicate)
[INFO] [stderr]     Finished test [unoptimized + debuginfo] target(s) in 0.10s
[INFO] [stderr]      Running unittests src/lib.rs (/opt/rustwide/target/debug/deps/fission-c416652947b82c63)
[INFO] [stdout] 
[INFO] [stdout] running 4 tests
[INFO] [stdout] test test::daemon::can_add_directory ... FAILED
[INFO] [stdout] test test::daemon::can_connect ... FAILED
[INFO] [stdout] test test::daemon::can_add_file ... FAILED
[INFO] [stdout] test test::daemon::can_config ... FAILED
[INFO] [stdout] 
[INFO] [stdout] failures:
[INFO] [stdout] 
[INFO] [stdout] ---- test::daemon::can_add_directory stdout ----
[INFO] [stdout] Launching IPFS...
[INFO] [stdout] thread 'test::daemon::can_add_directory' panicked at src/ipfs/daemon.rs:51:33:
[INFO] [stdout] Failed to start IPFS daemon: No such file or directory (os error 2)
[INFO] [stdout]  This error may be because the Kubo binary is not on your PATH.
[INFO] [stdout] stack backtrace:
[INFO] [stdout]    0:     0x558a40f0d0fc - std::backtrace_rs::backtrace::libunwind::trace::ha637c64ce894333a
[INFO] [stdout]                                at /rustc/82e1608dfa6e0b5569232559e3d385fea5a93112/library/std/src/../../backtrace/src/backtrace/libunwind.rs:104:5
[INFO] [stdout]    1:     0x558a40f0d0fc - std::backtrace_rs::backtrace::trace_unsynchronized::h47f62dea28e0c88d
[INFO] [stdout]                                at /rustc/82e1608dfa6e0b5569232559e3d385fea5a93112/library/std/src/../../backtrace/src/backtrace/mod.rs:66:5
[INFO] [stdout]    2:     0x558a40f0d0fc - std::sys_common::backtrace::_print_fmt::h9eef0abe20ede486
[INFO] [stdout]                                at /rustc/82e1608dfa6e0b5569232559e3d385fea5a93112/library/std/src/sys_common/backtrace.rs:67:5
[INFO] [stdout]    3:     0x558a40f0d0fc - <std::sys_common::backtrace::_print::DisplayBacktrace as core::fmt::Display>::fmt::hed7f999df88cc644
[INFO] [stdout]                                at /rustc/82e1608dfa6e0b5569232559e3d385fea5a93112/library/std/src/sys_common/backtrace.rs:44:22
[INFO] [stdout]    4:     0x558a40f3a2c0 - core::fmt::rt::Argument::fmt::h1539a9308b8d058d
[INFO] [stdout]                                at /rustc/82e1608dfa6e0b5569232559e3d385fea5a93112/library/core/src/fmt/rt.rs:142:9
[INFO] [stdout]    5:     0x558a40f3a2c0 - core::fmt::write::h3a39390d8560d9c9
[INFO] [stdout]                                at /rustc/82e1608dfa6e0b5569232559e3d385fea5a93112/library/core/src/fmt/mod.rs:1120:17
[INFO] [stdout]    6:     0x558a40f09e6f - std::io::Write::write_fmt::h040b369f3a0f9cbc
[INFO] [stdout]                                at /rustc/82e1608dfa6e0b5569232559e3d385fea5a93112/library/std/src/io/mod.rs:1762:15
[INFO] [stdout]    7:     0x558a40f0cee4 - std::sys_common::backtrace::_print::h894006fb5c6f3d45
[INFO] [stdout]                                at /rustc/82e1608dfa6e0b5569232559e3d385fea5a93112/library/std/src/sys_common/backtrace.rs:47:5
[INFO] [stdout]    8:     0x558a40f0cee4 - std::sys_common::backtrace::print::h23a2d212c6fff936
[INFO] [stdout]                                at /rustc/82e1608dfa6e0b5569232559e3d385fea5a93112/library/std/src/sys_common/backtrace.rs:34:9
[INFO] [stdout]    9:     0x558a40f0eba7 - std::panicking::default_hook::{{closure}}::h8a1d2ee00185001a
[INFO] [stdout]   10:     0x558a40f0e893 - std::panicking::default_hook::h6038f2eba384e475
[INFO] [stdout]                                at /rustc/82e1608dfa6e0b5569232559e3d385fea5a93112/library/std/src/panicking.rs:289:9
[INFO] [stdout]   11:     0x558a40c2a3c7 - <alloc::boxed::Box<F,A> as core::ops::function::Fn<Args>>::call::h0ad024c9bdc6d768
[INFO] [stdout]                                at /rustc/82e1608dfa6e0b5569232559e3d385fea5a93112/library/alloc/src/boxed.rs:2021:9
[INFO] [stdout]   12:     0x558a40c2a3c7 - test::test_main::{{closure}}::h7500b54257359db6
[INFO] [stdout]                                at /rustc/82e1608dfa6e0b5569232559e3d385fea5a93112/library/test/src/lib.rs:138:21
[INFO] [stdout]   13:     0x558a40f0f1b8 - <alloc::boxed::Box<F,A> as core::ops::function::Fn<Args>>::call::h1f8f335eaa9cfaee
[INFO] [stdout]                                at /rustc/82e1608dfa6e0b5569232559e3d385fea5a93112/library/alloc/src/boxed.rs:2021:9
[INFO] [stdout]   14:     0x558a40f0f1b8 - std::panicking::rust_panic_with_hook::h2b5517d590cab22e
[INFO] [stdout]                                at /rustc/82e1608dfa6e0b5569232559e3d385fea5a93112/library/std/src/panicking.rs:783:13
[INFO] [stdout]   15:     0x558a40f0ef0e - std::panicking::begin_panic_handler::{{closure}}::h233112c06e0ef43e
[INFO] [stdout]                                at /rustc/82e1608dfa6e0b5569232559e3d385fea5a93112/library/std/src/panicking.rs:657:13
[INFO] [stdout]   16:     0x558a40f0d5c6 - std::sys_common::backtrace::__rust_end_short_backtrace::h6e893f24d7ebbff8
[INFO] [stdout]                                at /rustc/82e1608dfa6e0b5569232559e3d385fea5a93112/library/std/src/sys_common/backtrace.rs:170:18
[INFO] [stdout]   17:     0x558a40f0ec72 - rust_begin_unwind
[INFO] [stdout]                                at /rustc/82e1608dfa6e0b5569232559e3d385fea5a93112/library/std/src/panicking.rs:645:5
[INFO] [stdout]   18:     0x558a40a355c5 - core::panicking::panic_fmt::hbf0e066aabfa482c
[INFO] [stdout]                                at /rustc/82e1608dfa6e0b5569232559e3d385fea5a93112/library/core/src/panicking.rs:72:14
[INFO] [stdout]   19:     0x558a40a8603a - fission::ipfs::daemon::IpfsDaemon::launch::{{closure}}::{{closure}}::hb55a57208bd34f1d
[INFO] [stdout]                                at /opt/rustwide/workdir/src/ipfs/daemon.rs:51:33
[INFO] [stdout]   20:     0x558a40b45606 - core::result::Result<T,E>::unwrap_or_else::hcacee7259117c047
[INFO] [stdout]                                at /rustc/82e1608dfa6e0b5569232559e3d385fea5a93112/library/core/src/result.rs:1430:23
[INFO] [stdout]   21:     0x558a40a85a09 - fission::ipfs::daemon::IpfsDaemon::launch::{{closure}}::h1b7e39651f5b2db6
[INFO] [stdout]                                at /opt/rustwide/workdir/src/ipfs/daemon.rs:46:9
[INFO] [stdout]   22:     0x558a40a792a9 - futures_executor::local_pool::block_on::{{closure}}::h1ce1678953732f61
[INFO] [stdout]                                at /opt/rustwide/cargo-home/registry/src/index.crates.io-6f17d22bba15001f/futures-executor-0.3.25/src/local_pool.rs:317:23
[INFO] [stdout]   23:     0x558a40a78a93 - futures_executor::local_pool::run_executor::{{closure}}::h48299aff7cdbb81d
[INFO] [stdout]                                at /opt/rustwide/cargo-home/registry/src/index.crates.io-6f17d22bba15001f/futures-executor-0.3.25/src/local_pool.rs:90:37
[INFO] [stdout]   24:     0x558a40aee2fd - std::thread::local::LocalKey<T>::try_with::h7e9c00545d5725eb
[INFO] [stdout]                                at /rustc/82e1608dfa6e0b5569232559e3d385fea5a93112/library/std/src/thread/local.rs:270:16
[INFO] [stdout]   25:     0x558a40aeb793 - std::thread::local::LocalKey<T>::with::hed7772996961fb13
[INFO] [stdout]                                at /rustc/82e1608dfa6e0b5569232559e3d385fea5a93112/library/std/src/thread/local.rs:246:9
[INFO] [stdout]   26:     0x558a40a789d7 - futures_executor::local_pool::run_executor::hf18bb179d8ea4182
[INFO] [stdout]                                at /opt/rustwide/cargo-home/registry/src/index.crates.io-6f17d22bba15001f/futures-executor-0.3.25/src/local_pool.rs:86:5
[INFO] [stdout]   27:     0x558a40a79098 - futures_executor::local_pool::block_on::h8b620e5b8bbeb4b0
[INFO] [stdout]                                at /opt/rustwide/cargo-home/registry/src/index.crates.io-6f17d22bba15001f/futures-executor-0.3.25/src/local_pool.rs:317:5
[INFO] [stdout]   28:     0x558a40a8855c - fission::test::daemon::run_ipfs_test::h224d1d2f03619f53
[INFO] [stdout]                                at /opt/rustwide/workdir/src/test/daemon.rs:23:5
[INFO] [stdout]   29:     0x558a40a8beb8 - fission::test::daemon::can_add_directory::{{closure}}::hb1f06d42e6aadd05
[INFO] [stdout]                                at /opt/rustwide/workdir/src/test/daemon.rs:69:5
[INFO] [stdout]   30:     0x558a40b0628e - core::ops::function::FnOnce::call_once::ha36d5bd16d7eaee1
[INFO] [stdout]                                at /rustc/82e1608dfa6e0b5569232559e3d385fea5a93112/library/core/src/ops/function.rs:250:5
[INFO] [stdout]   31:     0x558a40c3a55e - serial_test::serial_code_lock::local_serial_core::h79cf7885c443187a
[INFO] [stdout]                                at /opt/rustwide/cargo-home/registry/src/index.crates.io-6f17d22bba15001f/serial_test-0.9.0/src/serial_code_lock.rs:27:5
[INFO] [stdout]   32:     0x558a40a8be4d - fission::test::daemon::can_add_directory::h46183646f68ff7ab
[INFO] [stdout]                                at /opt/rustwide/workdir/src/test/daemon.rs:66:1
[INFO] [stdout]   33:     0x558a40a8be07 - fission::test::daemon::can_add_directory::{{closure}}::h7b0ec264cb1b9f38
[INFO] [stdout]                                at /opt/rustwide/workdir/src/test/daemon.rs:67:23
[INFO] [stdout]   34:     0x558a40b06696 - core::ops::function::FnOnce::call_once::hcca9634793a605ad
[INFO] [stdout]                                at /rustc/82e1608dfa6e0b5569232559e3d385fea5a93112/library/core/src/ops/function.rs:250:5
[INFO] [stdout]   35:     0x558a40c2fa1f - core::ops::function::FnOnce::call_once::h2b5d431d5046312d
[INFO] [stdout]                                at /rustc/82e1608dfa6e0b5569232559e3d385fea5a93112/library/core/src/ops/function.rs:250:5
[INFO] [stdout]   36:     0x558a40c2fa1f - test::__rust_begin_short_backtrace::h7714669af176e207
[INFO] [stdout]                                at /rustc/82e1608dfa6e0b5569232559e3d385fea5a93112/library/test/src/lib.rs:628:18
[INFO] [stdout]   37:     0x558a40c2ea35 - test::run_test_in_process::{{closure}}::h85218797dcbcec12
[INFO] [stdout]                                at /rustc/82e1608dfa6e0b5569232559e3d385fea5a93112/library/test/src/lib.rs:651:60
[INFO] [stdout]   38:     0x558a40c2ea35 - <core::panic::unwind_safe::AssertUnwindSafe<F> as core::ops::function::FnOnce<()>>::call_once::h76c106ea31c14d7b
[INFO] [stdout]                                at /rustc/82e1608dfa6e0b5569232559e3d385fea5a93112/library/core/src/panic/unwind_safe.rs:272:9
[INFO] [stdout]   39:     0x558a40c2ea35 - std::panicking::try::do_call::h3bd5d0f6620ee946
[INFO] [stdout]                                at /rustc/82e1608dfa6e0b5569232559e3d385fea5a93112/library/std/src/panicking.rs:552:40
[INFO] [stdout]   40:     0x558a40c2ea35 - std::panicking::try::h232e535e4744fe31
[INFO] [stdout]                                at /rustc/82e1608dfa6e0b5569232559e3d385fea5a93112/library/std/src/panicking.rs:516:19
[INFO] [stdout]   41:     0x558a40c2ea35 - std::panic::catch_unwind::h3ce3bd6ca8dbac68
[INFO] [stdout]                                at /rustc/82e1608dfa6e0b5569232559e3d385fea5a93112/library/std/src/panic.rs:142:14
[INFO] [stdout]   42:     0x558a40c2ea35 - test::run_test_in_process::hc97b257c9621286a
[INFO] [stdout]                                at /rustc/82e1608dfa6e0b5569232559e3d385fea5a93112/library/test/src/lib.rs:651:27
[INFO] [stdout]   43:     0x558a40c2ea35 - test::run_test::{{closure}}::h2aa798823a438d38
[INFO] [stdout]                                at /rustc/82e1608dfa6e0b5569232559e3d385fea5a93112/library/test/src/lib.rs:574:43
[INFO] [stdout]   44:     0x558a40bf6cf6 - test::run_test::{{closure}}::h87d231c78fb59832
[INFO] [stdout]                                at /rustc/82e1608dfa6e0b5569232559e3d385fea5a93112/library/test/src/lib.rs:602:41
[INFO] [stdout]   45:     0x558a40bf6cf6 - std::sys_common::backtrace::__rust_begin_short_backtrace::he6df152596625789
[INFO] [stdout]                                at /rustc/82e1608dfa6e0b5569232559e3d385fea5a93112/library/std/src/sys_common/backtrace.rs:154:18
[INFO] [stdout]   46:     0x558a40bfbda7 - std::thread::Builder::spawn_unchecked_::{{closure}}::{{closure}}::ha94be15d1e0acf36
[INFO] [stdout]                                at /rustc/82e1608dfa6e0b5569232559e3d385fea5a93112/library/std/src/thread/mod.rs:529:17
[INFO] [stdout]   47:     0x558a40bfbda7 - <core::panic::unwind_safe::AssertUnwindSafe<F> as core::ops::function::FnOnce<()>>::call_once::h9dc6bd6372f16606
[INFO] [stdout]                                at /rustc/82e1608dfa6e0b5569232559e3d385fea5a93112/library/core/src/panic/unwind_safe.rs:272:9
[INFO] [stdout]   48:     0x558a40bfbda7 - std::panicking::try::do_call::h9057517f80303cd4
[INFO] [stdout]                                at /rustc/82e1608dfa6e0b5569232559e3d385fea5a93112/library/std/src/panicking.rs:552:40
[INFO] [stdout]   49:     0x558a40bfbda7 - std::panicking::try::he3a30b11ee45340c
[INFO] [stdout]                                at /rustc/82e1608dfa6e0b5569232559e3d385fea5a93112/library/std/src/panicking.rs:516:19
[INFO] [stdout]   50:     0x558a40bfbda7 - std::panic::catch_unwind::h410458cfd3528b8b
[INFO] [stdout]                                at /rustc/82e1608dfa6e0b5569232559e3d385fea5a93112/library/std/src/panic.rs:142:14
[INFO] [stdout]   51:     0x558a40bfbda7 - std::thread::Builder::spawn_unchecked_::{{closure}}::h72ac3bdb567b737b
[INFO] [stdout]                                at /rustc/82e1608dfa6e0b5569232559e3d385fea5a93112/library/std/src/thread/mod.rs:528:30
[INFO] [stdout]   52:     0x558a40bfbda7 - core::ops::function::FnOnce::call_once{{vtable.shim}}::h38f34da3654a8344
[INFO] [stdout]                                at /rustc/82e1608dfa6e0b5569232559e3d385fea5a93112/library/core/src/ops/function.rs:250:5
[INFO] [stdout]   53:     0x558a40f145f5 - <alloc::boxed::Box<F,A> as core::ops::function::FnOnce<Args>>::call_once::hc7eafaff61e32df9
[INFO] [stdout]                                at /rustc/82e1608dfa6e0b5569232559e3d385fea5a93112/library/alloc/src/boxed.rs:2007:9
[INFO] [stdout]   54:     0x558a40f145f5 - <alloc::boxed::Box<F,A> as core::ops::function::FnOnce<Args>>::call_once::h6ba4a5de48dd2304
[INFO] [stdout]                                at /rustc/82e1608dfa6e0b5569232559e3d385fea5a93112/library/alloc/src/boxed.rs:2007:9
[INFO] [stdout]   55:     0x558a40f145f5 - std::sys::unix::thread::Thread::new::thread_start::he469335aef763e45
[INFO] [stdout]                                at /rustc/82e1608dfa6e0b5569232559e3d385fea5a93112/library/std/src/sys/unix/thread.rs:108:17
[INFO] [stdout]   56:     0x7f930f552ac3 - <unknown>
[INFO] [stdout]   57:     0x7f930f5e3bf4 - __clone
[INFO] [stdout]   58:                0x0 - <unknown>
[INFO] [stdout] 
[INFO] [stdout] ---- test::daemon::can_connect stdout ----
[INFO] [stdout] Launching IPFS...
[INFO] [stdout] thread 'test::daemon::can_connect' panicked at src/ipfs/daemon.rs:51:33:
[INFO] [stdout] Failed to start IPFS daemon: No such file or directory (os error 2)
[INFO] [stdout]  This error may be because the Kubo binary is not on your PATH.
[INFO] [stdout] stack backtrace:
[INFO] [stdout]    0:     0x558a40f0d0fc - std::backtrace_rs::backtrace::libunwind::trace::ha637c64ce894333a
[INFO] [stdout]                                at /rustc/82e1608dfa6e0b5569232559e3d385fea5a93112/library/std/src/../../backtrace/src/backtrace/libunwind.rs:104:5
[INFO] [stdout]    1:     0x558a40f0d0fc - std::backtrace_rs::backtrace::trace_unsynchronized::h47f62dea28e0c88d
[INFO] [stdout]                                at /rustc/82e1608dfa6e0b5569232559e3d385fea5a93112/library/std/src/../../backtrace/src/backtrace/mod.rs:66:5
[INFO] [stdout]    2:     0x558a40f0d0fc - std::sys_common::backtrace::_print_fmt::h9eef0abe20ede486
[INFO] [stdout]                                at /rustc/82e1608dfa6e0b5569232559e3d385fea5a93112/library/std/src/sys_common/backtrace.rs:67:5
[INFO] [stdout]    3:     0x558a40f0d0fc - <std::sys_common::backtrace::_print::DisplayBacktrace as core::fmt::Display>::fmt::hed7f999df88cc644
[INFO] [stdout]                                at /rustc/82e1608dfa6e0b5569232559e3d385fea5a93112/library/std/src/sys_common/backtrace.rs:44:22
[INFO] [stdout]    4:     0x558a40f3a2c0 - core::fmt::rt::Argument::fmt::h1539a9308b8d058d
[INFO] [stdout]                                at /rustc/82e1608dfa6e0b5569232559e3d385fea5a93112/library/core/src/fmt/rt.rs:142:9
[INFO] [stdout]    5:     0x558a40f3a2c0 - core::fmt::write::h3a39390d8560d9c9
[INFO] [stdout]                                at /rustc/82e1608dfa6e0b5569232559e3d385fea5a93112/library/core/src/fmt/mod.rs:1120:17
[INFO] [stdout]    6:     0x558a40f09e6f - std::io::Write::write_fmt::h040b369f3a0f9cbc
[INFO] [stdout]                                at /rustc/82e1608dfa6e0b5569232559e3d385fea5a93112/library/std/src/io/mod.rs:1762:15
[INFO] [stdout]    7:     0x558a40f0cee4 - std::sys_common::backtrace::_print::h894006fb5c6f3d45
[INFO] [stdout]                                at /rustc/82e1608dfa6e0b5569232559e3d385fea5a93112/library/std/src/sys_common/backtrace.rs:47:5
[INFO] [stdout]    8:     0x558a40f0cee4 - std::sys_common::backtrace::print::h23a2d212c6fff936
[INFO] [stdout]                                at /rustc/82e1608dfa6e0b5569232559e3d385fea5a93112/library/std/src/sys_common/backtrace.rs:34:9
[INFO] [stdout]    9:     0x558a40f0eba7 - std::panicking::default_hook::{{closure}}::h8a1d2ee00185001a
[INFO] [stdout]   10:     0x558a40f0e893 - std::panicking::default_hook::h6038f2eba384e475
[INFO] [stdout]                                at /rustc/82e1608dfa6e0b5569232559e3d385fea5a93112/library/std/src/panicking.rs:289:9
[INFO] [stdout]   11:     0x558a40c2a3c7 - <alloc::boxed::Box<F,A> as core::ops::function::Fn<Args>>::call::h0ad024c9bdc6d768
[INFO] [stdout]                                at /rustc/82e1608dfa6e0b5569232559e3d385fea5a93112/library/alloc/src/boxed.rs:2021:9
[INFO] [stdout]   12:     0x558a40c2a3c7 - test::test_main::{{closure}}::h7500b54257359db6
[INFO] [stdout]                                at /rustc/82e1608dfa6e0b5569232559e3d385fea5a93112/library/test/src/lib.rs:138:21
[INFO] [stdout]   13:     0x558a40f0f1b8 - <alloc::boxed::Box<F,A> as core::ops::function::Fn<Args>>::call::h1f8f335eaa9cfaee
[INFO] [stdout]                                at /rustc/82e1608dfa6e0b5569232559e3d385fea5a93112/library/alloc/src/boxed.rs:2021:9
[INFO] [stdout]   14:     0x558a40f0f1b8 - std::panicking::rust_panic_with_hook::h2b5517d590cab22e
[INFO] [stdout]                                at /rustc/82e1608dfa6e0b5569232559e3d385fea5a93112/library/std/src/panicking.rs:783:13
[INFO] [stdout]   15:     0x558a40f0ef0e - std::panicking::begin_panic_handler::{{closure}}::h233112c06e0ef43e
[INFO] [stdout]                                at /rustc/82e1608dfa6e0b5569232559e3d385fea5a93112/library/std/src/panicking.rs:657:13
[INFO] [stdout]   16:     0x558a40f0d5c6 - std::sys_common::backtrace::__rust_end_short_backtrace::h6e893f24d7ebbff8
[INFO] [stdout]                                at /rustc/82e1608dfa6e0b5569232559e3d385fea5a93112/library/std/src/sys_common/backtrace.rs:170:18
[INFO] [stdout]   17:     0x558a40f0ec72 - rust_begin_unwind
[INFO] [stdout]                                at /rustc/82e1608dfa6e0b5569232559e3d385fea5a93112/library/std/src/panicking.rs:645:5
[INFO] [stdout]   18:     0x558a40a355c5 - core::panicking::panic_fmt::hbf0e066aabfa482c
[INFO] [stdout]                                at /rustc/82e1608dfa6e0b5569232559e3d385fea5a93112/library/core/src/panicking.rs:72:14
[INFO] [stdout]   19:     0x558a40a8603a - fission::ipfs::daemon::IpfsDaemon::launch::{{closure}}::{{closure}}::hb55a57208bd34f1d
[INFO] [stdout]                                at /opt/rustwide/workdir/src/ipfs/daemon.rs:51:33
[INFO] [stdout]   20:     0x558a40b45606 - core::result::Result<T,E>::unwrap_or_else::hcacee7259117c047
[INFO] [stdout]                                at /rustc/82e1608dfa6e0b5569232559e3d385fea5a93112/library/core/src/result.rs:1430:23
[INFO] [stdout]   21:     0x558a40a85a09 - fission::ipfs::daemon::IpfsDaemon::launch::{{closure}}::h1b7e39651f5b2db6
[INFO] [stdout]                                at /opt/rustwide/workdir/src/ipfs/daemon.rs:46:9
[INFO] [stdout]   22:     0x558a40a792a9 - futures_executor::local_pool::block_on::{{closure}}::h1ce1678953732f61
[INFO] [stdout]                                at /opt/rustwide/cargo-home/registry/src/index.crates.io-6f17d22bba15001f/futures-executor-0.3.25/src/local_pool.rs:317:23
[INFO] [stdout]   23:     0x558a40a78a93 - futures_executor::local_pool::run_executor::{{closure}}::h48299aff7cdbb81d
[INFO] [stdout]                                at /opt/rustwide/cargo-home/registry/src/index.crates.io-6f17d22bba15001f/futures-executor-0.3.25/src/local_pool.rs:90:37
[INFO] [stdout]   24:     0x558a40aee2fd - std::thread::local::LocalKey<T>::try_with::h7e9c00545d5725eb
[INFO] [stdout]                                at /rustc/82e1608dfa6e0b5569232559e3d385fea5a93112/library/std/src/thread/local.rs:270:16
[INFO] [stdout]   25:     0x558a40aeb793 - std::thread::local::LocalKey<T>::with::hed7772996961fb13
[INFO] [stdout]                                at /rustc/82e1608dfa6e0b5569232559e3d385fea5a93112/library/std/src/thread/local.rs:246:9
[INFO] [stdout]   26:     0x558a40a789d7 - futures_executor::local_pool::run_executor::hf18bb179d8ea4182
[INFO] [stdout]                                at /opt/rustwide/cargo-home/registry/src/index.crates.io-6f17d22bba15001f/futures-executor-0.3.25/src/local_pool.rs:86:5
[INFO] [stdout]   27:     0x558a40a79098 - futures_executor::local_pool::block_on::h8b620e5b8bbeb4b0
[INFO] [stdout]                                at /opt/rustwide/cargo-home/registry/src/index.crates.io-6f17d22bba15001f/futures-executor-0.3.25/src/local_pool.rs:317:5
[INFO] [stdout]   28:     0x558a40a886d9 - fission::test::daemon::run_ipfs_test::h4e178aaab43b2445
[INFO] [stdout]                                at /opt/rustwide/workdir/src/test/daemon.rs:23:5
[INFO] [stdout]   29:     0x558a40a8d2a1 - fission::test::daemon::can_connect::{{closure}}::h8d4de83a6c11ea5f
[INFO] [stdout]                                at /opt/rustwide/workdir/src/test/daemon.rs:116:5
[INFO] [stdout]   30:     0x558a40b05f3e - core::ops::function::FnOnce::call_once::h8d01dd19310ceaa5
[INFO] [stdout]                                at /rustc/82e1608dfa6e0b5569232559e3d385fea5a93112/library/core/src/ops/function.rs:250:5
[INFO] [stdout]   31:     0x558a40c3a55e - serial_test::serial_code_lock::local_serial_core::h79cf7885c443187a
[INFO] [stdout]                                at /opt/rustwide/cargo-home/registry/src/index.crates.io-6f17d22bba15001f/serial_test-0.9.0/src/serial_code_lock.rs:27:5
[INFO] [stdout]   32:     0x558a40a8d24d - fission::test::daemon::can_connect::hf78894bae67c9fef
[INFO] [stdout]                                at /opt/rustwide/workdir/src/test/daemon.rs:113:1
[INFO] [stdout]   33:     0x558a40a8d207 - fission::test::daemon::can_connect::{{closure}}::h350bc8393e1e9edb
[INFO] [stdout]                                at /opt/rustwide/workdir/src/test/daemon.rs:114:17
[INFO] [stdout]   34:     0x558a40b05f06 - core::ops::function::FnOnce::call_once::h8cee27fb5a7836a9
[INFO] [stdout]                                at /rustc/82e1608dfa6e0b5569232559e3d385fea5a93112/library/core/src/ops/function.rs:250:5
[INFO] [stdout]   35:     0x558a40c2fa1f - core::ops::function::FnOnce::call_once::h2b5d431d5046312d
[INFO] [stdout]                                at /rustc/82e1608dfa6e0b5569232559e3d385fea5a93112/library/core/src/ops/function.rs:250:5
[INFO] [stdout]   36:     0x558a40c2fa1f - test::__rust_begin_short_backtrace::h7714669af176e207
[INFO] [stdout]                                at /rustc/82e1608dfa6e0b5569232559e3d385fea5a93112/library/test/src/lib.rs:628:18
[INFO] [stdout]   37:     0x558a40c2ea35 - test::run_test_in_process::{{closure}}::h85218797dcbcec12
[INFO] [stdout]                                at /rustc/82e1608dfa6e0b5569232559e3d385fea5a93112/library/test/src/lib.rs:651:60
[INFO] [stdout]   38:     0x558a40c2ea35 - <core::panic::unwind_safe::AssertUnwindSafe<F> as core::ops::function::FnOnce<()>>::call_once::h76c106ea31c14d7b
[INFO] [stdout]                                at /rustc/82e1608dfa6e0b5569232559e3d385fea5a93112/library/core/src/panic/unwind_safe.rs:272:9
[INFO] [stdout]   39:     0x558a40c2ea35 - std::panicking::try::do_call::h3bd5d0f6620ee946
[INFO] [stdout]                                at /rustc/82e1608dfa6e0b5569232559e3d385fea5a93112/library/std/src/panicking.rs:552:40
[INFO] [stdout]   40:     0x558a40c2ea35 - std::panicking::try::h232e535e4744fe31
[INFO] [stdout]                                at /rustc/82e1608dfa6e0b5569232559e3d385fea5a93112/library/std/src/panicking.rs:516:19
[INFO] [stdout]   41:     0x558a40c2ea35 - std::panic::catch_unwind::h3ce3bd6ca8dbac68
[INFO] [stdout]                                at /rustc/82e1608dfa6e0b5569232559e3d385fea5a93112/library/std/src/panic.rs:142:14
[INFO] [stdout]   42:     0x558a40c2ea35 - test::run_test_in_process::hc97b257c9621286a
[INFO] [stdout]                                at /rustc/82e1608dfa6e0b5569232559e3d385fea5a93112/library/test/src/lib.rs:651:27
[INFO] [stdout]   43:     0x558a40c2ea35 - test::run_test::{{closure}}::h2aa798823a438d38
[INFO] [stdout]                                at /rustc/82e1608dfa6e0b5569232559e3d385fea5a93112/library/test/src/lib.rs:574:43
[INFO] [stdout]   44:     0x558a40bf6cf6 - test::run_test::{{closure}}::h87d231c78fb59832
[INFO] [stdout]                                at /rustc/82e1608dfa6e0b5569232559e3d385fea5a93112/library/test/src/lib.rs:602:41
[INFO] [stdout]   45:     0x558a40bf6cf6 - std::sys_common::backtrace::__rust_begin_short_backtrace::he6df152596625789
[INFO] [stdout]                                at /rustc/82e1608dfa6e0b5569232559e3d385fea5a93112/library/std/src/sys_common/backtrace.rs:154:18
[INFO] [stdout]   46:     0x558a40bfbda7 - std::thread::Builder::spawn_unchecked_::{{closure}}::{{closure}}::ha94be15d1e0acf36
[INFO] [stdout]                                at /rustc/82e1608dfa6e0b5569232559e3d385fea5a93112/library/std/src/thread/mod.rs:529:17
[INFO] [stdout]   47:     0x558a40bfbda7 - <core::panic::unwind_safe::AssertUnwindSafe<F> as core::ops::function::FnOnce<()>>::call_once::h9dc6bd6372f16606
[INFO] [stdout]                                at /rustc/82e1608dfa6e0b5569232559e3d385fea5a93112/library/core/src/panic/unwind_safe.rs:272:9
[INFO] [stdout]   48:     0x558a40bfbda7 - std::panicking::try::do_call::h9057517f80303cd4
[INFO] [stdout]                                at /rustc/82e1608dfa6e0b5569232559e3d385fea5a93112/library/std/src/panicking.rs:552:40
[INFO] [stdout]   49:     0x558a40bfbda7 - std::panicking::try::he3a30b11ee45340c
[INFO] [stdout]                                at /rustc/82e1608dfa6e0b5569232559e3d385fea5a93112/library/std/src/panicking.rs:516:19
[INFO] [stdout]   50:     0x558a40bfbda7 - std::panic::catch_unwind::h410458cfd3528b8b
[INFO] [stdout]                                at /rustc/82e1608dfa6e0b5569232559e3d385fea5a93112/library/std/src/panic.rs:142:14
[INFO] [stdout]   51:     0x558a40bfbda7 - std::thread::Builder::spawn_unchecked_::{{closure}}::h72ac3bdb567b737b
[INFO] [stdout]                                at /rustc/82e1608dfa6e0b5569232559e3d385fea5a93112/library/std/src/thread/mod.rs:528:30
[INFO] [stdout]   52:     0x558a40bfbda7 - core::ops::function::FnOnce::call_once{{vtable.shim}}::h38f34da3654a8344
[INFO] [stdout]                                at /rustc/82e1608dfa6e0b5569232559e3d385fea5a93112/library/core/src/ops/function.rs:250:5
[INFO] [stdout]   53:     0x558a40f145f5 - <alloc::boxed::Box<F,A> as core::ops::function::FnOnce<Args>>::call_once::hc7eafaff61e32df9
[INFO] [stdout]                                at /rustc/82e1608dfa6e0b5569232559e3d385fea5a93112/library/alloc/src/boxed.rs:2007:9
[INFO] [stdout]   54:     0x558a40f145f5 - <alloc::boxed::Box<F,A> as core::ops::function::FnOnce<Args>>::call_once::h6ba4a5de48dd2304
[INFO] [stdout]                                at /rustc/82e1608dfa6e0b5569232559e3d385fea5a93112/library/alloc/src/boxed.rs:2007:9
[INFO] [stdout]   55:     0x558a40f145f5 - std::sys::unix::thread::Thread::new::thread_start::he469335aef763e45
[INFO] [stdout]                                at /rustc/82e1608dfa6e0b5569232559e3d385fea5a93112/library/std/src/sys/unix/thread.rs:108:17
[INFO] [stdout]   56:     0x7f930f552ac3 - <unknown>
[INFO] [stdout]   57:     0x7f930f5e3bf4 - __clone
[INFO] [stdout]   58:                0x0 - <unknown>
[INFO] [stdout] 
[INFO] [stdout] ---- test::daemon::can_add_file stdout ----
[INFO] [stdout] Launching IPFS...
[INFO] [stdout] thread 'test::daemon::can_add_file' panicked at src/ipfs/daemon.rs:51:33:
[INFO] [stdout] Failed to start IPFS daemon: No such file or directory (os error 2)
[INFO] [stdout]  This error may be because the Kubo binary is not on your PATH.
[INFO] [stdout] stack backtrace:
[INFO] [stdout]    0:     0x558a40f0d0fc - std::backtrace_rs::backtrace::libunwind::trace::ha637c64ce894333a
[INFO] [stdout]                                at /rustc/82e1608dfa6e0b5569232559e3d385fea5a93112/library/std/src/../../backtrace/src/backtrace/libunwind.rs:104:5
[INFO] [stdout]    1:     0x558a40f0d0fc - std::backtrace_rs::backtrace::trace_unsynchronized::h47f62dea28e0c88d
[INFO] [stdout]                                at /rustc/82e1608dfa6e0b5569232559e3d385fea5a93112/library/std/src/../../backtrace/src/backtrace/mod.rs:66:5
[INFO] [stdout]    2:     0x558a40f0d0fc - std::sys_common::backtrace::_print_fmt::h9eef0abe20ede486
[INFO] [stdout]                                at /rustc/82e1608dfa6e0b5569232559e3d385fea5a93112/library/std/src/sys_common/backtrace.rs:67:5
[INFO] [stdout]    3:     0x558a40f0d0fc - <std::sys_common::backtrace::_print::DisplayBacktrace as core::fmt::Display>::fmt::hed7f999df88cc644
[INFO] [stdout]                                at /rustc/82e1608dfa6e0b5569232559e3d385fea5a93112/library/std/src/sys_common/backtrace.rs:44:22
[INFO] [stdout]    4:     0x558a40f3a2c0 - core::fmt::rt::Argument::fmt::h1539a9308b8d058d
[INFO] [stdout]                                at /rustc/82e1608dfa6e0b5569232559e3d385fea5a93112/library/core/src/fmt/rt.rs:142:9
[INFO] [stdout]    5:     0x558a40f3a2c0 - core::fmt::write::h3a39390d8560d9c9
[INFO] [stdout]                                at /rustc/82e1608dfa6e0b5569232559e3d385fea5a93112/library/core/src/fmt/mod.rs:1120:17
[INFO] [stdout]    6:     0x558a40f09e6f - std::io::Write::write_fmt::h040b369f3a0f9cbc
[INFO] [stdout]                                at /rustc/82e1608dfa6e0b5569232559e3d385fea5a93112/library/std/src/io/mod.rs:1762:15
[INFO] [stdout]    7:     0x558a40f0cee4 - std::sys_common::backtrace::_print::h894006fb5c6f3d45
[INFO] [stdout]                                at /rustc/82e1608dfa6e0b5569232559e3d385fea5a93112/library/std/src/sys_common/backtrace.rs:47:5
[INFO] [stdout]    8:     0x558a40f0cee4 - std::sys_common::backtrace::print::h23a2d212c6fff936
[INFO] [stdout]                                at /rustc/82e1608dfa6e0b5569232559e3d385fea5a93112/library/std/src/sys_common/backtrace.rs:34:9
[INFO] [stdout]    9:     0x558a40f0eba7 - std::panicking::default_hook::{{closure}}::h8a1d2ee00185001a
[INFO] [stdout]   10:     0x558a40f0e893 - std::panicking::default_hook::h6038f2eba384e475
[INFO] [stdout]                                at /rustc/82e1608dfa6e0b5569232559e3d385fea5a93112/library/std/src/panicking.rs:289:9
[INFO] [stdout]   11:     0x558a40c2a3c7 - <alloc::boxed::Box<F,A> as core::ops::function::Fn<Args>>::call::h0ad024c9bdc6d768
[INFO] [stdout]                                at /rustc/82e1608dfa6e0b5569232559e3d385fea5a93112/library/alloc/src/boxed.rs:2021:9
[INFO] [stdout]   12:     0x558a40c2a3c7 - test::test_main::{{closure}}::h7500b54257359db6
[INFO] [stdout]                                at /rustc/82e1608dfa6e0b5569232559e3d385fea5a93112/library/test/src/lib.rs:138:21
[INFO] [stdout]   13:     0x558a40f0f1b8 - <alloc::boxed::Box<F,A> as core::ops::function::Fn<Args>>::call::h1f8f335eaa9cfaee
[INFO] [stdout]                                at /rustc/82e1608dfa6e0b5569232559e3d385fea5a93112/library/alloc/src/boxed.rs:2021:9
[INFO] [stdout]   14:     0x558a40f0f1b8 - std::panicking::rust_panic_with_hook::h2b5517d590cab22e
[INFO] [stdout]                                at /rustc/82e1608dfa6e0b5569232559e3d385fea5a93112/library/std/src/panicking.rs:783:13
[INFO] [stdout]   15:     0x558a40f0ef0e - std::panicking::begin_panic_handler::{{closure}}::h233112c06e0ef43e
[INFO] [stdout]                                at /rustc/82e1608dfa6e0b5569232559e3d385fea5a93112/library/std/src/panicking.rs:657:13
[INFO] [stdout]   16:     0x558a40f0d5c6 - std::sys_common::backtrace::__rust_end_short_backtrace::h6e893f24d7ebbff8
[INFO] [stdout]                                at /rustc/82e1608dfa6e0b5569232559e3d385fea5a93112/library/std/src/sys_common/backtrace.rs:170:18
[INFO] [stdout]   17:     0x558a40f0ec72 - rust_begin_unwind
[INFO] [stdout]                                at /rustc/82e1608dfa6e0b5569232559e3d385fea5a93112/library/std/src/panicking.rs:645:5
[INFO] [stdout]   18:     0x558a40a355c5 - core::panicking::panic_fmt::hbf0e066aabfa482c
[INFO] [stdout]                                at /rustc/82e1608dfa6e0b5569232559e3d385fea5a93112/library/core/src/panicking.rs:72:14
[INFO] [stdout]   19:     0x558a40a8603a - fission::ipfs::daemon::IpfsDaemon::launch::{{closure}}::{{closure}}::hb55a57208bd34f1d
[INFO] [stdout]                                at /opt/rustwide/workdir/src/ipfs/daemon.rs:51:33
[INFO] [stdout]   20:     0x558a40b45606 - core::result::Result<T,E>::unwrap_or_else::hcacee7259117c047
[INFO] [stdout]                                at /rustc/82e1608dfa6e0b5569232559e3d385fea5a93112/library/core/src/result.rs:1430:23
[INFO] [stdout]   21:     0x558a40a85a09 - fission::ipfs::daemon::IpfsDaemon::launch::{{closure}}::h1b7e39651f5b2db6
[INFO] [stdout]                                at /opt/rustwide/workdir/src/ipfs/daemon.rs:46:9
[INFO] [stdout]   22:     0x558a40a792a9 - futures_executor::local_pool::block_on::{{closure}}::h1ce1678953732f61
[INFO] [stdout]                                at /opt/rustwide/cargo-home/registry/src/index.crates.io-6f17d22bba15001f/futures-executor-0.3.25/src/local_pool.rs:317:23
[INFO] [stdout]   23:     0x558a40a78a93 - futures_executor::local_pool::run_executor::{{closure}}::h48299aff7cdbb81d
[INFO] [stdout]                                at /opt/rustwide/cargo-home/registry/src/index.crates.io-6f17d22bba15001f/futures-executor-0.3.25/src/local_pool.rs:90:37
[INFO] [stdout]   24:     0x558a40aee2fd - std::thread::local::LocalKey<T>::try_with::h7e9c00545d5725eb
[INFO] [stdout]                                at /rustc/82e1608dfa6e0b5569232559e3d385fea5a93112/library/std/src/thread/local.rs:270:16
[INFO] [stdout]   25:     0x558a40aeb793 - std::thread::local::LocalKey<T>::with::hed7772996961fb13
[INFO] [stdout]                                at /rustc/82e1608dfa6e0b5569232559e3d385fea5a93112/library/std/src/thread/local.rs:246:9
[INFO] [stdout]   26:     0x558a40a789d7 - futures_executor::local_pool::run_executor::hf18bb179d8ea4182
[INFO] [stdout]                                at /opt/rustwide/cargo-home/registry/src/index.crates.io-6f17d22bba15001f/futures-executor-0.3.25/src/local_pool.rs:86:5
[INFO] [stdout]   27:     0x558a40a79098 - futures_executor::local_pool::block_on::h8b620e5b8bbeb4b0
[INFO] [stdout]                                at /opt/rustwide/cargo-home/registry/src/index.crates.io-6f17d22bba15001f/futures-executor-0.3.25/src/local_pool.rs:317:5
[INFO] [stdout]   28:     0x558a40a8884c - fission::test::daemon::run_ipfs_test::h63ee4720f36a63a1
[INFO] [stdout]                                at /opt/rustwide/workdir/src/test/daemon.rs:23:5
[INFO] [stdout]   29:     0x558a40a8c758 - fission::test::daemon::can_add_file::{{closure}}::heef145a173f56dc9
[INFO] [stdout]                                at /opt/rustwide/workdir/src/test/daemon.rs:87:5
[INFO] [stdout]   30:     0x558a40b0516e - core::ops::function::FnOnce::call_once::h2ff7ace507d0f9b6
[INFO] [stdout]                                at /rustc/82e1608dfa6e0b5569232559e3d385fea5a93112/library/core/src/ops/function.rs:250:5
[INFO] [stdout]   31:     0x558a40c3a55e - serial_test::serial_code_lock::local_serial_core::h79cf7885c443187a
[INFO] [stdout]                                at /opt/rustwide/cargo-home/registry/src/index.crates.io-6f17d22bba15001f/serial_test-0.9.0/src/serial_code_lock.rs:27:5
[INFO] [stdout]   32:     0x558a40a8c6ed - fission::test::daemon::can_add_file::h05f69307b5f0986f
[INFO] [stdout]                                at /opt/rustwide/workdir/src/test/daemon.rs:84:1
[INFO] [stdout]   33:     0x558a40a8c6a7 - fission::test::daemon::can_add_file::{{closure}}::h96b17b0df8d7a53b
[INFO] [stdout]                                at /opt/rustwide/workdir/src/test/daemon.rs:85:18
[INFO] [stdout]   34:     0x558a40b05a76 - core::ops::function::FnOnce::call_once::h711f33144f4055af
[INFO] [stdout]                                at /rustc/82e1608dfa6e0b5569232559e3d385fea5a93112/library/core/src/ops/function.rs:250:5
[INFO] [stdout]   35:     0x558a40c2fa1f - core::ops::function::FnOnce::call_once::h2b5d431d5046312d
[INFO] [stdout]                                at /rustc/82e1608dfa6e0b5569232559e3d385fea5a93112/library/core/src/ops/function.rs:250:5
[INFO] [stdout]   36:     0x558a40c2fa1f - test::__rust_begin_short_backtrace::h7714669af176e207
[INFO] [stdout]                                at /rustc/82e1608dfa6e0b5569232559e3d385fea5a93112/library/test/src/lib.rs:628:18
[INFO] [stdout]   37:     0x558a40c2ea35 - test::run_test_in_process::{{closure}}::h85218797dcbcec12
[INFO] [stdout]                                at /rustc/82e1608dfa6e0b5569232559e3d385fea5a93112/library/test/src/lib.rs:651:60
[INFO] [stdout]   38:     0x558a40c2ea35 - <core::panic::unwind_safe::AssertUnwindSafe<F> as core::ops::function::FnOnce<()>>::call_once::h76c106ea31c14d7b
[INFO] [stdout]                                at /rustc/82e1608dfa6e0b5569232559e3d385fea5a93112/library/core/src/panic/unwind_safe.rs:272:9
[INFO] [stdout]   39:     0x558a40c2ea35 - std::panicking::try::do_call::h3bd5d0f6620ee946
[INFO] [stdout]                                at /rustc/82e1608dfa6e0b5569232559e3d385fea5a93112/library/std/src/panicking.rs:552:40
[INFO] [stdout]   40:     0x558a40c2ea35 - std::panicking::try::h232e535e4744fe31
[INFO] [stdout]                                at /rustc/82e1608dfa6e0b5569232559e3d385fea5a93112/library/std/src/panicking.rs:516:19
[INFO] [stdout]   41:     0x558a40c2ea35 - std::panic::catch_unwind::h3ce3bd6ca8dbac68
[INFO] [stdout]                                at /rustc/82e1608dfa6e0b5569232559e3d385fea5a93112/library/std/src/panic.rs:142:14
[INFO] [stdout]   42:     0x558a40c2ea35 - test::run_test_in_process::hc97b257c9621286a
[INFO] [stdout]                                at /rustc/82e1608dfa6e0b5569232559e3d385fea5a93112/library/test/src/lib.rs:651:27
[INFO] [stdout]   43:     0x558a40c2ea35 - test::run_test::{{closure}}::h2aa798823a438d38
[INFO] [stdout]                                at /rustc/82e1608dfa6e0b5569232559e3d385fea5a93112/library/test/src/lib.rs:574:43
[INFO] [stdout]   44:     0x558a40bf6cf6 - test::run_test::{{closure}}::h87d231c78fb59832
[INFO] [stdout]                                at /rustc/82e1608dfa6e0b5569232559e3d385fea5a93112/library/test/src/lib.rs:602:41
[INFO] [stdout]   45:     0x558a40bf6cf6 - std::sys_common::backtrace::__rust_begin_short_backtrace::he6df152596625789
[INFO] [stdout]                                at /rustc/82e1608dfa6e0b5569232559e3d385fea5a93112/library/std/src/sys_common/backtrace.rs:154:18
[INFO] [stdout]   46:     0x558a40bfbda7 - std::thread::Builder::spawn_unchecked_::{{closure}}::{{closure}}::ha94be15d1e0acf36
[INFO] [stdout]                                at /rustc/82e1608dfa6e0b5569232559e3d385fea5a93112/library/std/src/thread/mod.rs:529:17
[INFO] [stdout]   47:     0x558a40bfbda7 - <core::panic::unwind_safe::AssertUnwindSafe<F> as core::ops::function::FnOnce<()>>::call_once::h9dc6bd6372f16606
[INFO] [stdout]                                at /rustc/82e1608dfa6e0b5569232559e3d385fea5a93112/library/core/src/panic/unwind_safe.rs:272:9
[INFO] [stdout]   48:     0x558a40bfbda7 - std::panicking::try::do_call::h9057517f80303cd4
[INFO] [stdout]                                at /rustc/82e1608dfa6e0b5569232559e3d385fea5a93112/library/std/src/panicking.rs:552:40
[INFO] [stdout]   49:     0x558a40bfbda7 - std::panicking::try::he3a30b11ee45340c
[INFO] [stdout]                                at /rustc/82e1608dfa6e0b5569232559e3d385fea5a93112/library/std/src/panicking.rs:516:19
[INFO] [stdout]   50:     0x558a40bfbda7 - std::panic::catch_unwind::h410458cfd3528b8b
[INFO] [stdout]                                at /rustc/82e1608dfa6e0b5569232559e3d385fea5a93112/library/std/src/panic.rs:142:14
[INFO] [stdout]   51:     0x558a40bfbda7 - std::thread::Builder::spawn_unchecked_::{{closure}}::h72ac3bdb567b737b
[INFO] [stdout]                                at /rustc/82e1608dfa6e0b5569232559e3d385fea5a93112/library/std/src/thread/mod.rs:528:30
[INFO] [stdout]   52:     0x558a40bfbda7 - core::ops::function::FnOnce::call_once{{vtable.shim}}::h38f34da3654a8344
[INFO] [stdout]                                at /rustc/82e1608dfa6e0b5569232559e3d385fea5a93112/library/core/src/ops/function.rs:250:5
[INFO] [stdout]   53:     0x558a40f145f5 - <alloc::boxed::Box<F,A> as core::ops::function::FnOnce<Args>>::call_once::hc7eafaff61e32df9
[INFO] [stdout]                                at /rustc/82e1608dfa6e0b5569232559e3d385fea5a93112/library/alloc/src/boxed.rs:2007:9
[INFO] [stdout]   54:     0x558a40f145f5 - <alloc::boxed::Box<F,A> as core::ops::function::FnOnce<Args>>::call_once::h6ba4a5de48dd2304
[INFO] [stdout]                                at /rustc/82e1608dfa6e0b5569232559e3d385fea5a93112/library/alloc/src/boxed.rs:2007:9
[INFO] [stdout]   55:     0x558a40f145f5 - std::sys::unix::thread::Thread::new::thread_start::he469335aef763e45
[INFO] [stdout]                                at /rustc/82e1608dfa6e0b5569232559e3d385fea5a93112/library/std/src/sys/unix/thread.rs:108:17
[INFO] [stdout]   56:     0x7f930f552ac3 - <unknown>
[INFO] [stdout]   57:     0x7f930f5e3bf4 - __clone
[INFO] [stdout]   58:                0x0 - <unknown>
[INFO] [stdout] 
[INFO] [stdout] ---- test::daemon::can_config stdout ----
[INFO] [stdout] Launching IPFS...
[INFO] [stdout] thread 'test::daemon::can_config' panicked at src/ipfs/daemon.rs:51:33:
[INFO] [stdout] Failed to start IPFS daemon: No such file or directory (os error 2)
[INFO] [stdout]  This error may be because the Kubo binary is not on your PATH.
[INFO] [stdout] stack backtrace:
[INFO] [stdout]    0:     0x558a40f0d0fc - std::backtrace_rs::backtrace::libunwind::trace::ha637c64ce894333a
[INFO] [stdout]                                at /rustc/82e1608dfa6e0b5569232559e3d385fea5a93112/library/std/src/../../backtrace/src/backtrace/libunwind.rs:104:5
[INFO] [stdout]    1:     0x558a40f0d0fc - std::backtrace_rs::backtrace::trace_unsynchronized::h47f62dea28e0c88d
[INFO] [stdout]                                at /rustc/82e1608dfa6e0b5569232559e3d385fea5a93112/library/std/src/../../backtrace/src/backtrace/mod.rs:66:5
[INFO] [stdout]    2:     0x558a40f0d0fc - std::sys_common::backtrace::_print_fmt::h9eef0abe20ede486
[INFO] [stdout]                                at /rustc/82e1608dfa6e0b5569232559e3d385fea5a93112/library/std/src/sys_common/backtrace.rs:67:5
[INFO] [stdout]    3:     0x558a40f0d0fc - <std::sys_common::backtrace::_print::DisplayBacktrace as core::fmt::Display>::fmt::hed7f999df88cc644
[INFO] [stdout]                                at /rustc/82e1608dfa6e0b5569232559e3d385fea5a93112/library/std/src/sys_common/backtrace.rs:44:22
[INFO] [stdout]    4:     0x558a40f3a2c0 - core::fmt::rt::Argument::fmt::h1539a9308b8d058d
[INFO] [stdout]                                at /rustc/82e1608dfa6e0b5569232559e3d385fea5a93112/library/core/src/fmt/rt.rs:142:9
[INFO] [stdout]    5:     0x558a40f3a2c0 - core::fmt::write::h3a39390d8560d9c9
[INFO] [stdout]                                at /rustc/82e1608dfa6e0b5569232559e3d385fea5a93112/library/core/src/fmt/mod.rs:1120:17
[INFO] [stdout]    6:     0x558a40f09e6f - std::io::Write::write_fmt::h040b369f3a0f9cbc
[INFO] [stdout]                                at /rustc/82e1608dfa6e0b5569232559e3d385fea5a93112/library/std/src/io/mod.rs:1762:15
[INFO] [stdout]    7:     0x558a40f0cee4 - std::sys_common::backtrace::_print::h894006fb5c6f3d45
[INFO] [stdout]                                at /rustc/82e1608dfa6e0b5569232559e3d385fea5a93112/library/std/src/sys_common/backtrace.rs:47:5
[INFO] [stdout]    8:     0x558a40f0cee4 - std::sys_common::backtrace::print::h23a2d212c6fff936
[INFO] [stdout]                                at /rustc/82e1608dfa6e0b5569232559e3d385fea5a93112/library/std/src/sys_common/backtrace.rs:34:9
[INFO] [stdout]    9:     0x558a40f0eba7 - std::panicking::default_hook::{{closure}}::h8a1d2ee00185001a
[INFO] [stdout]   10:     0x558a40f0e893 - std::panicking::default_hook::h6038f2eba384e475
[INFO] [stdout]                                at /rustc/82e1608dfa6e0b5569232559e3d385fea5a93112/library/std/src/panicking.rs:289:9
[INFO] [stdout]   11:     0x558a40c2a3c7 - <alloc::boxed::Box<F,A> as core::ops::function::Fn<Args>>::call::h0ad024c9bdc6d768
[INFO] [stdout]                                at /rustc/82e1608dfa6e0b5569232559e3d385fea5a93112/library/alloc/src/boxed.rs:2021:9
[INFO] [stdout]   12:     0x558a40c2a3c7 - test::test_main::{{closure}}::h7500b54257359db6
[INFO] [stdout]                                at /rustc/82e1608dfa6e0b5569232559e3d385fea5a93112/library/test/src/lib.rs:138:21
[INFO] [stdout]   13:     0x558a40f0f1b8 - <alloc::boxed::Box<F,A> as core::ops::function::Fn<Args>>::call::h1f8f335eaa9cfaee
[INFO] [stdout]                                at /rustc/82e1608dfa6e0b5569232559e3d385fea5a93112/library/alloc/src/boxed.rs:2021:9
[INFO] [stdout]   14:     0x558a40f0f1b8 - std::panicking::rust_panic_with_hook::h2b5517d590cab22e
[INFO] [stdout]                                at /rustc/82e1608dfa6e0b5569232559e3d385fea5a93112/library/std/src/panicking.rs:783:13
[INFO] [stdout]   15:     0x558a40f0ef0e - std::panicking::begin_panic_handler::{{closure}}::h233112c06e0ef43e
[INFO] [stdout]                                at /rustc/82e1608dfa6e0b5569232559e3d385fea5a93112/library/std/src/panicking.rs:657:13
[INFO] [stdout]   16:     0x558a40f0d5c6 - std::sys_common::backtrace::__rust_end_short_backtrace::h6e893f24d7ebbff8
[INFO] [stdout]                                at /rustc/82e1608dfa6e0b5569232559e3d385fea5a93112/library/std/src/sys_common/backtrace.rs:170:18
[INFO] [stdout]   17:     0x558a40f0ec72 - rust_begin_unwind
[INFO] [stdout]                                at /rustc/82e1608dfa6e0b5569232559e3d385fea5a93112/library/std/src/panicking.rs:645:5
[INFO] [stdout]   18:     0x558a40a355c5 - core::panicking::panic_fmt::hbf0e066aabfa482c
[INFO] [stdout]                                at /rustc/82e1608dfa6e0b5569232559e3d385fea5a93112/library/core/src/panicking.rs:72:14
[INFO] [stdout]   19:     0x558a40a8603a - fission::ipfs::daemon::IpfsDaemon::launch::{{closure}}::{{closure}}::hb55a57208bd34f1d
[INFO] [stdout]                                at /opt/rustwide/workdir/src/ipfs/daemon.rs:51:33
[INFO] [stdout]   20:     0x558a40b45606 - core::result::Result<T,E>::unwrap_or_else::hcacee7259117c047
[INFO] [stdout]                                at /rustc/82e1608dfa6e0b5569232559e3d385fea5a93112/library/core/src/result.rs:1430:23
[INFO] [stdout]   21:     0x558a40a85a09 - fission::ipfs::daemon::IpfsDaemon::launch::{{closure}}::h1b7e39651f5b2db6
[INFO] [stdout]                                at /opt/rustwide/workdir/src/ipfs/daemon.rs:46:9
[INFO] [stdout]   22:     0x558a40a792a9 - futures_executor::local_pool::block_on::{{closure}}::h1ce1678953732f61
[INFO] [stdout]                                at /opt/rustwide/cargo-home/registry/src/index.crates.io-6f17d22bba15001f/futures-executor-0.3.25/src/local_pool.rs:317:23
[INFO] [stdout]   23:     0x558a40a78a93 - futures_executor::local_pool::run_executor::{{closure}}::h48299aff7cdbb81d
[INFO] [stdout]                                at /opt/rustwide/cargo-home/registry/src/index.crates.io-6f17d22bba15001f/futures-executor-0.3.25/src/local_pool.rs:90:37
[INFO] [stdout]   24:     0x558a40aee2fd - std::thread::local::LocalKey<T>::try_with::h7e9c00545d5725eb
[INFO] [stdout]                                at /rustc/82e1608dfa6e0b5569232559e3d385fea5a93112/library/std/src/thread/local.rs:270:16
[INFO] [stdout]   25:     0x558a40aeb793 - std::thread::local::LocalKey<T>::with::hed7772996961fb13
[INFO] [stdout]                                at /rustc/82e1608dfa6e0b5569232559e3d385fea5a93112/library/std/src/thread/local.rs:246:9
[INFO] [stdout]   26:     0x558a40a789d7 - futures_executor::local_pool::run_executor::hf18bb179d8ea4182
[INFO] [stdout]                                at /opt/rustwide/cargo-home/registry/src/index.crates.io-6f17d22bba15001f/futures-executor-0.3.25/src/local_pool.rs:86:5
[INFO] [stdout]   27:     0x558a40a79098 - futures_executor::local_pool::block_on::h8b620e5b8bbeb4b0
[INFO] [stdout]                                at /opt/rustwide/cargo-home/registry/src/index.crates.io-6f17d22bba15001f/futures-executor-0.3.25/src/local_pool.rs:317:5
[INFO] [stdout]   28:     0x558a40a889b4 - fission::test::daemon::run_ipfs_test::ha910b0df19c38070
[INFO] [stdout]                                at /opt/rustwide/workdir/src/test/daemon.rs:23:5
[INFO] [stdout]   29:     0x558a40a8cf8c - fission::test::daemon::can_config::{{closure}}::h03c511ef2736ae1e
[INFO] [stdout]                                at /opt/rustwide/workdir/src/test/daemon.rs:104:5
[INFO] [stdout]   30:     0x558a40b06e9e - core::ops::function::FnOnce::call_once::hfbbce2d6bf1bc426
[INFO] [stdout]                                at /rustc/82e1608dfa6e0b5569232559e3d385fea5a93112/library/core/src/ops/function.rs:250:5
[INFO] [stdout]   31:     0x558a40c3a55e - serial_test::serial_code_lock::local_serial_core::h79cf7885c443187a
[INFO] [stdout]                                at /opt/rustwide/cargo-home/registry/src/index.crates.io-6f17d22bba15001f/serial_test-0.9.0/src/serial_code_lock.rs:27:5
[INFO] [stdout]   32:     0x558a40a8cefd - fission::test::daemon::can_config::hc7f5e830f8a79645
[INFO] [stdout]                                at /opt/rustwide/workdir/src/test/daemon.rs:100:1
[INFO] [stdout]   33:     0x558a40a8ceb7 - fission::test::daemon::can_config::{{closure}}::h40ec7d5d38783a64
[INFO] [stdout]                                at /opt/rustwide/workdir/src/test/daemon.rs:101:16
[INFO] [stdout]   34:     0x558a40b06f96 - core::ops::function::FnOnce::call_once::hffb325c423c35365
[INFO] [stdout]                                at /rustc/82e1608dfa6e0b5569232559e3d385fea5a93112/library/core/src/ops/function.rs:250:5
[INFO] [stdout]   35:     0x558a40c2fa1f - core::ops::function::FnOnce::call_once::h2b5d431d5046312d
[INFO] [stdout]                                at /rustc/82e1608dfa6e0b5569232559e3d385fea5a93112/library/core/src/ops/function.rs:250:5
[INFO] [stdout]   36:     0x558a40c2fa1f - test::__rust_begin_short_backtrace::h7714669af176e207
[INFO] [stdout]                                at /rustc/82e1608dfa6e0b5569232559e3d385fea5a93112/library/test/src/lib.rs:628:18
[INFO] [stdout]   37:     0x558a40c2ea35 - test::run_test_in_process::{{closure}}::h85218797dcbcec12
[INFO] [stdout]                                at /rustc/82e1608dfa6e0b5569232559e3d385fea5a93112/library/test/src/lib.rs:651:60
[INFO] [stdout]   38:     0x558a40c2ea35 - <core::panic::unwind_safe::AssertUnwindSafe<F> as core::ops::function::FnOnce<()>>::call_once::h76c106ea31c14d7b
[INFO] [stdout]                                at /rustc/82e1608dfa6e0b5569232559e3d385fea5a93112/library/core/src/panic/unwind_safe.rs:272:9
[INFO] [stdout]   39:     0x558a40c2ea35 - std::panicking::try::do_call::h3bd5d0f6620ee946
[INFO] [stdout]                                at /rustc/82e1608dfa6e0b5569232559e3d385fea5a93112/library/std/src/panicking.rs:552:40
[INFO] [stdout]   40:     0x558a40c2ea35 - std::panicking::try::h232e535e4744fe31
[INFO] [stdout]                                at /rustc/82e1608dfa6e0b5569232559e3d385fea5a93112/library/std/src/panicking.rs:516:19
[INFO] [stdout]   41:     0x558a40c2ea35 - std::panic::catch_unwind::h3ce3bd6ca8dbac68
[INFO] [stdout]                                at /rustc/82e1608dfa6e0b5569232559e3d385fea5a93112/library/std/src/panic.rs:142:14
[INFO] [stdout]   42:     0x558a40c2ea35 - test::run_test_in_process::hc97b257c9621286a
[INFO] [stdout]                                at /rustc/82e1608dfa6e0b5569232559e3d385fea5a93112/library/test/src/lib.rs:651:27
[INFO] [stdout]   43:     0x558a40c2ea35 - test::run_test::{{closure}}::h2aa798823a438d38
[INFO] [stdout]                                at /rustc/82e1608dfa6e0b5569232559e3d385fea5a93112/library/test/src/lib.rs:574:43
[INFO] [stdout]   44:     0x558a40bf6cf6 - test::run_test::{{closure}}::h87d231c78fb59832
[INFO] [stdout]                                at /rustc/82e1608dfa6e0b5569232559e3d385fea5a93112/library/test/src/lib.rs:602:41
[INFO] [stdout]   45:     0x558a40bf6cf6 - std::sys_common::backtrace::__rust_begin_short_backtrace::he6df152596625789
[INFO] [stdout]                                at /rustc/82e1608dfa6e0b5569232559e3d385fea5a93112/library/std/src/sys_common/backtrace.rs:154:18
[INFO] [stdout]   46:     0x558a40bfbda7 - std::thread::Builder::spawn_unchecked_::{{closure}}::{{closure}}::ha94be15d1e0acf36
[INFO] [stdout]                                at /rustc/82e1608dfa6e0b5569232559e3d385fea5a93112/library/std/src/thread/mod.rs:529:17
[INFO] [stdout]   47:     0x558a40bfbda7 - <core::panic::unwind_safe::AssertUnwindSafe<F> as core::ops::function::FnOnce<()>>::call_once::h9dc6bd6372f16606
[INFO] [stdout]                                at /rustc/82e1608dfa6e0b5569232559e3d385fea5a93112/library/core/src/panic/unwind_safe.rs:272:9
[INFO] [stdout]   48:     0x558a40bfbda7 - std::panicking::try::do_call::h9057517f80303cd4
[INFO] [stdout]                                at /rustc/82e1608dfa6e0b5569232559e3d385fea5a93112/library/std/src/panicking.rs:552:40
[INFO] [stdout]   49:     0x558a40bfbda7 - std::panicking::try::he3a30b11ee45340c
[INFO] [stdout]                                at /rustc/82e1608dfa6e0b5569232559e3d385fea5a93112/library/std/src/panicking.rs:516:19
[INFO] [stdout]   50:     0x558a40bfbda7 - std::panic::catch_unwind::h410458cfd3528b8b
[INFO] [stdout]                                at /rustc/82e1608dfa6e0b5569232559e3d385fea5a93112/library/std/src/panic.rs:142:14
[INFO] [stdout]   51:     0x558a40bfbda7 - std::thread::Builder::spawn_unchecked_::{{closure}}::h72ac3bdb567b737b
[INFO] [stdout]                                at /rustc/82e1608dfa6e0b5569232559e3d385fea5a93112/library/std/src/thread/mod.rs:528:30
[INFO] [stdout]   52:     0x558a40bfbda7 - core::ops::function::FnOnce::call_once{{vtable.shim}}::h38f34da3654a8344
[INFO] [stdout]                                at /rustc/82e1608dfa6e0b5569232559e3d385fea5a93112/library/core/src/ops/function.rs:250:5
[INFO] [stdout]   53:     0x558a40f145f5 - <alloc::boxed::Box<F,A> as core::ops::function::FnOnce<Args>>::call_once::hc7eafaff61e32df9
[INFO] [stdout]                                at /rustc/82e1608dfa6e0b5569232559e3d385fea5a93112/library/alloc/src/boxed.rs:2007:9
[INFO] [stdout]   54:     0x558a40f145f5 - <alloc::boxed::Box<F,A> as core::ops::function::FnOnce<Args>>::call_once::h6ba4a5de48dd2304
[INFO] [stdout]                                at /rustc/82e1608dfa6e0b5569232559e3d385fea5a93112/library/alloc/src/boxed.rs:2007:9
[INFO] [stdout]   55:     0x558a40f145f5 - std::sys::unix::thread::Thread::new::thread_start::he469335aef763e45
[INFO] [stdout]                                at /rustc/82e1608dfa6e0b5569232559e3d385fea5a93112/library/std/src/sys/unix/thread.rs:108:17
[INFO] [stdout]   56:     0x7f930f552ac3 - <unknown>
[INFO] [stdout]   57:     0x7f930f5e3bf4 - __clone
[INFO] [stdout]   58:                0x0 - <unknown>
[INFO] [stdout] 
[INFO] [stdout] 
[INFO] [stdout] failures:
[INFO] [stdout]     test::daemon::can_add_directory
[INFO] [stdout]     test::daemon::can_add_file
[INFO] [stdout]     test::daemon::can_config
[INFO] [stdout]     test::daemon::can_connect
[INFO] [stdout] 
[INFO] [stdout] test result: FAILED. 0 passed; 4 failed; 0 ignored; 0 measured; 0 filtered out; finished in 0.05s
[INFO] [stdout] 
[INFO] [stderr] error: test failed, to rerun pass `--lib`
[INFO] running `Command { std: "docker" "inspect" "c658430461ca370b91426e7140b5c62b1c3f8b1efa70e7a10515a6bf61ad5303", kill_on_drop: false }`
[INFO] running `Command { std: "docker" "rm" "-f" "c658430461ca370b91426e7140b5c62b1c3f8b1efa70e7a10515a6bf61ad5303", kill_on_drop: false }`
[INFO] [stdout] c658430461ca370b91426e7140b5c62b1c3f8b1efa70e7a10515a6bf61ad5303
[INFO] testing fission-codes/fission-cli against beta-2023-12-22 for beta-1.76-1
[INFO] running `Command { std: "git" "clone" "/workspace/cache/git-repos/https%3A%2F%2Fgithub.com%2Ffission-codes%2Ffission-cli" "/workspace/builds/worker-7-tc2/source", kill_on_drop: false }`
[INFO] [stderr] Cloning into '/workspace/builds/worker-7-tc2/source'...
[INFO] [stderr] done.
[INFO] validating manifest of git repo https://github.com/fission-codes/fission-cli on toolchain beta-2023-12-22
[INFO] running `Command { std: CARGO_HOME="/workspace/cargo-home" RUSTUP_HOME="/workspace/rustup-home" "/workspace/cargo-home/bin/cargo" "+beta-2023-12-22" "metadata" "--manifest-path" "Cargo.toml" "--no-deps", kill_on_drop: false }`
[INFO] removed /workspace/builds/worker-7-tc2/source/rust-toolchain
[INFO] started tweaking git repo https://github.com/fission-codes/fission-cli
[INFO] finished tweaking git repo https://github.com/fission-codes/fission-cli
[INFO] tweaked toml for git repo https://github.com/fission-codes/fission-cli written to /workspace/builds/worker-7-tc2/source/Cargo.toml
[INFO] crate git repo https://github.com/fission-codes/fission-cli already has a lockfile, it will not be regenerated
[INFO] running `Command { std: CARGO_HOME="/workspace/cargo-home" RUSTUP_HOME="/workspace/rustup-home" "/workspace/cargo-home/bin/cargo" "+beta-2023-12-22" "fetch" "--manifest-path" "Cargo.toml", kill_on_drop: false }`
[INFO] running `Command { std: "docker" "create" "-v" "/var/lib/crater-agent-workspace/builds/worker-7-tc2/target:/opt/rustwide/target:rw,Z" "-v" "/var/lib/crater-agent-workspace/builds/worker-7-tc2/source:/opt/rustwide/workdir:ro,Z" "-v" "/var/lib/crater-agent-workspace/cargo-home:/opt/rustwide/cargo-home:ro,Z" "-v" "/var/lib/crater-agent-workspace/rustup-home:/opt/rustwide/rustup-home:ro,Z" "-e" "SOURCE_DIR=/opt/rustwide/workdir" "-e" "CARGO_TARGET_DIR=/opt/rustwide/target" "-e" "CARGO_HOME=/opt/rustwide/cargo-home" "-e" "RUSTUP_HOME=/opt/rustwide/rustup-home" "-w" "/opt/rustwide/workdir" "-m" "1610612736" "--user" "0:0" "--network" "none" "ghcr.io/rust-lang/crates-build-env/linux@sha256:2788e3201cd34a07e3172128adcd8b3090168a8e3bcc40d7c032b9dda1df7d1c" "/opt/rustwide/cargo-home/bin/cargo" "+beta-2023-12-22" "metadata" "--no-deps" "--format-version=1", kill_on_drop: false }`
[INFO] [stdout] 6342c896f0085d65e0e8d90a3ed1d6a299de1f9d2f8bcf276afa3509f962d486
[INFO] running `Command { std: "docker" "start" "-a" "6342c896f0085d65e0e8d90a3ed1d6a299de1f9d2f8bcf276afa3509f962d486", kill_on_drop: false }`
[INFO] running `Command { std: "docker" "inspect" "6342c896f0085d65e0e8d90a3ed1d6a299de1f9d2f8bcf276afa3509f962d486", kill_on_drop: false }`
[INFO] running `Command { std: "docker" "rm" "-f" "6342c896f0085d65e0e8d90a3ed1d6a299de1f9d2f8bcf276afa3509f962d486", kill_on_drop: false }`
[INFO] [stdout] 6342c896f0085d65e0e8d90a3ed1d6a299de1f9d2f8bcf276afa3509f962d486
[INFO] running `Command { std: "docker" "create" "-v" "/var/lib/crater-agent-workspace/builds/worker-7-tc2/target:/opt/rustwide/target:rw,Z" "-v" "/var/lib/crater-agent-workspace/builds/worker-7-tc2/source:/opt/rustwide/workdir:ro,Z" "-v" "/var/lib/crater-agent-workspace/cargo-home:/opt/rustwide/cargo-home:ro,Z" "-v" "/var/lib/crater-agent-workspace/rustup-home:/opt/rustwide/rustup-home:ro,Z" "-e" "SOURCE_DIR=/opt/rustwide/workdir" "-e" "CARGO_TARGET_DIR=/opt/rustwide/target" "-e" "CARGO_INCREMENTAL=0" "-e" "RUST_BACKTRACE=full" "-e" "RUSTFLAGS=--cap-lints=warn" "-e" "RUSTDOCFLAGS=--cap-lints=warn" "-e" "CARGO_HOME=/opt/rustwide/cargo-home" "-e" "RUSTUP_HOME=/opt/rustwide/rustup-home" "-w" "/opt/rustwide/workdir" "-m" "1610612736" "--user" "0:0" "--network" "none" "ghcr.io/rust-lang/crates-build-env/linux@sha256:2788e3201cd34a07e3172128adcd8b3090168a8e3bcc40d7c032b9dda1df7d1c" "/opt/rustwide/cargo-home/bin/cargo" "+beta-2023-12-22" "build" "--frozen" "--message-format=json", kill_on_drop: false }`
[INFO] [stdout] c375bb6382ae82122f393ad7407e7c1a0dcf5ca75b7c03269ce5e2d98206e386
[INFO] running `Command { std: "docker" "start" "-a" "c375bb6382ae82122f393ad7407e7c1a0dcf5ca75b7c03269ce5e2d98206e386", kill_on_drop: false }`
[INFO] [stderr]    Compiling version_check v0.9.4
[INFO] [stderr]    Compiling proc-macro2 v1.0.49
[INFO] [stderr]    Compiling unicode-ident v1.0.6
[INFO] [stderr]    Compiling quote v1.0.23
[INFO] [stderr]    Compiling syn v1.0.107
[INFO] [stderr]    Compiling libc v0.2.139
[INFO] [stderr]    Compiling cfg-if v1.0.0
[INFO] [stderr]    Compiling typenum v1.16.0
[INFO] [stderr]    Compiling subtle v2.4.1
[INFO] [stderr]    Compiling autocfg v1.1.0
[INFO] [stderr]    Compiling unicode-xid v0.2.4
[INFO] [stderr]    Compiling memchr v2.5.0
[INFO] [stderr]    Compiling serde_derive v1.0.151
[INFO] [stderr]    Compiling generic-array v0.14.6
[INFO] [stderr]    Compiling pin-project-lite v0.2.9
[INFO] [stderr]    Compiling scopeguard v1.1.0
[INFO] [stderr]    Compiling lock_api v0.4.9
[INFO] [stderr]    Compiling itoa v1.0.5
[INFO] [stderr]    Compiling serde v1.0.151
[INFO] [stderr]    Compiling futures-core v0.3.25
[INFO] [stderr]    Compiling slab v0.4.7
[INFO] [stderr]    Compiling radium v0.7.0
[INFO] [stderr]    Compiling log v0.4.17
[INFO] [stderr]    Compiling getrandom v0.2.8
[INFO] [stderr]    Compiling ppv-lite86 v0.2.17
[INFO] [stderr]    Compiling futures-sink v0.3.25
[INFO] [stderr]    Compiling futures-channel v0.3.25
[INFO] [stderr]    Compiling rand_core v0.6.4
[INFO] [stderr]    Compiling futures-task v0.3.25
[INFO] [stderr]    Compiling proc-macro-error-attr v1.0.4
[INFO] [stderr]    Compiling crunchy v0.2.2
[INFO] [stderr]    Compiling byteorder v1.4.3
[INFO] [stderr]    Compiling thiserror v1.0.38
[INFO] [stderr]    Compiling bytes v1.3.0
[INFO] [stderr]    Compiling futures-util v0.3.25
[INFO] [stderr]    Compiling parking_lot_core v0.9.5
[INFO] [stderr]    Compiling tap v1.0.1
[INFO] [stderr]    Compiling wyz v0.5.1
[INFO] [stderr]    Compiling proc-macro-error v1.0.4
[INFO] [stderr]    Compiling unicase v2.6.0
[INFO] [stderr]    Compiling once_cell v1.16.0
[INFO] [stderr]    Compiling futures-io v0.3.25
[INFO] [stderr]    Compiling funty v2.0.0
[INFO] [stderr]    Compiling pin-utils v0.1.0
[INFO] [stderr]    Compiling getrandom v0.1.16
[INFO] [stderr]    Compiling smallvec v1.10.0
[INFO] [stderr]    Compiling block-buffer v0.10.3
[INFO] [stderr]    Compiling crypto-common v0.1.6
[INFO] [stderr]    Compiling digest v0.9.0
[INFO] [stderr]    Compiling digest v0.10.6
[INFO] [stderr]    Compiling tokio v1.23.0
[INFO] [stderr]    Compiling fnv v1.0.7
[INFO] [stderr]    Compiling semver v1.0.16
[INFO] [stderr]    Compiling const-oid v0.9.1
[INFO] [stderr]    Compiling percent-encoding v2.2.0
[INFO] [stderr]    Compiling parking_lot v0.12.1
[INFO] [stderr]    Compiling bitvec v1.0.1
[INFO] [stderr]    Compiling http v0.2.8
[INFO] [stderr]    Compiling form_urlencoded v1.1.0
[INFO] [stderr]    Compiling tracing-core v0.1.30
[INFO] [stderr]    Compiling mio v0.8.5
[INFO] [stderr]    Compiling rand_chacha v0.3.1
[INFO] [stderr]    Compiling signal-hook-registry v1.4.0
[INFO] [stderr]    Compiling num_cpus v1.15.0
[INFO] [stderr]    Compiling socket2 v0.4.7
[INFO] [stderr]    Compiling indexmap v1.9.2
[INFO] [stderr]    Compiling base64ct v1.5.3
[INFO] [stderr]    Compiling serde_json v1.0.91
[INFO] [stderr]    Compiling tinyvec_macros v0.1.0
[INFO] [stderr]    Compiling ryu v1.0.12
[INFO] [stderr]    Compiling tinyvec v1.6.0
[INFO] [stderr]    Compiling libsecp256k1-core v0.3.0
[INFO] [stderr]    Compiling rand v0.8.5
[INFO] [stderr]    Compiling mime_guess v2.0.4
[INFO] [stderr]    Compiling rand_core v0.5.1
[INFO] [stderr]    Compiling ff v0.12.1
[INFO] [stderr]    Compiling synstructure v0.12.6
[INFO] [stderr]    Compiling group v0.12.1
[INFO] [stderr]    Compiling hmac v0.12.1
[INFO] [stderr]    Compiling cpufeatures v0.2.5
[INFO] [stderr]    Compiling data-encoding v2.3.3
[INFO] [stderr]    Compiling hashbrown v0.12.3
[INFO] [stderr]    Compiling unicode-normalization v0.1.22
[INFO] [stderr]    Compiling rustc_version v0.4.0
[INFO] [stderr]    Compiling signature v1.6.4
[INFO] [stderr]    Compiling arrayref v0.3.6
[INFO] [stderr]    Compiling semver v0.1.20
[INFO] [stderr]    Compiling unicode-bidi v0.3.8
[INFO] [stderr]    Compiling mime v0.3.16
[INFO] [stderr]    Compiling base16ct v0.1.1
[INFO] [stderr]    Compiling toml v0.5.10
[INFO] [stderr]    Compiling httparse v1.8.0
[INFO] [stderr]    Compiling idna v0.3.0
[INFO] [stderr]    Compiling rustc_version v0.1.7
[INFO] [stderr]    Compiling heapless v0.7.16
[INFO] [stderr]    Compiling hkdf v0.12.3
[INFO] [stderr]    Compiling libsecp256k1-gen-genmult v0.3.0
[INFO] [stderr]    Compiling libsecp256k1-gen-ecmult v0.3.0
[INFO] [stderr]    Compiling crypto-mac v0.8.0
[INFO] [stderr]    Compiling block-buffer v0.9.0
[INFO] [stderr]    Compiling core2 v0.4.0
[INFO] [stderr]    Compiling async-trait v0.1.60
[INFO] [stderr]    Compiling opaque-debug v0.3.0
[INFO] [stderr]    Compiling try-lock v0.2.3
[INFO] [stderr]    Compiling base-x v0.2.11
[INFO] [stderr]    Compiling winapi-build v0.1.1
[INFO] [stderr]    Compiling unsigned-varint v0.7.1
[INFO] [stderr]    Compiling url v2.3.1
[INFO] [stderr]    Compiling kernel32-sys v0.2.2
[INFO] [stderr]    Compiling want v0.3.0
[INFO] [stderr]    Compiling sha2 v0.9.9
[INFO] [stderr]    Compiling hmac v0.8.1
[INFO] [stderr]    Compiling libsecp256k1 v0.7.1
[INFO] [stderr]    Compiling nix v0.7.0
[INFO] [stderr]    Compiling rand_chacha v0.2.2
[INFO] [stderr]    Compiling http-body v0.4.5
[INFO] [stderr]    Compiling crypto-mac v0.11.1
[INFO] [stderr]    Compiling hash32 v0.2.1
[INFO] [stderr]    Compiling dirs-sys v0.3.7
[INFO] [stderr]    Compiling spin v0.9.4
[INFO] [stderr]    Compiling stable_deref_trait v1.2.0
[INFO] [stderr]    Compiling same-file v1.0.6
[INFO] [stderr]    Compiling static_assertions v1.1.0
[INFO] [stderr]    Compiling httpdate v1.0.2
[INFO] [stderr]    Compiling base64 v0.13.1
[INFO] [stderr]    Compiling tower-service v0.3.2
[INFO] [stderr]    Compiling walkdir v2.3.2
[INFO] [stderr]    Compiling dirs v4.0.0
[INFO] [stderr]    Compiling rand v0.7.3
[INFO] [stderr]    Compiling hmac v0.11.0
[INFO] [stderr]    Compiling hmac-drbg v0.3.0
[INFO] [stderr]    Compiling zeroize_derive v1.3.3
[INFO] [stderr]    Compiling futures-macro v0.3.25
[INFO] [stderr]    Compiling thiserror-impl v1.0.38
[INFO] [stderr]    Compiling tracing-attributes v0.1.23
[INFO] [stderr]    Compiling tokio-macros v1.8.2
[INFO] [stderr]    Compiling zeroize v1.5.7
[INFO] [stderr]    Compiling data-encoding-macro-internal v0.1.10
[INFO] [stderr]    Compiling der v0.6.1
[INFO] [stderr]    Compiling crypto-bigint v0.4.9
[INFO] [stderr]    Compiling proc-macro-crate v1.1.3
[INFO] [stderr]    Compiling spki v0.6.0
[INFO] [stderr]    Compiling tracing v0.1.37
[INFO] [stderr]    Compiling pkcs8 v0.9.0
[INFO] [stderr]    Compiling sec1 v0.3.0
[INFO] [stderr]    Compiling multihash-derive v0.8.1
[INFO] [stderr]    Compiling data-encoding-macro v0.1.12
[INFO] [stderr]    Compiling rfc6979 v0.3.1
[INFO] [stderr]    Compiling multibase v0.9.1
[INFO] [stderr]    Compiling curve25519-dalek v3.2.0
[INFO] [stderr]    Compiling elliptic-curve v0.12.3
[INFO] [stderr]    Compiling ed25519 v1.5.2
[INFO] [stderr]    Compiling sha2 v0.10.6
[INFO] [stderr]    Compiling ecdsa v0.14.8
[INFO] [stderr]    Compiling pairing v0.22.0
[INFO] [stderr]    Compiling atty v0.2.14
[INFO] [stderr]    Compiling cfg-if v0.1.10
[INFO] [stderr]    Compiling heck v0.4.0
[INFO] [stderr]    Compiling multihash v0.17.0
[INFO] [stderr]    Compiling anyhow v1.0.68
[INFO] [stderr]    Compiling winapi v0.2.8
[INFO] [stderr]    Compiling bitflags v0.4.0
[INFO] [stderr]    Compiling os_str_bytes v6.4.1
[INFO] [stderr]    Compiling void v1.0.2
[INFO] [stderr]    Compiling clap_lex v0.2.4
[INFO] [stderr]    Compiling clap_derive v3.2.18
[INFO] [stderr]    Compiling p256 v0.11.1
[INFO] [stderr]    Compiling common-multipart-rfc7578 v0.6.0
[INFO] [stderr]    Compiling futures-executor v0.3.25
[INFO] [stderr]    Compiling x25519-dalek v1.1.1
[INFO] [stderr]    Compiling futures v0.3.25
[INFO] [stderr]    Compiling hkdf v0.11.0
[INFO] [stderr]    Compiling did_url v0.1.0
[INFO] [stderr]    Compiling strsim v0.10.0
[INFO] [stderr]    Compiling bs58 v0.4.0
[INFO] [stderr]    Compiling textwrap v0.16.0
[INFO] [stderr]    Compiling termcolor v1.1.3
[INFO] [stderr]    Compiling bitflags v1.3.2
[INFO] [stderr]    Compiling graceful v0.1.1
[INFO] [stderr]    Compiling colored v2.0.0
[INFO] [stderr]    Compiling base64 v0.20.0
[INFO] [stderr]    Compiling tokio-util v0.7.4
[INFO] [stderr]    Compiling h2 v0.3.15
[INFO] [stderr]    Compiling clap v3.2.23
[INFO] [stderr]    Compiling serde_urlencoded v0.7.1
[INFO] [stderr]    Compiling multiaddr v0.17.0
[INFO] [stderr]    Compiling ed25519-dalek v1.0.1
[INFO] [stderr]    Compiling bls12_381_plus v0.7.0
[INFO] [stderr]    Compiling hyper v0.14.23
[INFO] [stderr]    Compiling treediff v3.0.2
[INFO] [stderr]    Compiling ipfs-api-prelude v0.6.0
[INFO] [stderr]    Compiling json-patch v0.2.7
[INFO] [stderr]    Compiling hyper-multipart-rfc7578 v0.8.0
[INFO] [stderr]    Compiling ipfs-api-backend-hyper v0.6.0
[INFO] [stderr]    Compiling did-key v0.2.1
[INFO] [stderr]    Compiling fission v0.1.0 (/opt/rustwide/workdir)
[INFO] [stdout] warning: unused variable: `verbose`
[INFO] [stdout]    --> src/cmd/app.rs:156:13
[INFO] [stdout]     |
[INFO] [stdout] 156 |             verbose,
[INFO] [stdout]     |             ^^^^^^^ help: try ignoring the field: `verbose: _`
[INFO] [stdout]     |
[INFO] [stdout]     = note: `#[warn(unused_variables)]` on by default
[INFO] [stdout] 
[INFO] [stdout] 
[INFO] [stdout] warning: 1 warning emitted
[INFO] [stdout] 
[INFO] [stdout] 
[INFO] [stderr]     Finished dev [unoptimized + debuginfo] target(s) in 23.44s
[INFO] running `Command { std: "docker" "inspect" "c375bb6382ae82122f393ad7407e7c1a0dcf5ca75b7c03269ce5e2d98206e386", kill_on_drop: false }`
[INFO] running `Command { std: "docker" "rm" "-f" "c375bb6382ae82122f393ad7407e7c1a0dcf5ca75b7c03269ce5e2d98206e386", kill_on_drop: false }`
[INFO] [stdout] c375bb6382ae82122f393ad7407e7c1a0dcf5ca75b7c03269ce5e2d98206e386
[INFO] running `Command { std: "docker" "create" "-v" "/var/lib/crater-agent-workspace/builds/worker-7-tc2/target:/opt/rustwide/target:rw,Z" "-v" "/var/lib/crater-agent-workspace/builds/worker-7-tc2/source:/opt/rustwide/workdir:ro,Z" "-v" "/var/lib/crater-agent-workspace/cargo-home:/opt/rustwide/cargo-home:ro,Z" "-v" "/var/lib/crater-agent-workspace/rustup-home:/opt/rustwide/rustup-home:ro,Z" "-e" "SOURCE_DIR=/opt/rustwide/workdir" "-e" "CARGO_TARGET_DIR=/opt/rustwide/target" "-e" "CARGO_INCREMENTAL=0" "-e" "RUST_BACKTRACE=full" "-e" "RUSTFLAGS=--cap-lints=warn" "-e" "RUSTDOCFLAGS=--cap-lints=warn" "-e" "CARGO_HOME=/opt/rustwide/cargo-home" "-e" "RUSTUP_HOME=/opt/rustwide/rustup-home" "-w" "/opt/rustwide/workdir" "-m" "1610612736" "--user" "0:0" "--network" "none" "ghcr.io/rust-lang/crates-build-env/linux@sha256:2788e3201cd34a07e3172128adcd8b3090168a8e3bcc40d7c032b9dda1df7d1c" "/opt/rustwide/cargo-home/bin/cargo" "+beta-2023-12-22" "test" "--frozen" "--no-run" "--message-format=json", kill_on_drop: false }`
[INFO] [stdout] f5bfd2741f5f70b7d269f1d30bcc3642b51adeec9f47c5a0f39c451ce590906d
[INFO] running `Command { std: "docker" "start" "-a" "f5bfd2741f5f70b7d269f1d30bcc3642b51adeec9f47c5a0f39c451ce590906d", kill_on_drop: false }`
[INFO] [stderr]    Compiling num-traits v0.2.15
[INFO] [stderr]    Compiling fastrand v1.8.0
[INFO] [stderr]    Compiling remove_dir_all v0.5.3
[INFO] [stderr]    Compiling wait-timeout v0.2.0
[INFO] [stderr]    Compiling bit-vec v0.6.3
[INFO] [stderr]    Compiling quick-error v1.2.3
[INFO] [stderr]    Compiling dashmap v5.4.0
[INFO] [stderr]    Compiling serial_test_derive v0.9.0
[INFO] [stderr]    Compiling rand_xorshift v0.3.0
[INFO] [stderr]    Compiling regex-syntax v0.6.28
[INFO] [stderr]    Compiling tempfile v3.3.0
[INFO] [stderr]    Compiling bit-set v0.5.3
[INFO] [stderr]    Compiling quick-error v2.0.1
[INFO] [stdout] warning: unused variable: `verbose`
[INFO] [stdout]    --> src/cmd/app.rs:156:13
[INFO] [stdout]     |
[INFO] [stdout] 156 |             verbose,
[INFO] [stdout]     |             ^^^^^^^ help: try ignoring the field: `verbose: _`
[INFO] [stdout]     |
[INFO] [stdout]     = note: `#[warn(unused_variables)]` on by default
[INFO] [stdout] 
[INFO] [stdout] 
[INFO] [stdout] warning: 1 warning emitted
[INFO] [stdout] 
[INFO] [stdout] 
[INFO] [stderr]    Compiling rusty-fork v0.3.0
[INFO] [stderr]    Compiling serial_test v0.9.0
[INFO] [stderr]    Compiling proptest v1.0.0
[INFO] [stderr]    Compiling fission v0.1.0 (/opt/rustwide/workdir)
[INFO] [stdout] warning: unused variable: `verbose`
[INFO] [stdout]    --> src/cmd/app.rs:156:13
[INFO] [stdout]     |
[INFO] [stdout] 156 |             verbose,
[INFO] [stdout]     |             ^^^^^^^ help: try ignoring the field: `verbose: _`
[INFO] [stdout]     |
[INFO] [stdout]     = note: `#[warn(unused_variables)]` on by default
[INFO] [stdout] 
[INFO] [stdout] 
[INFO] [stdout] warning: 1 warning emitted
[INFO] [stdout] 
[INFO] [stdout] 
[INFO] [stderr]     Finished test [unoptimized + debuginfo] target(s) in 7.88s
[INFO] running `Command { std: "docker" "inspect" "f5bfd2741f5f70b7d269f1d30bcc3642b51adeec9f47c5a0f39c451ce590906d", kill_on_drop: false }`
[INFO] running `Command { std: "docker" "rm" "-f" "f5bfd2741f5f70b7d269f1d30bcc3642b51adeec9f47c5a0f39c451ce590906d", kill_on_drop: false }`
[INFO] [stdout] f5bfd2741f5f70b7d269f1d30bcc3642b51adeec9f47c5a0f39c451ce590906d
[INFO] running `Command { std: "docker" "create" "-v" "/var/lib/crater-agent-workspace/builds/worker-7-tc2/target:/opt/rustwide/target:rw,Z" "-v" "/var/lib/crater-agent-workspace/builds/worker-7-tc2/source:/opt/rustwide/workdir:ro,Z" "-v" "/var/lib/crater-agent-workspace/cargo-home:/opt/rustwide/cargo-home:ro,Z" "-v" "/var/lib/crater-agent-workspace/rustup-home:/opt/rustwide/rustup-home:ro,Z" "-e" "SOURCE_DIR=/opt/rustwide/workdir" "-e" "CARGO_TARGET_DIR=/opt/rustwide/target" "-e" "CARGO_INCREMENTAL=0" "-e" "RUST_BACKTRACE=full" "-e" "RUSTFLAGS=--cap-lints=warn" "-e" "RUSTDOCFLAGS=--cap-lints=warn" "-e" "CARGO_HOME=/opt/rustwide/cargo-home" "-e" "RUSTUP_HOME=/opt/rustwide/rustup-home" "-w" "/opt/rustwide/workdir" "-m" "1610612736" "--user" "0:0" "--network" "none" "ghcr.io/rust-lang/crates-build-env/linux@sha256:2788e3201cd34a07e3172128adcd8b3090168a8e3bcc40d7c032b9dda1df7d1c" "/opt/rustwide/cargo-home/bin/cargo" "+beta-2023-12-22" "test" "--frozen", kill_on_drop: false }`
[INFO] [stdout] 40fb7f05c95a2e29d0ad707917b06355b3203515f15f4d5a7ba25d40033f7442
[INFO] running `Command { std: "docker" "start" "-a" "40fb7f05c95a2e29d0ad707917b06355b3203515f15f4d5a7ba25d40033f7442", kill_on_drop: false }`
[INFO] [stderr] warning: unused variable: `verbose`
[INFO] [stderr]    --> src/cmd/app.rs:156:13
[INFO] [stderr]     |
[INFO] [stderr] 156 |             verbose,
[INFO] [stderr]     |             ^^^^^^^ help: try ignoring the field: `verbose: _`
[INFO] [stderr]     |
[INFO] [stderr]     = note: `#[warn(unused_variables)]` on by default
[INFO] [stderr] 
[INFO] [stderr] warning: `fission` (lib) generated 1 warning (run `cargo fix --lib -p fission` to apply 1 suggestion)
[INFO] [stderr] warning: `fission` (lib test) generated 1 warning (1 duplicate)
[INFO] [stderr]     Finished test [unoptimized + debuginfo] target(s) in 0.10s
[INFO] [stderr]      Running unittests src/lib.rs (/opt/rustwide/target/debug/deps/fission-b386f0185fe525ce)
[INFO] [stdout] 
[INFO] [stdout] running 4 tests
[INFO] [stdout] test test::daemon::can_add_file ... FAILED
[INFO] [stdout] test test::daemon::can_add_directory ... FAILED
[INFO] [stdout] test test::daemon::can_config ... FAILED
[INFO] [stdout] test test::daemon::can_connect ... FAILED
[INFO] [stdout] 
[INFO] [stdout] failures:
[INFO] [stdout] 
[INFO] [stdout] ---- test::daemon::can_add_file stdout ----
[INFO] [stdout] Launching IPFS...
[INFO] [stdout] thread 'test::daemon::can_add_file' panicked at src/ipfs/daemon.rs:51:33:
[INFO] [stdout] Failed to start IPFS daemon: No such file or directory (os error 2)
[INFO] [stdout]  This error may be because the Kubo binary is not on your PATH.
[INFO] [stdout] stack backtrace:
[INFO] [stdout]    0:     0x55fcbd189686 - std::backtrace_rs::backtrace::libunwind::trace::h261606ad26a499c1
[INFO] [stdout]                                at /rustc/0e09125c6c3c2fd70d7de961bcf0e51575235fad/library/std/src/../../backtrace/src/backtrace/libunwind.rs:104:5
[INFO] [stdout]    1:     0x55fcbd189686 - std::backtrace_rs::backtrace::trace_unsynchronized::hd183f0625477fb28
[INFO] [stdout]                                at /rustc/0e09125c6c3c2fd70d7de961bcf0e51575235fad/library/std/src/../../backtrace/src/backtrace/mod.rs:66:5
[INFO] [stdout]    2:     0x55fcbd189686 - std::sys_common::backtrace::_print_fmt::hd7f8fef21b4eda67
[INFO] [stdout]                                at /rustc/0e09125c6c3c2fd70d7de961bcf0e51575235fad/library/std/src/sys_common/backtrace.rs:68:5
[INFO] [stdout]    3:     0x55fcbd189686 - <std::sys_common::backtrace::_print::DisplayBacktrace as core::fmt::Display>::fmt::h623d9b51f2f453f1
[INFO] [stdout]                                at /rustc/0e09125c6c3c2fd70d7de961bcf0e51575235fad/library/std/src/sys_common/backtrace.rs:44:22
[INFO] [stdout]    4:     0x55fcbd1b5b00 - core::fmt::rt::Argument::fmt::h9f417ac76a86f368
[INFO] [stdout]                                at /rustc/0e09125c6c3c2fd70d7de961bcf0e51575235fad/library/core/src/fmt/rt.rs:142:9
[INFO] [stdout]    5:     0x55fcbd1b5b00 - core::fmt::write::hc9b6faf4ac2aeff7
[INFO] [stdout]                                at /rustc/0e09125c6c3c2fd70d7de961bcf0e51575235fad/library/core/src/fmt/mod.rs:1120:17
[INFO] [stdout]    6:     0x55fcbd1863af - std::io::Write::write_fmt::he04625a3a989fec3
[INFO] [stdout]                                at /rustc/0e09125c6c3c2fd70d7de961bcf0e51575235fad/library/std/src/io/mod.rs:1810:15
[INFO] [stdout]    7:     0x55fcbd189464 - std::sys_common::backtrace::_print::hd5d66399c7df88a2
[INFO] [stdout]                                at /rustc/0e09125c6c3c2fd70d7de961bcf0e51575235fad/library/std/src/sys_common/backtrace.rs:47:5
[INFO] [stdout]    8:     0x55fcbd189464 - std::sys_common::backtrace::print::he81ed2da642d37e5
[INFO] [stdout]                                at /rustc/0e09125c6c3c2fd70d7de961bcf0e51575235fad/library/std/src/sys_common/backtrace.rs:34:9
[INFO] [stdout]    9:     0x55fcbd18b1d7 - std::panicking::default_hook::{{closure}}::h85773f4fa117163d
[INFO] [stdout]   10:     0x55fcbd18aebd - std::panicking::default_hook::h6a1694a91d09b278
[INFO] [stdout]                                at /rustc/0e09125c6c3c2fd70d7de961bcf0e51575235fad/library/std/src/panicking.rs:289:9
[INFO] [stdout]   11:     0x55fcbcea4bd7 - <alloc::boxed::Box<F,A> as core::ops::function::Fn<Args>>::call::h616ac37fa3cd6c8f
[INFO] [stdout]                                at /rustc/0e09125c6c3c2fd70d7de961bcf0e51575235fad/library/alloc/src/boxed.rs:2029:9
[INFO] [stdout]   12:     0x55fcbcea4bd7 - test::test_main::{{closure}}::h00d84697cefdcbb6
[INFO] [stdout]                                at /rustc/0e09125c6c3c2fd70d7de961bcf0e51575235fad/library/test/src/lib.rs:138:21
[INFO] [stdout]   13:     0x55fcbd18b7f6 - <alloc::boxed::Box<F,A> as core::ops::function::Fn<Args>>::call::hcb3fe3b9bb537ba8
[INFO] [stdout]                                at /rustc/0e09125c6c3c2fd70d7de961bcf0e51575235fad/library/alloc/src/boxed.rs:2029:9
[INFO] [stdout]   14:     0x55fcbd18b7f6 - std::panicking::rust_panic_with_hook::h0a7ad96e90f7145b
[INFO] [stdout]                                at /rustc/0e09125c6c3c2fd70d7de961bcf0e51575235fad/library/std/src/panicking.rs:783:13
[INFO] [stdout]   15:     0x55fcbd18b542 - std::panicking::begin_panic_handler::{{closure}}::h7919090525c6485e
[INFO] [stdout]                                at /rustc/0e09125c6c3c2fd70d7de961bcf0e51575235fad/library/std/src/panicking.rs:657:13
[INFO] [stdout]   16:     0x55fcbd189b86 - std::sys_common::backtrace::__rust_end_short_backtrace::hf3289479464f7dfe
[INFO] [stdout]                                at /rustc/0e09125c6c3c2fd70d7de961bcf0e51575235fad/library/std/src/sys_common/backtrace.rs:171:18
[INFO] [stdout]   17:     0x55fcbd18b2a0 - rust_begin_unwind
[INFO] [stdout]                                at /rustc/0e09125c6c3c2fd70d7de961bcf0e51575235fad/library/std/src/panicking.rs:645:5
[INFO] [stdout]   18:     0x55fcbccaf5b5 - core::panicking::panic_fmt::hcc9f77c5c132af55
[INFO] [stdout]                                at /rustc/0e09125c6c3c2fd70d7de961bcf0e51575235fad/library/core/src/panicking.rs:72:14
[INFO] [stdout]   19:     0x55fcbcd959fa - fission::ipfs::daemon::IpfsDaemon::launch::{{closure}}::{{closure}}::haa14374d76547ec5
[INFO] [stdout]                                at /opt/rustwide/workdir/src/ipfs/daemon.rs:51:33
[INFO] [stdout]   20:     0x55fcbce218f6 - core::result::Result<T,E>::unwrap_or_else::h009aafe998f4a665
[INFO] [stdout]                                at /rustc/0e09125c6c3c2fd70d7de961bcf0e51575235fad/library/core/src/result.rs:1426:23
[INFO] [stdout]   21:     0x55fcbcd953c7 - fission::ipfs::daemon::IpfsDaemon::launch::{{closure}}::hb1ee0aa2d54a675b
[INFO] [stdout]                                at /opt/rustwide/workdir/src/ipfs/daemon.rs:46:9
[INFO] [stdout]   22:     0x55fcbcd86419 - futures_executor::local_pool::block_on::{{closure}}::h4ef4ea919cd668cc
[INFO] [stdout]                                at /opt/rustwide/cargo-home/registry/src/index.crates.io-6f17d22bba15001f/futures-executor-0.3.25/src/local_pool.rs:317:23
[INFO] [stdout]   23:     0x55fcbcd85d23 - futures_executor::local_pool::run_executor::{{closure}}::hd0b2c378003691bd
[INFO] [stdout]                                at /opt/rustwide/cargo-home/registry/src/index.crates.io-6f17d22bba15001f/futures-executor-0.3.25/src/local_pool.rs:90:37
[INFO] [stdout]   24:     0x55fcbcd6e5ad - std::thread::local::LocalKey<T>::try_with::hc92e2052eb66ace0
[INFO] [stdout]                                at /rustc/0e09125c6c3c2fd70d7de961bcf0e51575235fad/library/std/src/thread/local.rs:270:16
[INFO] [stdout]   25:     0x55fcbcd6a123 - std::thread::local::LocalKey<T>::with::hdff53750ef13c2e0
[INFO] [stdout]                                at /rustc/0e09125c6c3c2fd70d7de961bcf0e51575235fad/library/std/src/thread/local.rs:246:9
[INFO] [stdout]   26:     0x55fcbcd85865 - futures_executor::local_pool::run_executor::h77402beacdca2c72
[INFO] [stdout]                                at /opt/rustwide/cargo-home/registry/src/index.crates.io-6f17d22bba15001f/futures-executor-0.3.25/src/local_pool.rs:86:5
[INFO] [stdout]   27:     0x55fcbcd86238 - futures_executor::local_pool::block_on::hb0c8aae825d094ae
[INFO] [stdout]                                at /opt/rustwide/cargo-home/registry/src/index.crates.io-6f17d22bba15001f/futures-executor-0.3.25/src/local_pool.rs:317:5
[INFO] [stdout]   28:     0x55fcbcd980bc - fission::test::daemon::run_ipfs_test::h3d3151327c770374
[INFO] [stdout]                                at /opt/rustwide/workdir/src/test/daemon.rs:23:5
[INFO] [stdout]   29:     0x55fcbcd9c148 - fission::test::daemon::can_add_file::{{closure}}::h3c0fe694cbc5607d
[INFO] [stdout]                                at /opt/rustwide/workdir/src/test/daemon.rs:87:5
[INFO] [stdout]   30:     0x55fcbce31aee - core::ops::function::FnOnce::call_once::h6333af95e9c6cdf1
[INFO] [stdout]                                at /rustc/0e09125c6c3c2fd70d7de961bcf0e51575235fad/library/core/src/ops/function.rs:250:5
[INFO] [stdout]   31:     0x55fcbceb556e - serial_test::serial_code_lock::local_serial_core::hfdbd37dea202c2a2
[INFO] [stdout]                                at /opt/rustwide/cargo-home/registry/src/index.crates.io-6f17d22bba15001f/serial_test-0.9.0/src/serial_code_lock.rs:27:5
[INFO] [stdout]   32:     0x55fcbcd9c0dd - fission::test::daemon::can_add_file::h07c8198b6fe4c96b
[INFO] [stdout]                                at /opt/rustwide/workdir/src/test/daemon.rs:84:1
[INFO] [stdout]   33:     0x55fcbcd9c097 - fission::test::daemon::can_add_file::{{closure}}::hc1c7de4faa39d4bd
[INFO] [stdout]                                at /opt/rustwide/workdir/src/test/daemon.rs:85:18
[INFO] [stdout]   34:     0x55fcbce31336 - core::ops::function::FnOnce::call_once::h310d016a9e853627
[INFO] [stdout]                                at /rustc/0e09125c6c3c2fd70d7de961bcf0e51575235fad/library/core/src/ops/function.rs:250:5
[INFO] [stdout]   35:     0x55fcbceaa4af - core::ops::function::FnOnce::call_once::hd64d26f405258157
[INFO] [stdout]                                at /rustc/0e09125c6c3c2fd70d7de961bcf0e51575235fad/library/core/src/ops/function.rs:250:5
[INFO] [stdout]   36:     0x55fcbceaa4af - test::__rust_begin_short_backtrace::he21b0b7a6d731bf9
[INFO] [stdout]                                at /rustc/0e09125c6c3c2fd70d7de961bcf0e51575235fad/library/test/src/lib.rs:627:18
[INFO] [stdout]   37:     0x55fcbcea9231 - test::run_test_in_process::{{closure}}::hf5c73986d7bdfde2
[INFO] [stdout]                                at /rustc/0e09125c6c3c2fd70d7de961bcf0e51575235fad/library/test/src/lib.rs:650:60
[INFO] [stdout]   38:     0x55fcbcea9231 - <core::panic::unwind_safe::AssertUnwindSafe<F> as core::ops::function::FnOnce<()>>::call_once::h330011ad032aadc0
[INFO] [stdout]                                at /rustc/0e09125c6c3c2fd70d7de961bcf0e51575235fad/library/core/src/panic/unwind_safe.rs:272:9
[INFO] [stdout]   39:     0x55fcbcea9231 - std::panicking::try::do_call::he61b0a958b795a41
[INFO] [stdout]                                at /rustc/0e09125c6c3c2fd70d7de961bcf0e51575235fad/library/std/src/panicking.rs:552:40
[INFO] [stdout]   40:     0x55fcbcea9231 - std::panicking::try::h7309da130f906eb7
[INFO] [stdout]                                at /rustc/0e09125c6c3c2fd70d7de961bcf0e51575235fad/library/std/src/panicking.rs:516:19
[INFO] [stdout]   41:     0x55fcbcea9231 - std::panic::catch_unwind::hc5c3a06fdaf0a92a
[INFO] [stdout]                                at /rustc/0e09125c6c3c2fd70d7de961bcf0e51575235fad/library/std/src/panic.rs:142:14
[INFO] [stdout]   42:     0x55fcbcea9231 - test::run_test_in_process::h7e7b7c71c3324e0f
[INFO] [stdout]                                at /rustc/0e09125c6c3c2fd70d7de961bcf0e51575235fad/library/test/src/lib.rs:650:27
[INFO] [stdout]   43:     0x55fcbcea9231 - test::run_test::{{closure}}::h1f509f28f5cf20b1
[INFO] [stdout]                                at /rustc/0e09125c6c3c2fd70d7de961bcf0e51575235fad/library/test/src/lib.rs:573:43
[INFO] [stdout]   44:     0x55fcbce70566 - test::run_test::{{closure}}::h1754218abf443f6d
[INFO] [stdout]                                at /rustc/0e09125c6c3c2fd70d7de961bcf0e51575235fad/library/test/src/lib.rs:601:41
[INFO] [stdout]   45:     0x55fcbce70566 - std::sys_common::backtrace::__rust_begin_short_backtrace::h2ee174b9d5954948
[INFO] [stdout]                                at /rustc/0e09125c6c3c2fd70d7de961bcf0e51575235fad/library/std/src/sys_common/backtrace.rs:155:18
[INFO] [stdout]   46:     0x55fcbce755c7 - std::thread::Builder::spawn_unchecked_::{{closure}}::{{closure}}::hf60bee9c1a17ef09
[INFO] [stdout]                                at /rustc/0e09125c6c3c2fd70d7de961bcf0e51575235fad/library/std/src/thread/mod.rs:529:17
[INFO] [stdout]   47:     0x55fcbce755c7 - <core::panic::unwind_safe::AssertUnwindSafe<F> as core::ops::function::FnOnce<()>>::call_once::h33d0dddec5216160
[INFO] [stdout]                                at /rustc/0e09125c6c3c2fd70d7de961bcf0e51575235fad/library/core/src/panic/unwind_safe.rs:272:9
[INFO] [stdout]   48:     0x55fcbce755c7 - std::panicking::try::do_call::h144b3048b546f835
[INFO] [stdout]                                at /rustc/0e09125c6c3c2fd70d7de961bcf0e51575235fad/library/std/src/panicking.rs:552:40
[INFO] [stdout]   49:     0x55fcbce755c7 - std::panicking::try::h978244d04646189f
[INFO] [stdout]                                at /rustc/0e09125c6c3c2fd70d7de961bcf0e51575235fad/library/std/src/panicking.rs:516:19
[INFO] [stdout]   50:     0x55fcbce755c7 - std::panic::catch_unwind::hdf436369d188fe86
[INFO] [stdout]                                at /rustc/0e09125c6c3c2fd70d7de961bcf0e51575235fad/library/std/src/panic.rs:142:14
[INFO] [stdout]   51:     0x55fcbce755c7 - std::thread::Builder::spawn_unchecked_::{{closure}}::h87329cbdd33c79ec
[INFO] [stdout]                                at /rustc/0e09125c6c3c2fd70d7de961bcf0e51575235fad/library/std/src/thread/mod.rs:528:30
[INFO] [stdout]   52:     0x55fcbce755c7 - core::ops::function::FnOnce::call_once{{vtable.shim}}::h401abbe67897d450
[INFO] [stdout]                                at /rustc/0e09125c6c3c2fd70d7de961bcf0e51575235fad/library/core/src/ops/function.rs:250:5
[INFO] [stdout]   53:     0x55fcbd190c45 - <alloc::boxed::Box<F,A> as core::ops::function::FnOnce<Args>>::call_once::h5d7c8f150ab9c84c
[INFO] [stdout]                                at /rustc/0e09125c6c3c2fd70d7de961bcf0e51575235fad/library/alloc/src/boxed.rs:2015:9
[INFO] [stdout]   54:     0x55fcbd190c45 - <alloc::boxed::Box<F,A> as core::ops::function::FnOnce<Args>>::call_once::h570d5b005c242c15
[INFO] [stdout]                                at /rustc/0e09125c6c3c2fd70d7de961bcf0e51575235fad/library/alloc/src/boxed.rs:2015:9
[INFO] [stdout]   55:     0x55fcbd190c45 - std::sys::unix::thread::Thread::new::thread_start::h36b0a20c0b2361ad
[INFO] [stdout]                                at /rustc/0e09125c6c3c2fd70d7de961bcf0e51575235fad/library/std/src/sys/unix/thread.rs:108:17
[INFO] [stdout]   56:     0x7f39ad2d8ac3 - <unknown>
[INFO] [stdout]   57:     0x7f39ad369bf4 - __clone
[INFO] [stdout]   58:                0x0 - <unknown>
[INFO] [stdout] 
[INFO] [stdout] ---- test::daemon::can_add_directory stdout ----
[INFO] [stdout] Launching IPFS...
[INFO] [stdout] thread 'test::daemon::can_add_directory' panicked at src/ipfs/daemon.rs:51:33:
[INFO] [stdout] Failed to start IPFS daemon: No such file or directory (os error 2)
[INFO] [stdout]  This error may be because the Kubo binary is not on your PATH.
[INFO] [stdout] stack backtrace:
[INFO] [stdout]    0:     0x55fcbd189686 - std::backtrace_rs::backtrace::libunwind::trace::h261606ad26a499c1
[INFO] [stdout]                                at /rustc/0e09125c6c3c2fd70d7de961bcf0e51575235fad/library/std/src/../../backtrace/src/backtrace/libunwind.rs:104:5
[INFO] [stdout]    1:     0x55fcbd189686 - std::backtrace_rs::backtrace::trace_unsynchronized::hd183f0625477fb28
[INFO] [stdout]                                at /rustc/0e09125c6c3c2fd70d7de961bcf0e51575235fad/library/std/src/../../backtrace/src/backtrace/mod.rs:66:5
[INFO] [stdout]    2:     0x55fcbd189686 - std::sys_common::backtrace::_print_fmt::hd7f8fef21b4eda67
[INFO] [stdout]                                at /rustc/0e09125c6c3c2fd70d7de961bcf0e51575235fad/library/std/src/sys_common/backtrace.rs:68:5
[INFO] [stdout]    3:     0x55fcbd189686 - <std::sys_common::backtrace::_print::DisplayBacktrace as core::fmt::Display>::fmt::h623d9b51f2f453f1
[INFO] [stdout]                                at /rustc/0e09125c6c3c2fd70d7de961bcf0e51575235fad/library/std/src/sys_common/backtrace.rs:44:22
[INFO] [stdout]    4:     0x55fcbd1b5b00 - core::fmt::rt::Argument::fmt::h9f417ac76a86f368
[INFO] [stdout]                                at /rustc/0e09125c6c3c2fd70d7de961bcf0e51575235fad/library/core/src/fmt/rt.rs:142:9
[INFO] [stdout]    5:     0x55fcbd1b5b00 - core::fmt::write::hc9b6faf4ac2aeff7
[INFO] [stdout]                                at /rustc/0e09125c6c3c2fd70d7de961bcf0e51575235fad/library/core/src/fmt/mod.rs:1120:17
[INFO] [stdout]    6:     0x55fcbd1863af - std::io::Write::write_fmt::he04625a3a989fec3
[INFO] [stdout]                                at /rustc/0e09125c6c3c2fd70d7de961bcf0e51575235fad/library/std/src/io/mod.rs:1810:15
[INFO] [stdout]    7:     0x55fcbd189464 - std::sys_common::backtrace::_print::hd5d66399c7df88a2
[INFO] [stdout]                                at /rustc/0e09125c6c3c2fd70d7de961bcf0e51575235fad/library/std/src/sys_common/backtrace.rs:47:5
[INFO] [stdout]    8:     0x55fcbd189464 - std::sys_common::backtrace::print::he81ed2da642d37e5
[INFO] [stdout]                                at /rustc/0e09125c6c3c2fd70d7de961bcf0e51575235fad/library/std/src/sys_common/backtrace.rs:34:9
[INFO] [stdout]    9:     0x55fcbd18b1d7 - std::panicking::default_hook::{{closure}}::h85773f4fa117163d
[INFO] [stdout]   10:     0x55fcbd18aebd - std::panicking::default_hook::h6a1694a91d09b278
[INFO] [stdout]                                at /rustc/0e09125c6c3c2fd70d7de961bcf0e51575235fad/library/std/src/panicking.rs:289:9
[INFO] [stdout]   11:     0x55fcbcea4bd7 - <alloc::boxed::Box<F,A> as core::ops::function::Fn<Args>>::call::h616ac37fa3cd6c8f
[INFO] [stdout]                                at /rustc/0e09125c6c3c2fd70d7de961bcf0e51575235fad/library/alloc/src/boxed.rs:2029:9
[INFO] [stdout]   12:     0x55fcbcea4bd7 - test::test_main::{{closure}}::h00d84697cefdcbb6
[INFO] [stdout]                                at /rustc/0e09125c6c3c2fd70d7de961bcf0e51575235fad/library/test/src/lib.rs:138:21
[INFO] [stdout]   13:     0x55fcbd18b7f6 - <alloc::boxed::Box<F,A> as core::ops::function::Fn<Args>>::call::hcb3fe3b9bb537ba8
[INFO] [stdout]                                at /rustc/0e09125c6c3c2fd70d7de961bcf0e51575235fad/library/alloc/src/boxed.rs:2029:9
[INFO] [stdout]   14:     0x55fcbd18b7f6 - std::panicking::rust_panic_with_hook::h0a7ad96e90f7145b
[INFO] [stdout]                                at /rustc/0e09125c6c3c2fd70d7de961bcf0e51575235fad/library/std/src/panicking.rs:783:13
[INFO] [stdout]   15:     0x55fcbd18b542 - std::panicking::begin_panic_handler::{{closure}}::h7919090525c6485e
[INFO] [stdout]                                at /rustc/0e09125c6c3c2fd70d7de961bcf0e51575235fad/library/std/src/panicking.rs:657:13
[INFO] [stdout]   16:     0x55fcbd189b86 - std::sys_common::backtrace::__rust_end_short_backtrace::hf3289479464f7dfe
[INFO] [stdout]                                at /rustc/0e09125c6c3c2fd70d7de961bcf0e51575235fad/library/std/src/sys_common/backtrace.rs:171:18
[INFO] [stdout]   17:     0x55fcbd18b2a0 - rust_begin_unwind
[INFO] [stdout]                                at /rustc/0e09125c6c3c2fd70d7de961bcf0e51575235fad/library/std/src/panicking.rs:645:5
[INFO] [stdout]   18:     0x55fcbccaf5b5 - core::panicking::panic_fmt::hcc9f77c5c132af55
[INFO] [stdout]                                at /rustc/0e09125c6c3c2fd70d7de961bcf0e51575235fad/library/core/src/panicking.rs:72:14
[INFO] [stdout]   19:     0x55fcbcd959fa - fission::ipfs::daemon::IpfsDaemon::launch::{{closure}}::{{closure}}::haa14374d76547ec5
[INFO] [stdout]                                at /opt/rustwide/workdir/src/ipfs/daemon.rs:51:33
[INFO] [stdout]   20:     0x55fcbce218f6 - core::result::Result<T,E>::unwrap_or_else::h009aafe998f4a665
[INFO] [stdout]                                at /rustc/0e09125c6c3c2fd70d7de961bcf0e51575235fad/library/core/src/result.rs:1426:23
[INFO] [stdout]   21:     0x55fcbcd953c7 - fission::ipfs::daemon::IpfsDaemon::launch::{{closure}}::hb1ee0aa2d54a675b
[INFO] [stdout]                                at /opt/rustwide/workdir/src/ipfs/daemon.rs:46:9
[INFO] [stdout]   22:     0x55fcbcd86419 - futures_executor::local_pool::block_on::{{closure}}::h4ef4ea919cd668cc
[INFO] [stdout]                                at /opt/rustwide/cargo-home/registry/src/index.crates.io-6f17d22bba15001f/futures-executor-0.3.25/src/local_pool.rs:317:23
[INFO] [stdout]   23:     0x55fcbcd85d23 - futures_executor::local_pool::run_executor::{{closure}}::hd0b2c378003691bd
[INFO] [stdout]                                at /opt/rustwide/cargo-home/registry/src/index.crates.io-6f17d22bba15001f/futures-executor-0.3.25/src/local_pool.rs:90:37
[INFO] [stdout]   24:     0x55fcbcd6e5ad - std::thread::local::LocalKey<T>::try_with::hc92e2052eb66ace0
[INFO] [stdout]                                at /rustc/0e09125c6c3c2fd70d7de961bcf0e51575235fad/library/std/src/thread/local.rs:270:16
[INFO] [stdout]   25:     0x55fcbcd6a123 - std::thread::local::LocalKey<T>::with::hdff53750ef13c2e0
[INFO] [stdout]                                at /rustc/0e09125c6c3c2fd70d7de961bcf0e51575235fad/library/std/src/thread/local.rs:246:9
[INFO] [stdout]   26:     0x55fcbcd85865 - futures_executor::local_pool::run_executor::h77402beacdca2c72
[INFO] [stdout]                                at /opt/rustwide/cargo-home/registry/src/index.crates.io-6f17d22bba15001f/futures-executor-0.3.25/src/local_pool.rs:86:5
[INFO] [stdout]   27:     0x55fcbcd86238 - futures_executor::local_pool::block_on::hb0c8aae825d094ae
[INFO] [stdout]                                at /opt/rustwide/cargo-home/registry/src/index.crates.io-6f17d22bba15001f/futures-executor-0.3.25/src/local_pool.rs:317:5
[INFO] [stdout]   28:     0x55fcbcd983ac - fission::test::daemon::run_ipfs_test::hec4ff375fe957fde
[INFO] [stdout]                                at /opt/rustwide/workdir/src/test/daemon.rs:23:5
[INFO] [stdout]   29:     0x55fcbcd9b8c8 - fission::test::daemon::can_add_directory::{{closure}}::h31187938ebd23e43
[INFO] [stdout]                                at /opt/rustwide/workdir/src/test/daemon.rs:69:5
[INFO] [stdout]   30:     0x55fcbce320be - core::ops::function::FnOnce::call_once::h816af79cef6723d5
[INFO] [stdout]                                at /rustc/0e09125c6c3c2fd70d7de961bcf0e51575235fad/library/core/src/ops/function.rs:250:5
[INFO] [stdout]   31:     0x55fcbceb556e - serial_test::serial_code_lock::local_serial_core::hfdbd37dea202c2a2
[INFO] [stdout]                                at /opt/rustwide/cargo-home/registry/src/index.crates.io-6f17d22bba15001f/serial_test-0.9.0/src/serial_code_lock.rs:27:5
[INFO] [stdout]   32:     0x55fcbcd9b85d - fission::test::daemon::can_add_directory::h8dd4ffd6d2115a7a
[INFO] [stdout]                                at /opt/rustwide/workdir/src/test/daemon.rs:66:1
[INFO] [stdout]   33:     0x55fcbcd9b817 - fission::test::daemon::can_add_directory::{{closure}}::he316f67ac2daf59b
[INFO] [stdout]                                at /opt/rustwide/workdir/src/test/daemon.rs:67:23
[INFO] [stdout]   34:     0x55fcbce30e16 - core::ops::function::FnOnce::call_once::h0dddfb08e5c9d148
[INFO] [stdout]                                at /rustc/0e09125c6c3c2fd70d7de961bcf0e51575235fad/library/core/src/ops/function.rs:250:5
[INFO] [stdout]   35:     0x55fcbceaa4af - core::ops::function::FnOnce::call_once::hd64d26f405258157
[INFO] [stdout]                                at /rustc/0e09125c6c3c2fd70d7de961bcf0e51575235fad/library/core/src/ops/function.rs:250:5
[INFO] [stdout]   36:     0x55fcbceaa4af - test::__rust_begin_short_backtrace::he21b0b7a6d731bf9
[INFO] [stdout]                                at /rustc/0e09125c6c3c2fd70d7de961bcf0e51575235fad/library/test/src/lib.rs:627:18
[INFO] [stdout]   37:     0x55fcbcea9231 - test::run_test_in_process::{{closure}}::hf5c73986d7bdfde2
[INFO] [stdout]                                at /rustc/0e09125c6c3c2fd70d7de961bcf0e51575235fad/library/test/src/lib.rs:650:60
[INFO] [stdout]   38:     0x55fcbcea9231 - <core::panic::unwind_safe::AssertUnwindSafe<F> as core::ops::function::FnOnce<()>>::call_once::h330011ad032aadc0
[INFO] [stdout]                                at /rustc/0e09125c6c3c2fd70d7de961bcf0e51575235fad/library/core/src/panic/unwind_safe.rs:272:9
[INFO] [stdout]   39:     0x55fcbcea9231 - std::panicking::try::do_call::he61b0a958b795a41
[INFO] [stdout]                                at /rustc/0e09125c6c3c2fd70d7de961bcf0e51575235fad/library/std/src/panicking.rs:552:40
[INFO] [stdout]   40:     0x55fcbcea9231 - std::panicking::try::h7309da130f906eb7
[INFO] [stdout]                                at /rustc/0e09125c6c3c2fd70d7de961bcf0e51575235fad/library/std/src/panicking.rs:516:19
[INFO] [stdout]   41:     0x55fcbcea9231 - std::panic::catch_unwind::hc5c3a06fdaf0a92a
[INFO] [stdout]                                at /rustc/0e09125c6c3c2fd70d7de961bcf0e51575235fad/library/std/src/panic.rs:142:14
[INFO] [stdout]   42:     0x55fcbcea9231 - test::run_test_in_process::h7e7b7c71c3324e0f
[INFO] [stdout]                                at /rustc/0e09125c6c3c2fd70d7de961bcf0e51575235fad/library/test/src/lib.rs:650:27
[INFO] [stdout]   43:     0x55fcbcea9231 - test::run_test::{{closure}}::h1f509f28f5cf20b1
[INFO] [stdout]                                at /rustc/0e09125c6c3c2fd70d7de961bcf0e51575235fad/library/test/src/lib.rs:573:43
[INFO] [stdout]   44:     0x55fcbce70566 - test::run_test::{{closure}}::h1754218abf443f6d
[INFO] [stdout]                                at /rustc/0e09125c6c3c2fd70d7de961bcf0e51575235fad/library/test/src/lib.rs:601:41
[INFO] [stdout]   45:     0x55fcbce70566 - std::sys_common::backtrace::__rust_begin_short_backtrace::h2ee174b9d5954948
[INFO] [stdout]                                at /rustc/0e09125c6c3c2fd70d7de961bcf0e51575235fad/library/std/src/sys_common/backtrace.rs:155:18
[INFO] [stdout]   46:     0x55fcbce755c7 - std::thread::Builder::spawn_unchecked_::{{closure}}::{{closure}}::hf60bee9c1a17ef09
[INFO] [stdout]                                at /rustc/0e09125c6c3c2fd70d7de961bcf0e51575235fad/library/std/src/thread/mod.rs:529:17
[INFO] [stdout]   47:     0x55fcbce755c7 - <core::panic::unwind_safe::AssertUnwindSafe<F> as core::ops::function::FnOnce<()>>::call_once::h33d0dddec5216160
[INFO] [stdout]                                at /rustc/0e09125c6c3c2fd70d7de961bcf0e51575235fad/library/core/src/panic/unwind_safe.rs:272:9
[INFO] [stdout]   48:     0x55fcbce755c7 - std::panicking::try::do_call::h144b3048b546f835
[INFO] [stdout]                                at /rustc/0e09125c6c3c2fd70d7de961bcf0e51575235fad/library/std/src/panicking.rs:552:40
[INFO] [stdout]   49:     0x55fcbce755c7 - std::panicking::try::h978244d04646189f
[INFO] [stdout]                                at /rustc/0e09125c6c3c2fd70d7de961bcf0e51575235fad/library/std/src/panicking.rs:516:19
[INFO] [stdout]   50:     0x55fcbce755c7 - std::panic::catch_unwind::hdf436369d188fe86
[INFO] [stdout]                                at /rustc/0e09125c6c3c2fd70d7de961bcf0e51575235fad/library/std/src/panic.rs:142:14
[INFO] [stdout]   51:     0x55fcbce755c7 - std::thread::Builder::spawn_unchecked_::{{closure}}::h87329cbdd33c79ec
[INFO] [stdout]                                at /rustc/0e09125c6c3c2fd70d7de961bcf0e51575235fad/library/std/src/thread/mod.rs:528:30
[INFO] [stdout]   52:     0x55fcbce755c7 - core::ops::function::FnOnce::call_once{{vtable.shim}}::h401abbe67897d450
[INFO] [stdout]                                at /rustc/0e09125c6c3c2fd70d7de961bcf0e51575235fad/library/core/src/ops/function.rs:250:5
[INFO] [stdout]   53:     0x55fcbd190c45 - <alloc::boxed::Box<F,A> as core::ops::function::FnOnce<Args>>::call_once::h5d7c8f150ab9c84c
[INFO] [stdout]                                at /rustc/0e09125c6c3c2fd70d7de961bcf0e51575235fad/library/alloc/src/boxed.rs:2015:9
[INFO] [stdout]   54:     0x55fcbd190c45 - <alloc::boxed::Box<F,A> as core::ops::function::FnOnce<Args>>::call_once::h570d5b005c242c15
[INFO] [stdout]                                at /rustc/0e09125c6c3c2fd70d7de961bcf0e51575235fad/library/alloc/src/boxed.rs:2015:9
[INFO] [stdout]   55:     0x55fcbd190c45 - std::sys::unix::thread::Thread::new::thread_start::h36b0a20c0b2361ad
[INFO] [stdout]                                at /rustc/0e09125c6c3c2fd70d7de961bcf0e51575235fad/library/std/src/sys/unix/thread.rs:108:17
[INFO] [stdout]   56:     0x7f39ad2d8ac3 - <unknown>
[INFO] [stdout]   57:     0x7f39ad369bf4 - __clone
[INFO] [stdout]   58:                0x0 - <unknown>
[INFO] [stdout] 
[INFO] [stdout] ---- test::daemon::can_config stdout ----
[INFO] [stdout] Launching IPFS...
[INFO] [stdout] thread 'test::daemon::can_config' panicked at src/ipfs/daemon.rs:51:33:
[INFO] [stdout] Failed to start IPFS daemon: No such file or directory (os error 2)
[INFO] [stdout]  This error may be because the Kubo binary is not on your PATH.
[INFO] [stdout] stack backtrace:
[INFO] [stdout]    0:     0x55fcbd189686 - std::backtrace_rs::backtrace::libunwind::trace::h261606ad26a499c1
[INFO] [stdout]                                at /rustc/0e09125c6c3c2fd70d7de961bcf0e51575235fad/library/std/src/../../backtrace/src/backtrace/libunwind.rs:104:5
[INFO] [stdout]    1:     0x55fcbd189686 - std::backtrace_rs::backtrace::trace_unsynchronized::hd183f0625477fb28
[INFO] [stdout]                                at /rustc/0e09125c6c3c2fd70d7de961bcf0e51575235fad/library/std/src/../../backtrace/src/backtrace/mod.rs:66:5
[INFO] [stdout]    2:     0x55fcbd189686 - std::sys_common::backtrace::_print_fmt::hd7f8fef21b4eda67
[INFO] [stdout]                                at /rustc/0e09125c6c3c2fd70d7de961bcf0e51575235fad/library/std/src/sys_common/backtrace.rs:68:5
[INFO] [stdout]    3:     0x55fcbd189686 - <std::sys_common::backtrace::_print::DisplayBacktrace as core::fmt::Display>::fmt::h623d9b51f2f453f1
[INFO] [stdout]                                at /rustc/0e09125c6c3c2fd70d7de961bcf0e51575235fad/library/std/src/sys_common/backtrace.rs:44:22
[INFO] [stdout]    4:     0x55fcbd1b5b00 - core::fmt::rt::Argument::fmt::h9f417ac76a86f368
[INFO] [stdout]                                at /rustc/0e09125c6c3c2fd70d7de961bcf0e51575235fad/library/core/src/fmt/rt.rs:142:9
[INFO] [stdout]    5:     0x55fcbd1b5b00 - core::fmt::write::hc9b6faf4ac2aeff7
[INFO] [stdout]                                at /rustc/0e09125c6c3c2fd70d7de961bcf0e51575235fad/library/core/src/fmt/mod.rs:1120:17
[INFO] [stdout]    6:     0x55fcbd1863af - std::io::Write::write_fmt::he04625a3a989fec3
[INFO] [stdout]                                at /rustc/0e09125c6c3c2fd70d7de961bcf0e51575235fad/library/std/src/io/mod.rs:1810:15
[INFO] [stdout]    7:     0x55fcbd189464 - std::sys_common::backtrace::_print::hd5d66399c7df88a2
[INFO] [stdout]                                at /rustc/0e09125c6c3c2fd70d7de961bcf0e51575235fad/library/std/src/sys_common/backtrace.rs:47:5
[INFO] [stdout]    8:     0x55fcbd189464 - std::sys_common::backtrace::print::he81ed2da642d37e5
[INFO] [stdout]                                at /rustc/0e09125c6c3c2fd70d7de961bcf0e51575235fad/library/std/src/sys_common/backtrace.rs:34:9
[INFO] [stdout]    9:     0x55fcbd18b1d7 - std::panicking::default_hook::{{closure}}::h85773f4fa117163d
[INFO] [stdout]   10:     0x55fcbd18aebd - std::panicking::default_hook::h6a1694a91d09b278
[INFO] [stdout]                                at /rustc/0e09125c6c3c2fd70d7de961bcf0e51575235fad/library/std/src/panicking.rs:289:9
[INFO] [stdout]   11:     0x55fcbcea4bd7 - <alloc::boxed::Box<F,A> as core::ops::function::Fn<Args>>::call::h616ac37fa3cd6c8f
[INFO] [stdout]                                at /rustc/0e09125c6c3c2fd70d7de961bcf0e51575235fad/library/alloc/src/boxed.rs:2029:9
[INFO] [stdout]   12:     0x55fcbcea4bd7 - test::test_main::{{closure}}::h00d84697cefdcbb6
[INFO] [stdout]                                at /rustc/0e09125c6c3c2fd70d7de961bcf0e51575235fad/library/test/src/lib.rs:138:21
[INFO] [stdout]   13:     0x55fcbd18b7f6 - <alloc::boxed::Box<F,A> as core::ops::function::Fn<Args>>::call::hcb3fe3b9bb537ba8
[INFO] [stdout]                                at /rustc/0e09125c6c3c2fd70d7de961bcf0e51575235fad/library/alloc/src/boxed.rs:2029:9
[INFO] [stdout]   14:     0x55fcbd18b7f6 - std::panicking::rust_panic_with_hook::h0a7ad96e90f7145b
[INFO] [stdout]                                at /rustc/0e09125c6c3c2fd70d7de961bcf0e51575235fad/library/std/src/panicking.rs:783:13
[INFO] [stdout]   15:     0x55fcbd18b542 - std::panicking::begin_panic_handler::{{closure}}::h7919090525c6485e
[INFO] [stdout]                                at /rustc/0e09125c6c3c2fd70d7de961bcf0e51575235fad/library/std/src/panicking.rs:657:13
[INFO] [stdout]   16:     0x55fcbd189b86 - std::sys_common::backtrace::__rust_end_short_backtrace::hf3289479464f7dfe
[INFO] [stdout]                                at /rustc/0e09125c6c3c2fd70d7de961bcf0e51575235fad/library/std/src/sys_common/backtrace.rs:171:18
[INFO] [stdout]   17:     0x55fcbd18b2a0 - rust_begin_unwind
[INFO] [stdout]                                at /rustc/0e09125c6c3c2fd70d7de961bcf0e51575235fad/library/std/src/panicking.rs:645:5
[INFO] [stdout]   18:     0x55fcbccaf5b5 - core::panicking::panic_fmt::hcc9f77c5c132af55
[INFO] [stdout]                                at /rustc/0e09125c6c3c2fd70d7de961bcf0e51575235fad/library/core/src/panicking.rs:72:14
[INFO] [stdout]   19:     0x55fcbcd959fa - fission::ipfs::daemon::IpfsDaemon::launch::{{closure}}::{{closure}}::haa14374d76547ec5
[INFO] [stdout]                                at /opt/rustwide/workdir/src/ipfs/daemon.rs:51:33
[INFO] [stdout]   20:     0x55fcbce218f6 - core::result::Result<T,E>::unwrap_or_else::h009aafe998f4a665
[INFO] [stdout]                                at /rustc/0e09125c6c3c2fd70d7de961bcf0e51575235fad/library/core/src/result.rs:1426:23
[INFO] [stdout]   21:     0x55fcbcd953c7 - fission::ipfs::daemon::IpfsDaemon::launch::{{closure}}::hb1ee0aa2d54a675b
[INFO] [stdout]                                at /opt/rustwide/workdir/src/ipfs/daemon.rs:46:9
[INFO] [stdout]   22:     0x55fcbcd86419 - futures_executor::local_pool::block_on::{{closure}}::h4ef4ea919cd668cc
[INFO] [stdout]                                at /opt/rustwide/cargo-home/registry/src/index.crates.io-6f17d22bba15001f/futures-executor-0.3.25/src/local_pool.rs:317:23
[INFO] [stdout]   23:     0x55fcbcd85d23 - futures_executor::local_pool::run_executor::{{closure}}::hd0b2c378003691bd
[INFO] [stdout]                                at /opt/rustwide/cargo-home/registry/src/index.crates.io-6f17d22bba15001f/futures-executor-0.3.25/src/local_pool.rs:90:37
[INFO] [stdout]   24:     0x55fcbcd6e5ad - std::thread::local::LocalKey<T>::try_with::hc92e2052eb66ace0
[INFO] [stdout]                                at /rustc/0e09125c6c3c2fd70d7de961bcf0e51575235fad/library/std/src/thread/local.rs:270:16
[INFO] [stdout]   25:     0x55fcbcd6a123 - std::thread::local::LocalKey<T>::with::hdff53750ef13c2e0
[INFO] [stdout]                                at /rustc/0e09125c6c3c2fd70d7de961bcf0e51575235fad/library/std/src/thread/local.rs:246:9
[INFO] [stdout]   26:     0x55fcbcd85865 - futures_executor::local_pool::run_executor::h77402beacdca2c72
[INFO] [stdout]                                at /opt/rustwide/cargo-home/registry/src/index.crates.io-6f17d22bba15001f/futures-executor-0.3.25/src/local_pool.rs:86:5
[INFO] [stdout]   27:     0x55fcbcd86238 - futures_executor::local_pool::block_on::hb0c8aae825d094ae
[INFO] [stdout]                                at /opt/rustwide/cargo-home/registry/src/index.crates.io-6f17d22bba15001f/futures-executor-0.3.25/src/local_pool.rs:317:5
[INFO] [stdout]   28:     0x55fcbcd97f34 - fission::test::daemon::run_ipfs_test::h0cfabf73ed0472c5
[INFO] [stdout]                                at /opt/rustwide/workdir/src/test/daemon.rs:23:5
[INFO] [stdout]   29:     0x55fcbcd9c95c - fission::test::daemon::can_config::{{closure}}::h2773ce421294fa68
[INFO] [stdout]                                at /opt/rustwide/workdir/src/test/daemon.rs:104:5
[INFO] [stdout]   30:     0x55fcbce3111e - core::ops::function::FnOnce::call_once::h1b0413860349b084
[INFO] [stdout]                                at /rustc/0e09125c6c3c2fd70d7de961bcf0e51575235fad/library/core/src/ops/function.rs:250:5
[INFO] [stdout]   31:     0x55fcbceb556e - serial_test::serial_code_lock::local_serial_core::hfdbd37dea202c2a2
[INFO] [stdout]                                at /opt/rustwide/cargo-home/registry/src/index.crates.io-6f17d22bba15001f/serial_test-0.9.0/src/serial_code_lock.rs:27:5
[INFO] [stdout]   32:     0x55fcbcd9c8cd - fission::test::daemon::can_config::hdf196396e23561aa
[INFO] [stdout]                                at /opt/rustwide/workdir/src/test/daemon.rs:100:1
[INFO] [stdout]   33:     0x55fcbcd9c887 - fission::test::daemon::can_config::{{closure}}::hef77ec9083a72be7
[INFO] [stdout]                                at /opt/rustwide/workdir/src/test/daemon.rs:101:16
[INFO] [stdout]   34:     0x55fcbce32826 - core::ops::function::FnOnce::call_once::hbb8093acaa872584
[INFO] [stdout]                                at /rustc/0e09125c6c3c2fd70d7de961bcf0e51575235fad/library/core/src/ops/function.rs:250:5
[INFO] [stdout]   35:     0x55fcbceaa4af - core::ops::function::FnOnce::call_once::hd64d26f405258157
[INFO] [stdout]                                at /rustc/0e09125c6c3c2fd70d7de961bcf0e51575235fad/library/core/src/ops/function.rs:250:5
[INFO] [stdout]   36:     0x55fcbceaa4af - test::__rust_begin_short_backtrace::he21b0b7a6d731bf9
[INFO] [stdout]                                at /rustc/0e09125c6c3c2fd70d7de961bcf0e51575235fad/library/test/src/lib.rs:627:18
[INFO] [stdout]   37:     0x55fcbcea9231 - test::run_test_in_process::{{closure}}::hf5c73986d7bdfde2
[INFO] [stdout]                                at /rustc/0e09125c6c3c2fd70d7de961bcf0e51575235fad/library/test/src/lib.rs:650:60
[INFO] [stdout]   38:     0x55fcbcea9231 - <core::panic::unwind_safe::AssertUnwindSafe<F> as core::ops::function::FnOnce<()>>::call_once::h330011ad032aadc0
[INFO] [stdout]                                at /rustc/0e09125c6c3c2fd70d7de961bcf0e51575235fad/library/core/src/panic/unwind_safe.rs:272:9
[INFO] [stdout]   39:     0x55fcbcea9231 - std::panicking::try::do_call::he61b0a958b795a41
[INFO] [stdout]                                at /rustc/0e09125c6c3c2fd70d7de961bcf0e51575235fad/library/std/src/panicking.rs:552:40
[INFO] [stdout]   40:     0x55fcbcea9231 - std::panicking::try::h7309da130f906eb7
[INFO] [stdout]                                at /rustc/0e09125c6c3c2fd70d7de961bcf0e51575235fad/library/std/src/panicking.rs:516:19
[INFO] [stdout]   41:     0x55fcbcea9231 - std::panic::catch_unwind::hc5c3a06fdaf0a92a
[INFO] [stdout]                                at /rustc/0e09125c6c3c2fd70d7de961bcf0e51575235fad/library/std/src/panic.rs:142:14
[INFO] [stdout]   42:     0x55fcbcea9231 - test::run_test_in_process::h7e7b7c71c3324e0f
[INFO] [stdout]                                at /rustc/0e09125c6c3c2fd70d7de961bcf0e51575235fad/library/test/src/lib.rs:650:27
[INFO] [stdout]   43:     0x55fcbcea9231 - test::run_test::{{closure}}::h1f509f28f5cf20b1
[INFO] [stdout]                                at /rustc/0e09125c6c3c2fd70d7de961bcf0e51575235fad/library/test/src/lib.rs:573:43
[INFO] [stdout]   44:     0x55fcbce70566 - test::run_test::{{closure}}::h1754218abf443f6d
[INFO] [stdout]                                at /rustc/0e09125c6c3c2fd70d7de961bcf0e51575235fad/library/test/src/lib.rs:601:41
[INFO] [stdout]   45:     0x55fcbce70566 - std::sys_common::backtrace::__rust_begin_short_backtrace::h2ee174b9d5954948
[INFO] [stdout]                                at /rustc/0e09125c6c3c2fd70d7de961bcf0e51575235fad/library/std/src/sys_common/backtrace.rs:155:18
[INFO] [stdout]   46:     0x55fcbce755c7 - std::thread::Builder::spawn_unchecked_::{{closure}}::{{closure}}::hf60bee9c1a17ef09
[INFO] [stdout]                                at /rustc/0e09125c6c3c2fd70d7de961bcf0e51575235fad/library/std/src/thread/mod.rs:529:17
[INFO] [stdout]   47:     0x55fcbce755c7 - <core::panic::unwind_safe::AssertUnwindSafe<F> as core::ops::function::FnOnce<()>>::call_once::h33d0dddec5216160
[INFO] [stdout]                                at /rustc/0e09125c6c3c2fd70d7de961bcf0e51575235fad/library/core/src/panic/unwind_safe.rs:272:9
[INFO] [stdout]   48:     0x55fcbce755c7 - std::panicking::try::do_call::h144b3048b546f835
[INFO] [stdout]                                at /rustc/0e09125c6c3c2fd70d7de961bcf0e51575235fad/library/std/src/panicking.rs:552:40
[INFO] [stdout]   49:     0x55fcbce755c7 - std::panicking::try::h978244d04646189f
[INFO] [stdout]                                at /rustc/0e09125c6c3c2fd70d7de961bcf0e51575235fad/library/std/src/panicking.rs:516:19
[INFO] [stdout]   50:     0x55fcbce755c7 - std::panic::catch_unwind::hdf436369d188fe86
[INFO] [stdout]                                at /rustc/0e09125c6c3c2fd70d7de961bcf0e51575235fad/library/std/src/panic.rs:142:14
[INFO] [stdout]   51:     0x55fcbce755c7 - std::thread::Builder::spawn_unchecked_::{{closure}}::h87329cbdd33c79ec
[INFO] [stdout]                                at /rustc/0e09125c6c3c2fd70d7de961bcf0e51575235fad/library/std/src/thread/mod.rs:528:30
[INFO] [stdout]   52:     0x55fcbce755c7 - core::ops::function::FnOnce::call_once{{vtable.shim}}::h401abbe67897d450
[INFO] [stdout]                                at /rustc/0e09125c6c3c2fd70d7de961bcf0e51575235fad/library/core/src/ops/function.rs:250:5
[INFO] [stdout]   53:     0x55fcbd190c45 - <alloc::boxed::Box<F,A> as core::ops::function::FnOnce<Args>>::call_once::h5d7c8f150ab9c84c
[INFO] [stdout]                                at /rustc/0e09125c6c3c2fd70d7de961bcf0e51575235fad/library/alloc/src/boxed.rs:2015:9
[INFO] [stdout]   54:     0x55fcbd190c45 - <alloc::boxed::Box<F,A> as core::ops::function::FnOnce<Args>>::call_once::h570d5b005c242c15
[INFO] [stdout]                                at /rustc/0e09125c6c3c2fd70d7de961bcf0e51575235fad/library/alloc/src/boxed.rs:2015:9
[INFO] [stdout]   55:     0x55fcbd190c45 - std::sys::unix::thread::Thread::new::thread_start::h36b0a20c0b2361ad
[INFO] [stdout]                                at /rustc/0e09125c6c3c2fd70d7de961bcf0e51575235fad/library/std/src/sys/unix/thread.rs:108:17
[INFO] [stdout]   56:     0x7f39ad2d8ac3 - <unknown>
[INFO] [stdout]   57:     0x7f39ad369bf4 - __clone
[INFO] [stdout]   58:                0x0 - <unknown>
[INFO] [stdout] 
[INFO] [stdout] ---- test::daemon::can_connect stdout ----
[INFO] [stdout] Launching IPFS...
[INFO] [stdout] thread 'test::daemon::can_connect' panicked at src/ipfs/daemon.rs:51:33:
[INFO] [stdout] Failed to start IPFS daemon: No such file or directory (os error 2)
[INFO] [stdout]  This error may be because the Kubo binary is not on your PATH.
[INFO] [stdout] stack backtrace:
[INFO] [stdout]    0:     0x55fcbd189686 - std::backtrace_rs::backtrace::libunwind::trace::h261606ad26a499c1
[INFO] [stdout]                                at /rustc/0e09125c6c3c2fd70d7de961bcf0e51575235fad/library/std/src/../../backtrace/src/backtrace/libunwind.rs:104:5
[INFO] [stdout]    1:     0x55fcbd189686 - std::backtrace_rs::backtrace::trace_unsynchronized::hd183f0625477fb28
[INFO] [stdout]                                at /rustc/0e09125c6c3c2fd70d7de961bcf0e51575235fad/library/std/src/../../backtrace/src/backtrace/mod.rs:66:5
[INFO] [stdout]    2:     0x55fcbd189686 - std::sys_common::backtrace::_print_fmt::hd7f8fef21b4eda67
[INFO] [stdout]                                at /rustc/0e09125c6c3c2fd70d7de961bcf0e51575235fad/library/std/src/sys_common/backtrace.rs:68:5
[INFO] [stdout]    3:     0x55fcbd189686 - <std::sys_common::backtrace::_print::DisplayBacktrace as core::fmt::Display>::fmt::h623d9b51f2f453f1
[INFO] [stdout]                                at /rustc/0e09125c6c3c2fd70d7de961bcf0e51575235fad/library/std/src/sys_common/backtrace.rs:44:22
[INFO] [stdout]    4:     0x55fcbd1b5b00 - core::fmt::rt::Argument::fmt::h9f417ac76a86f368
[INFO] [stdout]                                at /rustc/0e09125c6c3c2fd70d7de961bcf0e51575235fad/library/core/src/fmt/rt.rs:142:9
[INFO] [stdout]    5:     0x55fcbd1b5b00 - core::fmt::write::hc9b6faf4ac2aeff7
[INFO] [stdout]                                at /rustc/0e09125c6c3c2fd70d7de961bcf0e51575235fad/library/core/src/fmt/mod.rs:1120:17
[INFO] [stdout]    6:     0x55fcbd1863af - std::io::Write::write_fmt::he04625a3a989fec3
[INFO] [stdout]                                at /rustc/0e09125c6c3c2fd70d7de961bcf0e51575235fad/library/std/src/io/mod.rs:1810:15
[INFO] [stdout]    7:     0x55fcbd189464 - std::sys_common::backtrace::_print::hd5d66399c7df88a2
[INFO] [stdout]                                at /rustc/0e09125c6c3c2fd70d7de961bcf0e51575235fad/library/std/src/sys_common/backtrace.rs:47:5
[INFO] [stdout]    8:     0x55fcbd189464 - std::sys_common::backtrace::print::he81ed2da642d37e5
[INFO] [stdout]                                at /rustc/0e09125c6c3c2fd70d7de961bcf0e51575235fad/library/std/src/sys_common/backtrace.rs:34:9
[INFO] [stdout]    9:     0x55fcbd18b1d7 - std::panicking::default_hook::{{closure}}::h85773f4fa117163d
[INFO] [stdout]   10:     0x55fcbd18aebd - std::panicking::default_hook::h6a1694a91d09b278
[INFO] [stdout]                                at /rustc/0e09125c6c3c2fd70d7de961bcf0e51575235fad/library/std/src/panicking.rs:289:9
[INFO] [stdout]   11:     0x55fcbcea4bd7 - <alloc::boxed::Box<F,A> as core::ops::function::Fn<Args>>::call::h616ac37fa3cd6c8f
[INFO] [stdout]                                at /rustc/0e09125c6c3c2fd70d7de961bcf0e51575235fad/library/alloc/src/boxed.rs:2029:9
[INFO] [stdout]   12:     0x55fcbcea4bd7 - test::test_main::{{closure}}::h00d84697cefdcbb6
[INFO] [stdout]                                at /rustc/0e09125c6c3c2fd70d7de961bcf0e51575235fad/library/test/src/lib.rs:138:21
[INFO] [stdout]   13:     0x55fcbd18b7f6 - <alloc::boxed::Box<F,A> as core::ops::function::Fn<Args>>::call::hcb3fe3b9bb537ba8
[INFO] [stdout]                                at /rustc/0e09125c6c3c2fd70d7de961bcf0e51575235fad/library/alloc/src/boxed.rs:2029:9
[INFO] [stdout]   14:     0x55fcbd18b7f6 - std::panicking::rust_panic_with_hook::h0a7ad96e90f7145b
[INFO] [stdout]                                at /rustc/0e09125c6c3c2fd70d7de961bcf0e51575235fad/library/std/src/panicking.rs:783:13
[INFO] [stdout]   15:     0x55fcbd18b542 - std::panicking::begin_panic_handler::{{closure}}::h7919090525c6485e
[INFO] [stdout]                                at /rustc/0e09125c6c3c2fd70d7de961bcf0e51575235fad/library/std/src/panicking.rs:657:13
[INFO] [stdout]   16:     0x55fcbd189b86 - std::sys_common::backtrace::__rust_end_short_backtrace::hf3289479464f7dfe
[INFO] [stdout]                                at /rustc/0e09125c6c3c2fd70d7de961bcf0e51575235fad/library/std/src/sys_common/backtrace.rs:171:18
[INFO] [stdout]   17:     0x55fcbd18b2a0 - rust_begin_unwind
[INFO] [stdout]                                at /rustc/0e09125c6c3c2fd70d7de961bcf0e51575235fad/library/std/src/panicking.rs:645:5
[INFO] [stdout]   18:     0x55fcbccaf5b5 - core::panicking::panic_fmt::hcc9f77c5c132af55
[INFO] [stdout]                                at /rustc/0e09125c6c3c2fd70d7de961bcf0e51575235fad/library/core/src/panicking.rs:72:14
[INFO] [stdout]   19:     0x55fcbcd959fa - fission::ipfs::daemon::IpfsDaemon::launch::{{closure}}::{{closure}}::haa14374d76547ec5
[INFO] [stdout]                                at /opt/rustwide/workdir/src/ipfs/daemon.rs:51:33
[INFO] [stdout]   20:     0x55fcbce218f6 - core::result::Result<T,E>::unwrap_or_else::h009aafe998f4a665
[INFO] [stdout]                                at /rustc/0e09125c6c3c2fd70d7de961bcf0e51575235fad/library/core/src/result.rs:1426:23
[INFO] [stdout]   21:     0x55fcbcd953c7 - fission::ipfs::daemon::IpfsDaemon::launch::{{closure}}::hb1ee0aa2d54a675b
[INFO] [stdout]                                at /opt/rustwide/workdir/src/ipfs/daemon.rs:46:9
[INFO] [stdout]   22:     0x55fcbcd86419 - futures_executor::local_pool::block_on::{{closure}}::h4ef4ea919cd668cc
[INFO] [stdout]                                at /opt/rustwide/cargo-home/registry/src/index.crates.io-6f17d22bba15001f/futures-executor-0.3.25/src/local_pool.rs:317:23
[INFO] [stdout]   23:     0x55fcbcd85d23 - futures_executor::local_pool::run_executor::{{closure}}::hd0b2c378003691bd
[INFO] [stdout]                                at /opt/rustwide/cargo-home/registry/src/index.crates.io-6f17d22bba15001f/futures-executor-0.3.25/src/local_pool.rs:90:37
[INFO] [stdout]   24:     0x55fcbcd6e5ad - std::thread::local::LocalKey<T>::try_with::hc92e2052eb66ace0
[INFO] [stdout]                                at /rustc/0e09125c6c3c2fd70d7de961bcf0e51575235fad/library/std/src/thread/local.rs:270:16
[INFO] [stdout]   25:     0x55fcbcd6a123 - std::thread::local::LocalKey<T>::with::hdff53750ef13c2e0
[INFO] [stdout]                                at /rustc/0e09125c6c3c2fd70d7de961bcf0e51575235fad/library/std/src/thread/local.rs:246:9
[INFO] [stdout]   26:     0x55fcbcd85865 - futures_executor::local_pool::run_executor::h77402beacdca2c72
[INFO] [stdout]                                at /opt/rustwide/cargo-home/registry/src/index.crates.io-6f17d22bba15001f/futures-executor-0.3.25/src/local_pool.rs:86:5
[INFO] [stdout]   27:     0x55fcbcd86238 - futures_executor::local_pool::block_on::hb0c8aae825d094ae
[INFO] [stdout]                                at /opt/rustwide/cargo-home/registry/src/index.crates.io-6f17d22bba15001f/futures-executor-0.3.25/src/local_pool.rs:317:5
[INFO] [stdout]   28:     0x55fcbcd98239 - fission::test::daemon::run_ipfs_test::hb01a008080124a1b
[INFO] [stdout]                                at /opt/rustwide/workdir/src/test/daemon.rs:23:5
[INFO] [stdout]   29:     0x55fcbcd9cc71 - fission::test::daemon::can_connect::{{closure}}::hc0df0b93854afc8a
[INFO] [stdout]                                at /opt/rustwide/workdir/src/test/daemon.rs:116:5
[INFO] [stdout]   30:     0x55fcbce321be - core::ops::function::FnOnce::call_once::h8f6aa9b970ec1eb5
[INFO] [stdout]                                at /rustc/0e09125c6c3c2fd70d7de961bcf0e51575235fad/library/core/src/ops/function.rs:250:5
[INFO] [stdout]   31:     0x55fcbceb556e - serial_test::serial_code_lock::local_serial_core::hfdbd37dea202c2a2
[INFO] [stdout]                                at /opt/rustwide/cargo-home/registry/src/index.crates.io-6f17d22bba15001f/serial_test-0.9.0/src/serial_code_lock.rs:27:5
[INFO] [stdout]   32:     0x55fcbcd9cc1d - fission::test::daemon::can_connect::h0fdb9aea8ff53fea
[INFO] [stdout]                                at /opt/rustwide/workdir/src/test/daemon.rs:113:1
[INFO] [stdout]   33:     0x55fcbcd9cbd7 - fission::test::daemon::can_connect::{{closure}}::h5be960c19d9793e9
[INFO] [stdout]                                at /opt/rustwide/workdir/src/test/daemon.rs:114:17
[INFO] [stdout]   34:     0x55fcbce31556 - core::ops::function::FnOnce::call_once::h4136046bd42030bd
[INFO] [stdout]                                at /rustc/0e09125c6c3c2fd70d7de961bcf0e51575235fad/library/core/src/ops/function.rs:250:5
[INFO] [stdout]   35:     0x55fcbceaa4af - core::ops::function::FnOnce::call_once::hd64d26f405258157
[INFO] [stdout]                                at /rustc/0e09125c6c3c2fd70d7de961bcf0e51575235fad/library/core/src/ops/function.rs:250:5
[INFO] [stdout]   36:     0x55fcbceaa4af - test::__rust_begin_short_backtrace::he21b0b7a6d731bf9
[INFO] [stdout]                                at /rustc/0e09125c6c3c2fd70d7de961bcf0e51575235fad/library/test/src/lib.rs:627:18
[INFO] [stdout]   37:     0x55fcbcea9231 - test::run_test_in_process::{{closure}}::hf5c73986d7bdfde2
[INFO] [stdout]                                at /rustc/0e09125c6c3c2fd70d7de961bcf0e51575235fad/library/test/src/lib.rs:650:60
[INFO] [stdout]   38:     0x55fcbcea9231 - <core::panic::unwind_safe::AssertUnwindSafe<F> as core::ops::function::FnOnce<()>>::call_once::h330011ad032aadc0
[INFO] [stdout]                                at /rustc/0e09125c6c3c2fd70d7de961bcf0e51575235fad/library/core/src/panic/unwind_safe.rs:272:9
[INFO] [stdout]   39:     0x55fcbcea9231 - std::panicking::try::do_call::he61b0a958b795a41
[INFO] [stdout]                                at /rustc/0e09125c6c3c2fd70d7de961bcf0e51575235fad/library/std/src/panicking.rs:552:40
[INFO] [stdout]   40:     0x55fcbcea9231 - std::panicking::try::h7309da130f906eb7
[INFO] [stdout]                                at /rustc/0e09125c6c3c2fd70d7de961bcf0e51575235fad/library/std/src/panicking.rs:516:19
[INFO] [stdout]   41:     0x55fcbcea9231 - std::panic::catch_unwind::hc5c3a06fdaf0a92a
[INFO] [stdout]                                at /rustc/0e09125c6c3c2fd70d7de961bcf0e51575235fad/library/std/src/panic.rs:142:14
[INFO] [stdout]   42:     0x55fcbcea9231 - test::run_test_in_process::h7e7b7c71c3324e0f
[INFO] [stdout]                                at /rustc/0e09125c6c3c2fd70d7de961bcf0e51575235fad/library/test/src/lib.rs:650:27
[INFO] [stdout]   43:     0x55fcbcea9231 - test::run_test::{{closure}}::h1f509f28f5cf20b1
[INFO] [stdout]                                at /rustc/0e09125c6c3c2fd70d7de961bcf0e51575235fad/library/test/src/lib.rs:573:43
[INFO] [stdout]   44:     0x55fcbce70566 - test::run_test::{{closure}}::h1754218abf443f6d
[INFO] [stdout]                                at /rustc/0e09125c6c3c2fd70d7de961bcf0e51575235fad/library/test/src/lib.rs:601:41
[INFO] [stdout]   45:     0x55fcbce70566 - std::sys_common::backtrace::__rust_begin_short_backtrace::h2ee174b9d5954948
[INFO] [stdout]                                at /rustc/0e09125c6c3c2fd70d7de961bcf0e51575235fad/library/std/src/sys_common/backtrace.rs:155:18
[INFO] [stdout]   46:     0x55fcbce755c7 - std::thread::Builder::spawn_unchecked_::{{closure}}::{{closure}}::hf60bee9c1a17ef09
[INFO] [stdout]                                at /rustc/0e09125c6c3c2fd70d7de961bcf0e51575235fad/library/std/src/thread/mod.rs:529:17
[INFO] [stdout]   47:     0x55fcbce755c7 - <core::panic::unwind_safe::AssertUnwindSafe<F> as core::ops::function::FnOnce<()>>::call_once::h33d0dddec5216160
[INFO] [stdout]                                at /rustc/0e09125c6c3c2fd70d7de961bcf0e51575235fad/library/core/src/panic/unwind_safe.rs:272:9
[INFO] [stdout]   48:     0x55fcbce755c7 - std::panicking::try::do_call::h144b3048b546f835
[INFO] [stdout]                                at /rustc/0e09125c6c3c2fd70d7de961bcf0e51575235fad/library/std/src/panicking.rs:552:40
[INFO] [stdout]   49:     0x55fcbce755c7 - std::panicking::try::h978244d04646189f
[INFO] [stdout]                                at /rustc/0e09125c6c3c2fd70d7de961bcf0e51575235fad/library/std/src/panicking.rs:516:19
[INFO] [stdout]   50:     0x55fcbce755c7 - std::panic::catch_unwind::hdf436369d188fe86
[INFO] [stdout]                                at /rustc/0e09125c6c3c2fd70d7de961bcf0e51575235fad/library/std/src/panic.rs:142:14
[INFO] [stdout]   51:     0x55fcbce755c7 - std::thread::Builder::spawn_unchecked_::{{closure}}::h87329cbdd33c79ec
[INFO] [stdout]                                at /rustc/0e09125c6c3c2fd70d7de961bcf0e51575235fad/library/std/src/thread/mod.rs:528:30
[INFO] [stdout]   52:     0x55fcbce755c7 - core::ops::function::FnOnce::call_once{{vtable.shim}}::h401abbe67897d450
[INFO] [stdout]                                at /rustc/0e09125c6c3c2fd70d7de961bcf0e51575235fad/library/core/src/ops/function.rs:250:5
[INFO] [stdout]   53:     0x55fcbd190c45 - <alloc::boxed::Box<F,A> as core::ops::function::FnOnce<Args>>::call_once::h5d7c8f150ab9c84c
[INFO] [stdout]                                at /rustc/0e09125c6c3c2fd70d7de961bcf0e51575235fad/library/alloc/src/boxed.rs:2015:9
[INFO] [stdout]   54:     0x55fcbd190c45 - <alloc::boxed::Box<F,A> as core::ops::function::FnOnce<Args>>::call_once::h570d5b005c242c15
[INFO] [stdout]                                at /rustc/0e09125c6c3c2fd70d7de961bcf0e51575235fad/library/alloc/src/boxed.rs:2015:9
[INFO] [stdout]   55:     0x55fcbd190c45 - std::sys::unix::thread::Thread::new::thread_start::h36b0a20c0b2361ad
[INFO] [stdout]                                at /rustc/0e09125c6c3c2fd70d7de961bcf0e51575235fad/library/std/src/sys/unix/thread.rs:108:17
[INFO] [stdout]   56:     0x7f39ad2d8ac3 - <unknown>
[INFO] [stdout]   57:     0x7f39ad369bf4 - __clone
[INFO] [stdout]   58:                0x0 - <unknown>
[INFO] [stdout] 
[INFO] [stdout] 
[INFO] [stdout] failures:
[INFO] [stdout]     test::daemon::can_add_directory
[INFO] [stdout]     test::daemon::can_add_file
[INFO] [stdout]     test::daemon::can_config
[INFO] [stdout]     test::daemon::can_connect
[INFO] [stdout] 
[INFO] [stdout] test result: FAILED. 0 passed; 4 failed; 0 ignored; 0 measured; 0 filtered out; finished in 0.04s
[INFO] [stdout] 
[INFO] [stderr] error: test failed, to rerun pass `--lib`
[INFO] running `Command { std: "docker" "inspect" "40fb7f05c95a2e29d0ad707917b06355b3203515f15f4d5a7ba25d40033f7442", kill_on_drop: false }`
[INFO] running `Command { std: "docker" "rm" "-f" "40fb7f05c95a2e29d0ad707917b06355b3203515f15f4d5a7ba25d40033f7442", kill_on_drop: false }`
[INFO] [stdout] 40fb7f05c95a2e29d0ad707917b06355b3203515f15f4d5a7ba25d40033f7442
