[INFO] cloning repository https://github.com/fernandobatels/location2gpx
[INFO] running `Command { std: "git" "-c" "credential.helper=" "-c" "credential.helper=/workspace/cargo-home/bin/git-credential-null" "clone" "--bare" "https://github.com/fernandobatels/location2gpx" "/workspace/cache/git-repos/https%3A%2F%2Fgithub.com%2Ffernandobatels%2Flocation2gpx", kill_on_drop: false }`
[INFO] [stderr] Cloning into bare repository '/workspace/cache/git-repos/https%3A%2F%2Fgithub.com%2Ffernandobatels%2Flocation2gpx'...
[INFO] running `Command { std: "git" "rev-parse" "HEAD", kill_on_drop: false }`
[INFO] [stdout] 45db87e9a12f3aa7ac9de19e988291702eff9601
[INFO] testing fernandobatels/location2gpx against 1.75.0 for beta-1.76-1
[INFO] running `Command { std: "git" "clone" "/workspace/cache/git-repos/https%3A%2F%2Fgithub.com%2Ffernandobatels%2Flocation2gpx" "/workspace/builds/worker-7-tc1/source", kill_on_drop: false }`
[INFO] [stderr] Cloning into '/workspace/builds/worker-7-tc1/source'...
[INFO] [stderr] done.
[INFO] validating manifest of git repo https://github.com/fernandobatels/location2gpx on toolchain 1.75.0
[INFO] running `Command { std: CARGO_HOME="/workspace/cargo-home" RUSTUP_HOME="/workspace/rustup-home" "/workspace/cargo-home/bin/cargo" "+1.75.0" "metadata" "--manifest-path" "Cargo.toml" "--no-deps", kill_on_drop: false }`
[INFO] started tweaking git repo https://github.com/fernandobatels/location2gpx
[INFO] finished tweaking git repo https://github.com/fernandobatels/location2gpx
[INFO] tweaked toml for git repo https://github.com/fernandobatels/location2gpx written to /workspace/builds/worker-7-tc1/source/Cargo.toml
[INFO] crate git repo https://github.com/fernandobatels/location2gpx already has a lockfile, it will not be regenerated
[INFO] running `Command { std: CARGO_HOME="/workspace/cargo-home" RUSTUP_HOME="/workspace/rustup-home" "/workspace/cargo-home/bin/cargo" "+1.75.0" "fetch" "--manifest-path" "Cargo.toml", kill_on_drop: false }`
[INFO] [stderr]     Updating crates.io index
[INFO] [stderr]  Downloading crates ...
[INFO] [stderr]   Downloaded argopt v0.3.0
[INFO] [stderr]   Downloaded argopt-impl v0.3.0
[INFO] [stderr]   Downloaded gpx v0.8.6
[INFO] [stderr]   Downloaded geo v0.24.0
[INFO] running `Command { std: "docker" "create" "-v" "/var/lib/crater-agent-workspace/builds/worker-7-tc1/target:/opt/rustwide/target:rw,Z" "-v" "/var/lib/crater-agent-workspace/builds/worker-7-tc1/source:/opt/rustwide/workdir:ro,Z" "-v" "/var/lib/crater-agent-workspace/cargo-home:/opt/rustwide/cargo-home:ro,Z" "-v" "/var/lib/crater-agent-workspace/rustup-home:/opt/rustwide/rustup-home:ro,Z" "-e" "SOURCE_DIR=/opt/rustwide/workdir" "-e" "CARGO_TARGET_DIR=/opt/rustwide/target" "-e" "CARGO_HOME=/opt/rustwide/cargo-home" "-e" "RUSTUP_HOME=/opt/rustwide/rustup-home" "-w" "/opt/rustwide/workdir" "-m" "1610612736" "--user" "0:0" "--network" "none" "ghcr.io/rust-lang/crates-build-env/linux@sha256:2788e3201cd34a07e3172128adcd8b3090168a8e3bcc40d7c032b9dda1df7d1c" "/opt/rustwide/cargo-home/bin/cargo" "+1.75.0" "metadata" "--no-deps" "--format-version=1", kill_on_drop: false }`
[INFO] [stdout] bb4f01614e54e603afbfbfb68f78f1fdababed4c638997dbfecd323535b6846b
[INFO] running `Command { std: "docker" "start" "-a" "bb4f01614e54e603afbfbfb68f78f1fdababed4c638997dbfecd323535b6846b", kill_on_drop: false }`
[INFO] running `Command { std: "docker" "inspect" "bb4f01614e54e603afbfbfb68f78f1fdababed4c638997dbfecd323535b6846b", kill_on_drop: false }`
[INFO] running `Command { std: "docker" "rm" "-f" "bb4f01614e54e603afbfbfb68f78f1fdababed4c638997dbfecd323535b6846b", kill_on_drop: false }`
[INFO] [stdout] bb4f01614e54e603afbfbfb68f78f1fdababed4c638997dbfecd323535b6846b
[INFO] running `Command { std: "docker" "create" "-v" "/var/lib/crater-agent-workspace/builds/worker-7-tc1/target:/opt/rustwide/target:rw,Z" "-v" "/var/lib/crater-agent-workspace/builds/worker-7-tc1/source:/opt/rustwide/workdir:ro,Z" "-v" "/var/lib/crater-agent-workspace/cargo-home:/opt/rustwide/cargo-home:ro,Z" "-v" "/var/lib/crater-agent-workspace/rustup-home:/opt/rustwide/rustup-home:ro,Z" "-e" "SOURCE_DIR=/opt/rustwide/workdir" "-e" "CARGO_TARGET_DIR=/opt/rustwide/target" "-e" "CARGO_INCREMENTAL=0" "-e" "RUST_BACKTRACE=full" "-e" "RUSTFLAGS=--cap-lints=warn" "-e" "RUSTDOCFLAGS=--cap-lints=warn" "-e" "CARGO_HOME=/opt/rustwide/cargo-home" "-e" "RUSTUP_HOME=/opt/rustwide/rustup-home" "-w" "/opt/rustwide/workdir" "-m" "1610612736" "--user" "0:0" "--network" "none" "ghcr.io/rust-lang/crates-build-env/linux@sha256:2788e3201cd34a07e3172128adcd8b3090168a8e3bcc40d7c032b9dda1df7d1c" "/opt/rustwide/cargo-home/bin/cargo" "+1.75.0" "build" "--frozen" "--message-format=json", kill_on_drop: false }`
[INFO] [stdout] 6630b6084486b317383bd378a5dc885865ae145dff2d2da4c93bb190d04528c8
[INFO] running `Command { std: "docker" "start" "-a" "6630b6084486b317383bd378a5dc885865ae145dff2d2da4c93bb190d04528c8", kill_on_drop: false }`
[INFO] [stderr]    Compiling proc-macro2 v1.0.51
[INFO] [stderr]    Compiling syn v1.0.107
[INFO] [stderr]    Compiling libc v0.2.139
[INFO] [stderr]    Compiling cc v1.0.79
[INFO] [stderr]    Compiling serde_derive v1.0.152
[INFO] [stderr]    Compiling serde v1.0.152
[INFO] [stderr]    Compiling once_cell v1.17.1
[INFO] [stderr]    Compiling libm v0.2.6
[INFO] [stderr]    Compiling log v0.4.17
[INFO] [stderr]    Compiling num-traits v0.2.15
[INFO] [stderr]    Compiling semver v1.0.16
[INFO] [stderr]    Compiling generic-array v0.14.6
[INFO] [stderr]    Compiling futures-core v0.3.26
[INFO] [stderr]    Compiling indexmap v1.9.2
[INFO] [stderr]    Compiling fnv v1.0.7
[INFO] [stderr]    Compiling tokio v1.25.0
[INFO] [stderr]    Compiling futures-task v0.3.26
[INFO] [stderr]    Compiling itoa v1.0.5
[INFO] [stderr]    Compiling unicode-bidi v0.3.10
[INFO] [stderr]    Compiling thiserror v1.0.38
[INFO] [stderr]    Compiling byteorder v1.4.3
[INFO] [stderr]    Compiling futures-util v0.3.26
[INFO] [stderr]    Compiling spin v0.9.5
[INFO] [stderr]    Compiling hash32 v0.2.1
[INFO] [stderr]    Compiling futures-io v0.3.26
[INFO] [stderr]    Compiling stable_deref_trait v1.2.0
[INFO] [stderr]    Compiling crypto-common v0.1.6
[INFO] [stderr]    Compiling block-buffer v0.10.3
[INFO] [stderr]    Compiling rustc_version v0.4.0
[INFO] [stderr]    Compiling async-trait v0.1.64
[INFO] [stderr]    Compiling ryu v1.0.12
[INFO] [stderr]    Compiling futures-channel v0.3.26
[INFO] [stderr]    Compiling idna v0.3.0
[INFO] [stderr]    Compiling digest v0.10.6
[INFO] [stderr]    Compiling time-macros v0.2.7
[INFO] [stderr]    Compiling gimli v0.27.2
[INFO] [stderr]    Compiling serde_json v1.0.93
[INFO] [stderr]    Compiling idna v0.2.3
[INFO] [stderr]    Compiling miniz_oxide v0.6.2
[INFO] [stderr]    Compiling heapless v0.7.16
[INFO] [stderr]    Compiling quote v1.0.23
[INFO] [stderr]    Compiling getrandom v0.2.8
[INFO] [stderr]    Compiling mio v0.8.6
[INFO] [stderr]    Compiling num_cpus v1.15.0
[INFO] [stderr]    Compiling rand_core v0.6.4
[INFO] [stderr]    Compiling ring v0.16.20
[INFO] [stderr]    Compiling socket2 v0.4.7
[INFO] [stderr]    Compiling backtrace v0.3.67
[INFO] [stderr]    Compiling rand_chacha v0.3.1
[INFO] [stderr]    Compiling proc-macro-error-attr v1.0.4
[INFO] [stderr]    Compiling url v2.3.1
[INFO] [stderr]    Compiling hostname v0.3.1
[INFO] [stderr]    Compiling parking_lot_core v0.9.7
[INFO] [stderr]    Compiling object v0.30.3
[INFO] [stderr]    Compiling rand v0.8.5
[INFO] [stderr]    Compiling error-chain v0.12.4
[INFO] [stderr]    Compiling ipnet v2.7.1
[INFO] [stderr]    Compiling rustc-demangle v0.1.21
[INFO] [stderr]    Compiling clap_lex v0.2.4
[INFO] [stderr]    Compiling resolv-conf v0.7.0
[INFO] [stderr]    Compiling rstar v0.10.0
[INFO] [stderr]    Compiling approx v0.5.1
[INFO] [stderr]    Compiling num-integer v0.1.45
[INFO] [stderr]    Compiling parking_lot v0.12.1
[INFO] [stderr]    Compiling ahash v0.7.6
[INFO] [stderr]    Compiling time v0.1.45
[INFO] [stderr]    Compiling atty v0.2.14
[INFO] [stderr]    Compiling convert_case v0.5.0
[INFO] [stderr]    Compiling iana-time-zone v0.1.53
[INFO] [stderr]    Compiling textwrap v0.16.0
[INFO] [stderr]    Compiling futures-sink v0.3.26
[INFO] [stderr]    Compiling sha-1 v0.10.1
[INFO] [stderr]    Compiling chrono v0.4.23
[INFO] [stderr]    Compiling sha2 v0.10.6
[INFO] [stderr]    Compiling uuid v0.8.2
[INFO] [stderr]    Compiling md-5 v0.10.5
[INFO] [stderr]    Compiling pbkdf2 v0.10.1
[INFO] [stderr]    Compiling hmac v0.12.1
[INFO] [stderr]    Compiling dirs-sys v0.4.0
[INFO] [stderr]    Compiling stringprep v0.1.2
[INFO] [stderr]    Compiling geographiclib-rs v0.2.3
[INFO] [stderr]    Compiling os_info v3.6.0
[INFO] [stderr]    Compiling time v0.3.19
[INFO] [stderr]    Compiling csv-core v0.1.10
[INFO] [stderr]    Compiling assert_approx_eq v1.1.0
[INFO] [stderr]    Compiling unsafe-libyaml v0.2.7
[INFO] [stderr]    Compiling robust v0.2.3
[INFO] [stderr]    Compiling addr2line v0.19.0
[INFO] [stderr]    Compiling float_next_after v1.0.0
[INFO] [stderr]    Compiling dirs v5.0.0
[INFO] [stderr]    Compiling rustls v0.20.8
[INFO] [stderr]    Compiling darling_core v0.13.4
[INFO] [stderr]    Compiling proc-macro-error v1.0.4
[INFO] [stderr]    Compiling webpki v0.22.0
[INFO] [stderr]    Compiling sct v0.7.0
[INFO] [stderr]    Compiling webpki-roots v0.22.6
[INFO] [stderr]    Compiling tokio-macros v1.8.2
[INFO] [stderr]    Compiling futures-macro v0.3.26
[INFO] [stderr]    Compiling thiserror-impl v1.0.38
[INFO] [stderr]    Compiling enum-as-inner v0.4.0
[INFO] [stderr]    Compiling clap_derive v3.2.18
[INFO] [stderr]    Compiling typed-builder v0.10.0
[INFO] [stderr]    Compiling derivative v2.2.0
[INFO] [stderr]    Compiling darling_macro v0.13.4
[INFO] [stderr]    Compiling darling v0.13.4
[INFO] [stderr]    Compiling serde_with_macros v1.5.2
[INFO] [stderr]    Compiling argopt-impl v0.3.0
[INFO] [stderr]    Compiling clap v3.2.23
[INFO] [stderr]    Compiling futures-executor v0.3.26
[INFO] [stderr]    Compiling argopt v0.3.0
[INFO] [stderr]    Compiling trust-dns-proto v0.21.2
[INFO] [stderr]    Compiling tokio-rustls v0.23.4
[INFO] [stderr]    Compiling tokio-util v0.7.7
[INFO] [stderr]    Compiling uuid v1.3.0
[INFO] [stderr]    Compiling geo-types v0.7.9
[INFO] [stderr]    Compiling serde_bytes v0.11.9
[INFO] [stderr]    Compiling serde_with v1.14.0
[INFO] [stderr]    Compiling csv v1.2.1
[INFO] [stderr]    Compiling serde_yaml v0.9.19
[INFO] [stderr]    Compiling trust-dns-resolver v0.21.2
[INFO] [stderr]    Compiling geo v0.24.0
[INFO] [stderr]    Compiling gpx v0.8.6
[INFO] [stderr]    Compiling bson v2.5.0
[INFO] [stderr]    Compiling mongodb v2.3.1
[INFO] [stderr]    Compiling location2gpx v0.1.0 (/opt/rustwide/workdir)
[INFO] [stderr]     Finished dev [unoptimized + debuginfo] target(s) in 45.93s
[INFO] running `Command { std: "docker" "inspect" "6630b6084486b317383bd378a5dc885865ae145dff2d2da4c93bb190d04528c8", kill_on_drop: false }`
[INFO] running `Command { std: "docker" "rm" "-f" "6630b6084486b317383bd378a5dc885865ae145dff2d2da4c93bb190d04528c8", kill_on_drop: false }`
[INFO] [stdout] 6630b6084486b317383bd378a5dc885865ae145dff2d2da4c93bb190d04528c8
[INFO] running `Command { std: "docker" "create" "-v" "/var/lib/crater-agent-workspace/builds/worker-7-tc1/target:/opt/rustwide/target:rw,Z" "-v" "/var/lib/crater-agent-workspace/builds/worker-7-tc1/source:/opt/rustwide/workdir:ro,Z" "-v" "/var/lib/crater-agent-workspace/cargo-home:/opt/rustwide/cargo-home:ro,Z" "-v" "/var/lib/crater-agent-workspace/rustup-home:/opt/rustwide/rustup-home:ro,Z" "-e" "SOURCE_DIR=/opt/rustwide/workdir" "-e" "CARGO_TARGET_DIR=/opt/rustwide/target" "-e" "CARGO_INCREMENTAL=0" "-e" "RUST_BACKTRACE=full" "-e" "RUSTFLAGS=--cap-lints=warn" "-e" "RUSTDOCFLAGS=--cap-lints=warn" "-e" "CARGO_HOME=/opt/rustwide/cargo-home" "-e" "RUSTUP_HOME=/opt/rustwide/rustup-home" "-w" "/opt/rustwide/workdir" "-m" "1610612736" "--user" "0:0" "--network" "none" "ghcr.io/rust-lang/crates-build-env/linux@sha256:2788e3201cd34a07e3172128adcd8b3090168a8e3bcc40d7c032b9dda1df7d1c" "/opt/rustwide/cargo-home/bin/cargo" "+1.75.0" "test" "--frozen" "--no-run" "--message-format=json", kill_on_drop: false }`
[INFO] [stdout] 946daaea77108a2136c984695cf57339c9888ee6c65204c6457de9e68160027a
[INFO] running `Command { std: "docker" "start" "-a" "946daaea77108a2136c984695cf57339c9888ee6c65204c6457de9e68160027a", kill_on_drop: false }`
[INFO] [stderr]    Compiling location2gpx v0.1.0 (/opt/rustwide/workdir)
[INFO] [stderr]     Finished test [unoptimized + debuginfo] target(s) in 5.14s
[INFO] running `Command { std: "docker" "inspect" "946daaea77108a2136c984695cf57339c9888ee6c65204c6457de9e68160027a", kill_on_drop: false }`
[INFO] running `Command { std: "docker" "rm" "-f" "946daaea77108a2136c984695cf57339c9888ee6c65204c6457de9e68160027a", kill_on_drop: false }`
[INFO] [stdout] 946daaea77108a2136c984695cf57339c9888ee6c65204c6457de9e68160027a
[INFO] running `Command { std: "docker" "create" "-v" "/var/lib/crater-agent-workspace/builds/worker-7-tc1/target:/opt/rustwide/target:rw,Z" "-v" "/var/lib/crater-agent-workspace/builds/worker-7-tc1/source:/opt/rustwide/workdir:ro,Z" "-v" "/var/lib/crater-agent-workspace/cargo-home:/opt/rustwide/cargo-home:ro,Z" "-v" "/var/lib/crater-agent-workspace/rustup-home:/opt/rustwide/rustup-home:ro,Z" "-e" "SOURCE_DIR=/opt/rustwide/workdir" "-e" "CARGO_TARGET_DIR=/opt/rustwide/target" "-e" "CARGO_INCREMENTAL=0" "-e" "RUST_BACKTRACE=full" "-e" "RUSTFLAGS=--cap-lints=warn" "-e" "RUSTDOCFLAGS=--cap-lints=warn" "-e" "CARGO_HOME=/opt/rustwide/cargo-home" "-e" "RUSTUP_HOME=/opt/rustwide/rustup-home" "-w" "/opt/rustwide/workdir" "-m" "1610612736" "--user" "0:0" "--network" "none" "ghcr.io/rust-lang/crates-build-env/linux@sha256:2788e3201cd34a07e3172128adcd8b3090168a8e3bcc40d7c032b9dda1df7d1c" "/opt/rustwide/cargo-home/bin/cargo" "+1.75.0" "test" "--frozen", kill_on_drop: false }`
[INFO] [stdout] d17f36809a6871f96730a8dce9c444cb721b3fc81629f3fb94abe2f5bef09023
[INFO] running `Command { std: "docker" "start" "-a" "d17f36809a6871f96730a8dce9c444cb721b3fc81629f3fb94abe2f5bef09023", kill_on_drop: false }`
[INFO] [stderr]     Finished test [unoptimized + debuginfo] target(s) in 0.11s
[INFO] [stderr]      Running unittests src/lib.rs (/opt/rustwide/target/debug/deps/location2gpx-732be88473d714b6)
[INFO] [stdout] 
[INFO] [stdout] running 21 tests
[INFO] [stdout] test generator::tests::simple_track_reversed ... ok
[INFO] [stdout] test generator::tests::simple_track ... ok
[INFO] [stdout] test generator::tests::simplify_track ... ok
[INFO] [stdout] test generator::tests::speed_and_elevation_info ... ok
[INFO] [stdout] test generator::tests::source2tracks ... ok
[INFO] [stdout] test generator::tests::source2tracks_with_rotes ... ok
[INFO] [stdout] test generator::tests::time_segmented_track ... ok
[INFO] [stdout] test generator::tests::simple_gpx ... ok
[INFO] [stdout] test generator::tracker::parse_track_seg_options ... ok
[INFO] [stdout] test sources::csv_file::tests::track_filter_out_failed_positions ... ok
[INFO] [stdout] test sources::csv_file::tests::track ... ok
[INFO] [stdout] test sources::csv_file::tests::extra_fields ... ok
[INFO] [stdout] test sources::csv_file::tests::track_filter ... ok
[INFO] [stdout] test sources::parse_fields ... ok
[INFO] [stdout] test sources::mongo::tests::track_filter ... FAILED
[INFO] [stdout] test sources::mongo::tests::track ... FAILED
[INFO] [stdout] test sources::mongo::tests::track_filter_out_failed_positions ... FAILED
[INFO] [stderr] error: test failed, to rerun pass `--lib`
[INFO] [stdout] test sources::mongo::tests::track_custom_fields ... FAILED
[INFO] [stdout] test sources::mongo::tests::track_others_fields_types ... FAILED
[INFO] [stdout] test sources::mongo::tests::track_route_field ... FAILED
[INFO] [stdout] test sources::mongo::tests::track_flip_coordinates ... FAILED
[INFO] [stdout] 
[INFO] [stdout] failures:
[INFO] [stdout] 
[INFO] [stdout] ---- sources::mongo::tests::track_filter stdout ----
[INFO] [stdout] Error: "Server selection timeout: No available servers. Topology: { Type: Unknown, Servers: [ { Address: localhost:27017, Type: Unknown, Error: Cannot assign requested address (os error 99) }, ] }"
[INFO] [stdout] 
[INFO] [stdout] ---- sources::mongo::tests::track stdout ----
[INFO] [stdout] Error: "Server selection timeout: No available servers. Topology: { Type: Unknown, Servers: [ { Address: localhost:27017, Type: Unknown, Error: Cannot assign requested address (os error 99) }, ] }"
[INFO] [stdout] 
[INFO] [stdout] ---- sources::mongo::tests::track_filter_out_failed_positions stdout ----
[INFO] [stdout] Error: "Server selection timeout: No available servers. Topology: { Type: Unknown, Servers: [ { Address: localhost:27017, Type: Unknown, Error: Cannot assign requested address (os error 99) }, ] }"
[INFO] [stdout] 
[INFO] [stdout] ---- sources::mongo::tests::track_custom_fields stdout ----
[INFO] [stdout] Error: "Server selection timeout: No available servers. Topology: { Type: Unknown, Servers: [ { Address: localhost:27017, Type: Unknown, Error: Cannot assign requested address (os error 99) }, ] }"
[INFO] [stdout] 
[INFO] [stdout] ---- sources::mongo::tests::track_others_fields_types stdout ----
[INFO] [stdout] Error: "Server selection timeout: No available servers. Topology: { Type: Unknown, Servers: [ { Address: localhost:27017, Type: Unknown, Error: Cannot assign requested address (os error 99) }, ] }"
[INFO] [stdout] 
[INFO] [stdout] ---- sources::mongo::tests::track_route_field stdout ----
[INFO] [stdout] Error: "Server selection timeout: No available servers. Topology: { Type: Unknown, Servers: [ { Address: localhost:27017, Type: Unknown, Error: Cannot assign requested address (os error 99) }, ] }"
[INFO] [stdout] 
[INFO] [stdout] ---- sources::mongo::tests::track_flip_coordinates stdout ----
[INFO] [stdout] Error: "Server selection timeout: No available servers. Topology: { Type: Unknown, Servers: [ { Address: localhost:27017, Type: Unknown, Error: Cannot assign requested address (os error 99) }, ] }"
[INFO] [stdout] 
[INFO] [stdout] 
[INFO] [stdout] failures:
[INFO] [stdout]     sources::mongo::tests::track
[INFO] [stdout]     sources::mongo::tests::track_custom_fields
[INFO] [stdout]     sources::mongo::tests::track_filter
[INFO] [stdout]     sources::mongo::tests::track_filter_out_failed_positions
[INFO] [stdout]     sources::mongo::tests::track_flip_coordinates
[INFO] [stdout]     sources::mongo::tests::track_others_fields_types
[INFO] [stdout]     sources::mongo::tests::track_route_field
[INFO] [stdout] 
[INFO] [stdout] test result: FAILED. 14 passed; 7 failed; 0 ignored; 0 measured; 0 filtered out; finished in 30.01s
[INFO] [stdout] 
[INFO] running `Command { std: "docker" "inspect" "d17f36809a6871f96730a8dce9c444cb721b3fc81629f3fb94abe2f5bef09023", kill_on_drop: false }`
[INFO] running `Command { std: "docker" "rm" "-f" "d17f36809a6871f96730a8dce9c444cb721b3fc81629f3fb94abe2f5bef09023", kill_on_drop: false }`
[INFO] [stdout] d17f36809a6871f96730a8dce9c444cb721b3fc81629f3fb94abe2f5bef09023
[INFO] testing fernandobatels/location2gpx against beta-2023-12-22 for beta-1.76-1
[INFO] running `Command { std: "git" "clone" "/workspace/cache/git-repos/https%3A%2F%2Fgithub.com%2Ffernandobatels%2Flocation2gpx" "/workspace/builds/worker-7-tc2/source", kill_on_drop: false }`
[INFO] [stderr] Cloning into '/workspace/builds/worker-7-tc2/source'...
[INFO] [stderr] done.
[INFO] validating manifest of git repo https://github.com/fernandobatels/location2gpx on toolchain beta-2023-12-22
[INFO] running `Command { std: CARGO_HOME="/workspace/cargo-home" RUSTUP_HOME="/workspace/rustup-home" "/workspace/cargo-home/bin/cargo" "+beta-2023-12-22" "metadata" "--manifest-path" "Cargo.toml" "--no-deps", kill_on_drop: false }`
[INFO] started tweaking git repo https://github.com/fernandobatels/location2gpx
[INFO] finished tweaking git repo https://github.com/fernandobatels/location2gpx
[INFO] tweaked toml for git repo https://github.com/fernandobatels/location2gpx written to /workspace/builds/worker-7-tc2/source/Cargo.toml
[INFO] crate git repo https://github.com/fernandobatels/location2gpx already has a lockfile, it will not be regenerated
[INFO] running `Command { std: CARGO_HOME="/workspace/cargo-home" RUSTUP_HOME="/workspace/rustup-home" "/workspace/cargo-home/bin/cargo" "+beta-2023-12-22" "fetch" "--manifest-path" "Cargo.toml", kill_on_drop: false }`
[INFO] running `Command { std: "docker" "create" "-v" "/var/lib/crater-agent-workspace/builds/worker-7-tc2/target:/opt/rustwide/target:rw,Z" "-v" "/var/lib/crater-agent-workspace/builds/worker-7-tc2/source:/opt/rustwide/workdir:ro,Z" "-v" "/var/lib/crater-agent-workspace/cargo-home:/opt/rustwide/cargo-home:ro,Z" "-v" "/var/lib/crater-agent-workspace/rustup-home:/opt/rustwide/rustup-home:ro,Z" "-e" "SOURCE_DIR=/opt/rustwide/workdir" "-e" "CARGO_TARGET_DIR=/opt/rustwide/target" "-e" "CARGO_HOME=/opt/rustwide/cargo-home" "-e" "RUSTUP_HOME=/opt/rustwide/rustup-home" "-w" "/opt/rustwide/workdir" "-m" "1610612736" "--user" "0:0" "--network" "none" "ghcr.io/rust-lang/crates-build-env/linux@sha256:2788e3201cd34a07e3172128adcd8b3090168a8e3bcc40d7c032b9dda1df7d1c" "/opt/rustwide/cargo-home/bin/cargo" "+beta-2023-12-22" "metadata" "--no-deps" "--format-version=1", kill_on_drop: false }`
[INFO] [stdout] 3770b15f177dba99e440a4ebb7c5031fa53fcd3eed74fa9d80b9f57ffa0dd697
[INFO] running `Command { std: "docker" "start" "-a" "3770b15f177dba99e440a4ebb7c5031fa53fcd3eed74fa9d80b9f57ffa0dd697", kill_on_drop: false }`
[INFO] running `Command { std: "docker" "inspect" "3770b15f177dba99e440a4ebb7c5031fa53fcd3eed74fa9d80b9f57ffa0dd697", kill_on_drop: false }`
[INFO] running `Command { std: "docker" "rm" "-f" "3770b15f177dba99e440a4ebb7c5031fa53fcd3eed74fa9d80b9f57ffa0dd697", kill_on_drop: false }`
[INFO] [stdout] 3770b15f177dba99e440a4ebb7c5031fa53fcd3eed74fa9d80b9f57ffa0dd697
[INFO] running `Command { std: "docker" "create" "-v" "/var/lib/crater-agent-workspace/builds/worker-7-tc2/target:/opt/rustwide/target:rw,Z" "-v" "/var/lib/crater-agent-workspace/builds/worker-7-tc2/source:/opt/rustwide/workdir:ro,Z" "-v" "/var/lib/crater-agent-workspace/cargo-home:/opt/rustwide/cargo-home:ro,Z" "-v" "/var/lib/crater-agent-workspace/rustup-home:/opt/rustwide/rustup-home:ro,Z" "-e" "SOURCE_DIR=/opt/rustwide/workdir" "-e" "CARGO_TARGET_DIR=/opt/rustwide/target" "-e" "CARGO_INCREMENTAL=0" "-e" "RUST_BACKTRACE=full" "-e" "RUSTFLAGS=--cap-lints=warn" "-e" "RUSTDOCFLAGS=--cap-lints=warn" "-e" "CARGO_HOME=/opt/rustwide/cargo-home" "-e" "RUSTUP_HOME=/opt/rustwide/rustup-home" "-w" "/opt/rustwide/workdir" "-m" "1610612736" "--user" "0:0" "--network" "none" "ghcr.io/rust-lang/crates-build-env/linux@sha256:2788e3201cd34a07e3172128adcd8b3090168a8e3bcc40d7c032b9dda1df7d1c" "/opt/rustwide/cargo-home/bin/cargo" "+beta-2023-12-22" "build" "--frozen" "--message-format=json", kill_on_drop: false }`
[INFO] [stdout] 45ea95bec7c9680b1024a30ba839cfc483ccec015b37c01dcad70f480f993957
[INFO] running `Command { std: "docker" "start" "-a" "45ea95bec7c9680b1024a30ba839cfc483ccec015b37c01dcad70f480f993957", kill_on_drop: false }`
[INFO] [stderr]    Compiling proc-macro2 v1.0.51
[INFO] [stderr]    Compiling syn v1.0.107
[INFO] [stderr]    Compiling libc v0.2.139
[INFO] [stderr]    Compiling cc v1.0.79
[INFO] [stderr]    Compiling serde_derive v1.0.152
[INFO] [stderr]    Compiling serde v1.0.152
[INFO] [stderr]    Compiling libm v0.2.6
[INFO] [stderr]    Compiling once_cell v1.17.1
[INFO] [stderr]    Compiling log v0.4.17
[INFO] [stderr]    Compiling num-traits v0.2.15
[INFO] [stderr]    Compiling semver v1.0.16
[INFO] [stderr]    Compiling futures-core v0.3.26
[INFO] [stderr]    Compiling generic-array v0.14.6
[INFO] [stderr]    Compiling indexmap v1.9.2
[INFO] [stderr]    Compiling fnv v1.0.7
[INFO] [stderr]    Compiling tokio v1.25.0
[INFO] [stderr]    Compiling futures-task v0.3.26
[INFO] [stderr]    Compiling itoa v1.0.5
[INFO] [stderr]    Compiling unicode-bidi v0.3.10
[INFO] [stderr]    Compiling futures-util v0.3.26
[INFO] [stderr]    Compiling byteorder v1.4.3
[INFO] [stderr]    Compiling thiserror v1.0.38
[INFO] [stderr]    Compiling spin v0.9.5
[INFO] [stderr]    Compiling ryu v1.0.12
[INFO] [stderr]    Compiling futures-io v0.3.26
[INFO] [stderr]    Compiling hash32 v0.2.1
[INFO] [stderr]    Compiling rustc_version v0.4.0
[INFO] [stderr]    Compiling stable_deref_trait v1.2.0
[INFO] [stderr]    Compiling async-trait v0.1.64
[INFO] [stderr]    Compiling futures-channel v0.3.26
[INFO] [stderr]    Compiling time-macros v0.2.7
[INFO] [stderr]    Compiling idna v0.3.0
[INFO] [stderr]    Compiling gimli v0.27.2
[INFO] [stderr]    Compiling serde_json v1.0.93
[INFO] [stderr]    Compiling miniz_oxide v0.6.2
[INFO] [stderr]    Compiling idna v0.2.3
[INFO] [stderr]    Compiling block-buffer v0.10.3
[INFO] [stderr]    Compiling quote v1.0.23
[INFO] [stderr]    Compiling crypto-common v0.1.6
[INFO] [stderr]    Compiling heapless v0.7.16
[INFO] [stderr]    Compiling digest v0.10.6
[INFO] [stderr]    Compiling getrandom v0.2.8
[INFO] [stderr]    Compiling num_cpus v1.15.0
[INFO] [stderr]    Compiling mio v0.8.6
[INFO] [stderr]    Compiling socket2 v0.4.7
[INFO] [stderr]    Compiling parking_lot_core v0.9.7
[INFO] [stderr]    Compiling hostname v0.3.1
[INFO] [stderr]    Compiling rand_core v0.6.4
[INFO] [stderr]    Compiling proc-macro-error-attr v1.0.4
[INFO] [stderr]    Compiling url v2.3.1
[INFO] [stderr]    Compiling ring v0.16.20
[INFO] [stderr]    Compiling backtrace v0.3.67
[INFO] [stderr]    Compiling rand_chacha v0.3.1
[INFO] [stderr]    Compiling approx v0.5.1
[INFO] [stderr]    Compiling object v0.30.3
[INFO] [stderr]    Compiling error-chain v0.12.4
[INFO] [stderr]    Compiling rustc-demangle v0.1.21
[INFO] [stderr]    Compiling ipnet v2.7.1
[INFO] [stderr]    Compiling clap_lex v0.2.4
[INFO] [stderr]    Compiling resolv-conf v0.7.0
[INFO] [stderr]    Compiling ahash v0.7.6
[INFO] [stderr]    Compiling rand v0.8.5
[INFO] [stderr]    Compiling rstar v0.10.0
[INFO] [stderr]    Compiling num-integer v0.1.45
[INFO] [stderr]    Compiling parking_lot v0.12.1
[INFO] [stderr]    Compiling atty v0.2.14
[INFO] [stderr]    Compiling time v0.1.45
[INFO] [stderr]    Compiling textwrap v0.16.0
[INFO] [stderr]    Compiling convert_case v0.5.0
[INFO] [stderr]    Compiling futures-sink v0.3.26
[INFO] [stderr]    Compiling iana-time-zone v0.1.53
[INFO] [stderr]    Compiling sha2 v0.10.6
[INFO] [stderr]    Compiling sha-1 v0.10.1
[INFO] [stderr]    Compiling uuid v0.8.2
[INFO] [stderr]    Compiling hmac v0.12.1
[INFO] [stderr]    Compiling chrono v0.4.23
[INFO] [stderr]    Compiling pbkdf2 v0.10.1
[INFO] [stderr]    Compiling time v0.3.19
[INFO] [stderr]    Compiling md-5 v0.10.5
[INFO] [stderr]    Compiling dirs-sys v0.4.0
[INFO] [stderr]    Compiling stringprep v0.1.2
[INFO] [stderr]    Compiling geographiclib-rs v0.2.3
[INFO] [stderr]    Compiling os_info v3.6.0
[INFO] [stderr]    Compiling csv-core v0.1.10
[INFO] [stderr]    Compiling unsafe-libyaml v0.2.7
[INFO] [stderr]    Compiling float_next_after v1.0.0
[INFO] [stderr]    Compiling robust v0.2.3
[INFO] [stderr]    Compiling assert_approx_eq v1.1.0
[INFO] [stderr]    Compiling dirs v5.0.0
[INFO] [stderr]    Compiling addr2line v0.19.0
[INFO] [stderr]    Compiling rustls v0.20.8
[INFO] [stderr]    Compiling webpki v0.22.0
[INFO] [stderr]    Compiling sct v0.7.0
[INFO] [stderr]    Compiling darling_core v0.13.4
[INFO] [stderr]    Compiling proc-macro-error v1.0.4
[INFO] [stderr]    Compiling webpki-roots v0.22.6
[INFO] [stderr]    Compiling tokio-macros v1.8.2
[INFO] [stderr]    Compiling futures-macro v0.3.26
[INFO] [stderr]    Compiling thiserror-impl v1.0.38
[INFO] [stderr]    Compiling enum-as-inner v0.4.0
[INFO] [stderr]    Compiling clap_derive v3.2.18
[INFO] [stderr]    Compiling derivative v2.2.0
[INFO] [stderr]    Compiling typed-builder v0.10.0
[INFO] [stderr]    Compiling darling_macro v0.13.4
[INFO] [stderr]    Compiling darling v0.13.4
[INFO] [stderr]    Compiling serde_with_macros v1.5.2
[INFO] [stderr]    Compiling argopt-impl v0.3.0
[INFO] [stderr]    Compiling clap v3.2.23
[INFO] [stderr]    Compiling futures-executor v0.3.26
[INFO] [stderr]    Compiling trust-dns-proto v0.21.2
[INFO] [stderr]    Compiling tokio-util v0.7.7
[INFO] [stderr]    Compiling tokio-rustls v0.23.4
[INFO] [stderr]    Compiling argopt v0.3.0
[INFO] [stderr]    Compiling trust-dns-resolver v0.21.2
[INFO] [stderr]    Compiling uuid v1.3.0
[INFO] [stderr]    Compiling serde_bytes v0.11.9
[INFO] [stderr]    Compiling geo-types v0.7.9
[INFO] [stderr]    Compiling serde_with v1.14.0
[INFO] [stderr]    Compiling csv v1.2.1
[INFO] [stderr]    Compiling serde_yaml v0.9.19
[INFO] [stderr]    Compiling geo v0.24.0
[INFO] [stderr]    Compiling gpx v0.8.6
[INFO] [stderr]    Compiling bson v2.5.0
[INFO] [stderr]    Compiling mongodb v2.3.1
[INFO] [stderr]    Compiling location2gpx v0.1.0 (/opt/rustwide/workdir)
[INFO] [stderr]     Finished dev [unoptimized + debuginfo] target(s) in 35.82s
[INFO] running `Command { std: "docker" "inspect" "45ea95bec7c9680b1024a30ba839cfc483ccec015b37c01dcad70f480f993957", kill_on_drop: false }`
[INFO] running `Command { std: "docker" "rm" "-f" "45ea95bec7c9680b1024a30ba839cfc483ccec015b37c01dcad70f480f993957", kill_on_drop: false }`
[INFO] [stdout] 45ea95bec7c9680b1024a30ba839cfc483ccec015b37c01dcad70f480f993957
[INFO] running `Command { std: "docker" "create" "-v" "/var/lib/crater-agent-workspace/builds/worker-7-tc2/target:/opt/rustwide/target:rw,Z" "-v" "/var/lib/crater-agent-workspace/builds/worker-7-tc2/source:/opt/rustwide/workdir:ro,Z" "-v" "/var/lib/crater-agent-workspace/cargo-home:/opt/rustwide/cargo-home:ro,Z" "-v" "/var/lib/crater-agent-workspace/rustup-home:/opt/rustwide/rustup-home:ro,Z" "-e" "SOURCE_DIR=/opt/rustwide/workdir" "-e" "CARGO_TARGET_DIR=/opt/rustwide/target" "-e" "CARGO_INCREMENTAL=0" "-e" "RUST_BACKTRACE=full" "-e" "RUSTFLAGS=--cap-lints=warn" "-e" "RUSTDOCFLAGS=--cap-lints=warn" "-e" "CARGO_HOME=/opt/rustwide/cargo-home" "-e" "RUSTUP_HOME=/opt/rustwide/rustup-home" "-w" "/opt/rustwide/workdir" "-m" "1610612736" "--user" "0:0" "--network" "none" "ghcr.io/rust-lang/crates-build-env/linux@sha256:2788e3201cd34a07e3172128adcd8b3090168a8e3bcc40d7c032b9dda1df7d1c" "/opt/rustwide/cargo-home/bin/cargo" "+beta-2023-12-22" "test" "--frozen" "--no-run" "--message-format=json", kill_on_drop: false }`
[INFO] [stdout] fe7f0a0b7a5d0170d65457574e25eb0e78dfc843dd785b92cac30da6c964a3ac
[INFO] running `Command { std: "docker" "start" "-a" "fe7f0a0b7a5d0170d65457574e25eb0e78dfc843dd785b92cac30da6c964a3ac", kill_on_drop: false }`
[INFO] [stderr]    Compiling location2gpx v0.1.0 (/opt/rustwide/workdir)
[INFO] [stderr]     Finished test [unoptimized + debuginfo] target(s) in 5.28s
[INFO] running `Command { std: "docker" "inspect" "fe7f0a0b7a5d0170d65457574e25eb0e78dfc843dd785b92cac30da6c964a3ac", kill_on_drop: false }`
[INFO] running `Command { std: "docker" "rm" "-f" "fe7f0a0b7a5d0170d65457574e25eb0e78dfc843dd785b92cac30da6c964a3ac", kill_on_drop: false }`
[INFO] [stdout] fe7f0a0b7a5d0170d65457574e25eb0e78dfc843dd785b92cac30da6c964a3ac
[INFO] running `Command { std: "docker" "create" "-v" "/var/lib/crater-agent-workspace/builds/worker-7-tc2/target:/opt/rustwide/target:rw,Z" "-v" "/var/lib/crater-agent-workspace/builds/worker-7-tc2/source:/opt/rustwide/workdir:ro,Z" "-v" "/var/lib/crater-agent-workspace/cargo-home:/opt/rustwide/cargo-home:ro,Z" "-v" "/var/lib/crater-agent-workspace/rustup-home:/opt/rustwide/rustup-home:ro,Z" "-e" "SOURCE_DIR=/opt/rustwide/workdir" "-e" "CARGO_TARGET_DIR=/opt/rustwide/target" "-e" "CARGO_INCREMENTAL=0" "-e" "RUST_BACKTRACE=full" "-e" "RUSTFLAGS=--cap-lints=warn" "-e" "RUSTDOCFLAGS=--cap-lints=warn" "-e" "CARGO_HOME=/opt/rustwide/cargo-home" "-e" "RUSTUP_HOME=/opt/rustwide/rustup-home" "-w" "/opt/rustwide/workdir" "-m" "1610612736" "--user" "0:0" "--network" "none" "ghcr.io/rust-lang/crates-build-env/linux@sha256:2788e3201cd34a07e3172128adcd8b3090168a8e3bcc40d7c032b9dda1df7d1c" "/opt/rustwide/cargo-home/bin/cargo" "+beta-2023-12-22" "test" "--frozen", kill_on_drop: false }`
[INFO] [stdout] 91bc60ed1a3e5a41e1faf2c53f5a942125289fba6b81d243f24c26757b121388
[INFO] running `Command { std: "docker" "start" "-a" "91bc60ed1a3e5a41e1faf2c53f5a942125289fba6b81d243f24c26757b121388", kill_on_drop: false }`
[INFO] [stderr]     Finished test [unoptimized + debuginfo] target(s) in 0.13s
[INFO] [stderr]      Running unittests src/lib.rs (/opt/rustwide/target/debug/deps/location2gpx-9d12760116d160d2)
[INFO] [stdout] 
[INFO] [stdout] running 21 tests
[INFO] [stdout] test generator::tests::speed_and_elevation_info ... ok
[INFO] [stdout] test generator::tests::simple_track ... ok
[INFO] [stdout] test generator::tests::simple_track_reversed ... ok
[INFO] [stdout] test generator::tests::source2tracks ... ok
[INFO] [stdout] test generator::tests::time_segmented_track ... ok
[INFO] [stdout] test generator::tests::simplify_track ... ok
[INFO] [stdout] test generator::tests::source2tracks_with_rotes ... ok
[INFO] [stdout] test generator::tracker::parse_track_seg_options ... ok
[INFO] [stdout] test generator::tests::simple_gpx ... ok
[INFO] [stdout] test sources::csv_file::tests::track_filter ... ok
[INFO] [stdout] test sources::csv_file::tests::track ... ok
[INFO] [stdout] test sources::csv_file::tests::extra_fields ... ok
[INFO] [stdout] test sources::csv_file::tests::track_filter_out_failed_positions ... ok
[INFO] [stdout] test sources::parse_fields ... ok
[INFO] [stdout] test sources::mongo::tests::track_filter ... FAILED
[INFO] [stdout] test sources::mongo::tests::track_flip_coordinates ... FAILED
[INFO] [stdout] test sources::mongo::tests::track ... FAILED
[INFO] [stdout] test sources::mongo::tests::track_others_fields_types ... FAILED
[INFO] [stdout] test sources::mongo::tests::track_filter_out_failed_positions ... FAILED
[INFO] [stdout] test sources::mongo::tests::track_custom_fields ... FAILED
[INFO] [stdout] test sources::mongo::tests::track_route_field ... FAILED
[INFO] [stdout] 
[INFO] [stdout] failures:
[INFO] [stdout] 
[INFO] [stdout] ---- sources::mongo::tests::track_filter stdout ----
[INFO] [stdout] Error: "Server selection timeout: No available servers. Topology: { Type: Unknown, Servers: [ { Address: localhost:27017, Type: Unknown, Error: Cannot assign requested address (os error 99) }, ] }"
[INFO] [stdout] 
[INFO] [stdout] ---- sources::mongo::tests::track_flip_coordinates stdout ----
[INFO] [stdout] Error: "Server selection timeout: No available servers. Topology: { Type: Unknown, Servers: [ { Address: localhost:27017, Type: Unknown, Error: Cannot assign requested address (os error 99) }, ] }"
[INFO] [stdout] 
[INFO] [stdout] ---- sources::mongo::tests::track stdout ----
[INFO] [stdout] Error: "Server selection timeout: No available servers. Topology: { Type: Unknown, Servers: [ { Address: localhost:27017, Type: Unknown, Error: Cannot assign requested address (os error 99) }, ] }"
[INFO] [stdout] 
[INFO] [stdout] ---- sources::mongo::tests::track_others_fields_types stdout ----
[INFO] [stdout] Error: "Server selection timeout: No available servers. Topology: { Type: Unknown, Servers: [ { Address: localhost:27017, Type: Unknown, Error: Cannot assign requested address (os error 99) }, ] }"
[INFO] [stdout] 
[INFO] [stdout] ---- sources::mongo::tests::track_filter_out_failed_positions stdout ----
[INFO] [stdout] Error: "Server selection timeout: No available servers. Topology: { Type: Unknown, Servers: [ { Address: localhost:27017, Type: Unknown, Error: Cannot assign requested address (os error 99) }, ] }"
[INFO] [stdout] 
[INFO] [stdout] ---- sources::mongo::tests::track_custom_fields stdout ----
[INFO] [stdout] Error: "Server selection timeout: No available servers. Topology: { Type: Unknown, Servers: [ { Address: localhost:27017, Type: Unknown, Error: Cannot assign requested address (os error 99) }, ] }"
[INFO] [stdout] 
[INFO] [stdout] ---- sources::mongo::tests::track_route_field stdout ----
[INFO] [stdout] Error: "Server selection timeout: No available servers. Topology: { Type: Unknown, Servers: [ { Address: localhost:27017, Type: Unknown, Error: Cannot assign requested address (os error 99) }, ] }"
[INFO] [stdout] 
[INFO] [stdout] 
[INFO] [stdout] failures:
[INFO] [stdout]     sources::mongo::tests::track
[INFO] [stdout]     sources::mongo::tests::track_custom_fields
[INFO] [stdout]     sources::mongo::tests::track_filter
[INFO] [stdout]     sources::mongo::tests::track_filter_out_failed_positions
[INFO] [stdout]     sources::mongo::tests::track_flip_coordinates
[INFO] [stdout]     sources::mongo::tests::track_others_fields_types
[INFO] [stdout]     sources::mongo::tests::track_route_field
[INFO] [stdout] 
[INFO] [stdout] test result: FAILED. 14 passed; 7 failed; 0 ignored; 0 measured; 0 filtered out; finished in 30.01s
[INFO] [stdout] 
[INFO] [stderr] error: test failed, to rerun pass `--lib`
[INFO] running `Command { std: "docker" "inspect" "91bc60ed1a3e5a41e1faf2c53f5a942125289fba6b81d243f24c26757b121388", kill_on_drop: false }`
[INFO] running `Command { std: "docker" "rm" "-f" "91bc60ed1a3e5a41e1faf2c53f5a942125289fba6b81d243f24c26757b121388", kill_on_drop: false }`
[INFO] [stdout] 91bc60ed1a3e5a41e1faf2c53f5a942125289fba6b81d243f24c26757b121388
