[INFO] cloning repository https://github.com/felipebalbi/nom-playground
[INFO] running `Command { std: "git" "-c" "credential.helper=" "-c" "credential.helper=/workspace/cargo-home/bin/git-credential-null" "clone" "--bare" "https://github.com/felipebalbi/nom-playground" "/workspace/cache/git-repos/https%3A%2F%2Fgithub.com%2Ffelipebalbi%2Fnom-playground", kill_on_drop: false }`
[INFO] [stderr] Cloning into bare repository '/workspace/cache/git-repos/https%3A%2F%2Fgithub.com%2Ffelipebalbi%2Fnom-playground'...
[INFO] running `Command { std: "git" "rev-parse" "HEAD", kill_on_drop: false }`
[INFO] [stdout] b099ad4e8dc3608de477d173df90c403b50a06be
[INFO] testing felipebalbi/nom-playground against 1.75.0 for beta-1.76-1
[INFO] running `Command { std: "git" "clone" "/workspace/cache/git-repos/https%3A%2F%2Fgithub.com%2Ffelipebalbi%2Fnom-playground" "/workspace/builds/worker-2-tc1/source", kill_on_drop: false }`
[INFO] [stderr] Cloning into '/workspace/builds/worker-2-tc1/source'...
[INFO] [stderr] done.
[INFO] validating manifest of git repo https://github.com/felipebalbi/nom-playground on toolchain 1.75.0
[INFO] running `Command { std: CARGO_HOME="/workspace/cargo-home" RUSTUP_HOME="/workspace/rustup-home" "/workspace/cargo-home/bin/cargo" "+1.75.0" "metadata" "--manifest-path" "Cargo.toml" "--no-deps", kill_on_drop: false }`
[INFO] started tweaking git repo https://github.com/felipebalbi/nom-playground
[INFO] finished tweaking git repo https://github.com/felipebalbi/nom-playground
[INFO] tweaked toml for git repo https://github.com/felipebalbi/nom-playground written to /workspace/builds/worker-2-tc1/source/Cargo.toml
[INFO] crate git repo https://github.com/felipebalbi/nom-playground already has a lockfile, it will not be regenerated
[INFO] running `Command { std: CARGO_HOME="/workspace/cargo-home" RUSTUP_HOME="/workspace/rustup-home" "/workspace/cargo-home/bin/cargo" "+1.75.0" "fetch" "--manifest-path" "Cargo.toml", kill_on_drop: false }`
[INFO] [stderr] warning: virtual workspace defaulting to `resolver = "1"` despite one or more workspace members being on edition 2021 which implies `resolver = "2"`
[INFO] [stderr] note: to keep the current resolver, specify `workspace.resolver = "1"` in the workspace root's manifest
[INFO] [stderr] note: to use the edition 2021 resolver, specify `workspace.resolver = "2"` in the workspace root's manifest
[INFO] [stderr] note: for more details see https://doc.rust-lang.org/cargo/reference/resolver.html#resolver-versions
[INFO] running `Command { std: "docker" "create" "-v" "/var/lib/crater-agent-workspace/builds/worker-2-tc1/target:/opt/rustwide/target:rw,Z" "-v" "/var/lib/crater-agent-workspace/builds/worker-2-tc1/source:/opt/rustwide/workdir:ro,Z" "-v" "/var/lib/crater-agent-workspace/cargo-home:/opt/rustwide/cargo-home:ro,Z" "-v" "/var/lib/crater-agent-workspace/rustup-home:/opt/rustwide/rustup-home:ro,Z" "-e" "SOURCE_DIR=/opt/rustwide/workdir" "-e" "CARGO_TARGET_DIR=/opt/rustwide/target" "-e" "CARGO_HOME=/opt/rustwide/cargo-home" "-e" "RUSTUP_HOME=/opt/rustwide/rustup-home" "-w" "/opt/rustwide/workdir" "-m" "1610612736" "--user" "0:0" "--network" "none" "ghcr.io/rust-lang/crates-build-env/linux@sha256:2788e3201cd34a07e3172128adcd8b3090168a8e3bcc40d7c032b9dda1df7d1c" "/opt/rustwide/cargo-home/bin/cargo" "+1.75.0" "metadata" "--no-deps" "--format-version=1", kill_on_drop: false }`
[INFO] [stdout] 1497cabc61afd09011d85612ff0d286e07197cc2a7182b450fe04ca1efa2443c
[INFO] running `Command { std: "docker" "start" "-a" "1497cabc61afd09011d85612ff0d286e07197cc2a7182b450fe04ca1efa2443c", kill_on_drop: false }`
[INFO] running `Command { std: "docker" "inspect" "1497cabc61afd09011d85612ff0d286e07197cc2a7182b450fe04ca1efa2443c", kill_on_drop: false }`
[INFO] running `Command { std: "docker" "rm" "-f" "1497cabc61afd09011d85612ff0d286e07197cc2a7182b450fe04ca1efa2443c", kill_on_drop: false }`
[INFO] [stdout] 1497cabc61afd09011d85612ff0d286e07197cc2a7182b450fe04ca1efa2443c
[INFO] running `Command { std: "docker" "create" "-v" "/var/lib/crater-agent-workspace/builds/worker-2-tc1/target:/opt/rustwide/target:rw,Z" "-v" "/var/lib/crater-agent-workspace/builds/worker-2-tc1/source:/opt/rustwide/workdir:ro,Z" "-v" "/var/lib/crater-agent-workspace/cargo-home:/opt/rustwide/cargo-home:ro,Z" "-v" "/var/lib/crater-agent-workspace/rustup-home:/opt/rustwide/rustup-home:ro,Z" "-e" "SOURCE_DIR=/opt/rustwide/workdir" "-e" "CARGO_TARGET_DIR=/opt/rustwide/target" "-e" "CARGO_INCREMENTAL=0" "-e" "RUST_BACKTRACE=full" "-e" "RUSTFLAGS=--cap-lints=warn" "-e" "RUSTDOCFLAGS=--cap-lints=warn" "-e" "CARGO_HOME=/opt/rustwide/cargo-home" "-e" "RUSTUP_HOME=/opt/rustwide/rustup-home" "-w" "/opt/rustwide/workdir" "-m" "1610612736" "--user" "0:0" "--network" "none" "ghcr.io/rust-lang/crates-build-env/linux@sha256:2788e3201cd34a07e3172128adcd8b3090168a8e3bcc40d7c032b9dda1df7d1c" "/opt/rustwide/cargo-home/bin/cargo" "+1.75.0" "build" "--frozen" "--message-format=json", kill_on_drop: false }`
[INFO] [stdout] e51cecd35d24962f5a67a9fa41e72c0b2c360cdcdeeeaa04642b382ae974f4e3
[INFO] running `Command { std: "docker" "start" "-a" "e51cecd35d24962f5a67a9fa41e72c0b2c360cdcdeeeaa04642b382ae974f4e3", kill_on_drop: false }`
[INFO] [stderr] warning: virtual workspace defaulting to `resolver = "1"` despite one or more workspace members being on edition 2021 which implies `resolver = "2"`
[INFO] [stderr] note: to keep the current resolver, specify `workspace.resolver = "1"` in the workspace root's manifest
[INFO] [stderr] note: to use the edition 2021 resolver, specify `workspace.resolver = "2"` in the workspace root's manifest
[INFO] [stderr] note: for more details see https://doc.rust-lang.org/cargo/reference/resolver.html#resolver-versions
[INFO] [stderr]    Compiling libc v0.2.141
[INFO] [stderr]    Compiling io-lifetimes v1.0.10
[INFO] [stderr]    Compiling rustix v0.37.11
[INFO] [stderr]    Compiling proc-macro2 v1.0.56
[INFO] [stderr]    Compiling linux-raw-sys v0.3.1
[INFO] [stderr]    Compiling quote v1.0.26
[INFO] [stderr]    Compiling unicode-ident v1.0.8
[INFO] [stderr]    Compiling utf8parse v0.2.1
[INFO] [stderr]    Compiling anstyle-parse v0.1.1
[INFO] [stderr]    Compiling anstyle v0.3.5
[INFO] [stderr]    Compiling concolor-override v1.0.0
[INFO] [stderr]    Compiling concolor-query v0.3.3
[INFO] [stderr]    Compiling memchr v2.5.0
[INFO] [stderr]    Compiling heck v0.4.1
[INFO] [stderr]    Compiling strsim v0.10.0
[INFO] [stderr]    Compiling clap_lex v0.4.1
[INFO] [stderr]    Compiling once_cell v1.17.1
[INFO] [stderr]    Compiling minimal-lexical v0.2.1
[INFO] [stderr]    Compiling syn v2.0.14
[INFO] [stderr]    Compiling nom v7.1.3
[INFO] [stderr]    Compiling is-terminal v0.4.7
[INFO] [stderr]    Compiling anstream v0.2.6
[INFO] [stderr]    Compiling clap_builder v4.2.1
[INFO] [stderr]    Compiling clap_derive v4.2.0
[INFO] [stderr]    Compiling clap v4.2.1
[INFO] [stderr]    Compiling aoc2022d8 v0.1.0 (/opt/rustwide/workdir/aoc2022d8)
[INFO] [stderr]    Compiling aoc2022d4 v0.1.0 (/opt/rustwide/workdir/aoc2022d4)
[INFO] [stderr]    Compiling aoc2022d5 v0.1.0 (/opt/rustwide/workdir/aoc2022d5)
[INFO] [stderr]    Compiling aoc2022d1 v0.1.0 (/opt/rustwide/workdir/aoc2022d1)
[INFO] [stdout] warning: unused imports: `alpha1`, `branch::alt`, `is_a`, `not_line_ending`, `self`, `separated_pair`, `space1`, `tag`, `terminated`, `tuple`
[INFO] [stdout]  --> aoc2022d8/src/lib.rs:3:5
[INFO] [stdout]   |
[INFO] [stdout] 3 |     branch::alt,
[INFO] [stdout]   |     ^^^^^^^^^^^
[INFO] [stdout] 4 |     bytes::complete::{is_a, tag},
[INFO] [stdout]   |                       ^^^^  ^^^
[INFO] [stdout] 5 |     character::complete::{self, alpha1, line_ending, not_line_ending, one_of, space1},
[INFO] [stdout]   |                           ^^^^  ^^^^^^               ^^^^^^^^^^^^^^^          ^^^^^^
[INFO] [stdout] ...
[INFO] [stdout] 8 |     sequence::{separated_pair, terminated, tuple},
[INFO] [stdout]   |                ^^^^^^^^^^^^^^  ^^^^^^^^^^  ^^^^^
[INFO] [stdout]   |
[INFO] [stdout]   = note: `#[warn(unused_imports)]` on by default
[INFO] [stdout] 
[INFO] [stdout] 
[INFO] [stdout] warning: unused variable: `input`
[INFO] [stdout]   --> aoc2022d8/src/lib.rs:62:22
[INFO] [stdout]    |
[INFO] [stdout] 62 | fn parse_input_part2(input: &str) -> IResult<&str, Vec<&str>> {
[INFO] [stdout]    |                      ^^^^^ help: if this is intentional, prefix it with an underscore: `_input`
[INFO] [stdout]    |
[INFO] [stdout]    = note: `#[warn(unused_variables)]` on by default
[INFO] [stdout] 
[INFO] [stdout] 
[INFO] [stdout] warning: unused variable: `input`
[INFO] [stdout]    --> aoc2022d8/src/lib.rs:109:10
[INFO] [stdout]     |
[INFO] [stdout] 109 | fn part2(input: &str) -> u32 {
[INFO] [stdout]     |          ^^^^^ help: if this is intentional, prefix it with an underscore: `_input`
[INFO] [stdout] 
[INFO] [stdout] 
[INFO] [stdout] warning: function `parse_input_part2` is never used
[INFO] [stdout]   --> aoc2022d8/src/lib.rs:62:4
[INFO] [stdout]    |
[INFO] [stdout] 62 | fn parse_input_part2(input: &str) -> IResult<&str, Vec<&str>> {
[INFO] [stdout]    |    ^^^^^^^^^^^^^^^^^
[INFO] [stdout]    |
[INFO] [stdout]    = note: `#[warn(dead_code)]` on by default
[INFO] [stdout] 
[INFO] [stdout] 
[INFO] [stderr]    Compiling aoc2022d6 v0.1.0 (/opt/rustwide/workdir/aoc2022d6)
[INFO] [stdout] warning: using `.clone()` on a double reference, which returns `&str` instead of cloning the inner type
[INFO] [stdout]    --> aoc2022d5/src/lib.rs:133:43
[INFO] [stdout]     |
[INFO] [stdout] 133 |         .map(|krate| krate.last().unwrap().clone())
[INFO] [stdout]     |                                           ^^^^^^^^
[INFO] [stdout]     |
[INFO] [stdout]     = note: `#[warn(suspicious_double_ref_op)]` on by default
[INFO] [stdout] 
[INFO] [stdout] 
[INFO] [stdout] warning: using `.clone()` on a double reference, which returns `&str` instead of cloning the inner type
[INFO] [stdout]    --> aoc2022d5/src/lib.rs:150:43
[INFO] [stdout]     |
[INFO] [stdout] 150 |         .map(|krate| krate.last().unwrap().clone())
[INFO] [stdout]     |                                           ^^^^^^^^
[INFO] [stdout] 
[INFO] [stdout] 
[INFO] [stdout] warning: 4 warnings emitted
[INFO] [stdout] 
[INFO] [stdout] 
[INFO] [stderr]    Compiling aoc2022d3 v0.1.0 (/opt/rustwide/workdir/aoc2022d3)
[INFO] [stderr]    Compiling aoc2022d2 v0.1.0 (/opt/rustwide/workdir/aoc2022d2)
[INFO] [stderr]    Compiling aoc2022d7 v0.1.0 (/opt/rustwide/workdir/aoc2022d7)
[INFO] [stdout] warning: 2 warnings emitted
[INFO] [stdout] 
[INFO] [stdout] 
[INFO] [stderr]     Finished dev [unoptimized + debuginfo] target(s) in 21.03s
[INFO] running `Command { std: "docker" "inspect" "e51cecd35d24962f5a67a9fa41e72c0b2c360cdcdeeeaa04642b382ae974f4e3", kill_on_drop: false }`
[INFO] running `Command { std: "docker" "rm" "-f" "e51cecd35d24962f5a67a9fa41e72c0b2c360cdcdeeeaa04642b382ae974f4e3", kill_on_drop: false }`
[INFO] [stdout] e51cecd35d24962f5a67a9fa41e72c0b2c360cdcdeeeaa04642b382ae974f4e3
[INFO] running `Command { std: "docker" "create" "-v" "/var/lib/crater-agent-workspace/builds/worker-2-tc1/target:/opt/rustwide/target:rw,Z" "-v" "/var/lib/crater-agent-workspace/builds/worker-2-tc1/source:/opt/rustwide/workdir:ro,Z" "-v" "/var/lib/crater-agent-workspace/cargo-home:/opt/rustwide/cargo-home:ro,Z" "-v" "/var/lib/crater-agent-workspace/rustup-home:/opt/rustwide/rustup-home:ro,Z" "-e" "SOURCE_DIR=/opt/rustwide/workdir" "-e" "CARGO_TARGET_DIR=/opt/rustwide/target" "-e" "CARGO_INCREMENTAL=0" "-e" "RUST_BACKTRACE=full" "-e" "RUSTFLAGS=--cap-lints=warn" "-e" "RUSTDOCFLAGS=--cap-lints=warn" "-e" "CARGO_HOME=/opt/rustwide/cargo-home" "-e" "RUSTUP_HOME=/opt/rustwide/rustup-home" "-w" "/opt/rustwide/workdir" "-m" "1610612736" "--user" "0:0" "--network" "none" "ghcr.io/rust-lang/crates-build-env/linux@sha256:2788e3201cd34a07e3172128adcd8b3090168a8e3bcc40d7c032b9dda1df7d1c" "/opt/rustwide/cargo-home/bin/cargo" "+1.75.0" "test" "--frozen" "--no-run" "--message-format=json", kill_on_drop: false }`
[INFO] [stdout] 0d0cbf6f293b13fa5c68a7aeabb541351660badb31ba33ba17b689db4f461e6d
[INFO] running `Command { std: "docker" "start" "-a" "0d0cbf6f293b13fa5c68a7aeabb541351660badb31ba33ba17b689db4f461e6d", kill_on_drop: false }`
[INFO] [stderr] warning: virtual workspace defaulting to `resolver = "1"` despite one or more workspace members being on edition 2021 which implies `resolver = "2"`
[INFO] [stderr] note: to keep the current resolver, specify `workspace.resolver = "1"` in the workspace root's manifest
[INFO] [stderr] note: to use the edition 2021 resolver, specify `workspace.resolver = "2"` in the workspace root's manifest
[INFO] [stderr] note: for more details see https://doc.rust-lang.org/cargo/reference/resolver.html#resolver-versions
[INFO] [stdout] warning: using `.clone()` on a double reference, which returns `&str` instead of cloning the inner type
[INFO] [stdout]    --> aoc2022d5/src/lib.rs:133:43
[INFO] [stdout]     |
[INFO] [stdout] 133 |         .map(|krate| krate.last().unwrap().clone())
[INFO] [stdout]     |                                           ^^^^^^^^
[INFO] [stdout]     |
[INFO] [stdout]     = note: `#[warn(suspicious_double_ref_op)]` on by default
[INFO] [stdout] 
[INFO] [stdout] 
[INFO] [stdout] warning: using `.clone()` on a double reference, which returns `&str` instead of cloning the inner type
[INFO] [stdout]    --> aoc2022d5/src/lib.rs:150:43
[INFO] [stdout]     |
[INFO] [stdout] 150 |         .map(|krate| krate.last().unwrap().clone())
[INFO] [stdout]     |                                           ^^^^^^^^
[INFO] [stdout] 
[INFO] [stdout] 
[INFO] [stdout] warning: 2 warnings emitted
[INFO] [stdout] 
[INFO] [stdout] 
[INFO] [stdout] warning: unused imports: `alpha1`, `branch::alt`, `is_a`, `not_line_ending`, `self`, `separated_pair`, `space1`, `tag`, `terminated`, `tuple`
[INFO] [stdout]  --> aoc2022d8/src/lib.rs:3:5
[INFO] [stdout]   |
[INFO] [stdout] 3 |     branch::alt,
[INFO] [stdout]   |     ^^^^^^^^^^^
[INFO] [stdout] 4 |     bytes::complete::{is_a, tag},
[INFO] [stdout]   |                       ^^^^  ^^^
[INFO] [stdout] 5 |     character::complete::{self, alpha1, line_ending, not_line_ending, one_of, space1},
[INFO] [stdout]   |                           ^^^^  ^^^^^^               ^^^^^^^^^^^^^^^          ^^^^^^
[INFO] [stdout] ...
[INFO] [stdout] 8 |     sequence::{separated_pair, terminated, tuple},
[INFO] [stdout]   |                ^^^^^^^^^^^^^^  ^^^^^^^^^^  ^^^^^
[INFO] [stdout]   |
[INFO] [stdout]   = note: `#[warn(unused_imports)]` on by default
[INFO] [stdout] 
[INFO] [stdout] 
[INFO] [stderr]    Compiling aoc2022d2 v0.1.0 (/opt/rustwide/workdir/aoc2022d2)
[INFO] [stdout] warning: unused variable: `input`
[INFO] [stdout]   --> aoc2022d8/src/lib.rs:62:22
[INFO] [stdout]    |
[INFO] [stdout] 62 | fn parse_input_part2(input: &str) -> IResult<&str, Vec<&str>> {
[INFO] [stdout]    |                      ^^^^^ help: if this is intentional, prefix it with an underscore: `_input`
[INFO] [stdout]    |
[INFO] [stdout]    = note: `#[warn(unused_variables)]` on by default
[INFO] [stdout] 
[INFO] [stdout] 
[INFO] [stdout] warning: unused variable: `input`
[INFO] [stdout]    --> aoc2022d8/src/lib.rs:109:10
[INFO] [stdout]     |
[INFO] [stdout] 109 | fn part2(input: &str) -> u32 {
[INFO] [stdout]     |          ^^^^^ help: if this is intentional, prefix it with an underscore: `_input`
[INFO] [stdout] 
[INFO] [stdout] 
[INFO] [stdout] warning: function `parse_input_part2` is never used
[INFO] [stdout]   --> aoc2022d8/src/lib.rs:62:4
[INFO] [stdout]    |
[INFO] [stdout] 62 | fn parse_input_part2(input: &str) -> IResult<&str, Vec<&str>> {
[INFO] [stdout]    |    ^^^^^^^^^^^^^^^^^
[INFO] [stdout]    |
[INFO] [stdout]    = note: `#[warn(dead_code)]` on by default
[INFO] [stdout] 
[INFO] [stdout] 
[INFO] [stdout] warning: 4 warnings emitted
[INFO] [stdout] 
[INFO] [stdout] 
[INFO] [stderr]    Compiling aoc2022d3 v0.1.0 (/opt/rustwide/workdir/aoc2022d3)
[INFO] [stderr]    Compiling aoc2022d4 v0.1.0 (/opt/rustwide/workdir/aoc2022d4)
[INFO] [stderr]    Compiling aoc2022d1 v0.1.0 (/opt/rustwide/workdir/aoc2022d1)
[INFO] [stderr]    Compiling aoc2022d5 v0.1.0 (/opt/rustwide/workdir/aoc2022d5)
[INFO] [stderr]    Compiling aoc2022d6 v0.1.0 (/opt/rustwide/workdir/aoc2022d6)
[INFO] [stderr]    Compiling aoc2022d7 v0.1.0 (/opt/rustwide/workdir/aoc2022d7)
[INFO] [stderr]    Compiling aoc2022d8 v0.1.0 (/opt/rustwide/workdir/aoc2022d8)
[INFO] [stdout] warning: unused imports: `alpha1`, `branch::alt`, `is_a`, `not_line_ending`, `self`, `separated_pair`, `space1`, `tag`, `terminated`, `tuple`
[INFO] [stdout]  --> aoc2022d8/src/lib.rs:3:5
[INFO] [stdout]   |
[INFO] [stdout] 3 |     branch::alt,
[INFO] [stdout]   |     ^^^^^^^^^^^
[INFO] [stdout] 4 |     bytes::complete::{is_a, tag},
[INFO] [stdout]   |                       ^^^^  ^^^
[INFO] [stdout] 5 |     character::complete::{self, alpha1, line_ending, not_line_ending, one_of, space1},
[INFO] [stdout]   |                           ^^^^  ^^^^^^               ^^^^^^^^^^^^^^^          ^^^^^^
[INFO] [stdout] ...
[INFO] [stdout] 8 |     sequence::{separated_pair, terminated, tuple},
[INFO] [stdout]   |                ^^^^^^^^^^^^^^  ^^^^^^^^^^  ^^^^^
[INFO] [stdout]   |
[INFO] [stdout]   = note: `#[warn(unused_imports)]` on by default
[INFO] [stdout] 
[INFO] [stdout] 
[INFO] [stdout] warning: using `.clone()` on a double reference, which returns `&str` instead of cloning the inner type
[INFO] [stdout]    --> aoc2022d5/src/lib.rs:133:43
[INFO] [stdout]     |
[INFO] [stdout] 133 |         .map(|krate| krate.last().unwrap().clone())
[INFO] [stdout]     |                                           ^^^^^^^^
[INFO] [stdout]     |
[INFO] [stdout]     = note: `#[warn(suspicious_double_ref_op)]` on by default
[INFO] [stdout] 
[INFO] [stdout] 
[INFO] [stdout] warning: using `.clone()` on a double reference, which returns `&str` instead of cloning the inner type
[INFO] [stdout]    --> aoc2022d5/src/lib.rs:150:43
[INFO] [stdout]     |
[INFO] [stdout] 150 |         .map(|krate| krate.last().unwrap().clone())
[INFO] [stdout]     |                                           ^^^^^^^^
[INFO] [stdout] 
[INFO] [stdout] 
[INFO] [stdout] warning: unused variable: `input`
[INFO] [stdout]   --> aoc2022d8/src/lib.rs:62:22
[INFO] [stdout]    |
[INFO] [stdout] 62 | fn parse_input_part2(input: &str) -> IResult<&str, Vec<&str>> {
[INFO] [stdout]    |                      ^^^^^ help: if this is intentional, prefix it with an underscore: `_input`
[INFO] [stdout]    |
[INFO] [stdout]    = note: `#[warn(unused_variables)]` on by default
[INFO] [stdout] 
[INFO] [stdout] 
[INFO] [stdout] warning: unused variable: `input`
[INFO] [stdout]    --> aoc2022d8/src/lib.rs:109:10
[INFO] [stdout]     |
[INFO] [stdout] 109 | fn part2(input: &str) -> u32 {
[INFO] [stdout]     |          ^^^^^ help: if this is intentional, prefix it with an underscore: `_input`
[INFO] [stdout] 
[INFO] [stdout] 
[INFO] [stdout] warning: function `parse_input_part2` is never used
[INFO] [stdout]   --> aoc2022d8/src/lib.rs:62:4
[INFO] [stdout]    |
[INFO] [stdout] 62 | fn parse_input_part2(input: &str) -> IResult<&str, Vec<&str>> {
[INFO] [stdout]    |    ^^^^^^^^^^^^^^^^^
[INFO] [stdout]    |
[INFO] [stdout]    = note: `#[warn(dead_code)]` on by default
[INFO] [stdout] 
[INFO] [stdout] 
[INFO] [stdout] warning: 4 warnings emitted
[INFO] [stdout] 
[INFO] [stdout] 
[INFO] [stdout] warning: 2 warnings emitted
[INFO] [stdout] 
[INFO] [stdout] 
[INFO] [stderr]     Finished test [unoptimized + debuginfo] target(s) in 4.72s
[INFO] running `Command { std: "docker" "inspect" "0d0cbf6f293b13fa5c68a7aeabb541351660badb31ba33ba17b689db4f461e6d", kill_on_drop: false }`
[INFO] running `Command { std: "docker" "rm" "-f" "0d0cbf6f293b13fa5c68a7aeabb541351660badb31ba33ba17b689db4f461e6d", kill_on_drop: false }`
[INFO] [stdout] 0d0cbf6f293b13fa5c68a7aeabb541351660badb31ba33ba17b689db4f461e6d
[INFO] running `Command { std: "docker" "create" "-v" "/var/lib/crater-agent-workspace/builds/worker-2-tc1/target:/opt/rustwide/target:rw,Z" "-v" "/var/lib/crater-agent-workspace/builds/worker-2-tc1/source:/opt/rustwide/workdir:ro,Z" "-v" "/var/lib/crater-agent-workspace/cargo-home:/opt/rustwide/cargo-home:ro,Z" "-v" "/var/lib/crater-agent-workspace/rustup-home:/opt/rustwide/rustup-home:ro,Z" "-e" "SOURCE_DIR=/opt/rustwide/workdir" "-e" "CARGO_TARGET_DIR=/opt/rustwide/target" "-e" "CARGO_INCREMENTAL=0" "-e" "RUST_BACKTRACE=full" "-e" "RUSTFLAGS=--cap-lints=warn" "-e" "RUSTDOCFLAGS=--cap-lints=warn" "-e" "CARGO_HOME=/opt/rustwide/cargo-home" "-e" "RUSTUP_HOME=/opt/rustwide/rustup-home" "-w" "/opt/rustwide/workdir" "-m" "1610612736" "--user" "0:0" "--network" "none" "ghcr.io/rust-lang/crates-build-env/linux@sha256:2788e3201cd34a07e3172128adcd8b3090168a8e3bcc40d7c032b9dda1df7d1c" "/opt/rustwide/cargo-home/bin/cargo" "+1.75.0" "test" "--frozen", kill_on_drop: false }`
[INFO] [stdout] e5a042438b82810eaf0dedba7163963d6dd56445b173c533e3ee4fcdcfc4c01f
[INFO] running `Command { std: "docker" "start" "-a" "e5a042438b82810eaf0dedba7163963d6dd56445b173c533e3ee4fcdcfc4c01f", kill_on_drop: false }`
[INFO] [stderr] warning: virtual workspace defaulting to `resolver = "1"` despite one or more workspace members being on edition 2021 which implies `resolver = "2"`
[INFO] [stderr] note: to keep the current resolver, specify `workspace.resolver = "1"` in the workspace root's manifest
[INFO] [stderr] note: to use the edition 2021 resolver, specify `workspace.resolver = "2"` in the workspace root's manifest
[INFO] [stderr] note: for more details see https://doc.rust-lang.org/cargo/reference/resolver.html#resolver-versions
[INFO] [stderr] warning: using `.clone()` on a double reference, which returns `&str` instead of cloning the inner type
[INFO] [stderr]    --> aoc2022d5/src/lib.rs:133:43
[INFO] [stderr]     |
[INFO] [stderr] 133 |         .map(|krate| krate.last().unwrap().clone())
[INFO] [stderr]     |                                           ^^^^^^^^
[INFO] [stderr]     |
[INFO] [stderr]     = note: `#[warn(suspicious_double_ref_op)]` on by default
[INFO] [stderr] 
[INFO] [stderr] warning: using `.clone()` on a double reference, which returns `&str` instead of cloning the inner type
[INFO] [stderr]    --> aoc2022d5/src/lib.rs:150:43
[INFO] [stderr]     |
[INFO] [stderr] 150 |         .map(|krate| krate.last().unwrap().clone())
[INFO] [stderr]     |                                           ^^^^^^^^
[INFO] [stderr] 
[INFO] [stderr] warning: unused imports: `alpha1`, `branch::alt`, `is_a`, `not_line_ending`, `self`, `separated_pair`, `space1`, `tag`, `terminated`, `tuple`
[INFO] [stderr]  --> aoc2022d8/src/lib.rs:3:5
[INFO] [stderr]   |
[INFO] [stderr] 3 |     branch::alt,
[INFO] [stderr]   |     ^^^^^^^^^^^
[INFO] [stderr] 4 |     bytes::complete::{is_a, tag},
[INFO] [stderr]   |                       ^^^^  ^^^
[INFO] [stderr] 5 |     character::complete::{self, alpha1, line_ending, not_line_ending, one_of, space1},
[INFO] [stderr]   |                           ^^^^  ^^^^^^               ^^^^^^^^^^^^^^^          ^^^^^^
[INFO] [stderr] ...
[INFO] [stderr] 8 |     sequence::{separated_pair, terminated, tuple},
[INFO] [stderr]   |                ^^^^^^^^^^^^^^  ^^^^^^^^^^  ^^^^^
[INFO] [stderr]   |
[INFO] [stderr]   = note: `#[warn(unused_imports)]` on by default
[INFO] [stderr] 
[INFO] [stderr] warning: unused variable: `input`
[INFO] [stderr]   --> aoc2022d8/src/lib.rs:62:22
[INFO] [stderr]    |
[INFO] [stderr] 62 | fn parse_input_part2(input: &str) -> IResult<&str, Vec<&str>> {
[INFO] [stderr]    |                      ^^^^^ help: if this is intentional, prefix it with an underscore: `_input`
[INFO] [stderr]    |
[INFO] [stderr]    = note: `#[warn(unused_variables)]` on by default
[INFO] [stderr] 
[INFO] [stderr] warning: unused variable: `input`
[INFO] [stderr]    --> aoc2022d8/src/lib.rs:109:10
[INFO] [stderr]     |
[INFO] [stderr] 109 | fn part2(input: &str) -> u32 {
[INFO] [stderr]     |          ^^^^^ help: if this is intentional, prefix it with an underscore: `_input`
[INFO] [stderr] 
[INFO] [stderr] warning: function `parse_input_part2` is never used
[INFO] [stderr]   --> aoc2022d8/src/lib.rs:62:4
[INFO] [stderr]    |
[INFO] [stderr] 62 | fn parse_input_part2(input: &str) -> IResult<&str, Vec<&str>> {
[INFO] [stderr]    |    ^^^^^^^^^^^^^^^^^
[INFO] [stderr]    |
[INFO] [stderr]    = note: `#[warn(dead_code)]` on by default
[INFO] [stderr] 
[INFO] [stderr] warning: `aoc2022d5` (lib) generated 2 warnings
[INFO] [stderr] warning: `aoc2022d8` (lib) generated 4 warnings (run `cargo fix --lib -p aoc2022d8` to apply 3 suggestions)
[INFO] [stderr] warning: `aoc2022d8` (lib test) generated 4 warnings (4 duplicates)
[INFO] [stderr] warning: `aoc2022d5` (lib test) generated 2 warnings (2 duplicates)
[INFO] [stderr]     Finished test [unoptimized + debuginfo] target(s) in 0.05s
[INFO] [stderr]      Running unittests src/lib.rs (/opt/rustwide/target/debug/deps/aoc2022d1-d33cc70a3199107c)
[INFO] [stdout] 
[INFO] [stdout] running 2 tests
[INFO] [stdout] test test::part1_works ... ok
[INFO] [stdout] test test::part2_works ... ok
[INFO] [stdout] 
[INFO] [stdout] test result: ok. 2 passed; 0 failed; 0 ignored; 0 measured; 0 filtered out; finished in 0.01s
[INFO] [stdout] 
[INFO] [stderr]      Running unittests src/main.rs (/opt/rustwide/target/debug/deps/aoc2022d1-0b21df719bb4786e)
[INFO] [stdout] 
[INFO] [stdout] running 0 tests
[INFO] [stdout] 
[INFO] [stdout] test result: ok. 0 passed; 0 failed; 0 ignored; 0 measured; 0 filtered out; finished in 0.00s
[INFO] [stdout] 
[INFO] [stderr]      Running unittests src/lib.rs (/opt/rustwide/target/debug/deps/aoc2022d2-c237f1f0bb43135f)
[INFO] [stdout] 
[INFO] [stdout] running 2 tests
[INFO] [stdout] test test::part1_works ... ok
[INFO] [stdout] test test::part2_works ... ok
[INFO] [stdout] 
[INFO] [stdout] test result: ok. 2 passed; 0 failed; 0 ignored; 0 measured; 0 filtered out; finished in 0.00s
[INFO] [stdout] 
[INFO] [stderr]      Running unittests src/main.rs (/opt/rustwide/target/debug/deps/aoc2022d2-b30c44c8dad1d5f3)
[INFO] [stdout] 
[INFO] [stdout] running 0 tests
[INFO] [stdout] 
[INFO] [stdout] test result: ok. 0 passed; 0 failed; 0 ignored; 0 measured; 0 filtered out; finished in 0.00s
[INFO] [stdout] 
[INFO] [stderr]      Running unittests src/lib.rs (/opt/rustwide/target/debug/deps/aoc2022d3-7ea1a002d3db1466)
[INFO] [stdout] 
[INFO] [stdout] running 2 tests
[INFO] [stdout] test test::part1_works ... ok
[INFO] [stderr]      Running unittests src/main.rs (/opt/rustwide/target/debug/deps/aoc2022d3-90e5e8fe98813a10)
[INFO] [stdout] test test::part2_works ... ok
[INFO] [stdout] 
[INFO] [stdout] test result: ok. 2 passed; 0 failed; 0 ignored; 0 measured; 0 filtered out; finished in 0.00s
[INFO] [stdout] 
[INFO] [stdout] 
[INFO] [stdout] running 0 tests
[INFO] [stdout] 
[INFO] [stderr]      Running unittests src/lib.rs (/opt/rustwide/target/debug/deps/aoc2022d4-7825c6b86f96cc82)
[INFO] [stdout] test result: ok. 0 passed; 0 failed; 0 ignored; 0 measured; 0 filtered out; finished in 0.00s
[INFO] [stdout] 
[INFO] [stdout] 
[INFO] [stdout] running 2 tests
[INFO] [stdout] test test::part1_works ... ok
[INFO] [stderr]      Running unittests src/main.rs (/opt/rustwide/target/debug/deps/aoc2022d4-6ff90ec694b1bb1f)
[INFO] [stdout] test test::part2_works ... ok
[INFO] [stdout] 
[INFO] [stdout] test result: ok. 2 passed; 0 failed; 0 ignored; 0 measured; 0 filtered out; finished in 0.00s
[INFO] [stdout] 
[INFO] [stdout] 
[INFO] [stdout] running 0 tests
[INFO] [stdout] 
[INFO] [stdout] test result: ok. 0 passed; 0 failed; 0 ignored; 0 measured; 0 filtered out; finished in 0.00s
[INFO] [stdout] 
[INFO] [stderr]      Running unittests src/lib.rs (/opt/rustwide/target/debug/deps/aoc2022d5-ec32459ef05edd74)
[INFO] [stdout] 
[INFO] [stdout] running 2 tests
[INFO] [stdout] test test::part2_works ... ok
[INFO] [stdout] test test::part1_works ... ok
[INFO] [stdout] 
[INFO] [stdout] test result: ok. 2 passed; 0 failed; 0 ignored; 0 measured; 0 filtered out; finished in 0.01s
[INFO] [stdout] 
[INFO] [stdout] 
[INFO] [stdout] running 0 tests
[INFO] [stdout] 
[INFO] [stdout] test result: ok. 0 passed; 0 failed; 0 ignored; 0 measured; 0 filtered out; finished in 0.00s
[INFO] [stdout] 
[INFO] [stderr]      Running unittests src/main.rs (/opt/rustwide/target/debug/deps/aoc2022d5-e5600ffe6497c559)
[INFO] [stderr]      Running unittests src/lib.rs (/opt/rustwide/target/debug/deps/aoc2022d6-361110c71822553f)
[INFO] [stdout] 
[INFO] [stdout] running 2 tests
[INFO] [stdout] test test::part1_works ... ok
[INFO] [stdout] test test::part2_works ... ok
[INFO] [stdout] 
[INFO] [stdout] test result: ok. 2 passed; 0 failed; 0 ignored; 0 measured; 0 filtered out; finished in 0.01s
[INFO] [stdout] 
[INFO] [stderr]      Running unittests src/main.rs (/opt/rustwide/target/debug/deps/aoc2022d6-e2d39a16f5c2284c)
[INFO] [stdout] 
[INFO] [stdout] running 0 tests
[INFO] [stdout] 
[INFO] [stdout] test result: ok. 0 passed; 0 failed; 0 ignored; 0 measured; 0 filtered out; finished in 0.00s
[INFO] [stdout] 
[INFO] [stderr]      Running unittests src/lib.rs (/opt/rustwide/target/debug/deps/aoc2022d7-e495da13eb2527be)
[INFO] [stdout] 
[INFO] [stdout] running 2 tests
[INFO] [stdout] test test::part1_works ... ok
[INFO] [stdout] test test::part2_works ... ok
[INFO] [stdout] 
[INFO] [stdout] test result: ok. 2 passed; 0 failed; 0 ignored; 0 measured; 0 filtered out; finished in 0.01s
[INFO] [stdout] 
[INFO] [stderr]      Running unittests src/main.rs (/opt/rustwide/target/debug/deps/aoc2022d7-fa68be68762fbe37)
[INFO] [stdout] 
[INFO] [stdout] running 0 tests
[INFO] [stdout] 
[INFO] [stdout] test result: ok. 0 passed; 0 failed; 0 ignored; 0 measured; 0 filtered out; finished in 0.00s
[INFO] [stdout] 
[INFO] [stderr]      Running unittests src/lib.rs (/opt/rustwide/target/debug/deps/aoc2022d8-a73aed69a88d102c)
[INFO] [stdout] 
[INFO] [stdout] running 2 tests
[INFO] [stdout] test test::part2_works ... ignored
[INFO] [stdout] test test::part1_works ... FAILED
[INFO] [stdout] 
[INFO] [stdout] failures:
[INFO] [stdout] 
[INFO] [stdout] ---- test::part1_works stdout ----
[INFO] [stdout] [aoc2022d8/src/lib.rs:91] visible.len() = 25
[INFO] [stdout] [aoc2022d8/src/lib.rs:92] visible.iter().filter(|v| **v).count() = 22
[INFO] [stdout] thread 'test::part1_works' panicked at aoc2022d8/src/lib.rs:125:9:
[INFO] [stdout] assertion `left == right` failed
[INFO] [stdout]   left: 420
[INFO] [stdout]  right: 21
[INFO] [stdout] stack backtrace:
[INFO] [stdout]    0:     0x555f5859ffcc - std::backtrace_rs::backtrace::libunwind::trace::ha637c64ce894333a
[INFO] [stdout]                                at /rustc/82e1608dfa6e0b5569232559e3d385fea5a93112/library/std/src/../../backtrace/src/backtrace/libunwind.rs:104:5
[INFO] [stdout]    1:     0x555f5859ffcc - std::backtrace_rs::backtrace::trace_unsynchronized::h47f62dea28e0c88d
[INFO] [stdout]                                at /rustc/82e1608dfa6e0b5569232559e3d385fea5a93112/library/std/src/../../backtrace/src/backtrace/mod.rs:66:5
[INFO] [stdout]    2:     0x555f5859ffcc - std::sys_common::backtrace::_print_fmt::h9eef0abe20ede486
[INFO] [stdout]                                at /rustc/82e1608dfa6e0b5569232559e3d385fea5a93112/library/std/src/sys_common/backtrace.rs:67:5
[INFO] [stdout]    3:     0x555f5859ffcc - <std::sys_common::backtrace::_print::DisplayBacktrace as core::fmt::Display>::fmt::hed7f999df88cc644
[INFO] [stdout]                                at /rustc/82e1608dfa6e0b5569232559e3d385fea5a93112/library/std/src/sys_common/backtrace.rs:44:22
[INFO] [stdout]    4:     0x555f585c9b10 - core::fmt::rt::Argument::fmt::h1539a9308b8d058d
[INFO] [stdout]                                at /rustc/82e1608dfa6e0b5569232559e3d385fea5a93112/library/core/src/fmt/rt.rs:142:9
[INFO] [stdout]    5:     0x555f585c9b10 - core::fmt::write::h3a39390d8560d9c9
[INFO] [stdout]                                at /rustc/82e1608dfa6e0b5569232559e3d385fea5a93112/library/core/src/fmt/mod.rs:1120:17
[INFO] [stdout]    6:     0x555f5859d97f - std::io::Write::write_fmt::h040b369f3a0f9cbc
[INFO] [stdout]                                at /rustc/82e1608dfa6e0b5569232559e3d385fea5a93112/library/std/src/io/mod.rs:1762:15
[INFO] [stdout]    7:     0x555f5859fdb4 - std::sys_common::backtrace::_print::h894006fb5c6f3d45
[INFO] [stdout]                                at /rustc/82e1608dfa6e0b5569232559e3d385fea5a93112/library/std/src/sys_common/backtrace.rs:47:5
[INFO] [stdout]    8:     0x555f5859fdb4 - std::sys_common::backtrace::print::h23a2d212c6fff936
[INFO] [stdout]                                at /rustc/82e1608dfa6e0b5569232559e3d385fea5a93112/library/std/src/sys_common/backtrace.rs:34:9
[INFO] [stdout]    9:     0x555f585a1a77 - std::panicking::default_hook::{{closure}}::h8a1d2ee00185001a
[INFO] [stdout]   10:     0x555f585a1763 - std::panicking::default_hook::h6038f2eba384e475
[INFO] [stdout]                                at /rustc/82e1608dfa6e0b5569232559e3d385fea5a93112/library/std/src/panicking.rs:289:9
[INFO] [stdout]   11:     0x555f5856d407 - <alloc::boxed::Box<F,A> as core::ops::function::Fn<Args>>::call::h0ad024c9bdc6d768
[INFO] [stdout]                                at /rustc/82e1608dfa6e0b5569232559e3d385fea5a93112/library/alloc/src/boxed.rs:2021:9
[INFO] [stdout]   12:     0x555f5856d407 - test::test_main::{{closure}}::h7500b54257359db6
[INFO] [stdout]                                at /rustc/82e1608dfa6e0b5569232559e3d385fea5a93112/library/test/src/lib.rs:138:21
[INFO] [stdout]   13:     0x555f585a2088 - <alloc::boxed::Box<F,A> as core::ops::function::Fn<Args>>::call::h1f8f335eaa9cfaee
[INFO] [stdout]                                at /rustc/82e1608dfa6e0b5569232559e3d385fea5a93112/library/alloc/src/boxed.rs:2021:9
[INFO] [stdout]   14:     0x555f585a2088 - std::panicking::rust_panic_with_hook::h2b5517d590cab22e
[INFO] [stdout]                                at /rustc/82e1608dfa6e0b5569232559e3d385fea5a93112/library/std/src/panicking.rs:783:13
[INFO] [stdout]   15:     0x555f585a1dde - std::panicking::begin_panic_handler::{{closure}}::h233112c06e0ef43e
[INFO] [stdout]                                at /rustc/82e1608dfa6e0b5569232559e3d385fea5a93112/library/std/src/panicking.rs:657:13
[INFO] [stdout]   16:     0x555f585a0496 - std::sys_common::backtrace::__rust_end_short_backtrace::h6e893f24d7ebbff8
[INFO] [stdout]                                at /rustc/82e1608dfa6e0b5569232559e3d385fea5a93112/library/std/src/sys_common/backtrace.rs:170:18
[INFO] [stdout]   17:     0x555f585a1b42 - rust_begin_unwind
[INFO] [stdout]                                at /rustc/82e1608dfa6e0b5569232559e3d385fea5a93112/library/std/src/panicking.rs:645:5
[INFO] [stdout]   18:     0x555f58531cf5 - core::panicking::panic_fmt::hbf0e066aabfa482c
[INFO] [stdout]                                at /rustc/82e1608dfa6e0b5569232559e3d385fea5a93112/library/core/src/panicking.rs:72:14
[INFO] [stdout]   19:     0x555f5853201b - core::panicking::assert_failed_inner::h0bba8b7c26ee4492
[INFO] [stdout]   20:     0x555f58535c2e - core::panicking::assert_failed::h8e2ff9220fa6b18b
[INFO] [stdout]                                at /rustc/82e1608dfa6e0b5569232559e3d385fea5a93112/library/core/src/panicking.rs:279:5
[INFO] [stdout]   21:     0x555f58539964 - aoc2022d8::test::part1_works::h4fd6233ea59824f5
[INFO] [stdout]                                at /opt/rustwide/workdir/aoc2022d8/src/lib.rs:125:9
[INFO] [stdout]   22:     0x555f585398b7 - aoc2022d8::test::part1_works::{{closure}}::he08e345f67e85548
[INFO] [stdout]                                at /opt/rustwide/workdir/aoc2022d8/src/lib.rs:118:21
[INFO] [stdout]   23:     0x555f58534f36 - core::ops::function::FnOnce::call_once::h51d9555143ca8cd8
[INFO] [stdout]                                at /rustc/82e1608dfa6e0b5569232559e3d385fea5a93112/library/core/src/ops/function.rs:250:5
[INFO] [stdout]   24:     0x555f58572a5f - core::ops::function::FnOnce::call_once::h2b5d431d5046312d
[INFO] [stdout]                                at /rustc/82e1608dfa6e0b5569232559e3d385fea5a93112/library/core/src/ops/function.rs:250:5
[INFO] [stdout]   25:     0x555f58572a5f - test::__rust_begin_short_backtrace::h7714669af176e207
[INFO] [stdout]                                at /rustc/82e1608dfa6e0b5569232559e3d385fea5a93112/library/test/src/lib.rs:628:18
[INFO] [stdout]   26:     0x555f58571a75 - test::run_test_in_process::{{closure}}::h85218797dcbcec12
[INFO] [stdout]                                at /rustc/82e1608dfa6e0b5569232559e3d385fea5a93112/library/test/src/lib.rs:651:60
[INFO] [stdout]   27:     0x555f58571a75 - <core::panic::unwind_safe::AssertUnwindSafe<F> as core::ops::function::FnOnce<()>>::call_once::h76c106ea31c14d7b
[INFO] [stdout]                                at /rustc/82e1608dfa6e0b5569232559e3d385fea5a93112/library/core/src/panic/unwind_safe.rs:272:9
[INFO] [stdout]   28:     0x555f58571a75 - std::panicking::try::do_call::h3bd5d0f6620ee946
[INFO] [stdout]                                at /rustc/82e1608dfa6e0b5569232559e3d385fea5a93112/library/std/src/panicking.rs:552:40
[INFO] [stdout]   29:     0x555f58571a75 - std::panicking::try::h232e535e4744fe31
[INFO] [stdout]                                at /rustc/82e1608dfa6e0b5569232559e3d385fea5a93112/library/std/src/panicking.rs:516:19
[INFO] [stdout]   30:     0x555f58571a75 - std::panic::catch_unwind::h3ce3bd6ca8dbac68
[INFO] [stdout]                                at /rustc/82e1608dfa6e0b5569232559e3d385fea5a93112/library/std/src/panic.rs:142:14
[INFO] [stdout]   31:     0x555f58571a75 - test::run_test_in_process::hc97b257c9621286a
[INFO] [stdout]                                at /rustc/82e1608dfa6e0b5569232559e3d385fea5a93112/library/test/src/lib.rs:651:27
[INFO] [stdout]   32:     0x555f58571a75 - test::run_test::{{closure}}::h2aa798823a438d38
[INFO] [stdout]                                at /rustc/82e1608dfa6e0b5569232559e3d385fea5a93112/library/test/src/lib.rs:574:43
[INFO] [stdout]   33:     0x555f58539d36 - test::run_test::{{closure}}::h87d231c78fb59832
[INFO] [stdout]                                at /rustc/82e1608dfa6e0b5569232559e3d385fea5a93112/library/test/src/lib.rs:602:41
[INFO] [stdout]   34:     0x555f58539d36 - std::sys_common::backtrace::__rust_begin_short_backtrace::he6df152596625789
[INFO] [stdout]                                at /rustc/82e1608dfa6e0b5569232559e3d385fea5a93112/library/std/src/sys_common/backtrace.rs:154:18
[INFO] [stdout]   35:     0x555f5853ede7 - std::thread::Builder::spawn_unchecked_::{{closure}}::{{closure}}::ha94be15d1e0acf36
[INFO] [stdout]                                at /rustc/82e1608dfa6e0b5569232559e3d385fea5a93112/library/std/src/thread/mod.rs:529:17
[INFO] [stdout]   36:     0x555f5853ede7 - <core::panic::unwind_safe::AssertUnwindSafe<F> as core::ops::function::FnOnce<()>>::call_once::h9dc6bd6372f16606
[INFO] [stdout]                                at /rustc/82e1608dfa6e0b5569232559e3d385fea5a93112/library/core/src/panic/unwind_safe.rs:272:9
[INFO] [stdout]   37:     0x555f5853ede7 - std::panicking::try::do_call::h9057517f80303cd4
[INFO] [stdout]                                at /rustc/82e1608dfa6e0b5569232559e3d385fea5a93112/library/std/src/panicking.rs:552:40
[INFO] [stdout]   38:     0x555f5853ede7 - std::panicking::try::he3a30b11ee45340c
[INFO] [stdout]                                at /rustc/82e1608dfa6e0b5569232559e3d385fea5a93112/library/std/src/panicking.rs:516:19
[INFO] [stdout]   39:     0x555f5853ede7 - std::panic::catch_unwind::h410458cfd3528b8b
[INFO] [stdout]                                at /rustc/82e1608dfa6e0b5569232559e3d385fea5a93112/library/std/src/panic.rs:142:14
[INFO] [stdout]   40:     0x555f5853ede7 - std::thread::Builder::spawn_unchecked_::{{closure}}::h72ac3bdb567b737b
[INFO] [stdout]                                at /rustc/82e1608dfa6e0b5569232559e3d385fea5a93112/library/std/src/thread/mod.rs:528:30
[INFO] [stdout]   41:     0x555f5853ede7 - core::ops::function::FnOnce::call_once{{vtable.shim}}::h38f34da3654a8344
[INFO] [stdout]                                at /rustc/82e1608dfa6e0b5569232559e3d385fea5a93112/library/core/src/ops/function.rs:250:5
[INFO] [stdout]   42:     0x555f585a6b15 - <alloc::boxed::Box<F,A> as core::ops::function::FnOnce<Args>>::call_once::hc7eafaff61e32df9
[INFO] [stdout]                                at /rustc/82e1608dfa6e0b5569232559e3d385fea5a93112/library/alloc/src/boxed.rs:2007:9
[INFO] [stdout]   43:     0x555f585a6b15 - <alloc::boxed::Box<F,A> as core::ops::function::FnOnce<Args>>::call_once::h6ba4a5de48dd2304
[INFO] [stdout]                                at /rustc/82e1608dfa6e0b5569232559e3d385fea5a93112/library/alloc/src/boxed.rs:2007:9
[INFO] [stdout]   44:     0x555f585a6b15 - std::sys::unix::thread::Thread::new::thread_start::he469335aef763e45
[INFO] [stdout]                                at /rustc/82e1608dfa6e0b5569232559e3d385fea5a93112/library/std/src/sys/unix/thread.rs:108:17
[INFO] [stdout]   45:     0x7f85e58d8ac3 - <unknown>
[INFO] [stdout]   46:     0x7f85e5969bf4 - __clone
[INFO] [stdout]   47:                0x0 - <unknown>
[INFO] [stdout] 
[INFO] [stdout] 
[INFO] [stdout] failures:
[INFO] [stdout]     test::part1_works
[INFO] [stdout] 
[INFO] [stdout] test result: FAILED. 0 passed; 1 failed; 1 ignored; 0 measured; 0 filtered out; finished in 0.06s
[INFO] [stdout] 
[INFO] [stderr] error: test failed, to rerun pass `-p aoc2022d8 --lib`
[INFO] running `Command { std: "docker" "inspect" "e5a042438b82810eaf0dedba7163963d6dd56445b173c533e3ee4fcdcfc4c01f", kill_on_drop: false }`
[INFO] running `Command { std: "docker" "rm" "-f" "e5a042438b82810eaf0dedba7163963d6dd56445b173c533e3ee4fcdcfc4c01f", kill_on_drop: false }`
[INFO] [stdout] e5a042438b82810eaf0dedba7163963d6dd56445b173c533e3ee4fcdcfc4c01f
