[INFO] cloning repository https://github.com/fanout/condure
[INFO] running `Command { std: "git" "-c" "credential.helper=" "-c" "credential.helper=/workspace/cargo-home/bin/git-credential-null" "clone" "--bare" "https://github.com/fanout/condure" "/workspace/cache/git-repos/https%3A%2F%2Fgithub.com%2Ffanout%2Fcondure", kill_on_drop: false }`
[INFO] [stderr] Cloning into bare repository '/workspace/cache/git-repos/https%3A%2F%2Fgithub.com%2Ffanout%2Fcondure'...
[INFO] running `Command { std: "git" "rev-parse" "HEAD", kill_on_drop: false }`
[INFO] [stdout] 4bdc9c9cc94325fb62f75c1867c6739b4ad46f7a
[INFO] testing fanout/condure against 1.75.0 for beta-1.76-1
[INFO] running `Command { std: "git" "clone" "/workspace/cache/git-repos/https%3A%2F%2Fgithub.com%2Ffanout%2Fcondure" "/workspace/builds/worker-5-tc1/source", kill_on_drop: false }`
[INFO] [stderr] Cloning into '/workspace/builds/worker-5-tc1/source'...
[INFO] [stderr] done.
[INFO] validating manifest of git repo https://github.com/fanout/condure on toolchain 1.75.0
[INFO] running `Command { std: CARGO_HOME="/workspace/cargo-home" RUSTUP_HOME="/workspace/rustup-home" "/workspace/cargo-home/bin/cargo" "+1.75.0" "metadata" "--manifest-path" "Cargo.toml" "--no-deps", kill_on_drop: false }`
[INFO] started tweaking git repo https://github.com/fanout/condure
[INFO] finished tweaking git repo https://github.com/fanout/condure
[INFO] tweaked toml for git repo https://github.com/fanout/condure written to /workspace/builds/worker-5-tc1/source/Cargo.toml
[INFO] crate git repo https://github.com/fanout/condure already has a lockfile, it will not be regenerated
[INFO] running `Command { std: CARGO_HOME="/workspace/cargo-home" RUSTUP_HOME="/workspace/rustup-home" "/workspace/cargo-home/bin/cargo" "+1.75.0" "fetch" "--manifest-path" "Cargo.toml", kill_on_drop: false }`
[INFO] running `Command { std: "docker" "create" "-v" "/var/lib/crater-agent-workspace/builds/worker-5-tc1/target:/opt/rustwide/target:rw,Z" "-v" "/var/lib/crater-agent-workspace/builds/worker-5-tc1/source:/opt/rustwide/workdir:ro,Z" "-v" "/var/lib/crater-agent-workspace/cargo-home:/opt/rustwide/cargo-home:ro,Z" "-v" "/var/lib/crater-agent-workspace/rustup-home:/opt/rustwide/rustup-home:ro,Z" "-e" "SOURCE_DIR=/opt/rustwide/workdir" "-e" "CARGO_TARGET_DIR=/opt/rustwide/target" "-e" "CARGO_HOME=/opt/rustwide/cargo-home" "-e" "RUSTUP_HOME=/opt/rustwide/rustup-home" "-w" "/opt/rustwide/workdir" "-m" "1610612736" "--user" "0:0" "--network" "none" "ghcr.io/rust-lang/crates-build-env/linux@sha256:2788e3201cd34a07e3172128adcd8b3090168a8e3bcc40d7c032b9dda1df7d1c" "/opt/rustwide/cargo-home/bin/cargo" "+1.75.0" "metadata" "--no-deps" "--format-version=1", kill_on_drop: false }`
[INFO] [stdout] a08018d3485f416e71ce0d79d2a8eb935e5e97222a0355ee9cd61e9f775ef32a
[INFO] running `Command { std: "docker" "start" "-a" "a08018d3485f416e71ce0d79d2a8eb935e5e97222a0355ee9cd61e9f775ef32a", kill_on_drop: false }`
[INFO] running `Command { std: "docker" "inspect" "a08018d3485f416e71ce0d79d2a8eb935e5e97222a0355ee9cd61e9f775ef32a", kill_on_drop: false }`
[INFO] running `Command { std: "docker" "rm" "-f" "a08018d3485f416e71ce0d79d2a8eb935e5e97222a0355ee9cd61e9f775ef32a", kill_on_drop: false }`
[INFO] [stdout] a08018d3485f416e71ce0d79d2a8eb935e5e97222a0355ee9cd61e9f775ef32a
[INFO] running `Command { std: "docker" "create" "-v" "/var/lib/crater-agent-workspace/builds/worker-5-tc1/target:/opt/rustwide/target:rw,Z" "-v" "/var/lib/crater-agent-workspace/builds/worker-5-tc1/source:/opt/rustwide/workdir:ro,Z" "-v" "/var/lib/crater-agent-workspace/cargo-home:/opt/rustwide/cargo-home:ro,Z" "-v" "/var/lib/crater-agent-workspace/rustup-home:/opt/rustwide/rustup-home:ro,Z" "-e" "SOURCE_DIR=/opt/rustwide/workdir" "-e" "CARGO_TARGET_DIR=/opt/rustwide/target" "-e" "CARGO_INCREMENTAL=0" "-e" "RUST_BACKTRACE=full" "-e" "RUSTFLAGS=--cap-lints=warn" "-e" "RUSTDOCFLAGS=--cap-lints=warn" "-e" "CARGO_HOME=/opt/rustwide/cargo-home" "-e" "RUSTUP_HOME=/opt/rustwide/rustup-home" "-w" "/opt/rustwide/workdir" "-m" "1610612736" "--user" "0:0" "--network" "none" "ghcr.io/rust-lang/crates-build-env/linux@sha256:2788e3201cd34a07e3172128adcd8b3090168a8e3bcc40d7c032b9dda1df7d1c" "/opt/rustwide/cargo-home/bin/cargo" "+1.75.0" "build" "--frozen" "--message-format=json", kill_on_drop: false }`
[INFO] [stdout] 36bc283cb8342f116daed0096cf9ffd454b0e79be6feb3ae654837f6333702ba
[INFO] running `Command { std: "docker" "start" "-a" "36bc283cb8342f116daed0096cf9ffd454b0e79be6feb3ae654837f6333702ba", kill_on_drop: false }`
[INFO] [stderr]    Compiling libc v0.2.147
[INFO] [stderr]    Compiling pkg-config v0.3.27
[INFO] [stderr]    Compiling proc-macro2 v1.0.63
[INFO] [stderr]    Compiling bitflags v1.3.2
[INFO] [stderr]    Compiling io-lifetimes v1.0.11
[INFO] [stderr]    Compiling unicode-ident v1.0.9
[INFO] [stderr]    Compiling quote v1.0.29
[INFO] [stderr]    Compiling typenum v1.16.0
[INFO] [stderr]    Compiling rustix v0.37.20
[INFO] [stderr]    Compiling generic-array v0.14.7
[INFO] [stderr]    Compiling error-chain v0.10.0
[INFO] [stderr]    Compiling toml v0.2.1
[INFO] [stderr]    Compiling linux-raw-sys v0.3.8
[INFO] [stderr]    Compiling metadeps v1.1.2
[INFO] [stderr]    Compiling cc v1.0.79
[INFO] [stderr]    Compiling tinyvec_macros v0.1.1
[INFO] [stderr]    Compiling utf8parse v0.2.1
[INFO] [stderr]    Compiling tinyvec v1.6.0
[INFO] [stderr]    Compiling anstyle-parse v0.2.1
[INFO] [stderr]    Compiling zmq-sys v0.11.0
[INFO] [stderr]    Compiling syn v2.0.22
[INFO] [stderr]    Compiling anstyle-query v1.0.0
[INFO] [stderr]    Compiling once_cell v1.18.0
[INFO] [stderr]    Compiling colorchoice v1.0.0
[INFO] [stderr]    Compiling anstyle v1.0.1
[INFO] [stderr]    Compiling slab v0.4.8
[INFO] [stderr]    Compiling paste v1.0.12
[INFO] [stderr]    Compiling unicode-bidi v0.3.13
[INFO] [stderr]    Compiling strsim v0.10.0
[INFO] [stderr]    Compiling unicode-normalization v0.1.22
[INFO] [stderr]    Compiling cfg-if v1.0.0
[INFO] [stderr]    Compiling clap_lex v0.5.0
[INFO] [stderr]    Compiling openssl-sys v0.9.90
[INFO] [stderr]    Compiling log v0.4.19
[INFO] [stderr]    Compiling crypto-common v0.1.6
[INFO] [stderr]    Compiling block-buffer v0.10.4
[INFO] [stderr]    Compiling openssl v0.10.55
[INFO] [stderr]    Compiling signal-hook v0.3.15
[INFO] [stderr]    Compiling thiserror v1.0.40
[INFO] [stderr]    Compiling httparse v1.8.0
[INFO] [stderr]    Compiling time-core v0.1.1
[INFO] [stderr]    Compiling zmq v0.9.2
[INFO] [stderr]    Compiling foreign-types-shared v0.1.1
[INFO] [stderr]    Compiling percent-encoding v2.3.0
[INFO] [stderr]    Compiling foreign-types v0.3.2
[INFO] [stderr]    Compiling form_urlencoded v1.2.0
[INFO] [stderr]    Compiling time-macros v0.2.9
[INFO] [stderr]    Compiling digest v0.10.7
[INFO] [stderr]    Compiling idna v0.4.0
[INFO] [stderr]    Compiling signal-hook-registry v1.4.1
[INFO] [stderr]    Compiling cpufeatures v0.2.8
[INFO] [stderr]    Compiling num_threads v0.1.6
[INFO] [stderr]    Compiling itoa v1.0.6
[INFO] [stderr]    Compiling adler v1.0.2
[INFO] [stderr]    Compiling sha1 v0.10.5
[INFO] [stderr]    Compiling is-terminal v0.4.7
[INFO] [stderr]    Compiling anstream v0.3.2
[INFO] [stderr]    Compiling terminal_size v0.2.6
[INFO] [stderr]    Compiling url v2.4.0
[INFO] [stderr]    Compiling miniz_oxide v0.6.2
[INFO] [stderr]    Compiling clap_builder v4.3.9
[INFO] [stderr]    Compiling mio v0.8.8
[INFO] [stderr]    Compiling socket2 v0.4.9
[INFO] [stderr]    Compiling time v0.3.22
[INFO] [stderr]    Compiling base64 v0.13.1
[INFO] [stderr]    Compiling ipnet v2.8.0
[INFO] [stderr]    Compiling arrayvec v0.7.4
[INFO] [stderr]    Compiling openssl-macros v0.1.1
[INFO] [stderr]    Compiling thiserror-impl v1.0.40
[INFO] [stderr]    Compiling clap v4.3.9
[INFO] [stderr]    Compiling condure v1.10.0 (/opt/rustwide/workdir)
[INFO] [stderr]     Finished dev [unoptimized + debuginfo] target(s) in 50.99s
[INFO] running `Command { std: "docker" "inspect" "36bc283cb8342f116daed0096cf9ffd454b0e79be6feb3ae654837f6333702ba", kill_on_drop: false }`
[INFO] running `Command { std: "docker" "rm" "-f" "36bc283cb8342f116daed0096cf9ffd454b0e79be6feb3ae654837f6333702ba", kill_on_drop: false }`
[INFO] [stdout] 36bc283cb8342f116daed0096cf9ffd454b0e79be6feb3ae654837f6333702ba
[INFO] running `Command { std: "docker" "create" "-v" "/var/lib/crater-agent-workspace/builds/worker-5-tc1/target:/opt/rustwide/target:rw,Z" "-v" "/var/lib/crater-agent-workspace/builds/worker-5-tc1/source:/opt/rustwide/workdir:ro,Z" "-v" "/var/lib/crater-agent-workspace/cargo-home:/opt/rustwide/cargo-home:ro,Z" "-v" "/var/lib/crater-agent-workspace/rustup-home:/opt/rustwide/rustup-home:ro,Z" "-e" "SOURCE_DIR=/opt/rustwide/workdir" "-e" "CARGO_TARGET_DIR=/opt/rustwide/target" "-e" "CARGO_INCREMENTAL=0" "-e" "RUST_BACKTRACE=full" "-e" "RUSTFLAGS=--cap-lints=warn" "-e" "RUSTDOCFLAGS=--cap-lints=warn" "-e" "CARGO_HOME=/opt/rustwide/cargo-home" "-e" "RUSTUP_HOME=/opt/rustwide/rustup-home" "-w" "/opt/rustwide/workdir" "-m" "1610612736" "--user" "0:0" "--network" "none" "ghcr.io/rust-lang/crates-build-env/linux@sha256:2788e3201cd34a07e3172128adcd8b3090168a8e3bcc40d7c032b9dda1df7d1c" "/opt/rustwide/cargo-home/bin/cargo" "+1.75.0" "test" "--frozen" "--no-run" "--message-format=json", kill_on_drop: false }`
[INFO] [stdout] 55cbd7a608dea287d8a6ff71f234155c6a88daf1699727d946ed4f1098d8f943
[INFO] running `Command { std: "docker" "start" "-a" "55cbd7a608dea287d8a6ff71f234155c6a88daf1699727d946ed4f1098d8f943", kill_on_drop: false }`
[INFO] [stderr]    Compiling libc v0.2.147
[INFO] [stderr]    Compiling linux-raw-sys v0.3.8
[INFO] [stderr]    Compiling crossbeam-utils v0.8.16
[INFO] [stderr]    Compiling memoffset v0.9.0
[INFO] [stderr]    Compiling typenum v1.16.0
[INFO] [stderr]    Compiling crossbeam-epoch v0.9.15
[INFO] [stderr]    Compiling utf8parse v0.2.1
[INFO] [stderr]    Compiling serde v1.0.164
[INFO] [stderr]    Compiling anstyle-parse v0.2.1
[INFO] [stderr]    Compiling serde_derive v1.0.164
[INFO] [stderr]    Compiling anstyle v1.0.1
[INFO] [stderr]    Compiling anstyle-query v1.0.0
[INFO] [stderr]    Compiling colorchoice v1.0.0
[INFO] [stderr]    Compiling itoa v1.0.6
[INFO] [stderr]    Compiling scopeguard v1.1.0
[INFO] [stderr]    Compiling once_cell v1.18.0
[INFO] [stderr]    Compiling num-traits v0.2.15
[INFO] [stderr]    Compiling either v1.8.1
[INFO] [stderr]    Compiling clap_lex v0.5.0
[INFO] [stderr]    Compiling serde_json v1.0.99
[INFO] [stderr]    Compiling rayon-core v1.11.0
[INFO] [stderr]    Compiling generic-array v0.14.7
[INFO] [stderr]    Compiling strsim v0.10.0
[INFO] [stderr]    Compiling log v0.4.19
[INFO] [stderr]    Compiling crossbeam-channel v0.5.8
[INFO] [stderr]    Compiling unicode-normalization v0.1.22
[INFO] [stderr]    Compiling crossbeam-deque v0.8.3
[INFO] [stderr]    Compiling block-buffer v0.10.4
[INFO] [stderr]    Compiling crypto-common v0.1.6
[INFO] [stderr]    Compiling time-core v0.1.1
[INFO] [stderr]    Compiling ciborium-io v0.2.1
[INFO] [stderr]    Compiling plotters-backend v0.3.5
[INFO] [stderr]    Compiling half v1.8.2
[INFO] [stderr]    Compiling unicode-bidi v0.3.13
[INFO] [stderr]    Compiling ryu v1.0.13
[INFO] [stderr]    Compiling io-lifetimes v1.0.11
[INFO] [stderr]    Compiling num_cpus v1.16.0
[INFO] [stderr]    Compiling percent-encoding v2.3.0
[INFO] [stderr]    Compiling rustix v0.37.20
[INFO] [stderr]    Compiling foreign-types-shared v0.1.1
[INFO] [stderr]    Compiling syn v1.0.109
[INFO] [stderr]    Compiling foreign-types v0.3.2
[INFO] [stderr]    Compiling idna v0.4.0
[INFO] [stderr]    Compiling form_urlencoded v1.2.0
[INFO] [stderr]    Compiling ciborium-ll v0.2.1
[INFO] [stderr]    Compiling plotters-svg v0.3.5
[INFO] [stderr]    Compiling signal-hook-registry v1.4.1
[INFO] [stderr]    Compiling openssl-sys v0.9.90
[INFO] [stderr]    Compiling zmq-sys v0.11.0
[INFO] [stderr]    Compiling time-macros v0.2.9
[INFO] [stderr]    Compiling digest v0.10.7
[INFO] [stderr]    Compiling itertools v0.10.5
[INFO] [stderr]    Compiling cpufeatures v0.2.8
[INFO] [stderr]    Compiling num_threads v0.1.6
[INFO] [stderr]    Compiling cast v0.3.0
[INFO] [stderr]    Compiling is-terminal v0.4.7
[INFO] [stderr]    Compiling anstream v0.3.2
[INFO] [stderr]    Compiling terminal_size v0.2.6
[INFO] [stderr]    Compiling regex-syntax v0.7.2
[INFO] [stderr]    Compiling clap_builder v4.3.9
[INFO] [stderr]    Compiling miniz_oxide v0.6.2
[INFO] [stderr]    Compiling plotters v0.3.5
[INFO] [stderr]    Compiling openssl v0.10.55
[INFO] [stderr]    Compiling regex v1.8.4
[INFO] [stderr]    Compiling criterion-plot v0.5.0
[INFO] [stderr]    Compiling time v0.3.22
[INFO] [stderr]    Compiling sha1 v0.10.5
[INFO] [stderr]    Compiling walkdir v2.3.3
[INFO] [stderr]    Compiling thiserror v1.0.40
[INFO] [stderr]    Compiling slab v0.4.8
[INFO] [stderr]    Compiling signal-hook v0.3.15
[INFO] [stderr]    Compiling zmq v0.9.2
[INFO] [stderr]    Compiling httparse v1.8.0
[INFO] [stderr]    Compiling rayon v1.7.0
[INFO] [stderr]    Compiling clap v4.3.9
[INFO] [stderr]    Compiling url v2.4.0
[INFO] [stderr]    Compiling mio v0.8.8
[INFO] [stderr]    Compiling socket2 v0.4.9
[INFO] [stderr]    Compiling base64 v0.13.1
[INFO] [stderr]    Compiling ipnet v2.8.0
[INFO] [stderr]    Compiling arrayvec v0.7.4
[INFO] [stderr]    Compiling oorandom v11.1.3
[INFO] [stderr]    Compiling anes v0.1.6
[INFO] [stderr]    Compiling env_logger v0.9.3
[INFO] [stderr]    Compiling condure v1.10.0 (/opt/rustwide/workdir)
[INFO] [stderr]    Compiling ciborium v0.2.1
[INFO] [stderr]    Compiling tinytemplate v1.2.1
[INFO] [stderr]    Compiling criterion v0.5.1
[INFO] [stderr]    Compiling test-log v0.2.12
[INFO] [stderr]     Finished test [unoptimized + debuginfo] target(s) in 1m 04s
[INFO] running `Command { std: "docker" "inspect" "55cbd7a608dea287d8a6ff71f234155c6a88daf1699727d946ed4f1098d8f943", kill_on_drop: false }`
[INFO] running `Command { std: "docker" "rm" "-f" "55cbd7a608dea287d8a6ff71f234155c6a88daf1699727d946ed4f1098d8f943", kill_on_drop: false }`
[INFO] [stdout] 55cbd7a608dea287d8a6ff71f234155c6a88daf1699727d946ed4f1098d8f943
[INFO] running `Command { std: "docker" "create" "-v" "/var/lib/crater-agent-workspace/builds/worker-5-tc1/target:/opt/rustwide/target:rw,Z" "-v" "/var/lib/crater-agent-workspace/builds/worker-5-tc1/source:/opt/rustwide/workdir:ro,Z" "-v" "/var/lib/crater-agent-workspace/cargo-home:/opt/rustwide/cargo-home:ro,Z" "-v" "/var/lib/crater-agent-workspace/rustup-home:/opt/rustwide/rustup-home:ro,Z" "-e" "SOURCE_DIR=/opt/rustwide/workdir" "-e" "CARGO_TARGET_DIR=/opt/rustwide/target" "-e" "CARGO_INCREMENTAL=0" "-e" "RUST_BACKTRACE=full" "-e" "RUSTFLAGS=--cap-lints=warn" "-e" "RUSTDOCFLAGS=--cap-lints=warn" "-e" "CARGO_HOME=/opt/rustwide/cargo-home" "-e" "RUSTUP_HOME=/opt/rustwide/rustup-home" "-w" "/opt/rustwide/workdir" "-m" "1610612736" "--user" "0:0" "--network" "none" "ghcr.io/rust-lang/crates-build-env/linux@sha256:2788e3201cd34a07e3172128adcd8b3090168a8e3bcc40d7c032b9dda1df7d1c" "/opt/rustwide/cargo-home/bin/cargo" "+1.75.0" "test" "--frozen", kill_on_drop: false }`
[INFO] [stdout] 0076cc0f2c6ee2010761b1fb9ff10d34c80b96cc49b29a30e49b4c8391e25520
[INFO] running `Command { std: "docker" "start" "-a" "0076cc0f2c6ee2010761b1fb9ff10d34c80b96cc49b29a30e49b4c8391e25520", kill_on_drop: false }`
[INFO] [stderr]     Finished test [unoptimized + debuginfo] target(s) in 0.13s
[INFO] [stderr]      Running unittests src/lib.rs (/opt/rustwide/target/debug/deps/condure-e8b23d0f9c92e188)
[INFO] [stdout] 
[INFO] [stdout] running 168 tests
[INFO] [stdout] test arena::tests::test_reusable ... ok
[INFO] [stdout] test buffer::tests::test_buffer ... ok
[INFO] [stdout] test arena::tests::test_reusable_vec ... ok
[INFO] [stdout] test arena::tests::test_arc ... ok
[INFO] [stdout] test arena::tests::test_rc ... ok
[INFO] [stdout] test buffer::tests::test_write_vectored_offset ... ok
[INFO] [stdout] test buffer::tests::test_slice_ringbuffer ... ok
[INFO] [stdout] test buffer::tests::test_ringbuffer ... ok
[INFO] [stdout] test channel::tests::test_local_cancel ... ok
[INFO] [stdout] test buffer::tests::test_limitbufs ... ok
[INFO] [stdout] test channel::tests::test_local_check_send ... ok
[INFO] [stdout] test channel::tests::test_local_send_disc ... ok
[INFO] [stdout] test channel::tests::test_notify_bound1 ... ok
[INFO] [stdout] test client::tests::test_batch ... ok
[INFO] [stdout] test channel::tests::test_local_send_recv ... ok
[INFO] [stdout] test channel::tests::test_notify_bound0 ... ok
[INFO] [stdout] test channel::tests::test_send_recv_bound0 ... ok
[INFO] [stdout] test channel::tests::test_send_recv_bound1 ... ok
[INFO] [stdout] test connection::tests::bench_server_req_connection ... ok
[INFO] [stdout] test connection::tests::bench_server_req_handler ... ok
[INFO] [stdout] test connection::tests::bench_server_stream_handler ... ok
[INFO] [stdout] test connection::tests::bench_server_stream_connection ... ok
[INFO] [stdout] test connection::tests::client_websocket ... ok
[INFO] [stdout] test connection::tests::client_stream ... ok
[INFO] [stdout] test client::tests::test_task_sizes ... ok
[INFO] [stdout] test connection::tests::server_req_pipeline ... ok
[INFO] [stdout] test connection::tests::message_tracker ... ok
[INFO] [stdout] test connection::tests::server_req_timeout ... ok
[INFO] [stdout] test connection::tests::client_req_without_id ... ok
[INFO] [stdout] test connection::tests::server_req_secure ... ok
[INFO] [stdout] test connection::tests::server_req_with_body ... ok
[INFO] [stdout] test connection::tests::client_req_with_id ... ok
[INFO] [stdout] test connection::tests::server_req_without_body ... ok
[INFO] [stdout] test connection::tests::server_stream_with_body ... ok
[INFO] [stdout] test connection::tests::server_stream_early_response ... ok
[INFO] [stdout] test connection::tests::server_websocket ... ok
[INFO] [stdout] test connection::tests::server_stream_without_body ... ok
[INFO] [stdout] test connection::tests::ws_ext_header ... ok
[INFO] [stdout] test connection::tests::server_stream_chunked ... ok
[INFO] [stdout] test event::tests::test_poller ... ok
[INFO] [stdout] test connection::tests::server_websocket_with_deflate ... ok
[INFO] [stdout] test executor::tests::test_executor_current ... ok
[INFO] [stdout] test event::tests::test_readiness ... ok
[INFO] [stdout] test executor::tests::test_executor_early_wake ... ok
[INFO] [stdout] test executor::tests::test_executor_run ... ok
[INFO] [stdout] test event::tests::test_readiness_early ... ok
[INFO] [stdout] test connection::tests::early_body ... ok
[INFO] [stdout] test executor::tests::test_executor_pre_poll ... ok
[INFO] [stdout] test executor::tests::test_executor_spawn_error ... ok
[INFO] [stdout] test executor::tests::test_executor_step ... ok
[INFO] [stdout] test executor::tests::test_executor_spawner ... ok
[INFO] [stdout] test event::tests::test_readiness_local ... ok
[INFO] [stdout] test connection::tests::client_websocket_with_deflate ... ok
[INFO] [stdout] test future::tests::test_cancellation_token ... ok
[INFO] [stdout] test future::tests::test_channel_recv ... ok
[INFO] [stdout] test future::tests::test_channel_send_bound0 ... ok
[INFO] [stdout] test future::tests::test_channel_writable ... ok
[INFO] [stdout] test future::tests::test_channel_send_bound1 ... ok
[INFO] [stdout] test future::tests::test_check_send_sequential ... ok
[INFO] [stdout] test future::tests::test_budget_unlimited ... ok
[INFO] [stdout] test future::tests::test_check_send_alternating ... ok
[INFO] [stdout] test future::tests::test_budget_1 ... ok
[INFO] [stdout] test future::tests::test_event_wait ... ok
[INFO] [stdout] test future::tests::test_local_channel ... ok
[INFO] [stdout] test future::tests::test_read_write ... ok
[INFO] [stdout] test future::tests::test_timeout_change_ready ... ok
[INFO] [stdout] test future::tests::test_tcpstream ... ok
[INFO] [stdout] test future::tests::test_read_write_concurrent ... ok
[INFO] [stdout] test future::tests::test_resolve ... ok
[INFO] [stdout] test future::tests::test_write_vectored ... ok
[INFO] [stdout] test future::tests::test_timeout ... ok
[INFO] [stdout] test future::tests::test_timeout_ready ... ok
[INFO] [stdout] test future::tests::test_yield_task ... ok
[INFO] [stdout] test future::tests::test_yield_to_local_events ... ok
[INFO] [stdout] test http1::tests::test_client_flow ... ok
[INFO] [stdout] test http1::tests::test_header_contains_param ... ok
[INFO] [stdout] test future::tests::test_zmq_retry_timeout ... ok
[INFO] [stdout] test http1::tests::test_parse_as_int ... ok
[INFO] [stdout] test future::tests::test_zmq ... ok
[INFO] [stdout] test http1::tests::test_recv_request_body ... ok
[INFO] [stdout] test http1::tests::test_parse_header_value ... ok
[INFO] [stdout] test http1::tests::test_recv_request_header ... ok
[INFO] [stdout] test future::tests::test_zmq_routable ... ok
[INFO] [stdout] test http1::tests::test_send_request_body ... ok
[INFO] [stdout] test http1::tests::test_recv_response_header ... ok
[INFO] [stdout] test http1::tests::test_recv_response_body ... ok
[INFO] [stdout] test http1::tests::test_send_request_header ... ok
[INFO] [stdout] test http1::tests::test_send_response_header ... ok
[INFO] [stdout] test http1::tests::test_server_req ... ok
[INFO] [stdout] test http1::tests::test_server_persistent ... ok
[INFO] [stdout] test http1::tests::test_send_response_body ... ok
[INFO] [stdout] test http1::tests::test_server_resp ... ok
[INFO] [stdout] test http1::tests::test_write_chunk ... ok
[INFO] [stdout] test list::tests::test_list_push_pop ... ok
[INFO] [stdout] test list::tests::test_list_concat ... ok
[INFO] [stdout] test http1::tests::test_write_headers ... ok
[INFO] [stdout] test list::tests::test_list_iter ... ok
[INFO] [stdout] test listener::tests::test_accept ... ok
[INFO] [stdout] test client::tests::test_ws ... ok
[INFO] [stdout] test pool::tests::pool_expire ... ok
[INFO] [stdout] test list::tests::test_remove ... ok
[INFO] [stdout] test pool::tests::pool_add_take ... ok
[INFO] [stdout] test reactor::tests::test_reactor_budget ... ok
[INFO] [stdout] test future::tests::test_unixstream ... FAILED
[INFO] [stdout] test reactor::tests::test_reactor_current ... ok
[INFO] [stdout] test client::tests::test_client ... ok
[INFO] [stdout] test reactor::tests::test_reactor_timer ... ok
[INFO] [stdout] test server::tests::test_batch ... ok
[INFO] [stdout] test reactor::tests::test_reactor_io ... ok
[INFO] [stdout] test resolver::tests::invalidate_query ... ok
[INFO] [stdout] test reactor::tests::test_reactor_fd ... ok
[INFO] [stdout] test reactor::tests::test_reactor_custom ... ok
[INFO] [stdout] test timer::tests::test_need_resched ... ok
[INFO] [stdout] test timer::tests::test_sched ... ok
[INFO] [stdout] test resolver::tests::resolve ... ok
[INFO] [stdout] test timer::tests::test_fls ... ok
[INFO] [stdout] test timer::tests::test_rotate ... ok
[INFO] [stdout] test timer::tests::test_wheel ... ok
[INFO] [stdout] test server::tests::test_task_sizes ... ok
[INFO] [stdout] test tnetstring::tests::test_array ... ok
[INFO] [stdout] test tnetstring::tests::test_bool ... ok
[INFO] [stdout] test tnetstring::tests::test_length ... ok
[INFO] [stdout] test tnetstring::tests::test_float ... ok
[INFO] [stdout] test tnetstring::tests::test_null ... ok
[INFO] [stdout] test tnetstring::tests::test_int ... ok
[INFO] [stdout] test tnetstring::tests::test_overflow ... ok
[INFO] [stdout] test tnetstring::tests::test_map ... ok
[INFO] [stdout] test tnetstring::tests::test_string ... ok
[INFO] [stdout] test tnetstring::tests::test_sequence ... ok
[INFO] [stdout] test track::tests::track_async_local_receiver ... ok
[INFO] [stdout] test track::tests::track_value ... ok
[INFO] [stdout] test track::tests::track_value_and_future ... ok
[INFO] [stdout] test waker::tests::test_rc_waker ... ok
[INFO] [stdout] test waker::tests::test_ref_waker ... ok
[INFO] [stdout] test websocket::tests::bench_send_message ... ok
[INFO] [stdout] test websocket::tests::bench_recv_message_with_deflate ... ok
[INFO] [stdout] test websocket::tests::bench_recv_message ... ok
[INFO] [stdout] test websocket::tests::test_deflate_bulk ... ok
[INFO] [stdout] test websocket::tests::test_apply_mask ... ok
[INFO] [stdout] test websocket::tests::test_deflate_by_byte ... ok
[INFO] [stdout] test websocket::tests::test_header_size ... ok
[INFO] [stdout] test websocket::tests::test_read_write_header ... ok
[INFO] [stdout] test websocket::tests::test_recv_frame ... ok
[INFO] [stdout] test websocket::tests::test_recv_message ... ok
[INFO] [stdout] test websocket::tests::test_send_frame ... ok
[INFO] [stdout] test websocket::tests::test_send_frame_masked ... ok
[INFO] [stdout] test websocket::tests::test_send_message ... ok
[INFO] [stdout] test websocket::tests::test_send_recv_compressed ... ok
[INFO] [stdout] test websocket::tests::test_send_recv_compressed_fragmented ... ok
[INFO] [stdout] test websocket::tests::test_unmask_and_decode ... ok
[INFO] [stdout] test server::tests::test_ws ... ok
[INFO] [stdout] test zhttppacket::tests::test_owned_resp_parse ... ok
[INFO] [stdout] test zhttppacket::tests::test_owned_req_parse ... ok
[INFO] [stdout] test server::tests::test_server ... ok
[INFO] [stdout] test websocket::tests::bench_send_message_with_deflate ... ok
[INFO] [stdout] test zhttppacket::tests::test_req_parse ... ok
[INFO] [stdout] test zhttppacket::tests::test_resp_parse ... ok
[INFO] [stdout] test zhttppacket::tests::test_req_serialize ... ok
[INFO] [stdout] test zhttppacket::tests::test_resp_serialize ... ok
[INFO] [stdout] test zhttpsocket::tests::test_server_req ... ok
[INFO] [stdout] test zhttpsocket::tests::test_client_send_flow ... ok
[INFO] [stdout] test zmq::tests::test_send_after_disconnect ... ok
[INFO] [stdout] test zhttpsocket::tests::test_client_req ... ok
[INFO] [stdout] test zhttpsocket::tests::test_client_stream ... ok
[INFO] [stdout] test zhttpsocket::tests::test_server_stream ... ok
[INFO] [stdout] test future::tests::test_tlsstream ... ok
[INFO] [stdout] test tls::tests::test_connect_error ... ok
[INFO] [stdout] test tls::tests::test_get_change_inner ... ok
[INFO] [stdout] 
[INFO] [stdout] failures:
[INFO] [stdout] 
[INFO] [stdout] ---- future::tests::test_unixstream stdout ----
[INFO] [stdout] thread 'future::tests::test_unixstream' panicked at src/future.rs:3294:23:
[INFO] [stdout] Read-only file system (os error 30)
[INFO] [stdout] stack backtrace:
[INFO] [stdout]    0:     0x55c5ec8feb5c - std::backtrace_rs::backtrace::libunwind::trace::ha637c64ce894333a
[INFO] [stdout]                                at /rustc/82e1608dfa6e0b5569232559e3d385fea5a93112/library/std/src/../../backtrace/src/backtrace/libunwind.rs:104:5
[INFO] [stdout]    1:     0x55c5ec8feb5c - std::backtrace_rs::backtrace::trace_unsynchronized::h47f62dea28e0c88d
[INFO] [stdout]                                at /rustc/82e1608dfa6e0b5569232559e3d385fea5a93112/library/std/src/../../backtrace/src/backtrace/mod.rs:66:5
[INFO] [stdout]    2:     0x55c5ec8feb5c - std::sys_common::backtrace::_print_fmt::h9eef0abe20ede486
[INFO] [stdout]                                at /rustc/82e1608dfa6e0b5569232559e3d385fea5a93112/library/std/src/sys_common/backtrace.rs:67:5
[INFO] [stdout]    3:     0x55c5ec8feb5c - <std::sys_common::backtrace::_print::DisplayBacktrace as core::fmt::Display>::fmt::hed7f999df88cc644
[INFO] [stdout]                                at /rustc/82e1608dfa6e0b5569232559e3d385fea5a93112/library/std/src/sys_common/backtrace.rs:44:22
[INFO] [stdout]    4:     0x55c5ec92df50 - core::fmt::rt::Argument::fmt::h1539a9308b8d058d
[INFO] [stdout]                                at /rustc/82e1608dfa6e0b5569232559e3d385fea5a93112/library/core/src/fmt/rt.rs:142:9
[INFO] [stdout]    5:     0x55c5ec92df50 - core::fmt::write::h3a39390d8560d9c9
[INFO] [stdout]                                at /rustc/82e1608dfa6e0b5569232559e3d385fea5a93112/library/core/src/fmt/mod.rs:1120:17
[INFO] [stdout]    6:     0x55c5ec8fb09f - std::io::Write::write_fmt::h040b369f3a0f9cbc
[INFO] [stdout]                                at /rustc/82e1608dfa6e0b5569232559e3d385fea5a93112/library/std/src/io/mod.rs:1762:15
[INFO] [stdout]    7:     0x55c5ec8fe944 - std::sys_common::backtrace::_print::h894006fb5c6f3d45
[INFO] [stdout]                                at /rustc/82e1608dfa6e0b5569232559e3d385fea5a93112/library/std/src/sys_common/backtrace.rs:47:5
[INFO] [stdout]    8:     0x55c5ec8fe944 - std::sys_common::backtrace::print::h23a2d212c6fff936
[INFO] [stdout]                                at /rustc/82e1608dfa6e0b5569232559e3d385fea5a93112/library/std/src/sys_common/backtrace.rs:34:9
[INFO] [stdout]    9:     0x55c5ec900607 - std::panicking::default_hook::{{closure}}::h8a1d2ee00185001a
[INFO] [stdout]   10:     0x55c5ec9002f3 - std::panicking::default_hook::h6038f2eba384e475
[INFO] [stdout]                                at /rustc/82e1608dfa6e0b5569232559e3d385fea5a93112/library/std/src/panicking.rs:289:9
[INFO] [stdout]   11:     0x55c5ec874af7 - <alloc::boxed::Box<F,A> as core::ops::function::Fn<Args>>::call::h0ad024c9bdc6d768
[INFO] [stdout]                                at /rustc/82e1608dfa6e0b5569232559e3d385fea5a93112/library/alloc/src/boxed.rs:2021:9
[INFO] [stdout]   12:     0x55c5ec874af7 - test::test_main::{{closure}}::h7500b54257359db6
[INFO] [stdout]                                at /rustc/82e1608dfa6e0b5569232559e3d385fea5a93112/library/test/src/lib.rs:138:21
[INFO] [stdout]   13:     0x55c5ec900c18 - <alloc::boxed::Box<F,A> as core::ops::function::Fn<Args>>::call::h1f8f335eaa9cfaee
[INFO] [stdout]                                at /rustc/82e1608dfa6e0b5569232559e3d385fea5a93112/library/alloc/src/boxed.rs:2021:9
[INFO] [stdout]   14:     0x55c5ec900c18 - std::panicking::rust_panic_with_hook::h2b5517d590cab22e
[INFO] [stdout]                                at /rustc/82e1608dfa6e0b5569232559e3d385fea5a93112/library/std/src/panicking.rs:783:13
[INFO] [stdout]   15:     0x55c5ec90096e - std::panicking::begin_panic_handler::{{closure}}::h233112c06e0ef43e
[INFO] [stdout]                                at /rustc/82e1608dfa6e0b5569232559e3d385fea5a93112/library/std/src/panicking.rs:657:13
[INFO] [stdout]   16:     0x55c5ec8ff026 - std::sys_common::backtrace::__rust_end_short_backtrace::h6e893f24d7ebbff8
[INFO] [stdout]                                at /rustc/82e1608dfa6e0b5569232559e3d385fea5a93112/library/std/src/sys_common/backtrace.rs:170:18
[INFO] [stdout]   17:     0x55c5ec9006d2 - rust_begin_unwind
[INFO] [stdout]                                at /rustc/82e1608dfa6e0b5569232559e3d385fea5a93112/library/std/src/panicking.rs:645:5
[INFO] [stdout]   18:     0x55c5ec254565 - core::panicking::panic_fmt::hbf0e066aabfa482c
[INFO] [stdout]                                at /rustc/82e1608dfa6e0b5569232559e3d385fea5a93112/library/core/src/panicking.rs:72:14
[INFO] [stdout]   19:     0x55c5ec52719f - core::panicking::panic_display::h62e2379ba676ce74
[INFO] [stdout]                                at /rustc/82e1608dfa6e0b5569232559e3d385fea5a93112/library/core/src/panicking.rs:178:5
[INFO] [stdout]   20:     0x55c5ec64a04f - condure::future::tests::test_unixstream::h683093a64b7625ac
[INFO] [stdout]                                at /opt/rustwide/workdir/src/future.rs:3294:23
[INFO] [stdout]   21:     0x55c5ec649f27 - condure::future::tests::test_unixstream::{{closure}}::hb624e39491309e75
[INFO] [stdout]                                at /opt/rustwide/workdir/src/future.rs:3289:25
[INFO] [stdout]   22:     0x55c5ec36c9c6 - core::ops::function::FnOnce::call_once::hb1e841e1b598f794
[INFO] [stdout]                                at /rustc/82e1608dfa6e0b5569232559e3d385fea5a93112/library/core/src/ops/function.rs:250:5
[INFO] [stdout]   23:     0x55c5ec87a14f - core::ops::function::FnOnce::call_once::h2b5d431d5046312d
[INFO] [stdout]                                at /rustc/82e1608dfa6e0b5569232559e3d385fea5a93112/library/core/src/ops/function.rs:250:5
[INFO] [stdout]   24:     0x55c5ec87a14f - test::__rust_begin_short_backtrace::h7714669af176e207
[INFO] [stdout]                                at /rustc/82e1608dfa6e0b5569232559e3d385fea5a93112/library/test/src/lib.rs:628:18
[INFO] [stdout]   25:     0x55c5ec879165 - test::run_test_in_process::{{closure}}::h85218797dcbcec12
[INFO] [stdout]                                at /rustc/82e1608dfa6e0b5569232559e3d385fea5a93112/library/test/src/lib.rs:651:60
[INFO] [stdout]   26:     0x55c5ec879165 - <core::panic::unwind_safe::AssertUnwindSafe<F> as core::ops::function::FnOnce<()>>::call_once::h76c106ea31c14d7b
[INFO] [stdout]                                at /rustc/82e1608dfa6e0b5569232559e3d385fea5a93112/library/core/src/panic/unwind_safe.rs:272:9
[INFO] [stdout]   27:     0x55c5ec879165 - std::panicking::try::do_call::h3bd5d0f6620ee946
[INFO] [stdout]                                at /rustc/82e1608dfa6e0b5569232559e3d385fea5a93112/library/std/src/panicking.rs:552:40
[INFO] [stdout]   28:     0x55c5ec879165 - std::panicking::try::h232e535e4744fe31
[INFO] [stdout]                                at /rustc/82e1608dfa6e0b5569232559e3d385fea5a93112/library/std/src/panicking.rs:516:19
[INFO] [stdout]   29:     0x55c5ec879165 - std::panic::catch_unwind::h3ce3bd6ca8dbac68
[INFO] [stdout]                                at /rustc/82e1608dfa6e0b5569232559e3d385fea5a93112/library/std/src/panic.rs:142:14
[INFO] [stdout]   30:     0x55c5ec879165 - test::run_test_in_process::hc97b257c9621286a
[INFO] [stdout]                                at /rustc/82e1608dfa6e0b5569232559e3d385fea5a93112/library/test/src/lib.rs:651:27
[INFO] [stdout]   31:     0x55c5ec879165 - test::run_test::{{closure}}::h2aa798823a438d38
[INFO] [stdout]                                at /rustc/82e1608dfa6e0b5569232559e3d385fea5a93112/library/test/src/lib.rs:574:43
[INFO] [stdout]   32:     0x55c5ec841426 - test::run_test::{{closure}}::h87d231c78fb59832
[INFO] [stdout]                                at /rustc/82e1608dfa6e0b5569232559e3d385fea5a93112/library/test/src/lib.rs:602:41
[INFO] [stdout]   33:     0x55c5ec841426 - std::sys_common::backtrace::__rust_begin_short_backtrace::he6df152596625789
[INFO] [stdout]                                at /rustc/82e1608dfa6e0b5569232559e3d385fea5a93112/library/std/src/sys_common/backtrace.rs:154:18
[INFO] [stdout]   34:     0x55c5ec8464d7 - std::thread::Builder::spawn_unchecked_::{{closure}}::{{closure}}::ha94be15d1e0acf36
[INFO] [stdout]                                at /rustc/82e1608dfa6e0b5569232559e3d385fea5a93112/library/std/src/thread/mod.rs:529:17
[INFO] [stdout]   35:     0x55c5ec8464d7 - <core::panic::unwind_safe::AssertUnwindSafe<F> as core::ops::function::FnOnce<()>>::call_once::h9dc6bd6372f16606
[INFO] [stdout]                                at /rustc/82e1608dfa6e0b5569232559e3d385fea5a93112/library/core/src/panic/unwind_safe.rs:272:9
[INFO] [stdout]   36:     0x55c5ec8464d7 - std::panicking::try::do_call::h9057517f80303cd4
[INFO] [stdout]                                at /rustc/82e1608dfa6e0b5569232559e3d385fea5a93112/library/std/src/panicking.rs:552:40
[INFO] [stdout]   37:     0x55c5ec8464d7 - std::panicking::try::he3a30b11ee45340c
[INFO] [stdout]                                at /rustc/82e1608dfa6e0b5569232559e3d385fea5a93112/library/std/src/panicking.rs:516:19
[INFO] [stdout]   38:     0x55c5ec8464d7 - std::panic::catch_unwind::h410458cfd3528b8b
[INFO] [stdout]                                at /rustc/82e1608dfa6e0b5569232559e3d385fea5a93112/library/std/src/panic.rs:142:14
[INFO] [stdout]   39:     0x55c5ec8464d7 - std::thread::Builder::spawn_unchecked_::{{closure}}::h72ac3bdb567b737b
[INFO] [stdout]                                at /rustc/82e1608dfa6e0b5569232559e3d385fea5a93112/library/std/src/thread/mod.rs:528:30
[INFO] [stdout]   40:     0x55c5ec8464d7 - core::ops::function::FnOnce::call_once{{vtable.shim}}::h38f34da3654a8344
[INFO] [stdout]                                at /rustc/82e1608dfa6e0b5569232559e3d385fea5a93112/library/core/src/ops/function.rs:250:5
[INFO] [stdout]   41:     0x55c5ec905a25 - <alloc::boxed::Box<F,A> as core::ops::function::FnOnce<Args>>::call_once::hc7eafaff61e32df9
[INFO] [stdout]                                at /rustc/82e1608dfa6e0b5569232559e3d385fea5a93112/library/alloc/src/boxed.rs:2007:9
[INFO] [stdout]   42:     0x55c5ec905a25 - <alloc::boxed::Box<F,A> as core::ops::function::FnOnce<Args>>::call_once::h6ba4a5de48dd2304
[INFO] [stdout]                                at /rustc/82e1608dfa6e0b5569232559e3d385fea5a93112/library/alloc/src/boxed.rs:2007:9
[INFO] [stdout]   43:     0x55c5ec905a25 - std::sys::unix::thread::Thread::new::thread_start::he469335aef763e45
[INFO] [stdout]                                at /rustc/82e1608dfa6e0b5569232559e3d385fea5a93112/library/std/src/sys/unix/thread.rs:108:17
[INFO] [stdout]   44:     0x7ff8c9809ac3 - <unknown>
[INFO] [stdout]   45:     0x7ff8c989abf4 - __clone
[INFO] [stdout]   46:                0x0 - <unknown>
[INFO] [stdout] 
[INFO] [stdout] 
[INFO] [stdout] failures:
[INFO] [stdout]     future::tests::test_unixstream
[INFO] [stdout] 
[INFO] [stdout] test result: FAILED. 167 passed; 1 failed; 0 ignored; 0 measured; 0 filtered out; finished in 0.99s
[INFO] [stdout] 
[INFO] [stderr] error: test failed, to rerun pass `--lib`
[INFO] running `Command { std: "docker" "inspect" "0076cc0f2c6ee2010761b1fb9ff10d34c80b96cc49b29a30e49b4c8391e25520", kill_on_drop: false }`
[INFO] running `Command { std: "docker" "rm" "-f" "0076cc0f2c6ee2010761b1fb9ff10d34c80b96cc49b29a30e49b4c8391e25520", kill_on_drop: false }`
[INFO] [stdout] 0076cc0f2c6ee2010761b1fb9ff10d34c80b96cc49b29a30e49b4c8391e25520
[INFO] testing fanout/condure against beta-2023-12-22 for beta-1.76-1
[INFO] running `Command { std: "git" "clone" "/workspace/cache/git-repos/https%3A%2F%2Fgithub.com%2Ffanout%2Fcondure" "/workspace/builds/worker-5-tc2/source", kill_on_drop: false }`
[INFO] [stderr] Cloning into '/workspace/builds/worker-5-tc2/source'...
[INFO] [stderr] done.
[INFO] validating manifest of git repo https://github.com/fanout/condure on toolchain beta-2023-12-22
[INFO] running `Command { std: CARGO_HOME="/workspace/cargo-home" RUSTUP_HOME="/workspace/rustup-home" "/workspace/cargo-home/bin/cargo" "+beta-2023-12-22" "metadata" "--manifest-path" "Cargo.toml" "--no-deps", kill_on_drop: false }`
[INFO] started tweaking git repo https://github.com/fanout/condure
[INFO] finished tweaking git repo https://github.com/fanout/condure
[INFO] tweaked toml for git repo https://github.com/fanout/condure written to /workspace/builds/worker-5-tc2/source/Cargo.toml
[INFO] crate git repo https://github.com/fanout/condure already has a lockfile, it will not be regenerated
[INFO] running `Command { std: CARGO_HOME="/workspace/cargo-home" RUSTUP_HOME="/workspace/rustup-home" "/workspace/cargo-home/bin/cargo" "+beta-2023-12-22" "fetch" "--manifest-path" "Cargo.toml", kill_on_drop: false }`
[INFO] running `Command { std: "docker" "create" "-v" "/var/lib/crater-agent-workspace/builds/worker-5-tc2/target:/opt/rustwide/target:rw,Z" "-v" "/var/lib/crater-agent-workspace/builds/worker-5-tc2/source:/opt/rustwide/workdir:ro,Z" "-v" "/var/lib/crater-agent-workspace/cargo-home:/opt/rustwide/cargo-home:ro,Z" "-v" "/var/lib/crater-agent-workspace/rustup-home:/opt/rustwide/rustup-home:ro,Z" "-e" "SOURCE_DIR=/opt/rustwide/workdir" "-e" "CARGO_TARGET_DIR=/opt/rustwide/target" "-e" "CARGO_HOME=/opt/rustwide/cargo-home" "-e" "RUSTUP_HOME=/opt/rustwide/rustup-home" "-w" "/opt/rustwide/workdir" "-m" "1610612736" "--user" "0:0" "--network" "none" "ghcr.io/rust-lang/crates-build-env/linux@sha256:2788e3201cd34a07e3172128adcd8b3090168a8e3bcc40d7c032b9dda1df7d1c" "/opt/rustwide/cargo-home/bin/cargo" "+beta-2023-12-22" "metadata" "--no-deps" "--format-version=1", kill_on_drop: false }`
[INFO] [stdout] 3d628bc621f5907aae2a9f93d6a7afc83b5c25b5467ea2a3573bf5ce6b6277ee
[INFO] running `Command { std: "docker" "start" "-a" "3d628bc621f5907aae2a9f93d6a7afc83b5c25b5467ea2a3573bf5ce6b6277ee", kill_on_drop: false }`
[INFO] running `Command { std: "docker" "inspect" "3d628bc621f5907aae2a9f93d6a7afc83b5c25b5467ea2a3573bf5ce6b6277ee", kill_on_drop: false }`
[INFO] running `Command { std: "docker" "rm" "-f" "3d628bc621f5907aae2a9f93d6a7afc83b5c25b5467ea2a3573bf5ce6b6277ee", kill_on_drop: false }`
[INFO] [stdout] 3d628bc621f5907aae2a9f93d6a7afc83b5c25b5467ea2a3573bf5ce6b6277ee
[INFO] running `Command { std: "docker" "create" "-v" "/var/lib/crater-agent-workspace/builds/worker-5-tc2/target:/opt/rustwide/target:rw,Z" "-v" "/var/lib/crater-agent-workspace/builds/worker-5-tc2/source:/opt/rustwide/workdir:ro,Z" "-v" "/var/lib/crater-agent-workspace/cargo-home:/opt/rustwide/cargo-home:ro,Z" "-v" "/var/lib/crater-agent-workspace/rustup-home:/opt/rustwide/rustup-home:ro,Z" "-e" "SOURCE_DIR=/opt/rustwide/workdir" "-e" "CARGO_TARGET_DIR=/opt/rustwide/target" "-e" "CARGO_INCREMENTAL=0" "-e" "RUST_BACKTRACE=full" "-e" "RUSTFLAGS=--cap-lints=warn" "-e" "RUSTDOCFLAGS=--cap-lints=warn" "-e" "CARGO_HOME=/opt/rustwide/cargo-home" "-e" "RUSTUP_HOME=/opt/rustwide/rustup-home" "-w" "/opt/rustwide/workdir" "-m" "1610612736" "--user" "0:0" "--network" "none" "ghcr.io/rust-lang/crates-build-env/linux@sha256:2788e3201cd34a07e3172128adcd8b3090168a8e3bcc40d7c032b9dda1df7d1c" "/opt/rustwide/cargo-home/bin/cargo" "+beta-2023-12-22" "build" "--frozen" "--message-format=json", kill_on_drop: false }`
[INFO] [stdout] a3b5beb84cf4749b3d121da94e577e8407ed600fdeb2be994803826b3fe19f76
[INFO] running `Command { std: "docker" "start" "-a" "a3b5beb84cf4749b3d121da94e577e8407ed600fdeb2be994803826b3fe19f76", kill_on_drop: false }`
[INFO] [stderr]    Compiling libc v0.2.147
[INFO] [stderr]    Compiling pkg-config v0.3.27
[INFO] [stderr]    Compiling bitflags v1.3.2
[INFO] [stderr]    Compiling io-lifetimes v1.0.11
[INFO] [stderr]    Compiling proc-macro2 v1.0.63
[INFO] [stderr]    Compiling unicode-ident v1.0.9
[INFO] [stderr]    Compiling quote v1.0.29
[INFO] [stderr]    Compiling typenum v1.16.0
[INFO] [stderr]    Compiling rustix v0.37.20
[INFO] [stderr]    Compiling generic-array v0.14.7
[INFO] [stderr]    Compiling toml v0.2.1
[INFO] [stderr]    Compiling linux-raw-sys v0.3.8
[INFO] [stderr]    Compiling error-chain v0.10.0
[INFO] [stderr]    Compiling cc v1.0.79
[INFO] [stderr]    Compiling tinyvec_macros v0.1.1
[INFO] [stderr]    Compiling utf8parse v0.2.1
[INFO] [stderr]    Compiling metadeps v1.1.2
[INFO] [stderr]    Compiling anstyle-parse v0.2.1
[INFO] [stderr]    Compiling tinyvec v1.6.0
[INFO] [stderr]    Compiling zmq-sys v0.11.0
[INFO] [stderr]    Compiling syn v2.0.22
[INFO] [stderr]    Compiling anstyle-query v1.0.0
[INFO] [stderr]    Compiling once_cell v1.18.0
[INFO] [stderr]    Compiling colorchoice v1.0.0
[INFO] [stderr]    Compiling anstyle v1.0.1
[INFO] [stderr]    Compiling slab v0.4.8
[INFO] [stderr]    Compiling cfg-if v1.0.0
[INFO] [stderr]    Compiling foreign-types-shared v0.1.1
[INFO] [stderr]    Compiling paste v1.0.12
[INFO] [stderr]    Compiling unicode-bidi v0.3.13
[INFO] [stderr]    Compiling unicode-normalization v0.1.22
[INFO] [stderr]    Compiling strsim v0.10.0
[INFO] [stderr]    Compiling openssl v0.10.55
[INFO] [stderr]    Compiling signal-hook v0.3.15
[INFO] [stderr]    Compiling crypto-common v0.1.6
[INFO] [stderr]    Compiling block-buffer v0.10.4
[INFO] [stderr]    Compiling httparse v1.8.0
[INFO] [stderr]    Compiling time-core v0.1.1
[INFO] [stderr]    Compiling thiserror v1.0.40
[INFO] [stderr]    Compiling openssl-sys v0.9.90
[INFO] [stderr]    Compiling percent-encoding v2.3.0
[INFO] [stderr]    Compiling clap_lex v0.5.0
[INFO] [stderr]    Compiling log v0.4.19
[INFO] [stderr]    Compiling zmq v0.9.2
[INFO] [stderr]    Compiling form_urlencoded v1.2.0
[INFO] [stderr]    Compiling digest v0.10.7
[INFO] [stderr]    Compiling time-macros v0.2.9
[INFO] [stderr]    Compiling idna v0.4.0
[INFO] [stderr]    Compiling signal-hook-registry v1.4.1
[INFO] [stderr]    Compiling foreign-types v0.3.2
[INFO] [stderr]    Compiling cpufeatures v0.2.8
[INFO] [stderr]    Compiling itoa v1.0.6
[INFO] [stderr]    Compiling adler v1.0.2
[INFO] [stderr]    Compiling is-terminal v0.4.7
[INFO] [stderr]    Compiling anstream v0.3.2
[INFO] [stderr]    Compiling terminal_size v0.2.6
[INFO] [stderr]    Compiling num_threads v0.1.6
[INFO] [stderr]    Compiling clap_builder v4.3.9
[INFO] [stderr]    Compiling miniz_oxide v0.6.2
[INFO] [stderr]    Compiling url v2.4.0
[INFO] [stderr]    Compiling sha1 v0.10.5
[INFO] [stderr]    Compiling mio v0.8.8
[INFO] [stderr]    Compiling socket2 v0.4.9
[INFO] [stderr]    Compiling time v0.3.22
[INFO] [stderr]    Compiling base64 v0.13.1
[INFO] [stderr]    Compiling arrayvec v0.7.4
[INFO] [stderr]    Compiling ipnet v2.8.0
[INFO] [stderr]    Compiling thiserror-impl v1.0.40
[INFO] [stderr]    Compiling openssl-macros v0.1.1
[INFO] [stderr]    Compiling clap v4.3.9
[INFO] [stderr]    Compiling condure v1.10.0 (/opt/rustwide/workdir)
[INFO] [stderr]     Finished dev [unoptimized + debuginfo] target(s) in 33.42s
[INFO] running `Command { std: "docker" "inspect" "a3b5beb84cf4749b3d121da94e577e8407ed600fdeb2be994803826b3fe19f76", kill_on_drop: false }`
[INFO] running `Command { std: "docker" "rm" "-f" "a3b5beb84cf4749b3d121da94e577e8407ed600fdeb2be994803826b3fe19f76", kill_on_drop: false }`
[INFO] [stdout] a3b5beb84cf4749b3d121da94e577e8407ed600fdeb2be994803826b3fe19f76
[INFO] running `Command { std: "docker" "create" "-v" "/var/lib/crater-agent-workspace/builds/worker-5-tc2/target:/opt/rustwide/target:rw,Z" "-v" "/var/lib/crater-agent-workspace/builds/worker-5-tc2/source:/opt/rustwide/workdir:ro,Z" "-v" "/var/lib/crater-agent-workspace/cargo-home:/opt/rustwide/cargo-home:ro,Z" "-v" "/var/lib/crater-agent-workspace/rustup-home:/opt/rustwide/rustup-home:ro,Z" "-e" "SOURCE_DIR=/opt/rustwide/workdir" "-e" "CARGO_TARGET_DIR=/opt/rustwide/target" "-e" "CARGO_INCREMENTAL=0" "-e" "RUST_BACKTRACE=full" "-e" "RUSTFLAGS=--cap-lints=warn" "-e" "RUSTDOCFLAGS=--cap-lints=warn" "-e" "CARGO_HOME=/opt/rustwide/cargo-home" "-e" "RUSTUP_HOME=/opt/rustwide/rustup-home" "-w" "/opt/rustwide/workdir" "-m" "1610612736" "--user" "0:0" "--network" "none" "ghcr.io/rust-lang/crates-build-env/linux@sha256:2788e3201cd34a07e3172128adcd8b3090168a8e3bcc40d7c032b9dda1df7d1c" "/opt/rustwide/cargo-home/bin/cargo" "+beta-2023-12-22" "test" "--frozen" "--no-run" "--message-format=json", kill_on_drop: false }`
[INFO] [stdout] 7a0f52c9e1ba2897408cf52225b37d33e16857775e64fed9b0b62feb2d101583
[INFO] running `Command { std: "docker" "start" "-a" "7a0f52c9e1ba2897408cf52225b37d33e16857775e64fed9b0b62feb2d101583", kill_on_drop: false }`
[INFO] [stderr]    Compiling libc v0.2.147
[INFO] [stderr]    Compiling linux-raw-sys v0.3.8
[INFO] [stderr]    Compiling crossbeam-utils v0.8.16
[INFO] [stderr]    Compiling memoffset v0.9.0
[INFO] [stderr]    Compiling typenum v1.16.0
[INFO] [stderr]    Compiling crossbeam-epoch v0.9.15
[INFO] [stderr]    Compiling utf8parse v0.2.1
[INFO] [stderr]    Compiling serde v1.0.164
[INFO] [stderr]    Compiling anstyle-parse v0.2.1
[INFO] [stderr]    Compiling serde_derive v1.0.164
[INFO] [stderr]    Compiling anstyle v1.0.1
[INFO] [stderr]    Compiling scopeguard v1.1.0
[INFO] [stderr]    Compiling colorchoice v1.0.0
[INFO] [stderr]    Compiling anstyle-query v1.0.0
[INFO] [stderr]    Compiling once_cell v1.18.0
[INFO] [stderr]    Compiling itoa v1.0.6
[INFO] [stderr]    Compiling num-traits v0.2.15
[INFO] [stderr]    Compiling either v1.8.1
[INFO] [stderr]    Compiling generic-array v0.14.7
[INFO] [stderr]    Compiling strsim v0.10.0
[INFO] [stderr]    Compiling rayon-core v1.11.0
[INFO] [stderr]    Compiling serde_json v1.0.99
[INFO] [stderr]    Compiling clap_lex v0.5.0
[INFO] [stderr]    Compiling log v0.4.19
[INFO] [stderr]    Compiling crossbeam-deque v0.8.3
[INFO] [stderr]    Compiling crossbeam-channel v0.5.8
[INFO] [stderr]    Compiling unicode-normalization v0.1.22
[INFO] [stderr]    Compiling io-lifetimes v1.0.11
[INFO] [stderr]    Compiling num_cpus v1.16.0
[INFO] [stderr]    Compiling rustix v0.37.20
[INFO] [stderr]    Compiling crypto-common v0.1.6
[INFO] [stderr]    Compiling block-buffer v0.10.4
[INFO] [stderr]    Compiling unicode-bidi v0.3.13
[INFO] [stderr]    Compiling time-core v0.1.1
[INFO] [stderr]    Compiling plotters-backend v0.3.5
[INFO] [stderr]    Compiling foreign-types-shared v0.1.1
[INFO] [stderr]    Compiling ryu v1.0.13
[INFO] [stderr]    Compiling percent-encoding v2.3.0
[INFO] [stderr]    Compiling ciborium-io v0.2.1
[INFO] [stderr]    Compiling half v1.8.2
[INFO] [stderr]    Compiling syn v1.0.109
[INFO] [stderr]    Compiling form_urlencoded v1.2.0
[INFO] [stderr]    Compiling plotters-svg v0.3.5
[INFO] [stderr]    Compiling idna v0.4.0
[INFO] [stderr]    Compiling foreign-types v0.3.2
[INFO] [stderr]    Compiling time-macros v0.2.9
[INFO] [stderr]    Compiling ciborium-ll v0.2.1
[INFO] [stderr]    Compiling digest v0.10.7
[INFO] [stderr]    Compiling openssl-sys v0.9.90
[INFO] [stderr]    Compiling zmq-sys v0.11.0
[INFO] [stderr]    Compiling signal-hook-registry v1.4.1
[INFO] [stderr]    Compiling itertools v0.10.5
[INFO] [stderr]    Compiling is-terminal v0.4.7
[INFO] [stderr]    Compiling anstream v0.3.2
[INFO] [stderr]    Compiling terminal_size v0.2.6
[INFO] [stderr]    Compiling num_threads v0.1.6
[INFO] [stderr]    Compiling clap_builder v4.3.9
[INFO] [stderr]    Compiling regex-syntax v0.7.2
[INFO] [stderr]    Compiling cpufeatures v0.2.8
[INFO] [stderr]    Compiling cast v0.3.0
[INFO] [stderr]    Compiling sha1 v0.10.5
[INFO] [stderr]    Compiling walkdir v2.3.3
[INFO] [stderr]    Compiling miniz_oxide v0.6.2
[INFO] [stderr]    Compiling time v0.3.22
[INFO] [stderr]    Compiling openssl v0.10.55
[INFO] [stderr]    Compiling criterion-plot v0.5.0
[INFO] [stderr]    Compiling regex v1.8.4
[INFO] [stderr]    Compiling thiserror v1.0.40
[INFO] [stderr]    Compiling plotters v0.3.5
[INFO] [stderr]    Compiling rayon v1.7.0
[INFO] [stderr]    Compiling clap v4.3.9
[INFO] [stderr]    Compiling signal-hook v0.3.15
[INFO] [stderr]    Compiling url v2.4.0
[INFO] [stderr]    Compiling zmq v0.9.2
[INFO] [stderr]    Compiling slab v0.4.8
[INFO] [stderr]    Compiling httparse v1.8.0
[INFO] [stderr]    Compiling ciborium v0.2.1
[INFO] [stderr]    Compiling socket2 v0.4.9
[INFO] [stderr]    Compiling mio v0.8.8
[INFO] [stderr]    Compiling arrayvec v0.7.4
[INFO] [stderr]    Compiling anes v0.1.6
[INFO] [stderr]    Compiling ipnet v2.8.0
[INFO] [stderr]    Compiling tinytemplate v1.2.1
[INFO] [stderr]    Compiling oorandom v11.1.3
[INFO] [stderr]    Compiling base64 v0.13.1
[INFO] [stderr]    Compiling env_logger v0.9.3
[INFO] [stderr]    Compiling criterion v0.5.1
[INFO] [stderr]    Compiling condure v1.10.0 (/opt/rustwide/workdir)
[INFO] [stderr]    Compiling test-log v0.2.12
[INFO] [stderr]     Finished test [unoptimized + debuginfo] target(s) in 47.38s
[INFO] running `Command { std: "docker" "inspect" "7a0f52c9e1ba2897408cf52225b37d33e16857775e64fed9b0b62feb2d101583", kill_on_drop: false }`
[INFO] running `Command { std: "docker" "rm" "-f" "7a0f52c9e1ba2897408cf52225b37d33e16857775e64fed9b0b62feb2d101583", kill_on_drop: false }`
[INFO] [stdout] 7a0f52c9e1ba2897408cf52225b37d33e16857775e64fed9b0b62feb2d101583
[INFO] running `Command { std: "docker" "create" "-v" "/var/lib/crater-agent-workspace/builds/worker-5-tc2/target:/opt/rustwide/target:rw,Z" "-v" "/var/lib/crater-agent-workspace/builds/worker-5-tc2/source:/opt/rustwide/workdir:ro,Z" "-v" "/var/lib/crater-agent-workspace/cargo-home:/opt/rustwide/cargo-home:ro,Z" "-v" "/var/lib/crater-agent-workspace/rustup-home:/opt/rustwide/rustup-home:ro,Z" "-e" "SOURCE_DIR=/opt/rustwide/workdir" "-e" "CARGO_TARGET_DIR=/opt/rustwide/target" "-e" "CARGO_INCREMENTAL=0" "-e" "RUST_BACKTRACE=full" "-e" "RUSTFLAGS=--cap-lints=warn" "-e" "RUSTDOCFLAGS=--cap-lints=warn" "-e" "CARGO_HOME=/opt/rustwide/cargo-home" "-e" "RUSTUP_HOME=/opt/rustwide/rustup-home" "-w" "/opt/rustwide/workdir" "-m" "1610612736" "--user" "0:0" "--network" "none" "ghcr.io/rust-lang/crates-build-env/linux@sha256:2788e3201cd34a07e3172128adcd8b3090168a8e3bcc40d7c032b9dda1df7d1c" "/opt/rustwide/cargo-home/bin/cargo" "+beta-2023-12-22" "test" "--frozen", kill_on_drop: false }`
[INFO] [stdout] 5846f745e78b9767a82a9491f93af3b303da85744841df2d30b9f098f429a027
[INFO] running `Command { std: "docker" "start" "-a" "5846f745e78b9767a82a9491f93af3b303da85744841df2d30b9f098f429a027", kill_on_drop: false }`
[INFO] [stderr]     Finished test [unoptimized + debuginfo] target(s) in 0.20s
[INFO] [stderr]      Running unittests src/lib.rs (/opt/rustwide/target/debug/deps/condure-981ee6293fa323bd)
[INFO] [stdout] 
[INFO] [stdout] running 168 tests
[INFO] [stdout] test arena::tests::test_reusable ... ok
[INFO] [stdout] test arena::tests::test_arc ... ok
[INFO] [stdout] test arena::tests::test_rc ... ok
[INFO] [stdout] test buffer::tests::test_write_vectored_offset ... ok
[INFO] [stdout] test buffer::tests::test_slice_ringbuffer ... ok
[INFO] [stdout] test buffer::tests::test_buffer ... ok
[INFO] [stdout] test channel::tests::test_local_cancel ... ok
[INFO] [stdout] test arena::tests::test_reusable_vec ... ok
[INFO] [stdout] test channel::tests::test_local_check_send ... ok
[INFO] [stdout] test channel::tests::test_local_send_disc ... ok
[INFO] [stdout] test channel::tests::test_local_send_recv ... ok
[INFO] [stdout] test buffer::tests::test_limitbufs ... ok
[INFO] [stdout] test buffer::tests::test_ringbuffer ... ok
[INFO] [stdout] test channel::tests::test_send_recv_bound1 ... ok
[INFO] [stdout] test client::tests::test_batch ... ok
[INFO] [stdout] test channel::tests::test_notify_bound1 ... ok
[INFO] [stdout] test channel::tests::test_send_recv_bound0 ... ok
[INFO] [stdout] test channel::tests::test_notify_bound0 ... ok
[INFO] [stdout] test connection::tests::bench_server_req_handler ... ok
[INFO] [stdout] test connection::tests::client_req_with_id ... ok
[INFO] [stdout] test connection::tests::bench_server_req_connection ... ok
[INFO] [stdout] test connection::tests::client_req_without_id ... ok
[INFO] [stdout] test connection::tests::client_stream ... ok
[INFO] [stdout] test connection::tests::early_body ... ok
[INFO] [stdout] test connection::tests::message_tracker ... ok
[INFO] [stdout] test connection::tests::bench_server_stream_handler ... ok
[INFO] [stdout] test client::tests::test_task_sizes ... ok
[INFO] [stdout] test connection::tests::bench_server_stream_connection ... ok
[INFO] [stdout] test connection::tests::client_websocket ... ok
[INFO] [stdout] test connection::tests::server_req_pipeline ... ok
[INFO] [stdout] test connection::tests::server_req_timeout ... ok
[INFO] [stdout] test connection::tests::server_req_with_body ... ok
[INFO] [stdout] test connection::tests::server_req_secure ... ok
[INFO] [stdout] test connection::tests::server_req_without_body ... ok
[INFO] [stdout] test connection::tests::server_stream_chunked ... ok
[INFO] [stdout] test connection::tests::server_stream_without_body ... ok
[INFO] [stdout] test connection::tests::ws_ext_header ... ok
[INFO] [stdout] test connection::tests::server_websocket_with_deflate ... ok
[INFO] [stdout] test connection::tests::client_websocket_with_deflate ... ok
[INFO] [stdout] test connection::tests::server_stream_with_body ... ok
[INFO] [stdout] test connection::tests::server_websocket ... ok
[INFO] [stdout] test event::tests::test_readiness_local ... ok
[INFO] [stdout] test connection::tests::server_stream_early_response ... ok
[INFO] [stdout] test executor::tests::test_executor_early_wake ... ok
[INFO] [stdout] test executor::tests::test_executor_run ... ok
[INFO] [stdout] test executor::tests::test_executor_current ... ok
[INFO] [stdout] test executor::tests::test_executor_spawn_error ... ok
[INFO] [stdout] test event::tests::test_readiness_early ... ok
[INFO] [stdout] test event::tests::test_readiness ... ok
[INFO] [stdout] test executor::tests::test_executor_spawner ... ok
[INFO] [stdout] test executor::tests::test_executor_step ... ok
[INFO] [stdout] test future::tests::test_cancellation_token ... ok
[INFO] [stdout] test future::tests::test_channel_recv ... ok
[INFO] [stdout] test future::tests::test_channel_send_bound0 ... ok
[INFO] [stdout] test future::tests::test_channel_send_bound1 ... ok
[INFO] [stdout] test future::tests::test_channel_writable ... ok
[INFO] [stdout] test future::tests::test_check_send_sequential ... ok
[INFO] [stdout] test future::tests::test_event_wait ... ok
[INFO] [stdout] test future::tests::test_local_channel ... ok
[INFO] [stdout] test future::tests::test_check_send_alternating ... ok
[INFO] [stdout] test executor::tests::test_executor_pre_poll ... ok
[INFO] [stdout] test event::tests::test_poller ... ok
[INFO] [stdout] test future::tests::test_budget_1 ... ok
[INFO] [stdout] test future::tests::test_read_write ... ok
[INFO] [stdout] test future::tests::test_tcpstream ... ok
[INFO] [stdout] test future::tests::test_budget_unlimited ... ok
[INFO] [stdout] test future::tests::test_resolve ... ok
[INFO] [stdout] test future::tests::test_read_write_concurrent ... ok
[INFO] [stdout] test future::tests::test_timeout ... ok
[INFO] [stdout] test future::tests::test_timeout_ready ... ok
[INFO] [stdout] test future::tests::test_write_vectored ... ok
[INFO] [stdout] test future::tests::test_yield_task ... ok
[INFO] [stdout] test future::tests::test_timeout_change_ready ... ok
[INFO] [stdout] test future::tests::test_zmq ... ok
[INFO] [stdout] test future::tests::test_yield_to_local_events ... ok
[INFO] [stdout] test http1::tests::test_client_flow ... ok
[INFO] [stdout] test http1::tests::test_header_contains_param ... ok
[INFO] [stdout] test future::tests::test_zmq_retry_timeout ... ok
[INFO] [stdout] test http1::tests::test_parse_as_int ... ok
[INFO] [stdout] test http1::tests::test_recv_request_body ... ok
[INFO] [stdout] test http1::tests::test_parse_header_value ... ok
[INFO] [stdout] test future::tests::test_zmq_routable ... ok
[INFO] [stdout] test http1::tests::test_recv_request_header ... ok
[INFO] [stdout] test http1::tests::test_recv_response_header ... ok
[INFO] [stdout] test http1::tests::test_recv_response_body ... ok
[INFO] [stdout] test http1::tests::test_send_request_body ... ok
[INFO] [stdout] test http1::tests::test_send_request_header ... ok
[INFO] [stdout] test http1::tests::test_send_response_header ... ok
[INFO] [stdout] test http1::tests::test_server_persistent ... ok
[INFO] [stdout] test http1::tests::test_write_chunk ... ok
[INFO] [stdout] test http1::tests::test_write_headers ... ok
[INFO] [stdout] test http1::tests::test_send_response_body ... ok
[INFO] [stdout] test http1::tests::test_server_resp ... ok
[INFO] [stdout] test http1::tests::test_server_req ... ok
[INFO] [stdout] test future::tests::test_unixstream ... FAILED
[INFO] [stdout] test list::tests::test_list_concat ... ok
[INFO] [stdout] test client::tests::test_client ... ok
[INFO] [stdout] test list::tests::test_list_iter ... ok
[INFO] [stdout] test pool::tests::pool_expire ... ok
[INFO] [stdout] test reactor::tests::test_reactor_budget ... ok
[INFO] [stdout] test list::tests::test_list_push_pop ... ok
[INFO] [stdout] test reactor::tests::test_reactor_custom ... ok
[INFO] [stdout] test list::tests::test_remove ... ok
[INFO] [stdout] test listener::tests::test_accept ... ok
[INFO] [stdout] test reactor::tests::test_reactor_io ... ok
[INFO] [stdout] test pool::tests::pool_add_take ... ok
[INFO] [stdout] test reactor::tests::test_reactor_fd ... ok
[INFO] [stdout] test reactor::tests::test_reactor_current ... ok
[INFO] [stdout] test reactor::tests::test_reactor_timer ... ok
[INFO] [stdout] test server::tests::test_batch ... ok
[INFO] [stdout] test timer::tests::test_fls ... ok
[INFO] [stdout] test server::tests::test_task_sizes ... ok
[INFO] [stdout] test timer::tests::test_need_resched ... ok
[INFO] [stdout] test resolver::tests::invalidate_query ... ok
[INFO] [stdout] test resolver::tests::resolve ... ok
[INFO] [stdout] test timer::tests::test_sched ... ok
[INFO] [stdout] test timer::tests::test_rotate ... ok
[INFO] [stdout] test client::tests::test_ws ... ok
[INFO] [stdout] test timer::tests::test_wheel ... ok
[INFO] [stdout] test tnetstring::tests::test_array ... ok
[INFO] [stdout] test tnetstring::tests::test_int ... ok
[INFO] [stdout] test tnetstring::tests::test_bool ... ok
[INFO] [stdout] test tnetstring::tests::test_float ... ok
[INFO] [stdout] test tnetstring::tests::test_length ... ok
[INFO] [stdout] test tnetstring::tests::test_map ... ok
[INFO] [stdout] test tnetstring::tests::test_null ... ok
[INFO] [stdout] test tnetstring::tests::test_overflow ... ok
[INFO] [stdout] test tnetstring::tests::test_string ... ok
[INFO] [stdout] test tnetstring::tests::test_sequence ... ok
[INFO] [stdout] test track::tests::track_async_local_receiver ... ok
[INFO] [stdout] test track::tests::track_value ... ok
[INFO] [stdout] test waker::tests::test_ref_waker ... ok
[INFO] [stdout] test track::tests::track_value_and_future ... ok
[INFO] [stdout] test waker::tests::test_rc_waker ... ok
[INFO] [stdout] test websocket::tests::bench_recv_message ... ok
[INFO] [stdout] test websocket::tests::bench_recv_message_with_deflate ... ok
[INFO] [stdout] test websocket::tests::bench_send_message ... ok
[INFO] [stdout] test server::tests::test_ws ... ok
[INFO] [stdout] test websocket::tests::test_apply_mask ... ok
[INFO] [stdout] test websocket::tests::bench_send_message_with_deflate ... ok
[INFO] [stdout] test websocket::tests::test_read_write_header ... ok
[INFO] [stdout] test websocket::tests::test_deflate_by_byte ... ok
[INFO] [stdout] test websocket::tests::test_header_size ... ok
[INFO] [stdout] test server::tests::test_server ... ok
[INFO] [stdout] test websocket::tests::test_send_frame ... ok
[INFO] [stdout] test websocket::tests::test_recv_frame ... ok
[INFO] [stdout] test websocket::tests::test_deflate_bulk ... ok
[INFO] [stdout] test websocket::tests::test_send_frame_masked ... ok
[INFO] [stdout] test websocket::tests::test_recv_message ... ok
[INFO] [stdout] test websocket::tests::test_send_recv_compressed_fragmented ... ok
[INFO] [stdout] test websocket::tests::test_unmask_and_decode ... ok
[INFO] [stdout] test zhttppacket::tests::test_owned_req_parse ... ok
[INFO] [stdout] test zhttppacket::tests::test_owned_resp_parse ... ok
[INFO] [stdout] test zhttppacket::tests::test_req_parse ... ok
[INFO] [stdout] test zhttppacket::tests::test_req_serialize ... ok
[INFO] [stdout] test websocket::tests::test_send_message ... ok
[INFO] [stdout] test websocket::tests::test_send_recv_compressed ... ok
[INFO] [stdout] test zhttppacket::tests::test_resp_parse ... ok
[INFO] [stdout] test zhttppacket::tests::test_resp_serialize ... ok
[INFO] [stdout] test zhttpsocket::tests::test_client_send_flow ... ok
[INFO] [stdout] test zhttpsocket::tests::test_client_req ... ok
[INFO] [stdout] test zhttpsocket::tests::test_client_stream ... ok
[INFO] [stdout] test zmq::tests::test_send_after_disconnect ... ok
[INFO] [stdout] test zhttpsocket::tests::test_server_req ... ok
[INFO] [stdout] test zhttpsocket::tests::test_server_stream ... ok
[INFO] [stdout] test tls::tests::test_connect_error ... ok
[INFO] [stdout] test future::tests::test_tlsstream ... ok
[INFO] [stdout] test tls::tests::test_get_change_inner ... ok
[INFO] [stdout] 
[INFO] [stdout] failures:
[INFO] [stdout] 
[INFO] [stdout] ---- future::tests::test_unixstream stdout ----
[INFO] [stdout] thread 'future::tests::test_unixstream' panicked at src/future.rs:3294:23:
[INFO] [stdout] Read-only file system (os error 30)
[INFO] [stdout] stack backtrace:
[INFO] [stdout]    0:     0x55d8c4325c66 - std::backtrace_rs::backtrace::libunwind::trace::h261606ad26a499c1
[INFO] [stdout]                                at /rustc/0e09125c6c3c2fd70d7de961bcf0e51575235fad/library/std/src/../../backtrace/src/backtrace/libunwind.rs:104:5
[INFO] [stdout]    1:     0x55d8c4325c66 - std::backtrace_rs::backtrace::trace_unsynchronized::hd183f0625477fb28
[INFO] [stdout]                                at /rustc/0e09125c6c3c2fd70d7de961bcf0e51575235fad/library/std/src/../../backtrace/src/backtrace/mod.rs:66:5
[INFO] [stdout]    2:     0x55d8c4325c66 - std::sys_common::backtrace::_print_fmt::hd7f8fef21b4eda67
[INFO] [stdout]                                at /rustc/0e09125c6c3c2fd70d7de961bcf0e51575235fad/library/std/src/sys_common/backtrace.rs:68:5
[INFO] [stdout]    3:     0x55d8c4325c66 - <std::sys_common::backtrace::_print::DisplayBacktrace as core::fmt::Display>::fmt::h623d9b51f2f453f1
[INFO] [stdout]                                at /rustc/0e09125c6c3c2fd70d7de961bcf0e51575235fad/library/std/src/sys_common/backtrace.rs:44:22
[INFO] [stdout]    4:     0x55d8c4354310 - core::fmt::rt::Argument::fmt::h9f417ac76a86f368
[INFO] [stdout]                                at /rustc/0e09125c6c3c2fd70d7de961bcf0e51575235fad/library/core/src/fmt/rt.rs:142:9
[INFO] [stdout]    5:     0x55d8c4354310 - core::fmt::write::hc9b6faf4ac2aeff7
[INFO] [stdout]                                at /rustc/0e09125c6c3c2fd70d7de961bcf0e51575235fad/library/core/src/fmt/mod.rs:1120:17
[INFO] [stdout]    6:     0x55d8c432228f - std::io::Write::write_fmt::he04625a3a989fec3
[INFO] [stdout]                                at /rustc/0e09125c6c3c2fd70d7de961bcf0e51575235fad/library/std/src/io/mod.rs:1810:15
[INFO] [stdout]    7:     0x55d8c4325a44 - std::sys_common::backtrace::_print::hd5d66399c7df88a2
[INFO] [stdout]                                at /rustc/0e09125c6c3c2fd70d7de961bcf0e51575235fad/library/std/src/sys_common/backtrace.rs:47:5
[INFO] [stdout]    8:     0x55d8c4325a44 - std::sys_common::backtrace::print::he81ed2da642d37e5
[INFO] [stdout]                                at /rustc/0e09125c6c3c2fd70d7de961bcf0e51575235fad/library/std/src/sys_common/backtrace.rs:34:9
[INFO] [stdout]    9:     0x55d8c43277b7 - std::panicking::default_hook::{{closure}}::h85773f4fa117163d
[INFO] [stdout]   10:     0x55d8c432749d - std::panicking::default_hook::h6a1694a91d09b278
[INFO] [stdout]                                at /rustc/0e09125c6c3c2fd70d7de961bcf0e51575235fad/library/std/src/panicking.rs:289:9
[INFO] [stdout]   11:     0x55d8c429b507 - <alloc::boxed::Box<F,A> as core::ops::function::Fn<Args>>::call::h616ac37fa3cd6c8f
[INFO] [stdout]                                at /rustc/0e09125c6c3c2fd70d7de961bcf0e51575235fad/library/alloc/src/boxed.rs:2029:9
[INFO] [stdout]   12:     0x55d8c429b507 - test::test_main::{{closure}}::h00d84697cefdcbb6
[INFO] [stdout]                                at /rustc/0e09125c6c3c2fd70d7de961bcf0e51575235fad/library/test/src/lib.rs:138:21
[INFO] [stdout]   13:     0x55d8c4327dd6 - <alloc::boxed::Box<F,A> as core::ops::function::Fn<Args>>::call::hcb3fe3b9bb537ba8
[INFO] [stdout]                                at /rustc/0e09125c6c3c2fd70d7de961bcf0e51575235fad/library/alloc/src/boxed.rs:2029:9
[INFO] [stdout]   14:     0x55d8c4327dd6 - std::panicking::rust_panic_with_hook::h0a7ad96e90f7145b
[INFO] [stdout]                                at /rustc/0e09125c6c3c2fd70d7de961bcf0e51575235fad/library/std/src/panicking.rs:783:13
[INFO] [stdout]   15:     0x55d8c4327b22 - std::panicking::begin_panic_handler::{{closure}}::h7919090525c6485e
[INFO] [stdout]                                at /rustc/0e09125c6c3c2fd70d7de961bcf0e51575235fad/library/std/src/panicking.rs:657:13
[INFO] [stdout]   16:     0x55d8c4326166 - std::sys_common::backtrace::__rust_end_short_backtrace::hf3289479464f7dfe
[INFO] [stdout]                                at /rustc/0e09125c6c3c2fd70d7de961bcf0e51575235fad/library/std/src/sys_common/backtrace.rs:171:18
[INFO] [stdout]   17:     0x55d8c4327880 - rust_begin_unwind
[INFO] [stdout]                                at /rustc/0e09125c6c3c2fd70d7de961bcf0e51575235fad/library/std/src/panicking.rs:645:5
[INFO] [stdout]   18:     0x55d8c3c7a555 - core::panicking::panic_fmt::hcc9f77c5c132af55
[INFO] [stdout]                                at /rustc/0e09125c6c3c2fd70d7de961bcf0e51575235fad/library/core/src/panicking.rs:72:14
[INFO] [stdout]   19:     0x55d8c3e37a1f - core::panicking::panic_display::h72cc82ac0b0ced5d
[INFO] [stdout]                                at /rustc/0e09125c6c3c2fd70d7de961bcf0e51575235fad/library/core/src/panicking.rs:196:5
[INFO] [stdout]   20:     0x55d8c3edc04f - condure::future::tests::test_unixstream::h09d6968acea0aabd
[INFO] [stdout]                                at /opt/rustwide/workdir/src/future.rs:3294:23
[INFO] [stdout]   21:     0x55d8c3edbf27 - condure::future::tests::test_unixstream::{{closure}}::h8468e5479d3e3779
[INFO] [stdout]                                at /opt/rustwide/workdir/src/future.rs:3289:25
[INFO] [stdout]   22:     0x55d8c3d91b66 - core::ops::function::FnOnce::call_once::h8c671bc1273da167
[INFO] [stdout]                                at /rustc/0e09125c6c3c2fd70d7de961bcf0e51575235fad/library/core/src/ops/function.rs:250:5
[INFO] [stdout]   23:     0x55d8c42a0ddf - core::ops::function::FnOnce::call_once::hd64d26f405258157
[INFO] [stdout]                                at /rustc/0e09125c6c3c2fd70d7de961bcf0e51575235fad/library/core/src/ops/function.rs:250:5
[INFO] [stdout]   24:     0x55d8c42a0ddf - test::__rust_begin_short_backtrace::he21b0b7a6d731bf9
[INFO] [stdout]                                at /rustc/0e09125c6c3c2fd70d7de961bcf0e51575235fad/library/test/src/lib.rs:627:18
[INFO] [stdout]   25:     0x55d8c429fb61 - test::run_test_in_process::{{closure}}::hf5c73986d7bdfde2
[INFO] [stdout]                                at /rustc/0e09125c6c3c2fd70d7de961bcf0e51575235fad/library/test/src/lib.rs:650:60
[INFO] [stdout]   26:     0x55d8c429fb61 - <core::panic::unwind_safe::AssertUnwindSafe<F> as core::ops::function::FnOnce<()>>::call_once::h330011ad032aadc0
[INFO] [stdout]                                at /rustc/0e09125c6c3c2fd70d7de961bcf0e51575235fad/library/core/src/panic/unwind_safe.rs:272:9
[INFO] [stdout]   27:     0x55d8c429fb61 - std::panicking::try::do_call::he61b0a958b795a41
[INFO] [stdout]                                at /rustc/0e09125c6c3c2fd70d7de961bcf0e51575235fad/library/std/src/panicking.rs:552:40
[INFO] [stdout]   28:     0x55d8c429fb61 - std::panicking::try::h7309da130f906eb7
[INFO] [stdout]                                at /rustc/0e09125c6c3c2fd70d7de961bcf0e51575235fad/library/std/src/panicking.rs:516:19
[INFO] [stdout]   29:     0x55d8c429fb61 - std::panic::catch_unwind::hc5c3a06fdaf0a92a
[INFO] [stdout]                                at /rustc/0e09125c6c3c2fd70d7de961bcf0e51575235fad/library/std/src/panic.rs:142:14
[INFO] [stdout]   30:     0x55d8c429fb61 - test::run_test_in_process::h7e7b7c71c3324e0f
[INFO] [stdout]                                at /rustc/0e09125c6c3c2fd70d7de961bcf0e51575235fad/library/test/src/lib.rs:650:27
[INFO] [stdout]   31:     0x55d8c429fb61 - test::run_test::{{closure}}::h1f509f28f5cf20b1
[INFO] [stdout]                                at /rustc/0e09125c6c3c2fd70d7de961bcf0e51575235fad/library/test/src/lib.rs:573:43
[INFO] [stdout]   32:     0x55d8c4266e96 - test::run_test::{{closure}}::h1754218abf443f6d
[INFO] [stdout]                                at /rustc/0e09125c6c3c2fd70d7de961bcf0e51575235fad/library/test/src/lib.rs:601:41
[INFO] [stdout]   33:     0x55d8c4266e96 - std::sys_common::backtrace::__rust_begin_short_backtrace::h2ee174b9d5954948
[INFO] [stdout]                                at /rustc/0e09125c6c3c2fd70d7de961bcf0e51575235fad/library/std/src/sys_common/backtrace.rs:155:18
[INFO] [stdout]   34:     0x55d8c426bef7 - std::thread::Builder::spawn_unchecked_::{{closure}}::{{closure}}::hf60bee9c1a17ef09
[INFO] [stdout]                                at /rustc/0e09125c6c3c2fd70d7de961bcf0e51575235fad/library/std/src/thread/mod.rs:529:17
[INFO] [stdout]   35:     0x55d8c426bef7 - <core::panic::unwind_safe::AssertUnwindSafe<F> as core::ops::function::FnOnce<()>>::call_once::h33d0dddec5216160
[INFO] [stdout]                                at /rustc/0e09125c6c3c2fd70d7de961bcf0e51575235fad/library/core/src/panic/unwind_safe.rs:272:9
[INFO] [stdout]   36:     0x55d8c426bef7 - std::panicking::try::do_call::h144b3048b546f835
[INFO] [stdout]                                at /rustc/0e09125c6c3c2fd70d7de961bcf0e51575235fad/library/std/src/panicking.rs:552:40
[INFO] [stdout]   37:     0x55d8c426bef7 - std::panicking::try::h978244d04646189f
[INFO] [stdout]                                at /rustc/0e09125c6c3c2fd70d7de961bcf0e51575235fad/library/std/src/panicking.rs:516:19
[INFO] [stdout]   38:     0x55d8c426bef7 - std::panic::catch_unwind::hdf436369d188fe86
[INFO] [stdout]                                at /rustc/0e09125c6c3c2fd70d7de961bcf0e51575235fad/library/std/src/panic.rs:142:14
[INFO] [stdout]   39:     0x55d8c426bef7 - std::thread::Builder::spawn_unchecked_::{{closure}}::h87329cbdd33c79ec
[INFO] [stdout]                                at /rustc/0e09125c6c3c2fd70d7de961bcf0e51575235fad/library/std/src/thread/mod.rs:528:30
[INFO] [stdout]   40:     0x55d8c426bef7 - core::ops::function::FnOnce::call_once{{vtable.shim}}::h401abbe67897d450
[INFO] [stdout]                                at /rustc/0e09125c6c3c2fd70d7de961bcf0e51575235fad/library/core/src/ops/function.rs:250:5
[INFO] [stdout]   41:     0x55d8c432cc05 - <alloc::boxed::Box<F,A> as core::ops::function::FnOnce<Args>>::call_once::h5d7c8f150ab9c84c
[INFO] [stdout]                                at /rustc/0e09125c6c3c2fd70d7de961bcf0e51575235fad/library/alloc/src/boxed.rs:2015:9
[INFO] [stdout]   42:     0x55d8c432cc05 - <alloc::boxed::Box<F,A> as core::ops::function::FnOnce<Args>>::call_once::h570d5b005c242c15
[INFO] [stdout]                                at /rustc/0e09125c6c3c2fd70d7de961bcf0e51575235fad/library/alloc/src/boxed.rs:2015:9
[INFO] [stdout]   43:     0x55d8c432cc05 - std::sys::unix::thread::Thread::new::thread_start::h36b0a20c0b2361ad
[INFO] [stdout]                                at /rustc/0e09125c6c3c2fd70d7de961bcf0e51575235fad/library/std/src/sys/unix/thread.rs:108:17
[INFO] [stdout]   44:     0x7f4df31b7ac3 - <unknown>
[INFO] [stdout]   45:     0x7f4df3248bf4 - __clone
[INFO] [stdout]   46:                0x0 - <unknown>
[INFO] [stdout] 
[INFO] [stdout] 
[INFO] [stdout] failures:
[INFO] [stdout]     future::tests::test_unixstream
[INFO] [stdout] 
[INFO] [stdout] test result: FAILED. 167 passed; 1 failed; 0 ignored; 0 measured; 0 filtered out; finished in 0.97s
[INFO] [stdout] 
[INFO] [stderr] error: test failed, to rerun pass `--lib`
[INFO] running `Command { std: "docker" "inspect" "5846f745e78b9767a82a9491f93af3b303da85744841df2d30b9f098f429a027", kill_on_drop: false }`
[INFO] running `Command { std: "docker" "rm" "-f" "5846f745e78b9767a82a9491f93af3b303da85744841df2d30b9f098f429a027", kill_on_drop: false }`
[INFO] [stdout] 5846f745e78b9767a82a9491f93af3b303da85744841df2d30b9f098f429a027
