[INFO] cloning repository https://github.com/eunomia-bpf/rust-struct-bindgen
[INFO] running `Command { std: "git" "-c" "credential.helper=" "-c" "credential.helper=/workspace/cargo-home/bin/git-credential-null" "clone" "--bare" "https://github.com/eunomia-bpf/rust-struct-bindgen" "/workspace/cache/git-repos/https%3A%2F%2Fgithub.com%2Feunomia-bpf%2Frust-struct-bindgen", kill_on_drop: false }`
[INFO] [stderr] Cloning into bare repository '/workspace/cache/git-repos/https%3A%2F%2Fgithub.com%2Feunomia-bpf%2Frust-struct-bindgen'...
[INFO] running `Command { std: "git" "rev-parse" "HEAD", kill_on_drop: false }`
[INFO] [stdout] b0870d552fab9376579bf7dae2f24ef242692b87
[INFO] testing eunomia-bpf/rust-struct-bindgen against 1.75.0 for beta-1.76-1
[INFO] running `Command { std: "git" "clone" "/workspace/cache/git-repos/https%3A%2F%2Fgithub.com%2Feunomia-bpf%2Frust-struct-bindgen" "/workspace/builds/worker-3-tc1/source", kill_on_drop: false }`
[INFO] [stderr] Cloning into '/workspace/builds/worker-3-tc1/source'...
[INFO] [stderr] done.
[INFO] validating manifest of git repo https://github.com/eunomia-bpf/rust-struct-bindgen on toolchain 1.75.0
[INFO] running `Command { std: CARGO_HOME="/workspace/cargo-home" RUSTUP_HOME="/workspace/rustup-home" "/workspace/cargo-home/bin/cargo" "+1.75.0" "metadata" "--manifest-path" "Cargo.toml" "--no-deps", kill_on_drop: false }`
[INFO] started tweaking git repo https://github.com/eunomia-bpf/rust-struct-bindgen
[INFO] finished tweaking git repo https://github.com/eunomia-bpf/rust-struct-bindgen
[INFO] tweaked toml for git repo https://github.com/eunomia-bpf/rust-struct-bindgen written to /workspace/builds/worker-3-tc1/source/Cargo.toml
[INFO] crate git repo https://github.com/eunomia-bpf/rust-struct-bindgen already has a lockfile, it will not be regenerated
[INFO] running `Command { std: CARGO_HOME="/workspace/cargo-home" RUSTUP_HOME="/workspace/rustup-home" "/workspace/cargo-home/bin/cargo" "+1.75.0" "fetch" "--manifest-path" "Cargo.toml", kill_on_drop: false }`
[INFO] [stderr] warning: virtual workspace defaulting to `resolver = "1"` despite one or more workspace members being on edition 2021 which implies `resolver = "2"`
[INFO] [stderr] note: to keep the current resolver, specify `workspace.resolver = "1"` in the workspace root's manifest
[INFO] [stderr] note: to use the edition 2021 resolver, specify `workspace.resolver = "2"` in the workspace root's manifest
[INFO] [stderr] note: for more details see https://doc.rust-lang.org/cargo/reference/resolver.html#resolver-versions
[INFO] [stderr]     Updating crates.io index
[INFO] [stderr]  Downloading crates ...
[INFO] [stderr]   Downloaded toolchain_find v0.2.0
[INFO] [stderr]   Downloaded object v0.11.0
[INFO] [stderr]   Downloaded goblin v0.0.19
[INFO] [stderr]   Downloaded parity-wasm v0.35.7
[INFO] [stderr]   Downloaded faerie v0.16.0
[INFO] [stderr]   Downloaded rustfmt-wrapper v0.2.0
[INFO] [stderr]   Downloaded rustix v0.37.12
[INFO] [stderr]   Downloaded linux-raw-sys v0.3.2
[INFO] [stderr]   Downloaded clap_builder v4.2.3
[INFO] [stderr]   Downloaded clap v4.2.3
[INFO] [stderr]   Downloaded btfdump v0.0.2
[INFO] [stderr]   Downloaded string-interner v0.12.2
[INFO] [stderr]   Downloaded goblin v0.0.20
[INFO] running `Command { std: "docker" "create" "-v" "/var/lib/crater-agent-workspace/builds/worker-3-tc1/target:/opt/rustwide/target:rw,Z" "-v" "/var/lib/crater-agent-workspace/builds/worker-3-tc1/source:/opt/rustwide/workdir:ro,Z" "-v" "/var/lib/crater-agent-workspace/cargo-home:/opt/rustwide/cargo-home:ro,Z" "-v" "/var/lib/crater-agent-workspace/rustup-home:/opt/rustwide/rustup-home:ro,Z" "-e" "SOURCE_DIR=/opt/rustwide/workdir" "-e" "CARGO_TARGET_DIR=/opt/rustwide/target" "-e" "CARGO_HOME=/opt/rustwide/cargo-home" "-e" "RUSTUP_HOME=/opt/rustwide/rustup-home" "-w" "/opt/rustwide/workdir" "-m" "1610612736" "--user" "0:0" "--network" "none" "ghcr.io/rust-lang/crates-build-env/linux@sha256:2788e3201cd34a07e3172128adcd8b3090168a8e3bcc40d7c032b9dda1df7d1c" "/opt/rustwide/cargo-home/bin/cargo" "+1.75.0" "metadata" "--no-deps" "--format-version=1", kill_on_drop: false }`
[INFO] [stdout] 1bf6adf5097df6e4a0afa36ea463085344c0ff6d65b96b6e9a3e227098367dda
[INFO] running `Command { std: "docker" "start" "-a" "1bf6adf5097df6e4a0afa36ea463085344c0ff6d65b96b6e9a3e227098367dda", kill_on_drop: false }`
[INFO] running `Command { std: "docker" "inspect" "1bf6adf5097df6e4a0afa36ea463085344c0ff6d65b96b6e9a3e227098367dda", kill_on_drop: false }`
[INFO] running `Command { std: "docker" "rm" "-f" "1bf6adf5097df6e4a0afa36ea463085344c0ff6d65b96b6e9a3e227098367dda", kill_on_drop: false }`
[INFO] [stdout] 1bf6adf5097df6e4a0afa36ea463085344c0ff6d65b96b6e9a3e227098367dda
[INFO] running `Command { std: "docker" "create" "-v" "/var/lib/crater-agent-workspace/builds/worker-3-tc1/target:/opt/rustwide/target:rw,Z" "-v" "/var/lib/crater-agent-workspace/builds/worker-3-tc1/source:/opt/rustwide/workdir:ro,Z" "-v" "/var/lib/crater-agent-workspace/cargo-home:/opt/rustwide/cargo-home:ro,Z" "-v" "/var/lib/crater-agent-workspace/rustup-home:/opt/rustwide/rustup-home:ro,Z" "-e" "SOURCE_DIR=/opt/rustwide/workdir" "-e" "CARGO_TARGET_DIR=/opt/rustwide/target" "-e" "CARGO_INCREMENTAL=0" "-e" "RUST_BACKTRACE=full" "-e" "RUSTFLAGS=--cap-lints=warn" "-e" "RUSTDOCFLAGS=--cap-lints=warn" "-e" "CARGO_HOME=/opt/rustwide/cargo-home" "-e" "RUSTUP_HOME=/opt/rustwide/rustup-home" "-w" "/opt/rustwide/workdir" "-m" "1610612736" "--user" "0:0" "--network" "none" "ghcr.io/rust-lang/crates-build-env/linux@sha256:2788e3201cd34a07e3172128adcd8b3090168a8e3bcc40d7c032b9dda1df7d1c" "/opt/rustwide/cargo-home/bin/cargo" "+1.75.0" "build" "--frozen" "--message-format=json", kill_on_drop: false }`
[INFO] [stdout] a10befb11344d82e6b4f4f9bc195b8ee1ab767da6ef383b3870e30f22f553181
[INFO] running `Command { std: "docker" "start" "-a" "a10befb11344d82e6b4f4f9bc195b8ee1ab767da6ef383b3870e30f22f553181", kill_on_drop: false }`
[INFO] [stderr] warning: virtual workspace defaulting to `resolver = "1"` despite one or more workspace members being on edition 2021 which implies `resolver = "2"`
[INFO] [stderr] note: to keep the current resolver, specify `workspace.resolver = "1"` in the workspace root's manifest
[INFO] [stderr] note: to use the edition 2021 resolver, specify `workspace.resolver = "2"` in the workspace root's manifest
[INFO] [stderr] note: for more details see https://doc.rust-lang.org/cargo/reference/resolver.html#resolver-versions
[INFO] [stderr]    Compiling proc-macro2 v1.0.56
[INFO] [stderr]    Compiling unicode-ident v1.0.8
[INFO] [stderr]    Compiling quote v1.0.26
[INFO] [stderr]    Compiling libc v0.2.141
[INFO] [stderr]    Compiling proc-macro2 v0.4.30
[INFO] [stderr]    Compiling unicode-xid v0.1.0
[INFO] [stderr]    Compiling syn v0.15.44
[INFO] [stderr]    Compiling semver-parser v0.7.0
[INFO] [stderr]    Compiling log v0.4.17
[INFO] [stderr]    Compiling semver v0.9.0
[INFO] [stderr]    Compiling thiserror v1.0.40
[INFO] [stderr]    Compiling serde_derive v1.0.160
[INFO] [stderr]    Compiling io-lifetimes v1.0.10
[INFO] [stderr]    Compiling rustc_version v0.2.3
[INFO] [stderr]    Compiling memchr v2.5.0
[INFO] [stderr]    Compiling scroll v0.9.2
[INFO] [stderr]    Compiling serde v1.0.160
[INFO] [stderr]    Compiling syn v1.0.109
[INFO] [stderr]    Compiling plain v0.2.3
[INFO] [stderr]    Compiling rustix v0.37.12
[INFO] [stderr]    Compiling quote v0.6.13
[INFO] [stderr]    Compiling syn v2.0.15
[INFO] [stderr]    Compiling linux-raw-sys v0.3.2
[INFO] [stderr]    Compiling unicode-width v0.1.10
[INFO] [stderr]    Compiling aho-corasick v0.7.20
[INFO] [stderr]    Compiling regex-syntax v0.6.29
[INFO] [stderr]    Compiling term_size v0.3.2
[INFO] [stderr]    Compiling textwrap v0.11.0
[INFO] [stderr]    Compiling atty v0.2.14
[INFO] [stderr]    Compiling miniz_oxide v0.6.2
[INFO] [stderr]    Compiling indexmap v1.9.3
[INFO] [stderr]    Compiling ahash v0.4.7
[INFO] [stderr]    Compiling byteorder v1.4.3
[INFO] [stderr]    Compiling ucd-trie v0.1.5
[INFO] [stderr]    Compiling target-lexicon v0.11.2
[INFO] [stderr]    Compiling clap v2.34.0
[INFO] [stderr]    Compiling regex v1.7.3
[INFO] [stderr]    Compiling scroll_derive v0.9.5
[INFO] [stderr]    Compiling structopt-derive v0.2.18
[INFO] [stderr]    Compiling parity-wasm v0.35.7
[INFO] [stderr]    Compiling scroll_derive v0.10.5
[INFO] [stderr]    Compiling goblin v0.0.19
[INFO] [stderr]    Compiling hashbrown v0.9.1
[INFO] [stderr]    Compiling flate2 v1.0.25
[INFO] [stderr]    Compiling scroll v0.10.2
[INFO] [stderr]    Compiling anyhow v1.0.70
[INFO] [stderr]    Compiling uuid v0.7.4
[INFO] [stderr]    Compiling utf8parse v0.2.1
[INFO] [stderr]    Compiling anstyle-parse v0.2.0
[INFO] [stderr]    Compiling goblin v0.3.4
[INFO] [stderr]    Compiling structopt v0.2.18
[INFO] [stderr]    Compiling goblin v0.0.20
[INFO] [stderr]    Compiling is-terminal v0.4.7
[INFO] [stderr]    Compiling memmap v0.7.0
[INFO] [stderr]    Compiling colorchoice v1.0.0
[INFO] [stderr]    Compiling anstyle v1.0.0
[INFO] [stderr]    Compiling anstyle-query v1.0.0
[INFO] [stderr]    Compiling walkdir v2.3.3
[INFO] [stderr]    Compiling anstream v0.3.0
[INFO] [stderr]    Compiling thiserror-impl v1.0.40
[INFO] [stderr]    Compiling object v0.11.0
[INFO] [stderr]    Compiling fastrand v1.9.0
[INFO] [stderr]    Compiling fallible-iterator v0.2.0
[INFO] [stderr]    Compiling heck v0.4.1
[INFO] [stderr]    Compiling btfdump v0.0.2
[INFO] [stderr]    Compiling home v0.5.4
[INFO] [stderr]    Compiling clap_lex v0.4.1
[INFO] [stderr]    Compiling pest v2.5.7
[INFO] [stderr]    Compiling strsim v0.10.0
[INFO] [stderr]    Compiling clap_builder v4.2.3
[INFO] [stderr]    Compiling clap_derive v4.2.0
[INFO] [stderr]    Compiling tempfile v3.5.0
[INFO] [stderr]    Compiling once_cell v1.17.1
[INFO] [stderr]    Compiling semver-parser v0.10.2
[INFO] [stderr]    Compiling semver v0.11.0
[INFO] [stderr]    Compiling toolchain_find v0.2.0
[INFO] [stderr]    Compiling clap v4.2.3
[INFO] [stderr]    Compiling string-interner v0.12.2
[INFO] [stderr]    Compiling toml v0.5.11
[INFO] [stderr]    Compiling faerie v0.16.0
[INFO] [stderr]    Compiling rust-struct-bindgen-impl v0.1.0 (/opt/rustwide/workdir/rust-struct-bindgen-impl)
[INFO] [stderr]    Compiling rustfmt-wrapper v0.2.0
[INFO] [stderr]    Compiling rust-struct-bindgen-proc-macro v0.1.0 (/opt/rustwide/workdir/rust-struct-bindgen-proc-macro)
[INFO] [stderr]    Compiling rust-struct-bindgen-cli v0.1.0 (/opt/rustwide/workdir/rust-struct-bindgen-cli)
[INFO] [stderr]     Finished dev [unoptimized + debuginfo] target(s) in 17.76s
[INFO] running `Command { std: "docker" "inspect" "a10befb11344d82e6b4f4f9bc195b8ee1ab767da6ef383b3870e30f22f553181", kill_on_drop: false }`
[INFO] running `Command { std: "docker" "rm" "-f" "a10befb11344d82e6b4f4f9bc195b8ee1ab767da6ef383b3870e30f22f553181", kill_on_drop: false }`
[INFO] [stdout] a10befb11344d82e6b4f4f9bc195b8ee1ab767da6ef383b3870e30f22f553181
[INFO] running `Command { std: "docker" "create" "-v" "/var/lib/crater-agent-workspace/builds/worker-3-tc1/target:/opt/rustwide/target:rw,Z" "-v" "/var/lib/crater-agent-workspace/builds/worker-3-tc1/source:/opt/rustwide/workdir:ro,Z" "-v" "/var/lib/crater-agent-workspace/cargo-home:/opt/rustwide/cargo-home:ro,Z" "-v" "/var/lib/crater-agent-workspace/rustup-home:/opt/rustwide/rustup-home:ro,Z" "-e" "SOURCE_DIR=/opt/rustwide/workdir" "-e" "CARGO_TARGET_DIR=/opt/rustwide/target" "-e" "CARGO_INCREMENTAL=0" "-e" "RUST_BACKTRACE=full" "-e" "RUSTFLAGS=--cap-lints=warn" "-e" "RUSTDOCFLAGS=--cap-lints=warn" "-e" "CARGO_HOME=/opt/rustwide/cargo-home" "-e" "RUSTUP_HOME=/opt/rustwide/rustup-home" "-w" "/opt/rustwide/workdir" "-m" "1610612736" "--user" "0:0" "--network" "none" "ghcr.io/rust-lang/crates-build-env/linux@sha256:2788e3201cd34a07e3172128adcd8b3090168a8e3bcc40d7c032b9dda1df7d1c" "/opt/rustwide/cargo-home/bin/cargo" "+1.75.0" "test" "--frozen" "--no-run" "--message-format=json", kill_on_drop: false }`
[INFO] [stdout] 97aac60e355db3a41ebb5d8c7ea1c196d71f51d29c67aba66e3d41c04eed027b
[INFO] running `Command { std: "docker" "start" "-a" "97aac60e355db3a41ebb5d8c7ea1c196d71f51d29c67aba66e3d41c04eed027b", kill_on_drop: false }`
[INFO] [stderr] warning: virtual workspace defaulting to `resolver = "1"` despite one or more workspace members being on edition 2021 which implies `resolver = "2"`
[INFO] [stderr] note: to keep the current resolver, specify `workspace.resolver = "1"` in the workspace root's manifest
[INFO] [stderr] note: to use the edition 2021 resolver, specify `workspace.resolver = "2"` in the workspace root's manifest
[INFO] [stderr] note: for more details see https://doc.rust-lang.org/cargo/reference/resolver.html#resolver-versions
[INFO] [stderr]    Compiling rust-struct-bindgen-proc-macro v0.1.0 (/opt/rustwide/workdir/rust-struct-bindgen-proc-macro)
[INFO] [stderr]    Compiling rust-struct-bindgen-impl v0.1.0 (/opt/rustwide/workdir/rust-struct-bindgen-impl)
[INFO] [stderr]    Compiling rust-struct-bindgen-cli v0.1.0 (/opt/rustwide/workdir/rust-struct-bindgen-cli)
[INFO] [stderr]     Finished test [unoptimized + debuginfo] target(s) in 1.36s
[INFO] running `Command { std: "docker" "inspect" "97aac60e355db3a41ebb5d8c7ea1c196d71f51d29c67aba66e3d41c04eed027b", kill_on_drop: false }`
[INFO] running `Command { std: "docker" "rm" "-f" "97aac60e355db3a41ebb5d8c7ea1c196d71f51d29c67aba66e3d41c04eed027b", kill_on_drop: false }`
[INFO] [stdout] 97aac60e355db3a41ebb5d8c7ea1c196d71f51d29c67aba66e3d41c04eed027b
[INFO] running `Command { std: "docker" "create" "-v" "/var/lib/crater-agent-workspace/builds/worker-3-tc1/target:/opt/rustwide/target:rw,Z" "-v" "/var/lib/crater-agent-workspace/builds/worker-3-tc1/source:/opt/rustwide/workdir:ro,Z" "-v" "/var/lib/crater-agent-workspace/cargo-home:/opt/rustwide/cargo-home:ro,Z" "-v" "/var/lib/crater-agent-workspace/rustup-home:/opt/rustwide/rustup-home:ro,Z" "-e" "SOURCE_DIR=/opt/rustwide/workdir" "-e" "CARGO_TARGET_DIR=/opt/rustwide/target" "-e" "CARGO_INCREMENTAL=0" "-e" "RUST_BACKTRACE=full" "-e" "RUSTFLAGS=--cap-lints=warn" "-e" "RUSTDOCFLAGS=--cap-lints=warn" "-e" "CARGO_HOME=/opt/rustwide/cargo-home" "-e" "RUSTUP_HOME=/opt/rustwide/rustup-home" "-w" "/opt/rustwide/workdir" "-m" "1610612736" "--user" "0:0" "--network" "none" "ghcr.io/rust-lang/crates-build-env/linux@sha256:2788e3201cd34a07e3172128adcd8b3090168a8e3bcc40d7c032b9dda1df7d1c" "/opt/rustwide/cargo-home/bin/cargo" "+1.75.0" "test" "--frozen", kill_on_drop: false }`
[INFO] [stdout] 604caa2f8036b213685b804620a173d29f39dcaa494e26fd054d77c3a60d340e
[INFO] running `Command { std: "docker" "start" "-a" "604caa2f8036b213685b804620a173d29f39dcaa494e26fd054d77c3a60d340e", kill_on_drop: false }`
[INFO] [stderr] warning: virtual workspace defaulting to `resolver = "1"` despite one or more workspace members being on edition 2021 which implies `resolver = "2"`
[INFO] [stderr] note: to keep the current resolver, specify `workspace.resolver = "1"` in the workspace root's manifest
[INFO] [stderr] note: to use the edition 2021 resolver, specify `workspace.resolver = "2"` in the workspace root's manifest
[INFO] [stderr] note: for more details see https://doc.rust-lang.org/cargo/reference/resolver.html#resolver-versions
[INFO] [stderr]     Finished test [unoptimized + debuginfo] target(s) in 0.05s
[INFO] [stderr]      Running unittests src/main.rs (/opt/rustwide/target/debug/deps/rust_struct_bindgen_cli-99aaa823e59ffb75)
[INFO] [stdout] 
[INFO] [stdout] running 0 tests
[INFO] [stdout] 
[INFO] [stdout] test result: ok. 0 passed; 0 failed; 0 ignored; 0 measured; 0 filtered out; finished in 0.00s
[INFO] [stdout] 
[INFO] [stderr]      Running unittests src/lib.rs (/opt/rustwide/target/debug/deps/rust_struct_bindgen_impl-8531b8ab82dfbc40)
[INFO] [stdout] 
[INFO] [stdout] running 0 tests
[INFO] [stdout] 
[INFO] [stdout] test result: ok. 0 passed; 0 failed; 0 ignored; 0 measured; 0 filtered out; finished in 0.00s
[INFO] [stdout] 
[INFO] [stderr]      Running unittests src/lib.rs (/opt/rustwide/target/debug/deps/rust_struct_bindgen_proc_macro-1484a1a23929c543)
[INFO] [stdout] 
[INFO] [stdout] running 0 tests
[INFO] [stdout] 
[INFO] [stdout] test result: ok. 0 passed; 0 failed; 0 ignored; 0 measured; 0 filtered out; finished in 0.00s
[INFO] [stdout] 
[INFO] [stderr]      Running tests/bindgen_tests.rs (/opt/rustwide/target/debug/deps/bindgen_tests-9e1a72344af470e5)
[INFO] [stdout] 
[INFO] [stdout] running 2 tests
[INFO] [stdout] test test_deserializing ... ok
[INFO] [stdout] test test_serializing ... ok
[INFO] [stdout] 
[INFO] [stdout] test result: ok. 2 passed; 0 failed; 0 ignored; 0 measured; 0 filtered out; finished in 0.00s
[INFO] [stdout] 
[INFO] [stderr]      Running tests/util.rs (/opt/rustwide/target/debug/deps/util-c8acda25149f3b03)
[INFO] [stdout] 
[INFO] [stdout] running 0 tests
[INFO] [stdout] 
[INFO] [stdout] test result: ok. 0 passed; 0 failed; 0 ignored; 0 measured; 0 filtered out; finished in 0.00s
[INFO] [stdout] 
[INFO] [stderr]    Doc-tests rust-struct-bindgen-impl
[INFO] [stdout] 
[INFO] [stdout] running 1 test
[INFO] [stdout] test rust-struct-bindgen-impl/src/lib.rs - (line 18) ... ok
[INFO] [stdout] 
[INFO] [stdout] test result: ok. 1 passed; 0 failed; 0 ignored; 0 measured; 0 filtered out; finished in 0.13s
[INFO] [stdout] 
[INFO] [stderr]    Doc-tests rust-struct-bindgen-proc-macro
[INFO] [stdout] 
[INFO] [stdout] running 2 tests
[INFO] [stdout] test rust-struct-bindgen-proc-macro/src/lib.rs - btf_struct_bindgen_with_elf (line 16) ... FAILED
[INFO] [stdout] test rust-struct-bindgen-proc-macro/src/lib.rs - btf_struct_bindgen_with_btf (line 40) ... FAILED
[INFO] [stdout] 
[INFO] [stdout] failures:
[INFO] [stdout] 
[INFO] [stdout] ---- rust-struct-bindgen-proc-macro/src/lib.rs - btf_struct_bindgen_with_elf (line 16) stdout ----
[INFO] [stdout] error: cannot find macro `btf_struct_bindgen_with_elf` in this scope
[INFO] [stdout]  --> rust-struct-bindgen-proc-macro/src/lib.rs:17:1
[INFO] [stdout]   |
[INFO] [stdout] 3 | btf_struct_bindgen_with_elf!("xxx.bpf.o");
[INFO] [stdout]   | ^^^^^^^^^^^^^^^^^^^^^^^^^^^
[INFO] [stdout]   |
[INFO] [stdout] help: consider importing this macro
[INFO] [stdout]   |
[INFO] [stdout] 2 + use rust_struct_bindgen_proc_macro::btf_struct_bindgen_with_elf;
[INFO] [stdout]   |
[INFO] [stdout] 
[INFO] [stdout] error: aborting due to previous error
[INFO] [stdout] 
[INFO] [stdout] Couldn't compile the test.
[INFO] [stdout] ---- rust-struct-bindgen-proc-macro/src/lib.rs - btf_struct_bindgen_with_btf (line 40) stdout ----
[INFO] [stdout] error: cannot find macro `btf_struct_bindgen_with_btf` in this scope
[INFO] [stdout]  --> rust-struct-bindgen-proc-macro/src/lib.rs:41:1
[INFO] [stdout]   |
[INFO] [stdout] 3 | btf_struct_bindgen_with_btf!("xxx.btf");
[INFO] [stdout]   | ^^^^^^^^^^^^^^^^^^^^^^^^^^^
[INFO] [stdout]   |
[INFO] [stdout] help: consider importing this macro
[INFO] [stdout]   |
[INFO] [stdout] 2 + use rust_struct_bindgen_proc_macro::btf_struct_bindgen_with_btf;
[INFO] [stdout]   |
[INFO] [stdout] 
[INFO] [stdout] error: aborting due to previous error
[INFO] [stdout] 
[INFO] [stdout] Couldn't compile the test.
[INFO] [stdout] 
[INFO] [stdout] failures:
[INFO] [stdout]     rust-struct-bindgen-proc-macro/src/lib.rs - btf_struct_bindgen_with_btf (line 40)
[INFO] [stdout]     rust-struct-bindgen-proc-macro/src/lib.rs - btf_struct_bindgen_with_elf (line 16)
[INFO] [stdout] 
[INFO] [stdout] test result: FAILED. 0 passed; 2 failed; 0 ignored; 0 measured; 0 filtered out; finished in 0.04s
[INFO] [stdout] 
[INFO] [stderr] error: doctest failed, to rerun pass `-p rust-struct-bindgen-proc-macro --doc`
[INFO] running `Command { std: "docker" "inspect" "604caa2f8036b213685b804620a173d29f39dcaa494e26fd054d77c3a60d340e", kill_on_drop: false }`
[INFO] running `Command { std: "docker" "rm" "-f" "604caa2f8036b213685b804620a173d29f39dcaa494e26fd054d77c3a60d340e", kill_on_drop: false }`
[INFO] [stdout] 604caa2f8036b213685b804620a173d29f39dcaa494e26fd054d77c3a60d340e
[INFO] testing eunomia-bpf/rust-struct-bindgen against beta-2023-12-22 for beta-1.76-1
[INFO] running `Command { std: "git" "clone" "/workspace/cache/git-repos/https%3A%2F%2Fgithub.com%2Feunomia-bpf%2Frust-struct-bindgen" "/workspace/builds/worker-3-tc2/source", kill_on_drop: false }`
[INFO] [stderr] Cloning into '/workspace/builds/worker-3-tc2/source'...
[INFO] [stderr] done.
[INFO] validating manifest of git repo https://github.com/eunomia-bpf/rust-struct-bindgen on toolchain beta-2023-12-22
[INFO] running `Command { std: CARGO_HOME="/workspace/cargo-home" RUSTUP_HOME="/workspace/rustup-home" "/workspace/cargo-home/bin/cargo" "+beta-2023-12-22" "metadata" "--manifest-path" "Cargo.toml" "--no-deps", kill_on_drop: false }`
[INFO] started tweaking git repo https://github.com/eunomia-bpf/rust-struct-bindgen
[INFO] finished tweaking git repo https://github.com/eunomia-bpf/rust-struct-bindgen
[INFO] tweaked toml for git repo https://github.com/eunomia-bpf/rust-struct-bindgen written to /workspace/builds/worker-3-tc2/source/Cargo.toml
[INFO] crate git repo https://github.com/eunomia-bpf/rust-struct-bindgen already has a lockfile, it will not be regenerated
[INFO] running `Command { std: CARGO_HOME="/workspace/cargo-home" RUSTUP_HOME="/workspace/rustup-home" "/workspace/cargo-home/bin/cargo" "+beta-2023-12-22" "fetch" "--manifest-path" "Cargo.toml", kill_on_drop: false }`
[INFO] [stderr] warning: virtual workspace defaulting to `resolver = "1"` despite one or more workspace members being on edition 2021 which implies `resolver = "2"`
[INFO] [stderr] note: to keep the current resolver, specify `workspace.resolver = "1"` in the workspace root's manifest
[INFO] [stderr] note: to use the edition 2021 resolver, specify `workspace.resolver = "2"` in the workspace root's manifest
[INFO] [stderr] note: for more details see https://doc.rust-lang.org/cargo/reference/resolver.html#resolver-versions
[INFO] [stderr]     Blocking waiting for file lock on package cache
[INFO] running `Command { std: "docker" "create" "-v" "/var/lib/crater-agent-workspace/builds/worker-3-tc2/target:/opt/rustwide/target:rw,Z" "-v" "/var/lib/crater-agent-workspace/builds/worker-3-tc2/source:/opt/rustwide/workdir:ro,Z" "-v" "/var/lib/crater-agent-workspace/cargo-home:/opt/rustwide/cargo-home:ro,Z" "-v" "/var/lib/crater-agent-workspace/rustup-home:/opt/rustwide/rustup-home:ro,Z" "-e" "SOURCE_DIR=/opt/rustwide/workdir" "-e" "CARGO_TARGET_DIR=/opt/rustwide/target" "-e" "CARGO_HOME=/opt/rustwide/cargo-home" "-e" "RUSTUP_HOME=/opt/rustwide/rustup-home" "-w" "/opt/rustwide/workdir" "-m" "1610612736" "--user" "0:0" "--network" "none" "ghcr.io/rust-lang/crates-build-env/linux@sha256:2788e3201cd34a07e3172128adcd8b3090168a8e3bcc40d7c032b9dda1df7d1c" "/opt/rustwide/cargo-home/bin/cargo" "+beta-2023-12-22" "metadata" "--no-deps" "--format-version=1", kill_on_drop: false }`
[INFO] [stdout] d8300e25f384e428a37a6b61af60b6be0729709e37f4a372f9c56bef74ba466c
[INFO] running `Command { std: "docker" "start" "-a" "d8300e25f384e428a37a6b61af60b6be0729709e37f4a372f9c56bef74ba466c", kill_on_drop: false }`
[INFO] running `Command { std: "docker" "inspect" "d8300e25f384e428a37a6b61af60b6be0729709e37f4a372f9c56bef74ba466c", kill_on_drop: false }`
[INFO] running `Command { std: "docker" "rm" "-f" "d8300e25f384e428a37a6b61af60b6be0729709e37f4a372f9c56bef74ba466c", kill_on_drop: false }`
[INFO] [stdout] d8300e25f384e428a37a6b61af60b6be0729709e37f4a372f9c56bef74ba466c
[INFO] running `Command { std: "docker" "create" "-v" "/var/lib/crater-agent-workspace/builds/worker-3-tc2/target:/opt/rustwide/target:rw,Z" "-v" "/var/lib/crater-agent-workspace/builds/worker-3-tc2/source:/opt/rustwide/workdir:ro,Z" "-v" "/var/lib/crater-agent-workspace/cargo-home:/opt/rustwide/cargo-home:ro,Z" "-v" "/var/lib/crater-agent-workspace/rustup-home:/opt/rustwide/rustup-home:ro,Z" "-e" "SOURCE_DIR=/opt/rustwide/workdir" "-e" "CARGO_TARGET_DIR=/opt/rustwide/target" "-e" "CARGO_INCREMENTAL=0" "-e" "RUST_BACKTRACE=full" "-e" "RUSTFLAGS=--cap-lints=warn" "-e" "RUSTDOCFLAGS=--cap-lints=warn" "-e" "CARGO_HOME=/opt/rustwide/cargo-home" "-e" "RUSTUP_HOME=/opt/rustwide/rustup-home" "-w" "/opt/rustwide/workdir" "-m" "1610612736" "--user" "0:0" "--network" "none" "ghcr.io/rust-lang/crates-build-env/linux@sha256:2788e3201cd34a07e3172128adcd8b3090168a8e3bcc40d7c032b9dda1df7d1c" "/opt/rustwide/cargo-home/bin/cargo" "+beta-2023-12-22" "build" "--frozen" "--message-format=json", kill_on_drop: false }`
[INFO] [stdout] 81ce4a448512bb11848bc043e6654ed060e25b5032307b01c2888d2f5cd8ec0c
[INFO] running `Command { std: "docker" "start" "-a" "81ce4a448512bb11848bc043e6654ed060e25b5032307b01c2888d2f5cd8ec0c", kill_on_drop: false }`
[INFO] [stderr] warning: virtual workspace defaulting to `resolver = "1"` despite one or more workspace members being on edition 2021 which implies `resolver = "2"`
[INFO] [stderr] note: to keep the current resolver, specify `workspace.resolver = "1"` in the workspace root's manifest
[INFO] [stderr] note: to use the edition 2021 resolver, specify `workspace.resolver = "2"` in the workspace root's manifest
[INFO] [stderr] note: for more details see https://doc.rust-lang.org/cargo/reference/resolver.html#resolver-versions
[INFO] [stderr]    Compiling proc-macro2 v1.0.56
[INFO] [stderr]    Compiling unicode-ident v1.0.8
[INFO] [stderr]    Compiling quote v1.0.26
[INFO] [stderr]    Compiling libc v0.2.141
[INFO] [stderr]    Compiling proc-macro2 v0.4.30
[INFO] [stderr]    Compiling unicode-xid v0.1.0
[INFO] [stderr]    Compiling syn v0.15.44
[INFO] [stderr]    Compiling semver-parser v0.7.0
[INFO] [stderr]    Compiling thiserror v1.0.40
[INFO] [stderr]    Compiling log v0.4.17
[INFO] [stderr]    Compiling semver v0.9.0
[INFO] [stderr]    Compiling memchr v2.5.0
[INFO] [stderr]    Compiling io-lifetimes v1.0.10
[INFO] [stderr]    Compiling serde_derive v1.0.160
[INFO] [stderr]    Compiling rustc_version v0.2.3
[INFO] [stderr]    Compiling serde v1.0.160
[INFO] [stderr]    Compiling plain v0.2.3
[INFO] [stderr]    Compiling scroll v0.9.2
[INFO] [stderr]    Compiling syn v1.0.109
[INFO] [stderr]    Compiling rustix v0.37.12
[INFO] [stderr]    Compiling quote v0.6.13
[INFO] [stderr]    Compiling syn v2.0.15
[INFO] [stderr]    Compiling linux-raw-sys v0.3.2
[INFO] [stderr]    Compiling aho-corasick v0.7.20
[INFO] [stderr]    Compiling regex-syntax v0.6.29
[INFO] [stderr]    Compiling unicode-width v0.1.10
[INFO] [stderr]    Compiling miniz_oxide v0.6.2
[INFO] [stderr]    Compiling term_size v0.3.2
[INFO] [stderr]    Compiling textwrap v0.11.0
[INFO] [stderr]    Compiling atty v0.2.14
[INFO] [stderr]    Compiling indexmap v1.9.3
[INFO] [stderr]    Compiling ahash v0.4.7
[INFO] [stderr]    Compiling target-lexicon v0.11.2
[INFO] [stderr]    Compiling ucd-trie v0.1.5
[INFO] [stderr]    Compiling byteorder v1.4.3
[INFO] [stderr]    Compiling clap v2.34.0
[INFO] [stderr]    Compiling parity-wasm v0.35.7
[INFO] [stderr]    Compiling regex v1.7.3
[INFO] [stderr]    Compiling scroll_derive v0.9.5
[INFO] [stderr]    Compiling scroll_derive v0.10.5
[INFO] [stderr]    Compiling structopt-derive v0.2.18
[INFO] [stderr]    Compiling goblin v0.0.19
[INFO] [stderr]    Compiling hashbrown v0.9.1
[INFO] [stderr]    Compiling scroll v0.10.2
[INFO] [stderr]    Compiling flate2 v1.0.25
[INFO] [stderr]    Compiling utf8parse v0.2.1
[INFO] [stderr]    Compiling uuid v0.7.4
[INFO] [stderr]    Compiling anyhow v1.0.70
[INFO] [stderr]    Compiling anstyle-parse v0.2.0
[INFO] [stderr]    Compiling goblin v0.3.4
[INFO] [stderr]    Compiling structopt v0.2.18
[INFO] [stderr]    Compiling goblin v0.0.20
[INFO] [stderr]    Compiling is-terminal v0.4.7
[INFO] [stderr]    Compiling memmap v0.7.0
[INFO] [stderr]    Compiling colorchoice v1.0.0
[INFO] [stderr]    Compiling anstyle v1.0.0
[INFO] [stderr]    Compiling anstyle-query v1.0.0
[INFO] [stderr]    Compiling anstream v0.3.0
[INFO] [stderr]    Compiling walkdir v2.3.3
[INFO] [stderr]    Compiling thiserror-impl v1.0.40
[INFO] [stderr]    Compiling object v0.11.0
[INFO] [stderr]    Compiling home v0.5.4
[INFO] [stderr]    Compiling clap_lex v0.4.1
[INFO] [stderr]    Compiling btfdump v0.0.2
[INFO] [stderr]    Compiling fallible-iterator v0.2.0
[INFO] [stderr]    Compiling heck v0.4.1
[INFO] [stderr]    Compiling strsim v0.10.0
[INFO] [stderr]    Compiling pest v2.5.7
[INFO] [stderr]    Compiling fastrand v1.9.0
[INFO] [stderr]    Compiling tempfile v3.5.0
[INFO] [stderr]    Compiling clap_builder v4.2.3
[INFO] [stderr]    Compiling clap_derive v4.2.0
[INFO] [stderr]    Compiling once_cell v1.17.1
[INFO] [stderr]    Compiling semver-parser v0.10.2
[INFO] [stderr]    Compiling semver v0.11.0
[INFO] [stderr]    Compiling toolchain_find v0.2.0
[INFO] [stderr]    Compiling clap v4.2.3
[INFO] [stderr]    Compiling string-interner v0.12.2
[INFO] [stderr]    Compiling toml v0.5.11
[INFO] [stderr]    Compiling faerie v0.16.0
[INFO] [stderr]    Compiling rust-struct-bindgen-impl v0.1.0 (/opt/rustwide/workdir/rust-struct-bindgen-impl)
[INFO] [stderr]    Compiling rustfmt-wrapper v0.2.0
[INFO] [stderr]    Compiling rust-struct-bindgen-proc-macro v0.1.0 (/opt/rustwide/workdir/rust-struct-bindgen-proc-macro)
[INFO] [stderr]    Compiling rust-struct-bindgen-cli v0.1.0 (/opt/rustwide/workdir/rust-struct-bindgen-cli)
[INFO] [stderr]     Finished dev [unoptimized + debuginfo] target(s) in 41.08s
[INFO] running `Command { std: "docker" "inspect" "81ce4a448512bb11848bc043e6654ed060e25b5032307b01c2888d2f5cd8ec0c", kill_on_drop: false }`
[INFO] running `Command { std: "docker" "rm" "-f" "81ce4a448512bb11848bc043e6654ed060e25b5032307b01c2888d2f5cd8ec0c", kill_on_drop: false }`
[INFO] [stdout] 81ce4a448512bb11848bc043e6654ed060e25b5032307b01c2888d2f5cd8ec0c
[INFO] running `Command { std: "docker" "create" "-v" "/var/lib/crater-agent-workspace/builds/worker-3-tc2/target:/opt/rustwide/target:rw,Z" "-v" "/var/lib/crater-agent-workspace/builds/worker-3-tc2/source:/opt/rustwide/workdir:ro,Z" "-v" "/var/lib/crater-agent-workspace/cargo-home:/opt/rustwide/cargo-home:ro,Z" "-v" "/var/lib/crater-agent-workspace/rustup-home:/opt/rustwide/rustup-home:ro,Z" "-e" "SOURCE_DIR=/opt/rustwide/workdir" "-e" "CARGO_TARGET_DIR=/opt/rustwide/target" "-e" "CARGO_INCREMENTAL=0" "-e" "RUST_BACKTRACE=full" "-e" "RUSTFLAGS=--cap-lints=warn" "-e" "RUSTDOCFLAGS=--cap-lints=warn" "-e" "CARGO_HOME=/opt/rustwide/cargo-home" "-e" "RUSTUP_HOME=/opt/rustwide/rustup-home" "-w" "/opt/rustwide/workdir" "-m" "1610612736" "--user" "0:0" "--network" "none" "ghcr.io/rust-lang/crates-build-env/linux@sha256:2788e3201cd34a07e3172128adcd8b3090168a8e3bcc40d7c032b9dda1df7d1c" "/opt/rustwide/cargo-home/bin/cargo" "+beta-2023-12-22" "test" "--frozen" "--no-run" "--message-format=json", kill_on_drop: false }`
[INFO] [stdout] e67af8b9bd5c2338607865dfdbf98d553a07516aad663737fca9cca93ce79224
[INFO] running `Command { std: "docker" "start" "-a" "e67af8b9bd5c2338607865dfdbf98d553a07516aad663737fca9cca93ce79224", kill_on_drop: false }`
[INFO] [stderr] warning: virtual workspace defaulting to `resolver = "1"` despite one or more workspace members being on edition 2021 which implies `resolver = "2"`
[INFO] [stderr] note: to keep the current resolver, specify `workspace.resolver = "1"` in the workspace root's manifest
[INFO] [stderr] note: to use the edition 2021 resolver, specify `workspace.resolver = "2"` in the workspace root's manifest
[INFO] [stderr] note: for more details see https://doc.rust-lang.org/cargo/reference/resolver.html#resolver-versions
[INFO] [stderr]    Compiling rust-struct-bindgen-proc-macro v0.1.0 (/opt/rustwide/workdir/rust-struct-bindgen-proc-macro)
[INFO] [stderr]    Compiling rust-struct-bindgen-impl v0.1.0 (/opt/rustwide/workdir/rust-struct-bindgen-impl)
[INFO] [stderr]    Compiling rust-struct-bindgen-cli v0.1.0 (/opt/rustwide/workdir/rust-struct-bindgen-cli)
[INFO] [stderr]     Finished test [unoptimized + debuginfo] target(s) in 2.39s
[INFO] running `Command { std: "docker" "inspect" "e67af8b9bd5c2338607865dfdbf98d553a07516aad663737fca9cca93ce79224", kill_on_drop: false }`
[INFO] running `Command { std: "docker" "rm" "-f" "e67af8b9bd5c2338607865dfdbf98d553a07516aad663737fca9cca93ce79224", kill_on_drop: false }`
[INFO] [stdout] e67af8b9bd5c2338607865dfdbf98d553a07516aad663737fca9cca93ce79224
[INFO] running `Command { std: "docker" "create" "-v" "/var/lib/crater-agent-workspace/builds/worker-3-tc2/target:/opt/rustwide/target:rw,Z" "-v" "/var/lib/crater-agent-workspace/builds/worker-3-tc2/source:/opt/rustwide/workdir:ro,Z" "-v" "/var/lib/crater-agent-workspace/cargo-home:/opt/rustwide/cargo-home:ro,Z" "-v" "/var/lib/crater-agent-workspace/rustup-home:/opt/rustwide/rustup-home:ro,Z" "-e" "SOURCE_DIR=/opt/rustwide/workdir" "-e" "CARGO_TARGET_DIR=/opt/rustwide/target" "-e" "CARGO_INCREMENTAL=0" "-e" "RUST_BACKTRACE=full" "-e" "RUSTFLAGS=--cap-lints=warn" "-e" "RUSTDOCFLAGS=--cap-lints=warn" "-e" "CARGO_HOME=/opt/rustwide/cargo-home" "-e" "RUSTUP_HOME=/opt/rustwide/rustup-home" "-w" "/opt/rustwide/workdir" "-m" "1610612736" "--user" "0:0" "--network" "none" "ghcr.io/rust-lang/crates-build-env/linux@sha256:2788e3201cd34a07e3172128adcd8b3090168a8e3bcc40d7c032b9dda1df7d1c" "/opt/rustwide/cargo-home/bin/cargo" "+beta-2023-12-22" "test" "--frozen", kill_on_drop: false }`
[INFO] [stdout] 82c748e6164fd875e612011d8e5d5c22d51b2c98b3c8cef6aa723cc3ca0be5ae
[INFO] running `Command { std: "docker" "start" "-a" "82c748e6164fd875e612011d8e5d5c22d51b2c98b3c8cef6aa723cc3ca0be5ae", kill_on_drop: false }`
[INFO] [stderr] warning: virtual workspace defaulting to `resolver = "1"` despite one or more workspace members being on edition 2021 which implies `resolver = "2"`
[INFO] [stderr] note: to keep the current resolver, specify `workspace.resolver = "1"` in the workspace root's manifest
[INFO] [stderr] note: to use the edition 2021 resolver, specify `workspace.resolver = "2"` in the workspace root's manifest
[INFO] [stderr] note: for more details see https://doc.rust-lang.org/cargo/reference/resolver.html#resolver-versions
[INFO] [stderr]     Finished test [unoptimized + debuginfo] target(s) in 0.08s
[INFO] [stderr]      Running unittests src/main.rs (/opt/rustwide/target/debug/deps/rust_struct_bindgen_cli-c2077bffed0099e5)
[INFO] [stdout] 
[INFO] [stdout] running 0 tests
[INFO] [stdout] 
[INFO] [stdout] test result: ok. 0 passed; 0 failed; 0 ignored; 0 measured; 0 filtered out; finished in 0.00s
[INFO] [stdout] 
[INFO] [stderr]      Running unittests src/lib.rs (/opt/rustwide/target/debug/deps/rust_struct_bindgen_impl-c92aa9a6174031de)
[INFO] [stdout] 
[INFO] [stdout] running 0 tests
[INFO] [stdout] 
[INFO] [stdout] test result: ok. 0 passed; 0 failed; 0 ignored; 0 measured; 0 filtered out; finished in 0.00s
[INFO] [stdout] 
[INFO] [stderr]      Running unittests src/lib.rs (/opt/rustwide/target/debug/deps/rust_struct_bindgen_proc_macro-d7f5f8e5ce4d196c)
[INFO] [stdout] 
[INFO] [stdout] running 0 tests
[INFO] [stdout] 
[INFO] [stdout] test result: ok. 0 passed; 0 failed; 0 ignored; 0 measured; 0 filtered out; finished in 0.00s
[INFO] [stdout] 
[INFO] [stderr]      Running tests/bindgen_tests.rs (/opt/rustwide/target/debug/deps/bindgen_tests-5698693cf7739414)
[INFO] [stdout] 
[INFO] [stdout] running 2 tests
[INFO] [stdout] test test_serializing ... ok
[INFO] [stdout] test test_deserializing ... ok
[INFO] [stdout] 
[INFO] [stdout] test result: ok. 2 passed; 0 failed; 0 ignored; 0 measured; 0 filtered out; finished in 0.00s
[INFO] [stdout] 
[INFO] [stderr]      Running tests/util.rs (/opt/rustwide/target/debug/deps/util-ad453cdac8a60ba1)
[INFO] [stdout] 
[INFO] [stdout] running 0 tests
[INFO] [stdout] 
[INFO] [stdout] test result: ok. 0 passed; 0 failed; 0 ignored; 0 measured; 0 filtered out; finished in 0.00s
[INFO] [stdout] 
[INFO] [stderr]    Doc-tests rust-struct-bindgen-impl
[INFO] [stdout] 
[INFO] [stdout] running 1 test
[INFO] [stdout] test rust-struct-bindgen-impl/src/lib.rs - (line 18) ... ok
[INFO] [stdout] 
[INFO] [stdout] test result: ok. 1 passed; 0 failed; 0 ignored; 0 measured; 0 filtered out; finished in 0.19s
[INFO] [stdout] 
[INFO] [stderr]    Doc-tests rust-struct-bindgen-proc-macro
[INFO] [stdout] 
[INFO] [stdout] running 2 tests
[INFO] [stdout] test rust-struct-bindgen-proc-macro/src/lib.rs - btf_struct_bindgen_with_elf (line 16) ... FAILED
[INFO] [stdout] test rust-struct-bindgen-proc-macro/src/lib.rs - btf_struct_bindgen_with_btf (line 40) ... FAILED
[INFO] [stdout] 
[INFO] [stdout] failures:
[INFO] [stdout] 
[INFO] [stdout] ---- rust-struct-bindgen-proc-macro/src/lib.rs - btf_struct_bindgen_with_elf (line 16) stdout ----
[INFO] [stdout] error: cannot find macro `btf_struct_bindgen_with_elf` in this scope
[INFO] [stdout]  --> rust-struct-bindgen-proc-macro/src/lib.rs:17:1
[INFO] [stdout]   |
[INFO] [stdout] 3 | btf_struct_bindgen_with_elf!("xxx.bpf.o");
[INFO] [stdout]   | ^^^^^^^^^^^^^^^^^^^^^^^^^^^
[INFO] [stdout]   |
[INFO] [stdout] help: consider importing this macro
[INFO] [stdout]   |
[INFO] [stdout] 2 + use rust_struct_bindgen_proc_macro::btf_struct_bindgen_with_elf;
[INFO] [stdout]   |
[INFO] [stdout] 
[INFO] [stdout] error: aborting due to 1 previous error
[INFO] [stdout] 
[INFO] [stdout] Couldn't compile the test.
[INFO] [stdout] ---- rust-struct-bindgen-proc-macro/src/lib.rs - btf_struct_bindgen_with_btf (line 40) stdout ----
[INFO] [stdout] error: cannot find macro `btf_struct_bindgen_with_btf` in this scope
[INFO] [stdout]  --> rust-struct-bindgen-proc-macro/src/lib.rs:41:1
[INFO] [stdout]   |
[INFO] [stdout] 3 | btf_struct_bindgen_with_btf!("xxx.btf");
[INFO] [stdout]   | ^^^^^^^^^^^^^^^^^^^^^^^^^^^
[INFO] [stdout]   |
[INFO] [stdout] help: consider importing this macro
[INFO] [stdout]   |
[INFO] [stdout] 2 + use rust_struct_bindgen_proc_macro::btf_struct_bindgen_with_btf;
[INFO] [stdout]   |
[INFO] [stdout] 
[INFO] [stdout] error: aborting due to 1 previous error
[INFO] [stdout] 
[INFO] [stdout] Couldn't compile the test.
[INFO] [stdout] 
[INFO] [stdout] failures:
[INFO] [stdout]     rust-struct-bindgen-proc-macro/src/lib.rs - btf_struct_bindgen_with_btf (line 40)
[INFO] [stdout]     rust-struct-bindgen-proc-macro/src/lib.rs - btf_struct_bindgen_with_elf (line 16)
[INFO] [stdout] 
[INFO] [stdout] test result: FAILED. 0 passed; 2 failed; 0 ignored; 0 measured; 0 filtered out; finished in 0.09s
[INFO] [stdout] 
[INFO] [stderr] error: doctest failed, to rerun pass `-p rust-struct-bindgen-proc-macro --doc`
[INFO] running `Command { std: "docker" "inspect" "82c748e6164fd875e612011d8e5d5c22d51b2c98b3c8cef6aa723cc3ca0be5ae", kill_on_drop: false }`
[INFO] running `Command { std: "docker" "rm" "-f" "82c748e6164fd875e612011d8e5d5c22d51b2c98b3c8cef6aa723cc3ca0be5ae", kill_on_drop: false }`
[INFO] [stdout] 82c748e6164fd875e612011d8e5d5c22d51b2c98b3c8cef6aa723cc3ca0be5ae
