[INFO] cloning repository https://github.com/erwanvivien/QR-Gen
[INFO] running `Command { std: "git" "-c" "credential.helper=" "-c" "credential.helper=/workspace/cargo-home/bin/git-credential-null" "clone" "--bare" "https://github.com/erwanvivien/QR-Gen" "/workspace/cache/git-repos/https%3A%2F%2Fgithub.com%2Ferwanvivien%2FQR-Gen", kill_on_drop: false }`
[INFO] [stderr] Cloning into bare repository '/workspace/cache/git-repos/https%3A%2F%2Fgithub.com%2Ferwanvivien%2FQR-Gen'...
[INFO] running `Command { std: "git" "rev-parse" "HEAD", kill_on_drop: false }`
[INFO] [stdout] 08b973e78e6f42b221745c6cde0c33568f210e2c
[INFO] testing erwanvivien/QR-Gen against 1.75.0 for beta-1.76-1
[INFO] running `Command { std: "git" "clone" "/workspace/cache/git-repos/https%3A%2F%2Fgithub.com%2Ferwanvivien%2FQR-Gen" "/workspace/builds/worker-7-tc1/source", kill_on_drop: false }`
[INFO] [stderr] Cloning into '/workspace/builds/worker-7-tc1/source'...
[INFO] [stderr] done.
[INFO] validating manifest of git repo https://github.com/erwanvivien/QR-Gen on toolchain 1.75.0
[INFO] running `Command { std: CARGO_HOME="/workspace/cargo-home" RUSTUP_HOME="/workspace/rustup-home" "/workspace/cargo-home/bin/cargo" "+1.75.0" "metadata" "--manifest-path" "Cargo.toml" "--no-deps", kill_on_drop: false }`
[INFO] started tweaking git repo https://github.com/erwanvivien/QR-Gen
[INFO] removed 0 missing examples
[INFO] finished tweaking git repo https://github.com/erwanvivien/QR-Gen
[INFO] tweaked toml for git repo https://github.com/erwanvivien/QR-Gen written to /workspace/builds/worker-7-tc1/source/Cargo.toml
[INFO] running `Command { std: CARGO_HOME="/workspace/cargo-home" RUSTUP_HOME="/workspace/rustup-home" "/workspace/cargo-home/bin/cargo" "+1.75.0" "generate-lockfile" "--manifest-path" "Cargo.toml", kill_on_drop: false }`
[INFO] [stderr]     Updating crates.io index
[INFO] running `Command { std: CARGO_HOME="/workspace/cargo-home" RUSTUP_HOME="/workspace/rustup-home" "/workspace/cargo-home/bin/cargo" "+1.75.0" "fetch" "--manifest-path" "Cargo.toml", kill_on_drop: false }`
[INFO] [stderr]  Downloading crates ...
[INFO] [stderr]   Downloaded usvg-text-layout v0.28.0
[INFO] [stderr]   Downloaded fontdb v0.10.0
[INFO] [stderr]   Downloaded rustybuzz v0.6.0
[INFO] running `Command { std: "docker" "create" "-v" "/var/lib/crater-agent-workspace/builds/worker-7-tc1/target:/opt/rustwide/target:rw,Z" "-v" "/var/lib/crater-agent-workspace/builds/worker-7-tc1/source:/opt/rustwide/workdir:ro,Z" "-v" "/var/lib/crater-agent-workspace/cargo-home:/opt/rustwide/cargo-home:ro,Z" "-v" "/var/lib/crater-agent-workspace/rustup-home:/opt/rustwide/rustup-home:ro,Z" "-e" "SOURCE_DIR=/opt/rustwide/workdir" "-e" "CARGO_TARGET_DIR=/opt/rustwide/target" "-e" "CARGO_HOME=/opt/rustwide/cargo-home" "-e" "RUSTUP_HOME=/opt/rustwide/rustup-home" "-w" "/opt/rustwide/workdir" "-m" "1610612736" "--user" "0:0" "--network" "none" "ghcr.io/rust-lang/crates-build-env/linux@sha256:2788e3201cd34a07e3172128adcd8b3090168a8e3bcc40d7c032b9dda1df7d1c" "/opt/rustwide/cargo-home/bin/cargo" "+1.75.0" "metadata" "--no-deps" "--format-version=1", kill_on_drop: false }`
[INFO] [stdout] 08b9ac88fb2ca2821b2214178434a38d3c02e13e67e8d68dc98699b30ffbc063
[INFO] running `Command { std: "docker" "start" "-a" "08b9ac88fb2ca2821b2214178434a38d3c02e13e67e8d68dc98699b30ffbc063", kill_on_drop: false }`
[INFO] running `Command { std: "docker" "inspect" "08b9ac88fb2ca2821b2214178434a38d3c02e13e67e8d68dc98699b30ffbc063", kill_on_drop: false }`
[INFO] running `Command { std: "docker" "rm" "-f" "08b9ac88fb2ca2821b2214178434a38d3c02e13e67e8d68dc98699b30ffbc063", kill_on_drop: false }`
[INFO] [stdout] 08b9ac88fb2ca2821b2214178434a38d3c02e13e67e8d68dc98699b30ffbc063
[INFO] running `Command { std: "docker" "create" "-v" "/var/lib/crater-agent-workspace/builds/worker-7-tc1/target:/opt/rustwide/target:rw,Z" "-v" "/var/lib/crater-agent-workspace/builds/worker-7-tc1/source:/opt/rustwide/workdir:ro,Z" "-v" "/var/lib/crater-agent-workspace/cargo-home:/opt/rustwide/cargo-home:ro,Z" "-v" "/var/lib/crater-agent-workspace/rustup-home:/opt/rustwide/rustup-home:ro,Z" "-e" "SOURCE_DIR=/opt/rustwide/workdir" "-e" "CARGO_TARGET_DIR=/opt/rustwide/target" "-e" "CARGO_INCREMENTAL=0" "-e" "RUST_BACKTRACE=full" "-e" "RUSTFLAGS=--cap-lints=warn" "-e" "RUSTDOCFLAGS=--cap-lints=warn" "-e" "CARGO_HOME=/opt/rustwide/cargo-home" "-e" "RUSTUP_HOME=/opt/rustwide/rustup-home" "-w" "/opt/rustwide/workdir" "-m" "1610612736" "--user" "0:0" "--network" "none" "ghcr.io/rust-lang/crates-build-env/linux@sha256:2788e3201cd34a07e3172128adcd8b3090168a8e3bcc40d7c032b9dda1df7d1c" "/opt/rustwide/cargo-home/bin/cargo" "+1.75.0" "build" "--frozen" "--message-format=json", kill_on_drop: false }`
[INFO] [stdout] ba18db9f7674f4da0ad46da34678c6bb719ec6a78b034c56a82ed4427ff35a45
[INFO] running `Command { std: "docker" "start" "-a" "ba18db9f7674f4da0ad46da34678c6bb719ec6a78b034c56a82ed4427ff35a45", kill_on_drop: false }`
[INFO] [stderr]    Compiling fast_qr v0.11.0 (/opt/rustwide/workdir)
[INFO] [stderr]     Finished dev [unoptimized + debuginfo] target(s) in 0.60s
[INFO] running `Command { std: "docker" "inspect" "ba18db9f7674f4da0ad46da34678c6bb719ec6a78b034c56a82ed4427ff35a45", kill_on_drop: false }`
[INFO] running `Command { std: "docker" "rm" "-f" "ba18db9f7674f4da0ad46da34678c6bb719ec6a78b034c56a82ed4427ff35a45", kill_on_drop: false }`
[INFO] [stdout] ba18db9f7674f4da0ad46da34678c6bb719ec6a78b034c56a82ed4427ff35a45
[INFO] running `Command { std: "docker" "create" "-v" "/var/lib/crater-agent-workspace/builds/worker-7-tc1/target:/opt/rustwide/target:rw,Z" "-v" "/var/lib/crater-agent-workspace/builds/worker-7-tc1/source:/opt/rustwide/workdir:ro,Z" "-v" "/var/lib/crater-agent-workspace/cargo-home:/opt/rustwide/cargo-home:ro,Z" "-v" "/var/lib/crater-agent-workspace/rustup-home:/opt/rustwide/rustup-home:ro,Z" "-e" "SOURCE_DIR=/opt/rustwide/workdir" "-e" "CARGO_TARGET_DIR=/opt/rustwide/target" "-e" "CARGO_INCREMENTAL=0" "-e" "RUST_BACKTRACE=full" "-e" "RUSTFLAGS=--cap-lints=warn" "-e" "RUSTDOCFLAGS=--cap-lints=warn" "-e" "CARGO_HOME=/opt/rustwide/cargo-home" "-e" "RUSTUP_HOME=/opt/rustwide/rustup-home" "-w" "/opt/rustwide/workdir" "-m" "1610612736" "--user" "0:0" "--network" "none" "ghcr.io/rust-lang/crates-build-env/linux@sha256:2788e3201cd34a07e3172128adcd8b3090168a8e3bcc40d7c032b9dda1df7d1c" "/opt/rustwide/cargo-home/bin/cargo" "+1.75.0" "test" "--frozen" "--no-run" "--message-format=json", kill_on_drop: false }`
[INFO] [stdout] 87f5bd903b3155a41fb64cd53afdbbd1c2763c970a55948e3bb51235f62334ac
[INFO] running `Command { std: "docker" "start" "-a" "87f5bd903b3155a41fb64cd53afdbbd1c2763c970a55948e3bb51235f62334ac", kill_on_drop: false }`
[INFO] [stderr]    Compiling autocfg v1.1.0
[INFO] [stderr]    Compiling proc-macro2 v1.0.75
[INFO] [stderr]    Compiling unicode-ident v1.0.12
[INFO] [stderr]    Compiling crossbeam-utils v0.8.18
[INFO] [stderr]    Compiling serde v1.0.194
[INFO] [stderr]    Compiling either v1.9.0
[INFO] [stderr]    Compiling libc v0.2.151
[INFO] [stderr]    Compiling rayon-core v1.12.0
[INFO] [stderr]    Compiling serde_json v1.0.111
[INFO] [stderr]    Compiling regex-syntax v0.8.2
[INFO] [stderr]    Compiling ryu v1.0.16
[INFO] [stderr]    Compiling itoa v1.0.10
[INFO] [stderr]    Compiling half v1.8.2
[INFO] [stderr]    Compiling plotters-backend v0.3.5
[INFO] [stderr]    Compiling num-traits v0.2.17
[INFO] [stderr]    Compiling num-integer v0.1.45
[INFO] [stderr]    Compiling indexmap v1.9.3
[INFO] [stderr]    Compiling crossbeam-epoch v0.9.17
[INFO] [stderr]    Compiling num-iter v0.1.43
[INFO] [stderr]    Compiling num-rational v0.3.2
[INFO] [stderr]    Compiling hashbrown v0.12.3
[INFO] [stderr]    Compiling quote v1.0.35
[INFO] [stderr]    Compiling syn v2.0.48
[INFO] [stderr]    Compiling crossbeam-deque v0.8.4
[INFO] [stderr]    Compiling ciborium-io v0.2.1
[INFO] [stderr]    Compiling os_str_bytes v6.6.1
[INFO] [stderr]    Compiling ciborium-ll v0.2.1
[INFO] [stderr]    Compiling plotters-svg v0.3.5
[INFO] [stderr]    Compiling clap_lex v0.2.4
[INFO] [stderr]    Compiling regex-automata v0.4.3
[INFO] [stderr]    Compiling itertools v0.10.5
[INFO] [stderr]    Compiling cast v0.3.0
[INFO] [stderr]    Compiling textwrap v0.16.0
[INFO] [stderr]    Compiling byteorder v1.5.0
[INFO] [stderr]    Compiling same-file v1.0.6
[INFO] [stderr]    Compiling color_quant v1.1.0
[INFO] [stderr]    Compiling bytemuck v1.14.0
[INFO] [stderr]    Compiling clap v3.2.25
[INFO] [stderr]    Compiling walkdir v2.4.0
[INFO] [stderr]    Compiling atty v0.2.14
[INFO] [stderr]    Compiling image v0.23.14
[INFO] [stderr]    Compiling criterion-plot v0.5.0
[INFO] [stderr]    Compiling regex v1.10.2
[INFO] [stderr]    Compiling plotters v0.3.5
[INFO] [stderr]    Compiling rayon v1.8.0
[INFO] [stderr]    Compiling checked_int_cast v1.0.0
[INFO] [stderr]    Compiling oorandom v11.1.3
[INFO] [stderr]    Compiling anes v0.1.6
[INFO] [stderr]    Compiling base64 v0.21.5
[INFO] [stderr]    Compiling qrcode v0.12.0
[INFO] [stderr]    Compiling serde_derive v1.0.194
[INFO] [stderr]    Compiling ciborium v0.2.1
[INFO] [stderr]    Compiling tinytemplate v1.2.1
[INFO] [stderr]    Compiling criterion v0.4.0
[INFO] [stderr]    Compiling fast_qr v0.11.0 (/opt/rustwide/workdir)
[INFO] [stderr]     Finished test [unoptimized + debuginfo] target(s) in 16.88s
[INFO] running `Command { std: "docker" "inspect" "87f5bd903b3155a41fb64cd53afdbbd1c2763c970a55948e3bb51235f62334ac", kill_on_drop: false }`
[INFO] running `Command { std: "docker" "rm" "-f" "87f5bd903b3155a41fb64cd53afdbbd1c2763c970a55948e3bb51235f62334ac", kill_on_drop: false }`
[INFO] [stdout] 87f5bd903b3155a41fb64cd53afdbbd1c2763c970a55948e3bb51235f62334ac
[INFO] running `Command { std: "docker" "create" "-v" "/var/lib/crater-agent-workspace/builds/worker-7-tc1/target:/opt/rustwide/target:rw,Z" "-v" "/var/lib/crater-agent-workspace/builds/worker-7-tc1/source:/opt/rustwide/workdir:ro,Z" "-v" "/var/lib/crater-agent-workspace/cargo-home:/opt/rustwide/cargo-home:ro,Z" "-v" "/var/lib/crater-agent-workspace/rustup-home:/opt/rustwide/rustup-home:ro,Z" "-e" "SOURCE_DIR=/opt/rustwide/workdir" "-e" "CARGO_TARGET_DIR=/opt/rustwide/target" "-e" "CARGO_INCREMENTAL=0" "-e" "RUST_BACKTRACE=full" "-e" "RUSTFLAGS=--cap-lints=warn" "-e" "RUSTDOCFLAGS=--cap-lints=warn" "-e" "CARGO_HOME=/opt/rustwide/cargo-home" "-e" "RUSTUP_HOME=/opt/rustwide/rustup-home" "-w" "/opt/rustwide/workdir" "-m" "1610612736" "--user" "0:0" "--network" "none" "ghcr.io/rust-lang/crates-build-env/linux@sha256:2788e3201cd34a07e3172128adcd8b3090168a8e3bcc40d7c032b9dda1df7d1c" "/opt/rustwide/cargo-home/bin/cargo" "+1.75.0" "test" "--frozen", kill_on_drop: false }`
[INFO] [stdout] 42a947b337002f1123aba54192364c985c8b49ea931cdf3254699f9b60d9b9df
[INFO] running `Command { std: "docker" "start" "-a" "42a947b337002f1123aba54192364c985c8b49ea931cdf3254699f9b60d9b9df", kill_on_drop: false }`
[INFO] [stderr]     Finished test [unoptimized + debuginfo] target(s) in 0.04s
[INFO] [stderr]      Running unittests src/lib.rs (/opt/rustwide/target/debug/deps/fast_qr-dd5f0aefc3c79f03)
[INFO] [stdout] 
[INFO] [stdout] running 174 tests
[INFO] [stdout] test module::test::alignment ... ok
[INFO] [stdout] test module::test::byte_size ... ok
[INFO] [stdout] test module::test::dark ... ok
[INFO] [stdout] test module::test::data ... ok
[INFO] [stdout] test module::test::format ... ok
[INFO] [stdout] test module::test::finder_pattern ... ok
[INFO] [stdout] test module::test::set ... ok
[INFO] [stdout] test module::test::timing ... ok
[INFO] [stdout] test module::test::value_dark ... ok
[INFO] [stdout] test module::test::value_light ... ok
[INFO] [stdout] test module::test::version ... ok
[INFO] [stdout] test tests::compact::push8_lined ... ok
[INFO] [stdout] test tests::compact::push_bits_push8 ... ok
[INFO] [stdout] test tests::compact::push_bits_push8_2 ... ok
[INFO] [stdout] test tests::compact::push_bitfs_off ... ok
[INFO] [stdout] test tests::compact::push8_push_bits ... ok
[INFO] [stdout] test tests::compact::push_slice ... ok
[INFO] [stdout] test tests::compact::push_slice_off ... ok
[INFO] [stdout] test tests::compact::push_bits_half ... ok
[INFO] [stdout] test tests::compact::push_random ... ok
[INFO] [stdout] test tests::compact::push_bits_random ... ok
[INFO] [stdout] test tests::datamasking::mask_checkerboard_test ... ok
[INFO] [stdout] test tests::datamasking::mask_diagonal_test ... ok
[INFO] [stdout] test tests::datamasking::mask_large_checkerboard_test ... ok
[INFO] [stdout] test tests::datamasking::mask_vertical_test ... ok
[INFO] [stdout] test tests::datamasking::mask_diamond_test ... ok
[INFO] [stdout] test tests::datamasking::mask_meadow_test ... ok
[INFO] [stdout] test tests::datamasking::mask_horizontal_test ... ok
[INFO] [stdout] test tests::datamasking::mask_field_test ... ok
[INFO] [stdout] test tests::default::from_bool_v1 ... ok
[INFO] [stdout] test tests::encode::best_encoding_alnum_1 ... ok
[INFO] [stdout] test tests::encode::best_encoding_alnum_0 ... ok
[INFO] [stdout] test tests::encode::best_encoding_byte_0 ... ok
[INFO] [stdout] test tests::encode::best_encoding_byte_1 ... ok
[INFO] [stdout] test tests::encode::best_encoding_byte_2 ... ok
[INFO] [stdout] test tests::default::transpose ... ok
[INFO] [stdout] test tests::encode::best_encoding_numeric_1 ... ok
[INFO] [stdout] test tests::encode::best_encoding_numeric_0 ... ok
[INFO] [stdout] test tests::default::from_bool_v7 ... ok
[INFO] [stdout] test tests::encode::encode_alphanumeric_1 ... ok
[INFO] [stdout] test tests::default::from_bool_v3 ... ok
[INFO] [stdout] test tests::encode::encode_byte_1 ... ok
[INFO] [stdout] test tests::encode::encode_numeric_3 ... ok
[INFO] [stdout] test tests::encode::encode_numeric_2 ... ok
[INFO] [stdout] test tests::encode::encode_numeric_1 ... ok
[INFO] [stdout] test tests::encode::encode_numeric_4 ... ok
[INFO] [stdout] test tests::error_correction::division_small_1 ... ok
[INFO] [stdout] test tests::error_correction::error_code_computation_04 ... ok
[INFO] [stdout] test tests::error_correction::error_code_computation_02 ... ok
[INFO] [stdout] test tests::error_correction::error_code_computation_01 ... ok
[INFO] [stdout] test tests::error_correction::error_code_computation_struct_31_1 ... ok
[INFO] [stdout] test tests::error_correction::error_code_computation_03 ... ok
[INFO] [stdout] test tests::polynomials::generators::generator1 ... ok
[INFO] [stdout] test tests::error_correction::error_code_computation_struct_31_0 ... ok
[INFO] [stdout] test tests::error_correction::error_code_computation_821043386 ... ok
[INFO] [stdout] test tests::polynomials::generators::generator10 ... ok
[INFO] [stdout] test tests::polynomials::generators::generator12 ... ok
[INFO] [stdout] test tests::polynomials::generators::generator14 ... ok
[INFO] [stdout] test tests::polynomials::generators::generator11 ... ok
[INFO] [stdout] test tests::polynomials::generator_polynomials ... ok
[INFO] [stdout] test tests::polynomials::generators::generator16 ... ok
[INFO] [stdout] test tests::polynomials::generators::generator15 ... ok
[INFO] [stdout] test tests::polynomials::generators::generator13 ... ok
[INFO] [stdout] test tests::polynomials::generators::generator19 ... ok
[INFO] [stdout] test tests::polynomials::generators::generator2 ... ok
[INFO] [stdout] test tests::polynomials::generators::generator20 ... ok
[INFO] [stdout] test tests::polynomials::generators::generator17 ... ok
[INFO] [stdout] test tests::polynomials::generators::generator22 ... ok
[INFO] [stdout] test tests::polynomials::generators::generator21 ... ok
[INFO] [stdout] test tests::polynomials::generators::generator18 ... ok
[INFO] [stdout] test tests::polynomials::generators::generator23 ... ok
[INFO] [stdout] test tests::polynomials::generators::generator24 ... ok
[INFO] [stdout] test tests::polynomials::generators::generator25 ... ok
[INFO] [stdout] test tests::polynomials::generators::generator26 ... ok
[INFO] [stdout] test tests::polynomials::generators::generator27 ... ok
[INFO] [stdout] test tests::polynomials::generators::generator28 ... ok
[INFO] [stdout] test tests::polynomials::generators::generator29 ... ok
[INFO] [stdout] test tests::polynomials::generators::generator3 ... ok
[INFO] [stdout] test tests::polynomials::generators::generator30 ... ok
[INFO] [stdout] test tests::polynomials::generators::generator31 ... ok
[INFO] [stdout] test tests::polynomials::generators::generator32 ... ok
[INFO] [stdout] test tests::polynomials::generators::generator34 ... ok
[INFO] [stdout] test tests::polynomials::generators::generator36 ... ok
[INFO] [stdout] test tests::polynomials::generators::generator33 ... ok
[INFO] [stdout] test tests::polynomials::generators::generator38 ... ok
[INFO] [stdout] test tests::polynomials::generators::generator37 ... ok
[INFO] [stdout] test tests::polynomials::generators::generator40 ... ok
[INFO] [stdout] test tests::polynomials::generators::generator35 ... ok
[INFO] [stdout] test tests::polynomials::generators::generator6 ... ok
[INFO] [stdout] test tests::polynomials::generators::generator4 ... ok
[INFO] [stdout] test tests::polynomials::generators::generator7 ... ok
[INFO] [stdout] test tests::polynomials::generators::generator8 ... ok
[INFO] [stdout] test tests::polynomials::generators::generator39 ... ok
[INFO] [stdout] test tests::polynomials::generators::generator9 ... ok
[INFO] [stdout] test tests::score::adjacent_line ... ok
[INFO] [stdout] test tests::score::col_by_col_xiaojiba ... ok
[INFO] [stdout] test tests::score::pattern ... ok
[INFO] [stdout] test tests::polynomials::generators::generator5 ... ok
[INFO] [stdout] test tests::structure::structure_codewords_data ... ok
[INFO] [stdout] test tests::score::line_by_line_xiaojiba ... ok
[INFO] [stdout] test tests::structure::structure_codewords_binary_repr ... ok
[INFO] [stdout] test tests::structure::placement ... ok
[INFO] [stdout] test tests::structure::structure_codewords_seed_27 ... ok
[INFO] [stdout] test tests::structure::structure_codewords_error ... ok
[INFO] [stdout] test tests::score::xiaojiba_dev ... ok
[INFO] [stdout] test tests::score::example_com ... ok
[INFO] [stdout] test tests::score::fast_qr_com ... ok
[INFO] [stdout] test tests::structure::structure_codewords_seed_57 ... ok
[INFO] [stdout] test tests::structure::structure_codewords_seed_31 ... ok
[INFO] [stdout] test tests::structure::structure_codewords_seed_51 ... ok
[INFO] [stdout] test tests::version::version_format_h_mask1 ... ok
[INFO] [stdout] test tests::version::version_format_h_mask3 ... ok
[INFO] [stdout] test tests::version::version_format_h_mask2 ... ok
[INFO] [stdout] test tests::version::version_format_h_mask0 ... ok
[INFO] [stdout] test tests::version::version_format_h_mask4 ... ok
[INFO] [stdout] test tests::version::version_format_h_mask6 ... ok
[INFO] [stdout] test tests::version::version_format_h_mask3_version7 ... ok
[INFO] [stdout] test tests::version::version_format_h_mask4_version7 ... ok
[INFO] [stdout] test tests::version::version_format_h_mask5 ... ok
[INFO] [stdout] test tests::version::version_format_h_mask7 ... ok
[INFO] [stdout] test tests::version::version_format_h_mask1_version15 ... ok
[INFO] [stdout] test tests::version::version_format_h_mask2_version15 ... ok
[INFO] [stdout] test tests::version::version_format_l_mask0 ... ok
[INFO] [stdout] test tests::version::version_format_l_mask2 ... ok
[INFO] [stdout] test tests::version::version_format_h_mask5_version20 ... ok
[INFO] [stdout] test tests::version::version_format_h_mask7_version17 ... ok
[INFO] [stdout] test tests::version::version_format_l_mask3 ... ok
[INFO] [stdout] test tests::version::version_format_h_mask6_version20 ... ok
[INFO] [stdout] test tests::version::version_format_l_mask1 ... ok
[INFO] [stdout] test tests::version::version_format_l_mask3_version8 ... ok
[INFO] [stdout] test tests::version::version_format_l_mask5 ... ok
[INFO] [stdout] test tests::version::version_format_l_mask6 ... ok
[INFO] [stdout] test tests::version::version_format_l_mask0_version23 ... ok
[INFO] [stdout] test tests::version::version_format_l_mask4 ... ok
[INFO] [stdout] test tests::version::version_format_l_mask7 ... ok
[INFO] [stdout] test tests::version::version_format_l_mask6_version10 ... ok
[INFO] [stdout] test tests::version::version_format_m_mask0 ... ok
[INFO] [stdout] test tests::version::version_format_m_mask1 ... ok
[INFO] [stdout] test tests::version::version_format_l_mask1_version29 ... ok
[INFO] [stdout] test tests::version::version_format_l_mask5_version22 ... ok
[INFO] [stdout] test tests::version::version_format_m_mask0_version14 ... ok
[INFO] [stdout] test tests::version::version_format_m_mask2 ... ok
[INFO] [stdout] test tests::version::version_format_h_mask0_version35 ... ok
[INFO] [stdout] test tests::version::version_format_m_mask3 ... ok
[INFO] [stdout] test tests::version::version_format_l_mask7_version17 ... ok
[INFO] [stdout] test tests::version::version_format_m_mask5 ... ok
[INFO] [stdout] test tests::version::version_format_m_mask4 ... ok
[INFO] [stdout] test tests::version::version_format_m_mask6 ... ok
[INFO] [stdout] test tests::version::version_format_l_mask4_version36 ... ok
[INFO] [stdout] test tests::version::version_format_l_mask2_version40 ... ok
[INFO] [stdout] test tests::version::version_format_m_mask7 ... ok
[INFO] [stdout] test tests::version::version_format_m_mask3_version22 ... ok
[INFO] [stdout] test tests::version::version_format_m_mask7_version7 ... ok
[INFO] [stdout] test tests::version::version_format_q_mask0 ... ok
[INFO] [stdout] test tests::version::version_format_m_mask1_version30 ... ok
[INFO] [stdout] test tests::version::version_format_q_mask1 ... ok
[INFO] [stdout] test tests::version::version_format_m_mask5_version13 ... ok
[INFO] [stdout] test tests::version::version_format_q_mask2 ... ok
[INFO] [stdout] test tests::version::version_format_m_mask6_version22 ... ok
[INFO] [stdout] test tests::version::version_format_q_mask3 ... ok
[INFO] [stdout] test tests::version::version_format_q_mask4 ... ok
[INFO] [stdout] test tests::version::version_format_m_mask4_version31 ... ok
[INFO] [stdout] test tests::version::version_format_q_mask0_version20 ... ok
[INFO] [stdout] test tests::version::version_format_q_mask6 ... ok
[INFO] [stdout] test tests::version::version_format_m_mask2_version37 ... ok
[INFO] [stdout] test tests::version::version_format_q_mask7 ... ok
[INFO] [stdout] test tests::version::version_format_q_mask3_version18 ... ok
[INFO] [stdout] test tests::version::version_format_q_mask5 ... ok
[INFO] [stdout] test tests::version::version_format_q_mask2_version24 ... ok
[INFO] [stdout] test tests::version::version_format_q_mask5_version17 ... ok
[INFO] [stdout] test tests::version::version_format_q_mask6_version11 ... ok
[INFO] [stdout] test tests::version::version_format_q_mask7_version15 ... ok
[INFO] [stdout] test tests::version::version_format_q_mask1_version33 ... ok
[INFO] [stdout] test tests::version::version_format_q_mask4_version31 ... ok
[INFO] [stdout] 
[INFO] [stdout] test result: ok. 174 passed; 0 failed; 0 ignored; 0 measured; 0 filtered out; finished in 0.11s
[INFO] [stdout] 
[INFO] [stderr]    Doc-tests fast_qr
[INFO] [stdout] 
[INFO] [stdout] running 8 tests
[INFO] [stdout] test src/lib.rs - (line 52) ... FAILED
[INFO] [stdout] test src/lib.rs - (line 29) ... FAILED
[INFO] [stdout] test src/convert/mod.rs - convert::rgba2hex (line 243) ... ok
[INFO] [stdout] test src/compact.rs - compact::KEEP_LAST (line 14) ... ok
[INFO] [stdout] test src/convert/mod.rs - convert::ModuleFunction (line 24) ... ok
[INFO] [stdout] test src/convert/mod.rs - convert::Shape::Command (line 73) ... ok
[INFO] [stdout] test src/qr.rs - qr::QRBuilder (line 187) ... ok
[INFO] [stdout] test src/lib.rs - (line 9) ... ok
[INFO] [stdout] 
[INFO] [stdout] failures:
[INFO] [stdout] 
[INFO] [stdout] ---- src/lib.rs - (line 52) stdout ----
[INFO] [stdout] error[E0432]: unresolved import `fast_qr::convert::image`
[INFO] [stdout]  --> src/lib.rs:55:24
[INFO] [stdout]   |
[INFO] [stdout] 5 | use fast_qr::convert::{image::ImageBuilder, Builder, Shape};
[INFO] [stdout]   |                        ^^^^^ could not find `image` in `convert`
[INFO] [stdout] 
[INFO] [stdout] error: aborting due to previous error
[INFO] [stdout] 
[INFO] [stdout] For more information about this error, try `rustc --explain E0432`.
[INFO] [stdout] Couldn't compile the test.
[INFO] [stdout] ---- src/lib.rs - (line 29) stdout ----
[INFO] [stdout] error[E0432]: unresolved import `fast_qr::convert::svg`
[INFO] [stdout]  --> src/lib.rs:32:24
[INFO] [stdout]   |
[INFO] [stdout] 5 | use fast_qr::convert::{svg::SvgBuilder, Builder, Shape};
[INFO] [stdout]   |                        ^^^ could not find `svg` in `convert`
[INFO] [stdout] 
[INFO] [stdout] error: aborting due to previous error
[INFO] [stdout] 
[INFO] [stdout] For more information about this error, try `rustc --explain E0432`.
[INFO] [stdout] Couldn't compile the test.
[INFO] [stdout] 
[INFO] [stdout] failures:
[INFO] [stdout]     src/lib.rs - (line 29)
[INFO] [stdout]     src/lib.rs - (line 52)
[INFO] [stdout] 
[INFO] [stdout] test result: FAILED. 6 passed; 2 failed; 0 ignored; 0 measured; 0 filtered out; finished in 0.22s
[INFO] [stdout] 
[INFO] [stderr] error: doctest failed, to rerun pass `--doc`
[INFO] running `Command { std: "docker" "inspect" "42a947b337002f1123aba54192364c985c8b49ea931cdf3254699f9b60d9b9df", kill_on_drop: false }`
[INFO] running `Command { std: "docker" "rm" "-f" "42a947b337002f1123aba54192364c985c8b49ea931cdf3254699f9b60d9b9df", kill_on_drop: false }`
[INFO] [stdout] 42a947b337002f1123aba54192364c985c8b49ea931cdf3254699f9b60d9b9df
