[INFO] cloning repository https://github.com/erikgrinaker/rex
[INFO] running `Command { std: "git" "-c" "credential.helper=" "-c" "credential.helper=/workspace/cargo-home/bin/git-credential-null" "clone" "--bare" "https://github.com/erikgrinaker/rex" "/workspace/cache/git-repos/https%3A%2F%2Fgithub.com%2Ferikgrinaker%2Frex", kill_on_drop: false }`
[INFO] [stderr] Cloning into bare repository '/workspace/cache/git-repos/https%3A%2F%2Fgithub.com%2Ferikgrinaker%2Frex'...
[INFO] running `Command { std: "git" "rev-parse" "HEAD", kill_on_drop: false }`
[INFO] [stdout] 638525f5b9cba6cb98d412ac3473e98eed3f7e27
[INFO] testing erikgrinaker/rex against 1.75.0 for beta-1.76-1
[INFO] running `Command { std: "git" "clone" "/workspace/cache/git-repos/https%3A%2F%2Fgithub.com%2Ferikgrinaker%2Frex" "/workspace/builds/worker-4-tc1/source", kill_on_drop: false }`
[INFO] [stderr] Cloning into '/workspace/builds/worker-4-tc1/source'...
[INFO] [stderr] done.
[INFO] validating manifest of git repo https://github.com/erikgrinaker/rex on toolchain 1.75.0
[INFO] running `Command { std: CARGO_HOME="/workspace/cargo-home" RUSTUP_HOME="/workspace/rustup-home" "/workspace/cargo-home/bin/cargo" "+1.75.0" "metadata" "--manifest-path" "Cargo.toml" "--no-deps", kill_on_drop: false }`
[INFO] started tweaking git repo https://github.com/erikgrinaker/rex
[INFO] finished tweaking git repo https://github.com/erikgrinaker/rex
[INFO] tweaked toml for git repo https://github.com/erikgrinaker/rex written to /workspace/builds/worker-4-tc1/source/Cargo.toml
[INFO] crate git repo https://github.com/erikgrinaker/rex already has a lockfile, it will not be regenerated
[INFO] running `Command { std: CARGO_HOME="/workspace/cargo-home" RUSTUP_HOME="/workspace/rustup-home" "/workspace/cargo-home/bin/cargo" "+1.75.0" "fetch" "--manifest-path" "Cargo.toml", kill_on_drop: false }`
[INFO] running `Command { std: "docker" "create" "-v" "/var/lib/crater-agent-workspace/builds/worker-4-tc1/target:/opt/rustwide/target:rw,Z" "-v" "/var/lib/crater-agent-workspace/builds/worker-4-tc1/source:/opt/rustwide/workdir:ro,Z" "-v" "/var/lib/crater-agent-workspace/cargo-home:/opt/rustwide/cargo-home:ro,Z" "-v" "/var/lib/crater-agent-workspace/rustup-home:/opt/rustwide/rustup-home:ro,Z" "-e" "SOURCE_DIR=/opt/rustwide/workdir" "-e" "CARGO_TARGET_DIR=/opt/rustwide/target" "-e" "CARGO_HOME=/opt/rustwide/cargo-home" "-e" "RUSTUP_HOME=/opt/rustwide/rustup-home" "-w" "/opt/rustwide/workdir" "-m" "1610612736" "--user" "0:0" "--network" "none" "ghcr.io/rust-lang/crates-build-env/linux@sha256:2788e3201cd34a07e3172128adcd8b3090168a8e3bcc40d7c032b9dda1df7d1c" "/opt/rustwide/cargo-home/bin/cargo" "+1.75.0" "metadata" "--no-deps" "--format-version=1", kill_on_drop: false }`
[INFO] [stdout] 6d25d291c2d827962ed09299ed2c6062f6b23a814251a8b43c45b1c09fdb8244
[INFO] running `Command { std: "docker" "start" "-a" "6d25d291c2d827962ed09299ed2c6062f6b23a814251a8b43c45b1c09fdb8244", kill_on_drop: false }`
[INFO] running `Command { std: "docker" "inspect" "6d25d291c2d827962ed09299ed2c6062f6b23a814251a8b43c45b1c09fdb8244", kill_on_drop: false }`
[INFO] running `Command { std: "docker" "rm" "-f" "6d25d291c2d827962ed09299ed2c6062f6b23a814251a8b43c45b1c09fdb8244", kill_on_drop: false }`
[INFO] [stdout] 6d25d291c2d827962ed09299ed2c6062f6b23a814251a8b43c45b1c09fdb8244
[INFO] running `Command { std: "docker" "create" "-v" "/var/lib/crater-agent-workspace/builds/worker-4-tc1/target:/opt/rustwide/target:rw,Z" "-v" "/var/lib/crater-agent-workspace/builds/worker-4-tc1/source:/opt/rustwide/workdir:ro,Z" "-v" "/var/lib/crater-agent-workspace/cargo-home:/opt/rustwide/cargo-home:ro,Z" "-v" "/var/lib/crater-agent-workspace/rustup-home:/opt/rustwide/rustup-home:ro,Z" "-e" "SOURCE_DIR=/opt/rustwide/workdir" "-e" "CARGO_TARGET_DIR=/opt/rustwide/target" "-e" "CARGO_INCREMENTAL=0" "-e" "RUST_BACKTRACE=full" "-e" "RUSTFLAGS=--cap-lints=warn" "-e" "RUSTDOCFLAGS=--cap-lints=warn" "-e" "CARGO_HOME=/opt/rustwide/cargo-home" "-e" "RUSTUP_HOME=/opt/rustwide/rustup-home" "-w" "/opt/rustwide/workdir" "-m" "1610612736" "--user" "0:0" "--network" "none" "ghcr.io/rust-lang/crates-build-env/linux@sha256:2788e3201cd34a07e3172128adcd8b3090168a8e3bcc40d7c032b9dda1df7d1c" "/opt/rustwide/cargo-home/bin/cargo" "+1.75.0" "build" "--frozen" "--message-format=json", kill_on_drop: false }`
[INFO] [stdout] 162a0d0e2d5d81247b2ea832ed3ad33fa508e3807d876b4b16322b853715d0fc
[INFO] running `Command { std: "docker" "start" "-a" "162a0d0e2d5d81247b2ea832ed3ad33fa508e3807d876b4b16322b853715d0fc", kill_on_drop: false }`
[INFO] [stderr]    Compiling rex v0.1.0 (/opt/rustwide/workdir)
[INFO] [stdout] warning: unused import: `Transition`
[INFO] [stdout]  --> src/compiler.rs:5:49
[INFO] [stdout]   |
[INFO] [stdout] 5 | use crate::pattern::{Condition, Pattern, State, Transition};
[INFO] [stdout]   |                                                 ^^^^^^^^^^
[INFO] [stdout]   |
[INFO] [stdout]   = note: `#[warn(unused_imports)]` on by default
[INFO] [stdout] 
[INFO] [stdout] 
[INFO] [stdout] warning: unused import: `todo`
[INFO] [stdout]  --> src/pattern.rs:4:5
[INFO] [stdout]   |
[INFO] [stdout] 4 |     todo,
[INFO] [stdout]   |     ^^^^
[INFO] [stdout] 
[INFO] [stdout] 
[INFO] [stdout] warning: unused variable: `expr`
[INFO] [stdout]   --> src/compiler.rs:14:27
[INFO] [stdout]    |
[INFO] [stdout] 14 |     pub fn compile(&self, expr: ast::Expression) -> Result<Pattern> {
[INFO] [stdout]    |                           ^^^^ help: if this is intentional, prefix it with an underscore: `_expr`
[INFO] [stdout]    |
[INFO] [stdout]    = note: `#[warn(unused_variables)]` on by default
[INFO] [stdout] 
[INFO] [stdout] 
[INFO] [stdout] warning: variable does not need to be mutable
[INFO] [stdout]   --> src/compiler.rs:15:13
[INFO] [stdout]    |
[INFO] [stdout] 15 |         let mut states = vec![State::Accept];
[INFO] [stdout]    |             ----^^^^^^
[INFO] [stdout]    |             |
[INFO] [stdout]    |             help: remove this `mut`
[INFO] [stdout]    |
[INFO] [stdout]    = note: `#[warn(unused_mut)]` on by default
[INFO] [stdout] 
[INFO] [stdout] 
[INFO] [stdout] warning: unused variable: `seq`
[INFO] [stdout]   --> src/compiler.rs:22:39
[INFO] [stdout]    |
[INFO] [stdout] 22 |             ast::Expression::Sequence(seq) => {}
[INFO] [stdout]    |                                       ^^^ help: if this is intentional, prefix it with an underscore: `_seq`
[INFO] [stdout] 
[INFO] [stdout] 
[INFO] [stdout] warning: variant `Class` is never constructed
[INFO] [stdout]  --> src/ast.rs:6:5
[INFO] [stdout]   |
[INFO] [stdout] 2 | pub enum Expression {
[INFO] [stdout]   |          ---------- variant in this enum
[INFO] [stdout] ...
[INFO] [stdout] 6 |     Class(Class),                 // []
[INFO] [stdout]   |     ^^^^^
[INFO] [stdout]   |
[INFO] [stdout]   = note: `Expression` has derived impls for the traits `Debug` and `Clone`, but these are intentionally ignored during dead code analysis
[INFO] [stdout]   = note: `#[warn(dead_code)]` on by default
[INFO] [stdout] 
[INFO] [stdout] 
[INFO] [stdout] warning: variants `Alnum`, `Alpha`, `Digit`, `Lower`, `Space`, and `Upper` are never constructed
[INFO] [stdout]   --> src/ast.rs:20:5
[INFO] [stdout]    |
[INFO] [stdout] 19 | pub enum Class {
[INFO] [stdout]    |          ----- variants in this enum
[INFO] [stdout] 20 |     Alnum,
[INFO] [stdout]    |     ^^^^^
[INFO] [stdout] 21 |     Alpha,
[INFO] [stdout]    |     ^^^^^
[INFO] [stdout] 22 |     Digit,
[INFO] [stdout]    |     ^^^^^
[INFO] [stdout] 23 |     Lower,
[INFO] [stdout]    |     ^^^^^
[INFO] [stdout] 24 |     Space,
[INFO] [stdout]    |     ^^^^^
[INFO] [stdout] 25 |     Upper,
[INFO] [stdout]    |     ^^^^^
[INFO] [stdout]    |
[INFO] [stdout]    = note: `Class` has derived impls for the traits `Debug` and `Clone`, but these are intentionally ignored during dead code analysis
[INFO] [stdout] 
[INFO] [stdout] 
[INFO] [stdout] warning: methods `compile_states` and `compile_condition` are never used
[INFO] [stdout]   --> src/compiler.rs:20:8
[INFO] [stdout]    |
[INFO] [stdout] 9  | impl Compiler {
[INFO] [stdout]    | ------------- methods in this implementation
[INFO] [stdout] ...
[INFO] [stdout] 20 |     fn compile_states(&self, expr: ast::Expression) -> Vec<State> {
[INFO] [stdout]    |        ^^^^^^^^^^^^^^
[INFO] [stdout] ...
[INFO] [stdout] 28 |     fn compile_condition(&self, expr: ast::Expression) -> Condition {
[INFO] [stdout]    |        ^^^^^^^^^^^^^^^^^
[INFO] [stdout] 
[INFO] [stdout] 
[INFO] [stdout] warning: associated function `compile` is never used
[INFO] [stdout]   --> src/pattern.rs:18:12
[INFO] [stdout]    |
[INFO] [stdout] 17 | impl Pattern {
[INFO] [stdout]    | ------------ associated function in this implementation
[INFO] [stdout] 18 |     pub fn compile(expr: ast::Expression) -> Result<Pattern> {
[INFO] [stdout]    |            ^^^^^^^
[INFO] [stdout] 
[INFO] [stdout] 
[INFO] [stdout] warning: variant `Match` is never constructed
[INFO] [stdout]   --> src/pattern.rs:46:5
[INFO] [stdout]    |
[INFO] [stdout] 44 | pub enum State {
[INFO] [stdout]    |          ----- variant in this enum
[INFO] [stdout] 45 |     Accept,
[INFO] [stdout] 46 |     Match(Vec<Transition>),
[INFO] [stdout]    |     ^^^^^
[INFO] [stdout] 
[INFO] [stdout] 
[INFO] [stdout] warning: variants `Always`, `Start`, `End`, and `Literal` are never constructed
[INFO] [stdout]   --> src/pattern.rs:55:5
[INFO] [stdout]    |
[INFO] [stdout] 54 | pub enum Condition {
[INFO] [stdout]    |          --------- variants in this enum
[INFO] [stdout] 55 |     Always,
[INFO] [stdout]    |     ^^^^^^
[INFO] [stdout] 56 |     Start,
[INFO] [stdout]    |     ^^^^^
[INFO] [stdout] 57 |     End,
[INFO] [stdout]    |     ^^^
[INFO] [stdout] 58 |     Literal(char),
[INFO] [stdout]    |     ^^^^^^^
[INFO] [stdout] 
[INFO] [stdout] 
[INFO] [stdout] warning: 11 warnings emitted
[INFO] [stdout] 
[INFO] [stdout] 
[INFO] [stderr]     Finished dev [unoptimized + debuginfo] target(s) in 0.12s
[INFO] running `Command { std: "docker" "inspect" "162a0d0e2d5d81247b2ea832ed3ad33fa508e3807d876b4b16322b853715d0fc", kill_on_drop: false }`
[INFO] running `Command { std: "docker" "rm" "-f" "162a0d0e2d5d81247b2ea832ed3ad33fa508e3807d876b4b16322b853715d0fc", kill_on_drop: false }`
[INFO] [stdout] 162a0d0e2d5d81247b2ea832ed3ad33fa508e3807d876b4b16322b853715d0fc
[INFO] running `Command { std: "docker" "create" "-v" "/var/lib/crater-agent-workspace/builds/worker-4-tc1/target:/opt/rustwide/target:rw,Z" "-v" "/var/lib/crater-agent-workspace/builds/worker-4-tc1/source:/opt/rustwide/workdir:ro,Z" "-v" "/var/lib/crater-agent-workspace/cargo-home:/opt/rustwide/cargo-home:ro,Z" "-v" "/var/lib/crater-agent-workspace/rustup-home:/opt/rustwide/rustup-home:ro,Z" "-e" "SOURCE_DIR=/opt/rustwide/workdir" "-e" "CARGO_TARGET_DIR=/opt/rustwide/target" "-e" "CARGO_INCREMENTAL=0" "-e" "RUST_BACKTRACE=full" "-e" "RUSTFLAGS=--cap-lints=warn" "-e" "RUSTDOCFLAGS=--cap-lints=warn" "-e" "CARGO_HOME=/opt/rustwide/cargo-home" "-e" "RUSTUP_HOME=/opt/rustwide/rustup-home" "-w" "/opt/rustwide/workdir" "-m" "1610612736" "--user" "0:0" "--network" "none" "ghcr.io/rust-lang/crates-build-env/linux@sha256:2788e3201cd34a07e3172128adcd8b3090168a8e3bcc40d7c032b9dda1df7d1c" "/opt/rustwide/cargo-home/bin/cargo" "+1.75.0" "test" "--frozen" "--no-run" "--message-format=json", kill_on_drop: false }`
[INFO] [stdout] 5b4674b3cf5fe73bda46acd0887a46aa4257b87974b2d8aef083f66f629e1a0f
[INFO] running `Command { std: "docker" "start" "-a" "5b4674b3cf5fe73bda46acd0887a46aa4257b87974b2d8aef083f66f629e1a0f", kill_on_drop: false }`
[INFO] [stdout] warning: unused import: `Transition`
[INFO] [stdout]  --> src/compiler.rs:5:49
[INFO] [stdout]   |
[INFO] [stdout] 5 | use crate::pattern::{Condition, Pattern, State, Transition};
[INFO] [stdout]   |                                                 ^^^^^^^^^^
[INFO] [stdout]   |
[INFO] [stdout]   = note: `#[warn(unused_imports)]` on by default
[INFO] [stdout] 
[INFO] [stdout] 
[INFO] [stdout] warning: unused import: `todo`
[INFO] [stdout]  --> src/pattern.rs:4:5
[INFO] [stdout]   |
[INFO] [stdout] 4 |     todo,
[INFO] [stdout]   |     ^^^^
[INFO] [stdout] 
[INFO] [stdout] 
[INFO] [stdout] warning: unused variable: `expr`
[INFO] [stdout]   --> src/compiler.rs:14:27
[INFO] [stdout]    |
[INFO] [stdout] 14 |     pub fn compile(&self, expr: ast::Expression) -> Result<Pattern> {
[INFO] [stdout]    |                           ^^^^ help: if this is intentional, prefix it with an underscore: `_expr`
[INFO] [stdout]    |
[INFO] [stdout]    = note: `#[warn(unused_variables)]` on by default
[INFO] [stdout] 
[INFO] [stdout] 
[INFO] [stdout] warning: variable does not need to be mutable
[INFO] [stdout]   --> src/compiler.rs:15:13
[INFO] [stdout]    |
[INFO] [stdout] 15 |         let mut states = vec![State::Accept];
[INFO] [stdout]    |             ----^^^^^^
[INFO] [stdout]    |             |
[INFO] [stdout]    |             help: remove this `mut`
[INFO] [stdout]    |
[INFO] [stdout]    = note: `#[warn(unused_mut)]` on by default
[INFO] [stdout] 
[INFO] [stdout] 
[INFO] [stdout] warning: unused variable: `seq`
[INFO] [stdout]   --> src/compiler.rs:22:39
[INFO] [stdout]    |
[INFO] [stdout] 22 |             ast::Expression::Sequence(seq) => {}
[INFO] [stdout]    |                                       ^^^ help: if this is intentional, prefix it with an underscore: `_seq`
[INFO] [stdout] 
[INFO] [stdout] 
[INFO] [stdout] warning: variant `Class` is never constructed
[INFO] [stdout]  --> src/ast.rs:6:5
[INFO] [stdout]   |
[INFO] [stdout] 2 | pub enum Expression {
[INFO] [stdout]   |          ---------- variant in this enum
[INFO] [stdout] ...
[INFO] [stdout] 6 |     Class(Class),                 // []
[INFO] [stdout]   |     ^^^^^
[INFO] [stdout]   |
[INFO] [stdout]   = note: `Expression` has derived impls for the traits `Debug` and `Clone`, but these are intentionally ignored during dead code analysis
[INFO] [stdout]   = note: `#[warn(dead_code)]` on by default
[INFO] [stdout] 
[INFO] [stdout] 
[INFO] [stdout] warning: variants `Alnum`, `Alpha`, `Digit`, `Lower`, `Space`, and `Upper` are never constructed
[INFO] [stdout]   --> src/ast.rs:20:5
[INFO] [stdout]    |
[INFO] [stdout] 19 | pub enum Class {
[INFO] [stdout]    |          ----- variants in this enum
[INFO] [stdout] 20 |     Alnum,
[INFO] [stdout]    |     ^^^^^
[INFO] [stdout] 21 |     Alpha,
[INFO] [stdout]    |     ^^^^^
[INFO] [stdout] 22 |     Digit,
[INFO] [stdout]    |     ^^^^^
[INFO] [stdout] 23 |     Lower,
[INFO] [stdout]    |     ^^^^^
[INFO] [stdout] 24 |     Space,
[INFO] [stdout]    |     ^^^^^
[INFO] [stdout] 25 |     Upper,
[INFO] [stdout]    |     ^^^^^
[INFO] [stdout]    |
[INFO] [stdout]    = note: `Class` has derived impls for the traits `Debug` and `Clone`, but these are intentionally ignored during dead code analysis
[INFO] [stdout] 
[INFO] [stdout] 
[INFO] [stdout] warning: methods `compile_states` and `compile_condition` are never used
[INFO] [stdout]   --> src/compiler.rs:20:8
[INFO] [stdout]    |
[INFO] [stdout] 9  | impl Compiler {
[INFO] [stdout]    | ------------- methods in this implementation
[INFO] [stdout] ...
[INFO] [stdout] 20 |     fn compile_states(&self, expr: ast::Expression) -> Vec<State> {
[INFO] [stdout]    |        ^^^^^^^^^^^^^^
[INFO] [stdout] ...
[INFO] [stdout] 28 |     fn compile_condition(&self, expr: ast::Expression) -> Condition {
[INFO] [stdout]    |        ^^^^^^^^^^^^^^^^^
[INFO] [stdout] 
[INFO] [stdout] 
[INFO] [stdout] warning: associated function `compile` is never used
[INFO] [stdout]   --> src/pattern.rs:18:12
[INFO] [stdout]    |
[INFO] [stdout] 17 | impl Pattern {
[INFO] [stdout]    | ------------ associated function in this implementation
[INFO] [stdout] 18 |     pub fn compile(expr: ast::Expression) -> Result<Pattern> {
[INFO] [stdout]    |            ^^^^^^^
[INFO] [stdout] 
[INFO] [stdout] 
[INFO] [stdout] warning: variant `Match` is never constructed
[INFO] [stdout]   --> src/pattern.rs:46:5
[INFO] [stdout]    |
[INFO] [stdout] 44 | pub enum State {
[INFO] [stdout]    |          ----- variant in this enum
[INFO] [stdout] 45 |     Accept,
[INFO] [stdout] 46 |     Match(Vec<Transition>),
[INFO] [stdout]    |     ^^^^^
[INFO] [stdout] 
[INFO] [stdout] 
[INFO] [stderr]    Compiling rex v0.1.0 (/opt/rustwide/workdir)
[INFO] [stdout] warning: variants `Always`, `Start`, `End`, and `Literal` are never constructed
[INFO] [stdout]   --> src/pattern.rs:55:5
[INFO] [stdout]    |
[INFO] [stdout] 54 | pub enum Condition {
[INFO] [stdout]    |          --------- variants in this enum
[INFO] [stdout] 55 |     Always,
[INFO] [stdout]    |     ^^^^^^
[INFO] [stdout] 56 |     Start,
[INFO] [stdout]    |     ^^^^^
[INFO] [stdout] 57 |     End,
[INFO] [stdout]    |     ^^^
[INFO] [stdout] 58 |     Literal(char),
[INFO] [stdout]    |     ^^^^^^^
[INFO] [stdout] 
[INFO] [stdout] 
[INFO] [stdout] warning: 11 warnings emitted
[INFO] [stdout] 
[INFO] [stdout] 
[INFO] [stdout] warning: unused import: `Transition`
[INFO] [stdout]  --> src/compiler.rs:5:49
[INFO] [stdout]   |
[INFO] [stdout] 5 | use crate::pattern::{Condition, Pattern, State, Transition};
[INFO] [stdout]   |                                                 ^^^^^^^^^^
[INFO] [stdout]   |
[INFO] [stdout]   = note: `#[warn(unused_imports)]` on by default
[INFO] [stdout] 
[INFO] [stdout] 
[INFO] [stdout] warning: unused import: `todo`
[INFO] [stdout]  --> src/pattern.rs:4:5
[INFO] [stdout]   |
[INFO] [stdout] 4 |     todo,
[INFO] [stdout]   |     ^^^^
[INFO] [stdout] 
[INFO] [stdout] 
[INFO] [stdout] warning: unused variable: `expr`
[INFO] [stdout]   --> src/compiler.rs:14:27
[INFO] [stdout]    |
[INFO] [stdout] 14 |     pub fn compile(&self, expr: ast::Expression) -> Result<Pattern> {
[INFO] [stdout]    |                           ^^^^ help: if this is intentional, prefix it with an underscore: `_expr`
[INFO] [stdout]    |
[INFO] [stdout]    = note: `#[warn(unused_variables)]` on by default
[INFO] [stdout] 
[INFO] [stdout] 
[INFO] [stdout] warning: variable does not need to be mutable
[INFO] [stdout]   --> src/compiler.rs:15:13
[INFO] [stdout]    |
[INFO] [stdout] 15 |         let mut states = vec![State::Accept];
[INFO] [stdout]    |             ----^^^^^^
[INFO] [stdout]    |             |
[INFO] [stdout]    |             help: remove this `mut`
[INFO] [stdout]    |
[INFO] [stdout]    = note: `#[warn(unused_mut)]` on by default
[INFO] [stdout] 
[INFO] [stdout] 
[INFO] [stdout] warning: unused variable: `seq`
[INFO] [stdout]   --> src/compiler.rs:22:39
[INFO] [stdout]    |
[INFO] [stdout] 22 |             ast::Expression::Sequence(seq) => {}
[INFO] [stdout]    |                                       ^^^ help: if this is intentional, prefix it with an underscore: `_seq`
[INFO] [stdout] 
[INFO] [stdout] 
[INFO] [stdout] warning: variant `Class` is never constructed
[INFO] [stdout]  --> src/ast.rs:6:5
[INFO] [stdout]   |
[INFO] [stdout] 2 | pub enum Expression {
[INFO] [stdout]   |          ---------- variant in this enum
[INFO] [stdout] ...
[INFO] [stdout] 6 |     Class(Class),                 // []
[INFO] [stdout]   |     ^^^^^
[INFO] [stdout]   |
[INFO] [stdout]   = note: `Expression` has derived impls for the traits `Debug` and `Clone`, but these are intentionally ignored during dead code analysis
[INFO] [stdout]   = note: `#[warn(dead_code)]` on by default
[INFO] [stdout] 
[INFO] [stdout] 
[INFO] [stdout] warning: variants `Alnum`, `Alpha`, `Digit`, `Lower`, `Space`, and `Upper` are never constructed
[INFO] [stdout]   --> src/ast.rs:20:5
[INFO] [stdout]    |
[INFO] [stdout] 19 | pub enum Class {
[INFO] [stdout]    |          ----- variants in this enum
[INFO] [stdout] 20 |     Alnum,
[INFO] [stdout]    |     ^^^^^
[INFO] [stdout] 21 |     Alpha,
[INFO] [stdout]    |     ^^^^^
[INFO] [stdout] 22 |     Digit,
[INFO] [stdout]    |     ^^^^^
[INFO] [stdout] 23 |     Lower,
[INFO] [stdout]    |     ^^^^^
[INFO] [stdout] 24 |     Space,
[INFO] [stdout]    |     ^^^^^
[INFO] [stdout] 25 |     Upper,
[INFO] [stdout]    |     ^^^^^
[INFO] [stdout]    |
[INFO] [stdout]    = note: `Class` has derived impls for the traits `Debug` and `Clone`, but these are intentionally ignored during dead code analysis
[INFO] [stdout] 
[INFO] [stdout] 
[INFO] [stdout] warning: methods `compile_states` and `compile_condition` are never used
[INFO] [stdout]   --> src/compiler.rs:20:8
[INFO] [stdout]    |
[INFO] [stdout] 9  | impl Compiler {
[INFO] [stdout]    | ------------- methods in this implementation
[INFO] [stdout] ...
[INFO] [stdout] 20 |     fn compile_states(&self, expr: ast::Expression) -> Vec<State> {
[INFO] [stdout]    |        ^^^^^^^^^^^^^^
[INFO] [stdout] ...
[INFO] [stdout] 28 |     fn compile_condition(&self, expr: ast::Expression) -> Condition {
[INFO] [stdout]    |        ^^^^^^^^^^^^^^^^^
[INFO] [stdout] 
[INFO] [stdout] 
[INFO] [stdout] warning: associated function `compile` is never used
[INFO] [stdout]   --> src/pattern.rs:18:12
[INFO] [stdout]    |
[INFO] [stdout] 17 | impl Pattern {
[INFO] [stdout]    | ------------ associated function in this implementation
[INFO] [stdout] 18 |     pub fn compile(expr: ast::Expression) -> Result<Pattern> {
[INFO] [stdout]    |            ^^^^^^^
[INFO] [stdout] 
[INFO] [stdout] 
[INFO] [stdout] warning: variant `Match` is never constructed
[INFO] [stdout]   --> src/pattern.rs:46:5
[INFO] [stdout]    |
[INFO] [stdout] 44 | pub enum State {
[INFO] [stdout]    |          ----- variant in this enum
[INFO] [stdout] 45 |     Accept,
[INFO] [stdout] 46 |     Match(Vec<Transition>),
[INFO] [stdout]    |     ^^^^^
[INFO] [stdout] 
[INFO] [stdout] 
[INFO] [stdout] warning: variants `Always`, `Start`, `End`, and `Literal` are never constructed
[INFO] [stdout]   --> src/pattern.rs:55:5
[INFO] [stdout]    |
[INFO] [stdout] 54 | pub enum Condition {
[INFO] [stdout]    |          --------- variants in this enum
[INFO] [stdout] 55 |     Always,
[INFO] [stdout]    |     ^^^^^^
[INFO] [stdout] 56 |     Start,
[INFO] [stdout]    |     ^^^^^
[INFO] [stdout] 57 |     End,
[INFO] [stdout]    |     ^^^
[INFO] [stdout] 58 |     Literal(char),
[INFO] [stdout]    |     ^^^^^^^
[INFO] [stdout] 
[INFO] [stdout] 
[INFO] [stdout] warning: 11 warnings emitted
[INFO] [stdout] 
[INFO] [stdout] 
[INFO] [stderr]     Finished test [unoptimized + debuginfo] target(s) in 0.20s
[INFO] running `Command { std: "docker" "inspect" "5b4674b3cf5fe73bda46acd0887a46aa4257b87974b2d8aef083f66f629e1a0f", kill_on_drop: false }`
[INFO] running `Command { std: "docker" "rm" "-f" "5b4674b3cf5fe73bda46acd0887a46aa4257b87974b2d8aef083f66f629e1a0f", kill_on_drop: false }`
[INFO] [stdout] 5b4674b3cf5fe73bda46acd0887a46aa4257b87974b2d8aef083f66f629e1a0f
[INFO] running `Command { std: "docker" "create" "-v" "/var/lib/crater-agent-workspace/builds/worker-4-tc1/target:/opt/rustwide/target:rw,Z" "-v" "/var/lib/crater-agent-workspace/builds/worker-4-tc1/source:/opt/rustwide/workdir:ro,Z" "-v" "/var/lib/crater-agent-workspace/cargo-home:/opt/rustwide/cargo-home:ro,Z" "-v" "/var/lib/crater-agent-workspace/rustup-home:/opt/rustwide/rustup-home:ro,Z" "-e" "SOURCE_DIR=/opt/rustwide/workdir" "-e" "CARGO_TARGET_DIR=/opt/rustwide/target" "-e" "CARGO_INCREMENTAL=0" "-e" "RUST_BACKTRACE=full" "-e" "RUSTFLAGS=--cap-lints=warn" "-e" "RUSTDOCFLAGS=--cap-lints=warn" "-e" "CARGO_HOME=/opt/rustwide/cargo-home" "-e" "RUSTUP_HOME=/opt/rustwide/rustup-home" "-w" "/opt/rustwide/workdir" "-m" "1610612736" "--user" "0:0" "--network" "none" "ghcr.io/rust-lang/crates-build-env/linux@sha256:2788e3201cd34a07e3172128adcd8b3090168a8e3bcc40d7c032b9dda1df7d1c" "/opt/rustwide/cargo-home/bin/cargo" "+1.75.0" "test" "--frozen", kill_on_drop: false }`
[INFO] [stdout] 37b730ece2c25ee6b3d2c368abd5ff07284ee2987fd6d467915cfce8617d7351
[INFO] running `Command { std: "docker" "start" "-a" "37b730ece2c25ee6b3d2c368abd5ff07284ee2987fd6d467915cfce8617d7351", kill_on_drop: false }`
[INFO] [stderr] warning: unused import: `Transition`
[INFO] [stderr]  --> src/compiler.rs:5:49
[INFO] [stderr]   |
[INFO] [stderr] 5 | use crate::pattern::{Condition, Pattern, State, Transition};
[INFO] [stderr]   |                                                 ^^^^^^^^^^
[INFO] [stderr]   |
[INFO] [stderr]   = note: `#[warn(unused_imports)]` on by default
[INFO] [stderr] 
[INFO] [stderr] warning: unused import: `todo`
[INFO] [stderr]  --> src/pattern.rs:4:5
[INFO] [stderr]   |
[INFO] [stderr] 4 |     todo,
[INFO] [stderr]   |     ^^^^
[INFO] [stderr] 
[INFO] [stderr] warning: unused variable: `expr`
[INFO] [stderr]   --> src/compiler.rs:14:27
[INFO] [stderr]    |
[INFO] [stderr] 14 |     pub fn compile(&self, expr: ast::Expression) -> Result<Pattern> {
[INFO] [stderr]    |                           ^^^^ help: if this is intentional, prefix it with an underscore: `_expr`
[INFO] [stderr]    |
[INFO] [stderr]    = note: `#[warn(unused_variables)]` on by default
[INFO] [stderr] 
[INFO] [stderr] warning: variable does not need to be mutable
[INFO] [stderr]   --> src/compiler.rs:15:13
[INFO] [stderr]    |
[INFO] [stderr] 15 |         let mut states = vec![State::Accept];
[INFO] [stderr]    |             ----^^^^^^
[INFO] [stderr]    |             |
[INFO] [stderr]    |             help: remove this `mut`
[INFO] [stderr]    |
[INFO] [stderr]    = note: `#[warn(unused_mut)]` on by default
[INFO] [stderr] 
[INFO] [stderr] warning: unused variable: `seq`
[INFO] [stderr]   --> src/compiler.rs:22:39
[INFO] [stderr]    |
[INFO] [stderr] 22 |             ast::Expression::Sequence(seq) => {}
[INFO] [stderr]    |                                       ^^^ help: if this is intentional, prefix it with an underscore: `_seq`
[INFO] [stderr] 
[INFO] [stderr] warning: variant `Class` is never constructed
[INFO] [stderr]  --> src/ast.rs:6:5
[INFO] [stderr]   |
[INFO] [stderr] 2 | pub enum Expression {
[INFO] [stderr]   |          ---------- variant in this enum
[INFO] [stderr] ...
[INFO] [stderr] 6 |     Class(Class),                 // []
[INFO] [stderr]   |     ^^^^^
[INFO] [stderr]   |
[INFO] [stderr]   = note: `Expression` has derived impls for the traits `Debug` and `Clone`, but these are intentionally ignored during dead code analysis
[INFO] [stderr]   = note: `#[warn(dead_code)]` on by default
[INFO] [stderr] 
[INFO] [stderr] warning: variants `Alnum`, `Alpha`, `Digit`, `Lower`, `Space`, and `Upper` are never constructed
[INFO] [stderr]   --> src/ast.rs:20:5
[INFO] [stderr]    |
[INFO] [stderr] 19 | pub enum Class {
[INFO] [stderr]    |          ----- variants in this enum
[INFO] [stderr] 20 |     Alnum,
[INFO] [stderr]    |     ^^^^^
[INFO] [stderr] 21 |     Alpha,
[INFO] [stderr]    |     ^^^^^
[INFO] [stderr] 22 |     Digit,
[INFO] [stderr]    |     ^^^^^
[INFO] [stderr] 23 |     Lower,
[INFO] [stderr]    |     ^^^^^
[INFO] [stderr] 24 |     Space,
[INFO] [stderr]    |     ^^^^^
[INFO] [stderr] 25 |     Upper,
[INFO] [stderr]    |     ^^^^^
[INFO] [stderr]    |
[INFO] [stderr]    = note: `Class` has derived impls for the traits `Debug` and `Clone`, but these are intentionally ignored during dead code analysis
[INFO] [stderr] 
[INFO] [stderr] warning: methods `compile_states` and `compile_condition` are never used
[INFO] [stderr]   --> src/compiler.rs:20:8
[INFO] [stderr]    |
[INFO] [stderr] 9  | impl Compiler {
[INFO] [stderr]    | ------------- methods in this implementation
[INFO] [stderr] ...
[INFO] [stderr] 20 |     fn compile_states(&self, expr: ast::Expression) -> Vec<State> {
[INFO] [stderr]    |        ^^^^^^^^^^^^^^
[INFO] [stderr] ...
[INFO] [stderr] 28 |     fn compile_condition(&self, expr: ast::Expression) -> Condition {
[INFO] [stderr]    |        ^^^^^^^^^^^^^^^^^
[INFO] [stderr] 
[INFO] [stderr] warning: associated function `compile` is never used
[INFO] [stderr]   --> src/pattern.rs:18:12
[INFO] [stderr]    |
[INFO] [stderr] 17 | impl Pattern {
[INFO] [stderr]    | ------------ associated function in this implementation
[INFO] [stderr] 18 |     pub fn compile(expr: ast::Expression) -> Result<Pattern> {
[INFO] [stderr]    |            ^^^^^^^
[INFO] [stderr] 
[INFO] [stderr] warning: variant `Match` is never constructed
[INFO] [stderr]   --> src/pattern.rs:46:5
[INFO] [stderr]    |
[INFO] [stderr] 44 | pub enum State {
[INFO] [stderr]    |          ----- variant in this enum
[INFO] [stderr] 45 |     Accept,
[INFO] [stderr] 46 |     Match(Vec<Transition>),
[INFO] [stderr]    |     ^^^^^
[INFO] [stderr] 
[INFO] [stderr] warning: variants `Always`, `Start`, `End`, and `Literal` are never constructed
[INFO] [stderr]   --> src/pattern.rs:55:5
[INFO] [stderr]    |
[INFO] [stderr] 54 | pub enum Condition {
[INFO] [stderr]    |          --------- variants in this enum
[INFO] [stderr] 55 |     Always,
[INFO] [stderr]    |     ^^^^^^
[INFO] [stderr] 56 |     Start,
[INFO] [stderr]    |     ^^^^^
[INFO] [stderr] 57 |     End,
[INFO] [stderr]    |     ^^^
[INFO] [stderr] 58 |     Literal(char),
[INFO] [stderr]    |     ^^^^^^^
[INFO] [stderr] 
[INFO] [stderr] warning: `rex` (lib) generated 11 warnings (run `cargo fix --lib -p rex` to apply 5 suggestions)
[INFO] [stderr] warning: `rex` (lib test) generated 11 warnings (11 duplicates)
[INFO] [stderr]     Finished test [unoptimized + debuginfo] target(s) in 0.00s
[INFO] [stderr]      Running unittests src/lib.rs (/opt/rustwide/target/debug/deps/rex-df98430179a21eb1)
[INFO] [stdout] 
[INFO] [stdout] running 0 tests
[INFO] [stdout] 
[INFO] [stdout] test result: ok. 0 passed; 0 failed; 0 ignored; 0 measured; 0 filtered out; finished in 0.00s
[INFO] [stdout] 
[INFO] [stderr]      Running tests/tests.rs (/opt/rustwide/target/debug/deps/tests-0e53f43426570dcd)
[INFO] [stdout] 
[INFO] [stdout] running 5 tests
[INFO] [stdout] test empty ... ok
[INFO] [stdout] test exact ... ok
[INFO] [stdout] test partial ... ok
[INFO] [stdout] test mismatch ... FAILED
[INFO] [stdout] test mismatch_overlap ... FAILED
[INFO] [stdout] 
[INFO] [stdout] failures:
[INFO] [stdout] 
[INFO] [stdout] ---- mismatch stdout ----
[INFO] [stdout] thread 'mismatch' panicked at tests/tests.rs:15:1:
[INFO] [stdout] assertion `left == right` failed
[INFO] [stdout]   left: false
[INFO] [stdout]  right: true
[INFO] [stdout] stack backtrace:
[INFO] [stdout]    0:     0x56501c32bf8c - std::backtrace_rs::backtrace::libunwind::trace::ha637c64ce894333a
[INFO] [stdout]                                at /rustc/82e1608dfa6e0b5569232559e3d385fea5a93112/library/std/src/../../backtrace/src/backtrace/libunwind.rs:104:5
[INFO] [stdout]    1:     0x56501c32bf8c - std::backtrace_rs::backtrace::trace_unsynchronized::h47f62dea28e0c88d
[INFO] [stdout]                                at /rustc/82e1608dfa6e0b5569232559e3d385fea5a93112/library/std/src/../../backtrace/src/backtrace/mod.rs:66:5
[INFO] [stdout]    2:     0x56501c32bf8c - std::sys_common::backtrace::_print_fmt::h9eef0abe20ede486
[INFO] [stdout]                                at /rustc/82e1608dfa6e0b5569232559e3d385fea5a93112/library/std/src/sys_common/backtrace.rs:67:5
[INFO] [stdout]    3:     0x56501c32bf8c - <std::sys_common::backtrace::_print::DisplayBacktrace as core::fmt::Display>::fmt::hed7f999df88cc644
[INFO] [stdout]                                at /rustc/82e1608dfa6e0b5569232559e3d385fea5a93112/library/std/src/sys_common/backtrace.rs:44:22
[INFO] [stdout]    4:     0x56501c355ad0 - core::fmt::rt::Argument::fmt::h1539a9308b8d058d
[INFO] [stdout]                                at /rustc/82e1608dfa6e0b5569232559e3d385fea5a93112/library/core/src/fmt/rt.rs:142:9
[INFO] [stdout]    5:     0x56501c355ad0 - core::fmt::write::h3a39390d8560d9c9
[INFO] [stdout]                                at /rustc/82e1608dfa6e0b5569232559e3d385fea5a93112/library/core/src/fmt/mod.rs:1120:17
[INFO] [stdout]    6:     0x56501c32993f - std::io::Write::write_fmt::h040b369f3a0f9cbc
[INFO] [stdout]                                at /rustc/82e1608dfa6e0b5569232559e3d385fea5a93112/library/std/src/io/mod.rs:1762:15
[INFO] [stdout]    7:     0x56501c32bd74 - std::sys_common::backtrace::_print::h894006fb5c6f3d45
[INFO] [stdout]                                at /rustc/82e1608dfa6e0b5569232559e3d385fea5a93112/library/std/src/sys_common/backtrace.rs:47:5
[INFO] [stdout]    8:     0x56501c32bd74 - std::sys_common::backtrace::print::h23a2d212c6fff936
[INFO] [stdout]                                at /rustc/82e1608dfa6e0b5569232559e3d385fea5a93112/library/std/src/sys_common/backtrace.rs:34:9
[INFO] [stdout]    9:     0x56501c32da37 - std::panicking::default_hook::{{closure}}::h8a1d2ee00185001a
[INFO] [stdout]   10:     0x56501c32d723 - std::panicking::default_hook::h6038f2eba384e475
[INFO] [stdout]                                at /rustc/82e1608dfa6e0b5569232559e3d385fea5a93112/library/std/src/panicking.rs:289:9
[INFO] [stdout]   11:     0x56501c2fe0e7 - <alloc::boxed::Box<F,A> as core::ops::function::Fn<Args>>::call::h0ad024c9bdc6d768
[INFO] [stdout]                                at /rustc/82e1608dfa6e0b5569232559e3d385fea5a93112/library/alloc/src/boxed.rs:2021:9
[INFO] [stdout]   12:     0x56501c2fe0e7 - test::test_main::{{closure}}::h7500b54257359db6
[INFO] [stdout]                                at /rustc/82e1608dfa6e0b5569232559e3d385fea5a93112/library/test/src/lib.rs:138:21
[INFO] [stdout]   13:     0x56501c32e048 - <alloc::boxed::Box<F,A> as core::ops::function::Fn<Args>>::call::h1f8f335eaa9cfaee
[INFO] [stdout]                                at /rustc/82e1608dfa6e0b5569232559e3d385fea5a93112/library/alloc/src/boxed.rs:2021:9
[INFO] [stdout]   14:     0x56501c32e048 - std::panicking::rust_panic_with_hook::h2b5517d590cab22e
[INFO] [stdout]                                at /rustc/82e1608dfa6e0b5569232559e3d385fea5a93112/library/std/src/panicking.rs:783:13
[INFO] [stdout]   15:     0x56501c32dd9e - std::panicking::begin_panic_handler::{{closure}}::h233112c06e0ef43e
[INFO] [stdout]                                at /rustc/82e1608dfa6e0b5569232559e3d385fea5a93112/library/std/src/panicking.rs:657:13
[INFO] [stdout]   16:     0x56501c32c456 - std::sys_common::backtrace::__rust_end_short_backtrace::h6e893f24d7ebbff8
[INFO] [stdout]                                at /rustc/82e1608dfa6e0b5569232559e3d385fea5a93112/library/std/src/sys_common/backtrace.rs:170:18
[INFO] [stdout]   17:     0x56501c32db02 - rust_begin_unwind
[INFO] [stdout]                                at /rustc/82e1608dfa6e0b5569232559e3d385fea5a93112/library/std/src/panicking.rs:645:5
[INFO] [stdout]   18:     0x56501c2c2cf5 - core::panicking::panic_fmt::hbf0e066aabfa482c
[INFO] [stdout]                                at /rustc/82e1608dfa6e0b5569232559e3d385fea5a93112/library/core/src/panicking.rs:72:14
[INFO] [stdout]   19:     0x56501c2c310b - core::panicking::assert_failed_inner::h0bba8b7c26ee4492
[INFO] [stdout]   20:     0x56501c2c3b4e - core::panicking::assert_failed::hd033c2c8598fea66
[INFO] [stdout]                                at /rustc/82e1608dfa6e0b5569232559e3d385fea5a93112/library/core/src/panicking.rs:279:5
[INFO] [stdout]   21:     0x56501c2c47f2 - tests::mismatch::h8509a8706e10d815
[INFO] [stdout]                                at /opt/rustwide/workdir/tests/tests.rs:8:13
[INFO] [stdout]   22:     0x56501c2c46ad - tests::mismatch::{{closure}}::hec4fbef6ed7b9d33
[INFO] [stdout]                                at /opt/rustwide/workdir/tests/tests.rs:7:23
[INFO] [stdout]   23:     0x56501c2c39a6 - core::ops::function::FnOnce::call_once::h7d8ae5f01fc90a5a
[INFO] [stdout]                                at /rustc/82e1608dfa6e0b5569232559e3d385fea5a93112/library/core/src/ops/function.rs:250:5
[INFO] [stdout]   24:     0x56501c30373f - core::ops::function::FnOnce::call_once::h2b5d431d5046312d
[INFO] [stdout]                                at /rustc/82e1608dfa6e0b5569232559e3d385fea5a93112/library/core/src/ops/function.rs:250:5
[INFO] [stdout]   25:     0x56501c30373f - test::__rust_begin_short_backtrace::h7714669af176e207
[INFO] [stdout]                                at /rustc/82e1608dfa6e0b5569232559e3d385fea5a93112/library/test/src/lib.rs:628:18
[INFO] [stdout]   26:     0x56501c302755 - test::run_test_in_process::{{closure}}::h85218797dcbcec12
[INFO] [stdout]                                at /rustc/82e1608dfa6e0b5569232559e3d385fea5a93112/library/test/src/lib.rs:651:60
[INFO] [stdout]   27:     0x56501c302755 - <core::panic::unwind_safe::AssertUnwindSafe<F> as core::ops::function::FnOnce<()>>::call_once::h76c106ea31c14d7b
[INFO] [stdout]                                at /rustc/82e1608dfa6e0b5569232559e3d385fea5a93112/library/core/src/panic/unwind_safe.rs:272:9
[INFO] [stdout]   28:     0x56501c302755 - std::panicking::try::do_call::h3bd5d0f6620ee946
[INFO] [stdout]                                at /rustc/82e1608dfa6e0b5569232559e3d385fea5a93112/library/std/src/panicking.rs:552:40
[INFO] [stdout]   29:     0x56501c302755 - std::panicking::try::h232e535e4744fe31
[INFO] [stdout]                                at /rustc/82e1608dfa6e0b5569232559e3d385fea5a93112/library/std/src/panicking.rs:516:19
[INFO] [stdout]   30:     0x56501c302755 - std::panic::catch_unwind::h3ce3bd6ca8dbac68
[INFO] [stdout]                                at /rustc/82e1608dfa6e0b5569232559e3d385fea5a93112/library/std/src/panic.rs:142:14
[INFO] [stdout]   31:     0x56501c302755 - test::run_test_in_process::hc97b257c9621286a
[INFO] [stdout]                                at /rustc/82e1608dfa6e0b5569232559e3d385fea5a93112/library/test/src/lib.rs:651:27
[INFO] [stdout]   32:     0x56501c302755 - test::run_test::{{closure}}::h2aa798823a438d38
[INFO] [stdout]                                at /rustc/82e1608dfa6e0b5569232559e3d385fea5a93112/library/test/src/lib.rs:574:43
[INFO] [stdout]   33:     0x56501c2caa16 - test::run_test::{{closure}}::h87d231c78fb59832
[INFO] [stdout]                                at /rustc/82e1608dfa6e0b5569232559e3d385fea5a93112/library/test/src/lib.rs:602:41
[INFO] [stdout]   34:     0x56501c2caa16 - std::sys_common::backtrace::__rust_begin_short_backtrace::he6df152596625789
[INFO] [stdout]                                at /rustc/82e1608dfa6e0b5569232559e3d385fea5a93112/library/std/src/sys_common/backtrace.rs:154:18
[INFO] [stdout]   35:     0x56501c2cfac7 - std::thread::Builder::spawn_unchecked_::{{closure}}::{{closure}}::ha94be15d1e0acf36
[INFO] [stdout]                                at /rustc/82e1608dfa6e0b5569232559e3d385fea5a93112/library/std/src/thread/mod.rs:529:17
[INFO] [stdout]   36:     0x56501c2cfac7 - <core::panic::unwind_safe::AssertUnwindSafe<F> as core::ops::function::FnOnce<()>>::call_once::h9dc6bd6372f16606
[INFO] [stdout]                                at /rustc/82e1608dfa6e0b5569232559e3d385fea5a93112/library/core/src/panic/unwind_safe.rs:272:9
[INFO] [stdout]   37:     0x56501c2cfac7 - std::panicking::try::do_call::h9057517f80303cd4
[INFO] [stdout]                                at /rustc/82e1608dfa6e0b5569232559e3d385fea5a93112/library/std/src/panicking.rs:552:40
[INFO] [stdout]   38:     0x56501c2cfac7 - std::panicking::try::he3a30b11ee45340c
[INFO] [stdout]                                at /rustc/82e1608dfa6e0b5569232559e3d385fea5a93112/library/std/src/panicking.rs:516:19
[INFO] [stdout]   39:     0x56501c2cfac7 - std::panic::catch_unwind::h410458cfd3528b8b
[INFO] [stdout]                                at /rustc/82e1608dfa6e0b5569232559e3d385fea5a93112/library/std/src/panic.rs:142:14
[INFO] [stdout]   40:     0x56501c2cfac7 - std::thread::Builder::spawn_unchecked_::{{closure}}::h72ac3bdb567b737b
[INFO] [stdout]                                at /rustc/82e1608dfa6e0b5569232559e3d385fea5a93112/library/std/src/thread/mod.rs:528:30
[INFO] [stdout]   41:     0x56501c2cfac7 - core::ops::function::FnOnce::call_once{{vtable.shim}}::h38f34da3654a8344
[INFO] [stdout]                                at /rustc/82e1608dfa6e0b5569232559e3d385fea5a93112/library/core/src/ops/function.rs:250:5
[INFO] [stdout]   42:     0x56501c332ad5 - <alloc::boxed::Box<F,A> as core::ops::function::FnOnce<Args>>::call_once::hc7eafaff61e32df9
[INFO] [stdout]                                at /rustc/82e1608dfa6e0b5569232559e3d385fea5a93112/library/alloc/src/boxed.rs:2007:9
[INFO] [stdout]   43:     0x56501c332ad5 - <alloc::boxed::Box<F,A> as core::ops::function::FnOnce<Args>>::call_once::h6ba4a5de48dd2304
[INFO] [stdout]                                at /rustc/82e1608dfa6e0b5569232559e3d385fea5a93112/library/alloc/src/boxed.rs:2007:9
[INFO] [stdout]   44:     0x56501c332ad5 - std::sys::unix::thread::Thread::new::thread_start::he469335aef763e45
[INFO] [stdout]                                at /rustc/82e1608dfa6e0b5569232559e3d385fea5a93112/library/std/src/sys/unix/thread.rs:108:17
[INFO] [stdout]   45:     0x7f18360a4ac3 - <unknown>
[INFO] [stdout]   46:     0x7f1836135bf4 - __clone
[INFO] [stdout]   47:                0x0 - <unknown>
[INFO] [stdout] 
[INFO] [stdout] ---- mismatch_overlap stdout ----
[INFO] [stdout] thread 'mismatch_overlap' panicked at tests/tests.rs:15:1:
[INFO] [stdout] assertion `left == right` failed
[INFO] [stdout]   left: false
[INFO] [stdout]  right: true
[INFO] [stdout] stack backtrace:
[INFO] [stdout]    0:     0x56501c32bf8c - std::backtrace_rs::backtrace::libunwind::trace::ha637c64ce894333a
[INFO] [stdout]                                at /rustc/82e1608dfa6e0b5569232559e3d385fea5a93112/library/std/src/../../backtrace/src/backtrace/libunwind.rs:104:5
[INFO] [stdout]    1:     0x56501c32bf8c - std::backtrace_rs::backtrace::trace_unsynchronized::h47f62dea28e0c88d
[INFO] [stdout]                                at /rustc/82e1608dfa6e0b5569232559e3d385fea5a93112/library/std/src/../../backtrace/src/backtrace/mod.rs:66:5
[INFO] [stdout]    2:     0x56501c32bf8c - std::sys_common::backtrace::_print_fmt::h9eef0abe20ede486
[INFO] [stdout]                                at /rustc/82e1608dfa6e0b5569232559e3d385fea5a93112/library/std/src/sys_common/backtrace.rs:67:5
[INFO] [stdout]    3:     0x56501c32bf8c - <std::sys_common::backtrace::_print::DisplayBacktrace as core::fmt::Display>::fmt::hed7f999df88cc644
[INFO] [stdout]                                at /rustc/82e1608dfa6e0b5569232559e3d385fea5a93112/library/std/src/sys_common/backtrace.rs:44:22
[INFO] [stdout]    4:     0x56501c355ad0 - core::fmt::rt::Argument::fmt::h1539a9308b8d058d
[INFO] [stdout]                                at /rustc/82e1608dfa6e0b5569232559e3d385fea5a93112/library/core/src/fmt/rt.rs:142:9
[INFO] [stdout]    5:     0x56501c355ad0 - core::fmt::write::h3a39390d8560d9c9
[INFO] [stdout]                                at /rustc/82e1608dfa6e0b5569232559e3d385fea5a93112/library/core/src/fmt/mod.rs:1120:17
[INFO] [stdout]    6:     0x56501c32993f - std::io::Write::write_fmt::h040b369f3a0f9cbc
[INFO] [stdout]                                at /rustc/82e1608dfa6e0b5569232559e3d385fea5a93112/library/std/src/io/mod.rs:1762:15
[INFO] [stdout]    7:     0x56501c32bd74 - std::sys_common::backtrace::_print::h894006fb5c6f3d45
[INFO] [stdout]                                at /rustc/82e1608dfa6e0b5569232559e3d385fea5a93112/library/std/src/sys_common/backtrace.rs:47:5
[INFO] [stdout]    8:     0x56501c32bd74 - std::sys_common::backtrace::print::h23a2d212c6fff936
[INFO] [stdout]                                at /rustc/82e1608dfa6e0b5569232559e3d385fea5a93112/library/std/src/sys_common/backtrace.rs:34:9
[INFO] [stdout]    9:     0x56501c32da37 - std::panicking::default_hook::{{closure}}::h8a1d2ee00185001a
[INFO] [stdout]   10:     0x56501c32d723 - std::panicking::default_hook::h6038f2eba384e475
[INFO] [stdout]                                at /rustc/82e1608dfa6e0b5569232559e3d385fea5a93112/library/std/src/panicking.rs:289:9
[INFO] [stdout]   11:     0x56501c2fe0e7 - <alloc::boxed::Box<F,A> as core::ops::function::Fn<Args>>::call::h0ad024c9bdc6d768
[INFO] [stdout]                                at /rustc/82e1608dfa6e0b5569232559e3d385fea5a93112/library/alloc/src/boxed.rs:2021:9
[INFO] [stdout]   12:     0x56501c2fe0e7 - test::test_main::{{closure}}::h7500b54257359db6
[INFO] [stdout]                                at /rustc/82e1608dfa6e0b5569232559e3d385fea5a93112/library/test/src/lib.rs:138:21
[INFO] [stdout]   13:     0x56501c32e048 - <alloc::boxed::Box<F,A> as core::ops::function::Fn<Args>>::call::h1f8f335eaa9cfaee
[INFO] [stdout]                                at /rustc/82e1608dfa6e0b5569232559e3d385fea5a93112/library/alloc/src/boxed.rs:2021:9
[INFO] [stdout]   14:     0x56501c32e048 - std::panicking::rust_panic_with_hook::h2b5517d590cab22e
[INFO] [stdout]                                at /rustc/82e1608dfa6e0b5569232559e3d385fea5a93112/library/std/src/panicking.rs:783:13
[INFO] [stdout]   15:     0x56501c32dd9e - std::panicking::begin_panic_handler::{{closure}}::h233112c06e0ef43e
[INFO] [stdout]                                at /rustc/82e1608dfa6e0b5569232559e3d385fea5a93112/library/std/src/panicking.rs:657:13
[INFO] [stdout]   16:     0x56501c32c456 - std::sys_common::backtrace::__rust_end_short_backtrace::h6e893f24d7ebbff8
[INFO] [stdout]                                at /rustc/82e1608dfa6e0b5569232559e3d385fea5a93112/library/std/src/sys_common/backtrace.rs:170:18
[INFO] [stdout]   17:     0x56501c32db02 - rust_begin_unwind
[INFO] [stdout]                                at /rustc/82e1608dfa6e0b5569232559e3d385fea5a93112/library/std/src/panicking.rs:645:5
[INFO] [stdout]   18:     0x56501c2c2cf5 - core::panicking::panic_fmt::hbf0e066aabfa482c
[INFO] [stdout]                                at /rustc/82e1608dfa6e0b5569232559e3d385fea5a93112/library/core/src/panicking.rs:72:14
[INFO] [stdout]   19:     0x56501c2c310b - core::panicking::assert_failed_inner::h0bba8b7c26ee4492
[INFO] [stdout]   20:     0x56501c2c3b4e - core::panicking::assert_failed::hd033c2c8598fea66
[INFO] [stdout]                                at /rustc/82e1608dfa6e0b5569232559e3d385fea5a93112/library/core/src/panicking.rs:279:5
[INFO] [stdout]   21:     0x56501c2c4974 - tests::mismatch_overlap::h6c14d83148c7380c
[INFO] [stdout]                                at /opt/rustwide/workdir/tests/tests.rs:8:13
[INFO] [stdout]   22:     0x56501c2c482d - tests::mismatch_overlap::{{closure}}::h0baa73fabe097fb4
[INFO] [stdout]                                at /opt/rustwide/workdir/tests/tests.rs:7:23
[INFO] [stdout]   23:     0x56501c2c3926 - core::ops::function::FnOnce::call_once::h4ed08fab44dd7de0
[INFO] [stdout]                                at /rustc/82e1608dfa6e0b5569232559e3d385fea5a93112/library/core/src/ops/function.rs:250:5
[INFO] [stdout]   24:     0x56501c30373f - core::ops::function::FnOnce::call_once::h2b5d431d5046312d
[INFO] [stdout]                                at /rustc/82e1608dfa6e0b5569232559e3d385fea5a93112/library/core/src/ops/function.rs:250:5
[INFO] [stdout]   25:     0x56501c30373f - test::__rust_begin_short_backtrace::h7714669af176e207
[INFO] [stdout]                                at /rustc/82e1608dfa6e0b5569232559e3d385fea5a93112/library/test/src/lib.rs:628:18
[INFO] [stdout]   26:     0x56501c302755 - test::run_test_in_process::{{closure}}::h85218797dcbcec12
[INFO] [stdout]                                at /rustc/82e1608dfa6e0b5569232559e3d385fea5a93112/library/test/src/lib.rs:651:60
[INFO] [stdout]   27:     0x56501c302755 - <core::panic::unwind_safe::AssertUnwindSafe<F> as core::ops::function::FnOnce<()>>::call_once::h76c106ea31c14d7b
[INFO] [stdout]                                at /rustc/82e1608dfa6e0b5569232559e3d385fea5a93112/library/core/src/panic/unwind_safe.rs:272:9
[INFO] [stdout]   28:     0x56501c302755 - std::panicking::try::do_call::h3bd5d0f6620ee946
[INFO] [stdout]                                at /rustc/82e1608dfa6e0b5569232559e3d385fea5a93112/library/std/src/panicking.rs:552:40
[INFO] [stdout]   29:     0x56501c302755 - std::panicking::try::h232e535e4744fe31
[INFO] [stdout]                                at /rustc/82e1608dfa6e0b5569232559e3d385fea5a93112/library/std/src/panicking.rs:516:19
[INFO] [stdout]   30:     0x56501c302755 - std::panic::catch_unwind::h3ce3bd6ca8dbac68
[INFO] [stdout]                                at /rustc/82e1608dfa6e0b5569232559e3d385fea5a93112/library/std/src/panic.rs:142:14
[INFO] [stdout]   31:     0x56501c302755 - test::run_test_in_process::hc97b257c9621286a
[INFO] [stdout]                                at /rustc/82e1608dfa6e0b5569232559e3d385fea5a93112/library/test/src/lib.rs:651:27
[INFO] [stdout]   32:     0x56501c302755 - test::run_test::{{closure}}::h2aa798823a438d38
[INFO] [stdout]                                at /rustc/82e1608dfa6e0b5569232559e3d385fea5a93112/library/test/src/lib.rs:574:43
[INFO] [stdout]   33:     0x56501c2caa16 - test::run_test::{{closure}}::h87d231c78fb59832
[INFO] [stdout]                                at /rustc/82e1608dfa6e0b5569232559e3d385fea5a93112/library/test/src/lib.rs:602:41
[INFO] [stdout]   34:     0x56501c2caa16 - std::sys_common::backtrace::__rust_begin_short_backtrace::he6df152596625789
[INFO] [stdout]                                at /rustc/82e1608dfa6e0b5569232559e3d385fea5a93112/library/std/src/sys_common/backtrace.rs:154:18
[INFO] [stdout]   35:     0x56501c2cfac7 - std::thread::Builder::spawn_unchecked_::{{closure}}::{{closure}}::ha94be15d1e0acf36
[INFO] [stdout]                                at /rustc/82e1608dfa6e0b5569232559e3d385fea5a93112/library/std/src/thread/mod.rs:529:17
[INFO] [stdout]   36:     0x56501c2cfac7 - <core::panic::unwind_safe::AssertUnwindSafe<F> as core::ops::function::FnOnce<()>>::call_once::h9dc6bd6372f16606
[INFO] [stdout]                                at /rustc/82e1608dfa6e0b5569232559e3d385fea5a93112/library/core/src/panic/unwind_safe.rs:272:9
[INFO] [stdout]   37:     0x56501c2cfac7 - std::panicking::try::do_call::h9057517f80303cd4
[INFO] [stdout]                                at /rustc/82e1608dfa6e0b5569232559e3d385fea5a93112/library/std/src/panicking.rs:552:40
[INFO] [stdout]   38:     0x56501c2cfac7 - std::panicking::try::he3a30b11ee45340c
[INFO] [stdout]                                at /rustc/82e1608dfa6e0b5569232559e3d385fea5a93112/library/std/src/panicking.rs:516:19
[INFO] [stdout]   39:     0x56501c2cfac7 - std::panic::catch_unwind::h410458cfd3528b8b
[INFO] [stdout]                                at /rustc/82e1608dfa6e0b5569232559e3d385fea5a93112/library/std/src/panic.rs:142:14
[INFO] [stdout]   40:     0x56501c2cfac7 - std::thread::Builder::spawn_unchecked_::{{closure}}::h72ac3bdb567b737b
[INFO] [stdout]                                at /rustc/82e1608dfa6e0b5569232559e3d385fea5a93112/library/std/src/thread/mod.rs:528:30
[INFO] [stdout]   41:     0x56501c2cfac7 - core::ops::function::FnOnce::call_once{{vtable.shim}}::h38f34da3654a8344
[INFO] [stdout]                                at /rustc/82e1608dfa6e0b5569232559e3d385fea5a93112/library/core/src/ops/function.rs:250:5
[INFO] [stdout]   42:     0x56501c332ad5 - <alloc::boxed::Box<F,A> as core::ops::function::FnOnce<Args>>::call_once::hc7eafaff61e32df9
[INFO] [stdout]                                at /rustc/82e1608dfa6e0b5569232559e3d385fea5a93112/library/alloc/src/boxed.rs:2007:9
[INFO] [stdout]   43:     0x56501c332ad5 - <alloc::boxed::Box<F,A> as core::ops::function::FnOnce<Args>>::call_once::h6ba4a5de48dd2304
[INFO] [stdout]                                at /rustc/82e1608dfa6e0b5569232559e3d385fea5a93112/library/alloc/src/boxed.rs:2007:9
[INFO] [stdout]   44:     0x56501c332ad5 - std::sys::unix::thread::Thread::new::thread_start::he469335aef763e45
[INFO] [stdout]                                at /rustc/82e1608dfa6e0b5569232559e3d385fea5a93112/library/std/src/sys/unix/thread.rs:108:17
[INFO] [stdout]   45:     0x7f18360a4ac3 - <unknown>
[INFO] [stdout]   46:     0x7f1836135bf4 - __clone
[INFO] [stdout]   47:                0x0 - <unknown>
[INFO] [stdout] 
[INFO] [stdout] 
[INFO] [stdout] failures:
[INFO] [stdout]     mismatch
[INFO] [stdout]     mismatch_overlap
[INFO] [stdout] 
[INFO] [stdout] test result: FAILED. 3 passed; 2 failed; 0 ignored; 0 measured; 0 filtered out; finished in 0.01s
[INFO] [stdout] 
[INFO] [stderr] error: test failed, to rerun pass `--test tests`
[INFO] running `Command { std: "docker" "inspect" "37b730ece2c25ee6b3d2c368abd5ff07284ee2987fd6d467915cfce8617d7351", kill_on_drop: false }`
[INFO] running `Command { std: "docker" "rm" "-f" "37b730ece2c25ee6b3d2c368abd5ff07284ee2987fd6d467915cfce8617d7351", kill_on_drop: false }`
[INFO] [stdout] 37b730ece2c25ee6b3d2c368abd5ff07284ee2987fd6d467915cfce8617d7351
[INFO] testing erikgrinaker/rex against beta-2023-12-22 for beta-1.76-1
[INFO] running `Command { std: "git" "clone" "/workspace/cache/git-repos/https%3A%2F%2Fgithub.com%2Ferikgrinaker%2Frex" "/workspace/builds/worker-4-tc2/source", kill_on_drop: false }`
[INFO] [stderr] Cloning into '/workspace/builds/worker-4-tc2/source'...
[INFO] [stderr] done.
[INFO] validating manifest of git repo https://github.com/erikgrinaker/rex on toolchain beta-2023-12-22
[INFO] running `Command { std: CARGO_HOME="/workspace/cargo-home" RUSTUP_HOME="/workspace/rustup-home" "/workspace/cargo-home/bin/cargo" "+beta-2023-12-22" "metadata" "--manifest-path" "Cargo.toml" "--no-deps", kill_on_drop: false }`
[INFO] started tweaking git repo https://github.com/erikgrinaker/rex
[INFO] finished tweaking git repo https://github.com/erikgrinaker/rex
[INFO] tweaked toml for git repo https://github.com/erikgrinaker/rex written to /workspace/builds/worker-4-tc2/source/Cargo.toml
[INFO] crate git repo https://github.com/erikgrinaker/rex already has a lockfile, it will not be regenerated
[INFO] running `Command { std: CARGO_HOME="/workspace/cargo-home" RUSTUP_HOME="/workspace/rustup-home" "/workspace/cargo-home/bin/cargo" "+beta-2023-12-22" "fetch" "--manifest-path" "Cargo.toml", kill_on_drop: false }`
[INFO] running `Command { std: "docker" "create" "-v" "/var/lib/crater-agent-workspace/builds/worker-4-tc2/target:/opt/rustwide/target:rw,Z" "-v" "/var/lib/crater-agent-workspace/builds/worker-4-tc2/source:/opt/rustwide/workdir:ro,Z" "-v" "/var/lib/crater-agent-workspace/cargo-home:/opt/rustwide/cargo-home:ro,Z" "-v" "/var/lib/crater-agent-workspace/rustup-home:/opt/rustwide/rustup-home:ro,Z" "-e" "SOURCE_DIR=/opt/rustwide/workdir" "-e" "CARGO_TARGET_DIR=/opt/rustwide/target" "-e" "CARGO_HOME=/opt/rustwide/cargo-home" "-e" "RUSTUP_HOME=/opt/rustwide/rustup-home" "-w" "/opt/rustwide/workdir" "-m" "1610612736" "--user" "0:0" "--network" "none" "ghcr.io/rust-lang/crates-build-env/linux@sha256:2788e3201cd34a07e3172128adcd8b3090168a8e3bcc40d7c032b9dda1df7d1c" "/opt/rustwide/cargo-home/bin/cargo" "+beta-2023-12-22" "metadata" "--no-deps" "--format-version=1", kill_on_drop: false }`
[INFO] [stdout] 73b586a25b31de45de21d3f299297f9214916dbeaa5d447b236d6f3e4224e982
[INFO] running `Command { std: "docker" "start" "-a" "73b586a25b31de45de21d3f299297f9214916dbeaa5d447b236d6f3e4224e982", kill_on_drop: false }`
[INFO] running `Command { std: "docker" "inspect" "73b586a25b31de45de21d3f299297f9214916dbeaa5d447b236d6f3e4224e982", kill_on_drop: false }`
[INFO] running `Command { std: "docker" "rm" "-f" "73b586a25b31de45de21d3f299297f9214916dbeaa5d447b236d6f3e4224e982", kill_on_drop: false }`
[INFO] [stdout] 73b586a25b31de45de21d3f299297f9214916dbeaa5d447b236d6f3e4224e982
[INFO] running `Command { std: "docker" "create" "-v" "/var/lib/crater-agent-workspace/builds/worker-4-tc2/target:/opt/rustwide/target:rw,Z" "-v" "/var/lib/crater-agent-workspace/builds/worker-4-tc2/source:/opt/rustwide/workdir:ro,Z" "-v" "/var/lib/crater-agent-workspace/cargo-home:/opt/rustwide/cargo-home:ro,Z" "-v" "/var/lib/crater-agent-workspace/rustup-home:/opt/rustwide/rustup-home:ro,Z" "-e" "SOURCE_DIR=/opt/rustwide/workdir" "-e" "CARGO_TARGET_DIR=/opt/rustwide/target" "-e" "CARGO_INCREMENTAL=0" "-e" "RUST_BACKTRACE=full" "-e" "RUSTFLAGS=--cap-lints=warn" "-e" "RUSTDOCFLAGS=--cap-lints=warn" "-e" "CARGO_HOME=/opt/rustwide/cargo-home" "-e" "RUSTUP_HOME=/opt/rustwide/rustup-home" "-w" "/opt/rustwide/workdir" "-m" "1610612736" "--user" "0:0" "--network" "none" "ghcr.io/rust-lang/crates-build-env/linux@sha256:2788e3201cd34a07e3172128adcd8b3090168a8e3bcc40d7c032b9dda1df7d1c" "/opt/rustwide/cargo-home/bin/cargo" "+beta-2023-12-22" "build" "--frozen" "--message-format=json", kill_on_drop: false }`
[INFO] [stdout] 76092d4e8b83b3f3165abf71e5f406f280c4615a18d53fa497575cb777f0dcee
[INFO] running `Command { std: "docker" "start" "-a" "76092d4e8b83b3f3165abf71e5f406f280c4615a18d53fa497575cb777f0dcee", kill_on_drop: false }`
[INFO] [stderr]    Compiling rex v0.1.0 (/opt/rustwide/workdir)
[INFO] [stdout] warning: unused import: `Transition`
[INFO] [stdout]  --> src/compiler.rs:5:49
[INFO] [stdout]   |
[INFO] [stdout] 5 | use crate::pattern::{Condition, Pattern, State, Transition};
[INFO] [stdout]   |                                                 ^^^^^^^^^^
[INFO] [stdout]   |
[INFO] [stdout]   = note: `#[warn(unused_imports)]` on by default
[INFO] [stdout] 
[INFO] [stdout] 
[INFO] [stdout] warning: unused import: `todo`
[INFO] [stdout]  --> src/pattern.rs:4:5
[INFO] [stdout]   |
[INFO] [stdout] 4 |     todo,
[INFO] [stdout]   |     ^^^^
[INFO] [stdout] 
[INFO] [stdout] 
[INFO] [stdout] warning: unused variable: `expr`
[INFO] [stdout]   --> src/compiler.rs:14:27
[INFO] [stdout]    |
[INFO] [stdout] 14 |     pub fn compile(&self, expr: ast::Expression) -> Result<Pattern> {
[INFO] [stdout]    |                           ^^^^ help: if this is intentional, prefix it with an underscore: `_expr`
[INFO] [stdout]    |
[INFO] [stdout]    = note: `#[warn(unused_variables)]` on by default
[INFO] [stdout] 
[INFO] [stdout] 
[INFO] [stdout] warning: variable does not need to be mutable
[INFO] [stdout]   --> src/compiler.rs:15:13
[INFO] [stdout]    |
[INFO] [stdout] 15 |         let mut states = vec![State::Accept];
[INFO] [stdout]    |             ----^^^^^^
[INFO] [stdout]    |             |
[INFO] [stdout]    |             help: remove this `mut`
[INFO] [stdout]    |
[INFO] [stdout]    = note: `#[warn(unused_mut)]` on by default
[INFO] [stdout] 
[INFO] [stdout] 
[INFO] [stdout] warning: unused variable: `seq`
[INFO] [stdout]   --> src/compiler.rs:22:39
[INFO] [stdout]    |
[INFO] [stdout] 22 |             ast::Expression::Sequence(seq) => {}
[INFO] [stdout]    |                                       ^^^ help: if this is intentional, prefix it with an underscore: `_seq`
[INFO] [stdout] 
[INFO] [stdout] 
[INFO] [stdout] warning: variant `Class` is never constructed
[INFO] [stdout]  --> src/ast.rs:6:5
[INFO] [stdout]   |
[INFO] [stdout] 2 | pub enum Expression {
[INFO] [stdout]   |          ---------- variant in this enum
[INFO] [stdout] ...
[INFO] [stdout] 6 |     Class(Class),                 // []
[INFO] [stdout]   |     ^^^^^
[INFO] [stdout]   |
[INFO] [stdout]   = note: `Expression` has derived impls for the traits `Debug` and `Clone`, but these are intentionally ignored during dead code analysis
[INFO] [stdout]   = note: `#[warn(dead_code)]` on by default
[INFO] [stdout] 
[INFO] [stdout] 
[INFO] [stdout] warning: variants `Alnum`, `Alpha`, `Digit`, `Lower`, `Space`, and `Upper` are never constructed
[INFO] [stdout]   --> src/ast.rs:20:5
[INFO] [stdout]    |
[INFO] [stdout] 19 | pub enum Class {
[INFO] [stdout]    |          ----- variants in this enum
[INFO] [stdout] 20 |     Alnum,
[INFO] [stdout]    |     ^^^^^
[INFO] [stdout] 21 |     Alpha,
[INFO] [stdout]    |     ^^^^^
[INFO] [stdout] 22 |     Digit,
[INFO] [stdout]    |     ^^^^^
[INFO] [stdout] 23 |     Lower,
[INFO] [stdout]    |     ^^^^^
[INFO] [stdout] 24 |     Space,
[INFO] [stdout]    |     ^^^^^
[INFO] [stdout] 25 |     Upper,
[INFO] [stdout]    |     ^^^^^
[INFO] [stdout]    |
[INFO] [stdout]    = note: `Class` has derived impls for the traits `Debug` and `Clone`, but these are intentionally ignored during dead code analysis
[INFO] [stdout] 
[INFO] [stdout] 
[INFO] [stdout] warning: methods `compile_states` and `compile_condition` are never used
[INFO] [stdout]   --> src/compiler.rs:20:8
[INFO] [stdout]    |
[INFO] [stdout] 9  | impl Compiler {
[INFO] [stdout]    | ------------- methods in this implementation
[INFO] [stdout] ...
[INFO] [stdout] 20 |     fn compile_states(&self, expr: ast::Expression) -> Vec<State> {
[INFO] [stdout]    |        ^^^^^^^^^^^^^^
[INFO] [stdout] ...
[INFO] [stdout] 28 |     fn compile_condition(&self, expr: ast::Expression) -> Condition {
[INFO] [stdout]    |        ^^^^^^^^^^^^^^^^^
[INFO] [stdout] 
[INFO] [stdout] 
[INFO] [stdout] warning: associated function `compile` is never used
[INFO] [stdout]   --> src/pattern.rs:18:12
[INFO] [stdout]    |
[INFO] [stdout] 17 | impl Pattern {
[INFO] [stdout]    | ------------ associated function in this implementation
[INFO] [stdout] 18 |     pub fn compile(expr: ast::Expression) -> Result<Pattern> {
[INFO] [stdout]    |            ^^^^^^^
[INFO] [stdout] 
[INFO] [stdout] 
[INFO] [stdout] warning: variant `Match` is never constructed
[INFO] [stdout]   --> src/pattern.rs:46:5
[INFO] [stdout]    |
[INFO] [stdout] 44 | pub enum State {
[INFO] [stdout]    |          ----- variant in this enum
[INFO] [stdout] 45 |     Accept,
[INFO] [stdout] 46 |     Match(Vec<Transition>),
[INFO] [stdout]    |     ^^^^^
[INFO] [stdout] 
[INFO] [stdout] 
[INFO] [stdout] warning: variants `Always`, `Start`, `End`, and `Literal` are never constructed
[INFO] [stdout]   --> src/pattern.rs:55:5
[INFO] [stdout]    |
[INFO] [stdout] 54 | pub enum Condition {
[INFO] [stdout]    |          --------- variants in this enum
[INFO] [stdout] 55 |     Always,
[INFO] [stdout]    |     ^^^^^^
[INFO] [stdout] 56 |     Start,
[INFO] [stdout]    |     ^^^^^
[INFO] [stdout] 57 |     End,
[INFO] [stdout]    |     ^^^
[INFO] [stdout] 58 |     Literal(char),
[INFO] [stdout]    |     ^^^^^^^
[INFO] [stdout] 
[INFO] [stdout] 
[INFO] [stdout] warning: 11 warnings emitted
[INFO] [stdout] 
[INFO] [stdout] 
[INFO] [stderr]     Finished dev [unoptimized + debuginfo] target(s) in 0.12s
[INFO] running `Command { std: "docker" "inspect" "76092d4e8b83b3f3165abf71e5f406f280c4615a18d53fa497575cb777f0dcee", kill_on_drop: false }`
[INFO] running `Command { std: "docker" "rm" "-f" "76092d4e8b83b3f3165abf71e5f406f280c4615a18d53fa497575cb777f0dcee", kill_on_drop: false }`
[INFO] [stdout] 76092d4e8b83b3f3165abf71e5f406f280c4615a18d53fa497575cb777f0dcee
[INFO] running `Command { std: "docker" "create" "-v" "/var/lib/crater-agent-workspace/builds/worker-4-tc2/target:/opt/rustwide/target:rw,Z" "-v" "/var/lib/crater-agent-workspace/builds/worker-4-tc2/source:/opt/rustwide/workdir:ro,Z" "-v" "/var/lib/crater-agent-workspace/cargo-home:/opt/rustwide/cargo-home:ro,Z" "-v" "/var/lib/crater-agent-workspace/rustup-home:/opt/rustwide/rustup-home:ro,Z" "-e" "SOURCE_DIR=/opt/rustwide/workdir" "-e" "CARGO_TARGET_DIR=/opt/rustwide/target" "-e" "CARGO_INCREMENTAL=0" "-e" "RUST_BACKTRACE=full" "-e" "RUSTFLAGS=--cap-lints=warn" "-e" "RUSTDOCFLAGS=--cap-lints=warn" "-e" "CARGO_HOME=/opt/rustwide/cargo-home" "-e" "RUSTUP_HOME=/opt/rustwide/rustup-home" "-w" "/opt/rustwide/workdir" "-m" "1610612736" "--user" "0:0" "--network" "none" "ghcr.io/rust-lang/crates-build-env/linux@sha256:2788e3201cd34a07e3172128adcd8b3090168a8e3bcc40d7c032b9dda1df7d1c" "/opt/rustwide/cargo-home/bin/cargo" "+beta-2023-12-22" "test" "--frozen" "--no-run" "--message-format=json", kill_on_drop: false }`
[INFO] [stdout] 739968bf5d18293e0c35139e7d1abf24ced157538caf1811ba833abee814e880
[INFO] running `Command { std: "docker" "start" "-a" "739968bf5d18293e0c35139e7d1abf24ced157538caf1811ba833abee814e880", kill_on_drop: false }`
[INFO] [stdout] warning: unused import: `Transition`
[INFO] [stdout]  --> src/compiler.rs:5:49
[INFO] [stdout]   |
[INFO] [stdout] 5 | use crate::pattern::{Condition, Pattern, State, Transition};
[INFO] [stdout]   |                                                 ^^^^^^^^^^
[INFO] [stdout]   |
[INFO] [stdout]   = note: `#[warn(unused_imports)]` on by default
[INFO] [stdout] 
[INFO] [stdout] 
[INFO] [stdout] warning: unused import: `todo`
[INFO] [stdout]  --> src/pattern.rs:4:5
[INFO] [stdout]   |
[INFO] [stdout] 4 |     todo,
[INFO] [stdout]   |     ^^^^
[INFO] [stdout] 
[INFO] [stdout] 
[INFO] [stdout] warning: unused variable: `expr`
[INFO] [stdout]   --> src/compiler.rs:14:27
[INFO] [stdout]    |
[INFO] [stdout] 14 |     pub fn compile(&self, expr: ast::Expression) -> Result<Pattern> {
[INFO] [stdout]    |                           ^^^^ help: if this is intentional, prefix it with an underscore: `_expr`
[INFO] [stdout]    |
[INFO] [stdout]    = note: `#[warn(unused_variables)]` on by default
[INFO] [stdout] 
[INFO] [stdout] 
[INFO] [stdout] warning: variable does not need to be mutable
[INFO] [stdout]   --> src/compiler.rs:15:13
[INFO] [stdout]    |
[INFO] [stdout] 15 |         let mut states = vec![State::Accept];
[INFO] [stdout]    |             ----^^^^^^
[INFO] [stdout]    |             |
[INFO] [stdout]    |             help: remove this `mut`
[INFO] [stdout]    |
[INFO] [stdout]    = note: `#[warn(unused_mut)]` on by default
[INFO] [stdout] 
[INFO] [stdout] 
[INFO] [stdout] warning: unused variable: `seq`
[INFO] [stdout]   --> src/compiler.rs:22:39
[INFO] [stdout]    |
[INFO] [stdout] 22 |             ast::Expression::Sequence(seq) => {}
[INFO] [stdout]    |                                       ^^^ help: if this is intentional, prefix it with an underscore: `_seq`
[INFO] [stdout] 
[INFO] [stdout] 
[INFO] [stdout] warning: variant `Class` is never constructed
[INFO] [stdout]  --> src/ast.rs:6:5
[INFO] [stdout]   |
[INFO] [stdout] 2 | pub enum Expression {
[INFO] [stdout]   |          ---------- variant in this enum
[INFO] [stdout] ...
[INFO] [stdout] 6 |     Class(Class),                 // []
[INFO] [stdout]   |     ^^^^^
[INFO] [stdout]   |
[INFO] [stdout]   = note: `Expression` has derived impls for the traits `Debug` and `Clone`, but these are intentionally ignored during dead code analysis
[INFO] [stdout]   = note: `#[warn(dead_code)]` on by default
[INFO] [stdout] 
[INFO] [stdout] 
[INFO] [stdout] warning: variants `Alnum`, `Alpha`, `Digit`, `Lower`, `Space`, and `Upper` are never constructed
[INFO] [stdout]   --> src/ast.rs:20:5
[INFO] [stdout]    |
[INFO] [stdout] 19 | pub enum Class {
[INFO] [stdout]    |          ----- variants in this enum
[INFO] [stdout] 20 |     Alnum,
[INFO] [stdout]    |     ^^^^^
[INFO] [stdout] 21 |     Alpha,
[INFO] [stdout]    |     ^^^^^
[INFO] [stdout] 22 |     Digit,
[INFO] [stdout]    |     ^^^^^
[INFO] [stdout] 23 |     Lower,
[INFO] [stdout]    |     ^^^^^
[INFO] [stdout] 24 |     Space,
[INFO] [stdout]    |     ^^^^^
[INFO] [stdout] 25 |     Upper,
[INFO] [stdout]    |     ^^^^^
[INFO] [stdout]    |
[INFO] [stdout]    = note: `Class` has derived impls for the traits `Debug` and `Clone`, but these are intentionally ignored during dead code analysis
[INFO] [stdout] 
[INFO] [stdout] 
[INFO] [stdout] warning: methods `compile_states` and `compile_condition` are never used
[INFO] [stdout]   --> src/compiler.rs:20:8
[INFO] [stdout]    |
[INFO] [stdout] 9  | impl Compiler {
[INFO] [stdout]    | ------------- methods in this implementation
[INFO] [stdout] ...
[INFO] [stdout] 20 |     fn compile_states(&self, expr: ast::Expression) -> Vec<State> {
[INFO] [stdout]    |        ^^^^^^^^^^^^^^
[INFO] [stdout] ...
[INFO] [stdout] 28 |     fn compile_condition(&self, expr: ast::Expression) -> Condition {
[INFO] [stdout]    |        ^^^^^^^^^^^^^^^^^
[INFO] [stdout] 
[INFO] [stdout] 
[INFO] [stdout] warning: associated function `compile` is never used
[INFO] [stdout]   --> src/pattern.rs:18:12
[INFO] [stdout]    |
[INFO] [stdout] 17 | impl Pattern {
[INFO] [stdout]    | ------------ associated function in this implementation
[INFO] [stdout] 18 |     pub fn compile(expr: ast::Expression) -> Result<Pattern> {
[INFO] [stdout]    |            ^^^^^^^
[INFO] [stdout] 
[INFO] [stdout] 
[INFO] [stderr]    Compiling rex v0.1.0 (/opt/rustwide/workdir)
[INFO] [stdout] warning: variant `Match` is never constructed
[INFO] [stdout]   --> src/pattern.rs:46:5
[INFO] [stdout]    |
[INFO] [stdout] 44 | pub enum State {
[INFO] [stdout]    |          ----- variant in this enum
[INFO] [stdout] 45 |     Accept,
[INFO] [stdout] 46 |     Match(Vec<Transition>),
[INFO] [stdout]    |     ^^^^^
[INFO] [stdout] 
[INFO] [stdout] 
[INFO] [stdout] warning: variants `Always`, `Start`, `End`, and `Literal` are never constructed
[INFO] [stdout]   --> src/pattern.rs:55:5
[INFO] [stdout]    |
[INFO] [stdout] 54 | pub enum Condition {
[INFO] [stdout]    |          --------- variants in this enum
[INFO] [stdout] 55 |     Always,
[INFO] [stdout]    |     ^^^^^^
[INFO] [stdout] 56 |     Start,
[INFO] [stdout]    |     ^^^^^
[INFO] [stdout] 57 |     End,
[INFO] [stdout]    |     ^^^
[INFO] [stdout] 58 |     Literal(char),
[INFO] [stdout]    |     ^^^^^^^
[INFO] [stdout] 
[INFO] [stdout] 
[INFO] [stdout] warning: 11 warnings emitted
[INFO] [stdout] 
[INFO] [stdout] 
[INFO] [stdout] warning: unused import: `Transition`
[INFO] [stdout]  --> src/compiler.rs:5:49
[INFO] [stdout]   |
[INFO] [stdout] 5 | use crate::pattern::{Condition, Pattern, State, Transition};
[INFO] [stdout]   |                                                 ^^^^^^^^^^
[INFO] [stdout]   |
[INFO] [stdout]   = note: `#[warn(unused_imports)]` on by default
[INFO] [stdout] 
[INFO] [stdout] 
[INFO] [stdout] warning: unused import: `todo`
[INFO] [stdout]  --> src/pattern.rs:4:5
[INFO] [stdout]   |
[INFO] [stdout] 4 |     todo,
[INFO] [stdout]   |     ^^^^
[INFO] [stdout] 
[INFO] [stdout] 
[INFO] [stdout] warning: unused variable: `expr`
[INFO] [stdout]   --> src/compiler.rs:14:27
[INFO] [stdout]    |
[INFO] [stdout] 14 |     pub fn compile(&self, expr: ast::Expression) -> Result<Pattern> {
[INFO] [stdout]    |                           ^^^^ help: if this is intentional, prefix it with an underscore: `_expr`
[INFO] [stdout]    |
[INFO] [stdout]    = note: `#[warn(unused_variables)]` on by default
[INFO] [stdout] 
[INFO] [stdout] 
[INFO] [stdout] warning: variable does not need to be mutable
[INFO] [stdout]   --> src/compiler.rs:15:13
[INFO] [stdout]    |
[INFO] [stdout] 15 |         let mut states = vec![State::Accept];
[INFO] [stdout]    |             ----^^^^^^
[INFO] [stdout]    |             |
[INFO] [stdout]    |             help: remove this `mut`
[INFO] [stdout]    |
[INFO] [stdout]    = note: `#[warn(unused_mut)]` on by default
[INFO] [stdout] 
[INFO] [stdout] 
[INFO] [stdout] warning: unused variable: `seq`
[INFO] [stdout]   --> src/compiler.rs:22:39
[INFO] [stdout]    |
[INFO] [stdout] 22 |             ast::Expression::Sequence(seq) => {}
[INFO] [stdout]    |                                       ^^^ help: if this is intentional, prefix it with an underscore: `_seq`
[INFO] [stdout] 
[INFO] [stdout] 
[INFO] [stdout] warning: variant `Class` is never constructed
[INFO] [stdout]  --> src/ast.rs:6:5
[INFO] [stdout]   |
[INFO] [stdout] 2 | pub enum Expression {
[INFO] [stdout]   |          ---------- variant in this enum
[INFO] [stdout] ...
[INFO] [stdout] 6 |     Class(Class),                 // []
[INFO] [stdout]   |     ^^^^^
[INFO] [stdout]   |
[INFO] [stdout]   = note: `Expression` has derived impls for the traits `Debug` and `Clone`, but these are intentionally ignored during dead code analysis
[INFO] [stdout]   = note: `#[warn(dead_code)]` on by default
[INFO] [stdout] 
[INFO] [stdout] 
[INFO] [stdout] warning: variants `Alnum`, `Alpha`, `Digit`, `Lower`, `Space`, and `Upper` are never constructed
[INFO] [stdout]   --> src/ast.rs:20:5
[INFO] [stdout]    |
[INFO] [stdout] 19 | pub enum Class {
[INFO] [stdout]    |          ----- variants in this enum
[INFO] [stdout] 20 |     Alnum,
[INFO] [stdout]    |     ^^^^^
[INFO] [stdout] 21 |     Alpha,
[INFO] [stdout]    |     ^^^^^
[INFO] [stdout] 22 |     Digit,
[INFO] [stdout]    |     ^^^^^
[INFO] [stdout] 23 |     Lower,
[INFO] [stdout]    |     ^^^^^
[INFO] [stdout] 24 |     Space,
[INFO] [stdout]    |     ^^^^^
[INFO] [stdout] 25 |     Upper,
[INFO] [stdout]    |     ^^^^^
[INFO] [stdout]    |
[INFO] [stdout]    = note: `Class` has derived impls for the traits `Debug` and `Clone`, but these are intentionally ignored during dead code analysis
[INFO] [stdout] 
[INFO] [stdout] 
[INFO] [stdout] warning: methods `compile_states` and `compile_condition` are never used
[INFO] [stdout]   --> src/compiler.rs:20:8
[INFO] [stdout]    |
[INFO] [stdout] 9  | impl Compiler {
[INFO] [stdout]    | ------------- methods in this implementation
[INFO] [stdout] ...
[INFO] [stdout] 20 |     fn compile_states(&self, expr: ast::Expression) -> Vec<State> {
[INFO] [stdout]    |        ^^^^^^^^^^^^^^
[INFO] [stdout] ...
[INFO] [stdout] 28 |     fn compile_condition(&self, expr: ast::Expression) -> Condition {
[INFO] [stdout]    |        ^^^^^^^^^^^^^^^^^
[INFO] [stdout] 
[INFO] [stdout] 
[INFO] [stdout] warning: associated function `compile` is never used
[INFO] [stdout]   --> src/pattern.rs:18:12
[INFO] [stdout]    |
[INFO] [stdout] 17 | impl Pattern {
[INFO] [stdout]    | ------------ associated function in this implementation
[INFO] [stdout] 18 |     pub fn compile(expr: ast::Expression) -> Result<Pattern> {
[INFO] [stdout]    |            ^^^^^^^
[INFO] [stdout] 
[INFO] [stdout] 
[INFO] [stdout] warning: variant `Match` is never constructed
[INFO] [stdout]   --> src/pattern.rs:46:5
[INFO] [stdout]    |
[INFO] [stdout] 44 | pub enum State {
[INFO] [stdout]    |          ----- variant in this enum
[INFO] [stdout] 45 |     Accept,
[INFO] [stdout] 46 |     Match(Vec<Transition>),
[INFO] [stdout]    |     ^^^^^
[INFO] [stdout] 
[INFO] [stdout] 
[INFO] [stdout] warning: variants `Always`, `Start`, `End`, and `Literal` are never constructed
[INFO] [stdout]   --> src/pattern.rs:55:5
[INFO] [stdout]    |
[INFO] [stdout] 54 | pub enum Condition {
[INFO] [stdout]    |          --------- variants in this enum
[INFO] [stdout] 55 |     Always,
[INFO] [stdout]    |     ^^^^^^
[INFO] [stdout] 56 |     Start,
[INFO] [stdout]    |     ^^^^^
[INFO] [stdout] 57 |     End,
[INFO] [stdout]    |     ^^^
[INFO] [stdout] 58 |     Literal(char),
[INFO] [stdout]    |     ^^^^^^^
[INFO] [stdout] 
[INFO] [stdout] 
[INFO] [stdout] warning: 11 warnings emitted
[INFO] [stdout] 
[INFO] [stdout] 
[INFO] [stderr]     Finished test [unoptimized + debuginfo] target(s) in 0.20s
[INFO] running `Command { std: "docker" "inspect" "739968bf5d18293e0c35139e7d1abf24ced157538caf1811ba833abee814e880", kill_on_drop: false }`
[INFO] running `Command { std: "docker" "rm" "-f" "739968bf5d18293e0c35139e7d1abf24ced157538caf1811ba833abee814e880", kill_on_drop: false }`
[INFO] [stdout] 739968bf5d18293e0c35139e7d1abf24ced157538caf1811ba833abee814e880
[INFO] running `Command { std: "docker" "create" "-v" "/var/lib/crater-agent-workspace/builds/worker-4-tc2/target:/opt/rustwide/target:rw,Z" "-v" "/var/lib/crater-agent-workspace/builds/worker-4-tc2/source:/opt/rustwide/workdir:ro,Z" "-v" "/var/lib/crater-agent-workspace/cargo-home:/opt/rustwide/cargo-home:ro,Z" "-v" "/var/lib/crater-agent-workspace/rustup-home:/opt/rustwide/rustup-home:ro,Z" "-e" "SOURCE_DIR=/opt/rustwide/workdir" "-e" "CARGO_TARGET_DIR=/opt/rustwide/target" "-e" "CARGO_INCREMENTAL=0" "-e" "RUST_BACKTRACE=full" "-e" "RUSTFLAGS=--cap-lints=warn" "-e" "RUSTDOCFLAGS=--cap-lints=warn" "-e" "CARGO_HOME=/opt/rustwide/cargo-home" "-e" "RUSTUP_HOME=/opt/rustwide/rustup-home" "-w" "/opt/rustwide/workdir" "-m" "1610612736" "--user" "0:0" "--network" "none" "ghcr.io/rust-lang/crates-build-env/linux@sha256:2788e3201cd34a07e3172128adcd8b3090168a8e3bcc40d7c032b9dda1df7d1c" "/opt/rustwide/cargo-home/bin/cargo" "+beta-2023-12-22" "test" "--frozen", kill_on_drop: false }`
[INFO] [stdout] 7ad0bfec747ab2ba5c136101388a074b523e81f0834dc5e0312be5c69cf3811a
[INFO] running `Command { std: "docker" "start" "-a" "7ad0bfec747ab2ba5c136101388a074b523e81f0834dc5e0312be5c69cf3811a", kill_on_drop: false }`
[INFO] [stderr] warning: unused import: `Transition`
[INFO] [stderr]  --> src/compiler.rs:5:49
[INFO] [stderr]   |
[INFO] [stderr] 5 | use crate::pattern::{Condition, Pattern, State, Transition};
[INFO] [stderr]   |                                                 ^^^^^^^^^^
[INFO] [stderr]   |
[INFO] [stderr]   = note: `#[warn(unused_imports)]` on by default
[INFO] [stderr] 
[INFO] [stderr] warning: unused import: `todo`
[INFO] [stderr]  --> src/pattern.rs:4:5
[INFO] [stderr]   |
[INFO] [stderr] 4 |     todo,
[INFO] [stderr]   |     ^^^^
[INFO] [stderr] 
[INFO] [stderr] warning: unused variable: `expr`
[INFO] [stderr]   --> src/compiler.rs:14:27
[INFO] [stderr]    |
[INFO] [stderr] 14 |     pub fn compile(&self, expr: ast::Expression) -> Result<Pattern> {
[INFO] [stderr]    |                           ^^^^ help: if this is intentional, prefix it with an underscore: `_expr`
[INFO] [stderr]    |
[INFO] [stderr]    = note: `#[warn(unused_variables)]` on by default
[INFO] [stderr] 
[INFO] [stderr] warning: variable does not need to be mutable
[INFO] [stderr]   --> src/compiler.rs:15:13
[INFO] [stderr]    |
[INFO] [stderr] 15 |         let mut states = vec![State::Accept];
[INFO] [stderr]    |             ----^^^^^^
[INFO] [stderr]    |             |
[INFO] [stderr]    |             help: remove this `mut`
[INFO] [stderr]    |
[INFO] [stderr]    = note: `#[warn(unused_mut)]` on by default
[INFO] [stderr] 
[INFO] [stderr] warning: unused variable: `seq`
[INFO] [stderr]   --> src/compiler.rs:22:39
[INFO] [stderr]    |
[INFO] [stderr] 22 |             ast::Expression::Sequence(seq) => {}
[INFO] [stderr]    |                                       ^^^ help: if this is intentional, prefix it with an underscore: `_seq`
[INFO] [stderr] 
[INFO] [stderr] warning: variant `Class` is never constructed
[INFO] [stderr]  --> src/ast.rs:6:5
[INFO] [stderr]   |
[INFO] [stderr] 2 | pub enum Expression {
[INFO] [stderr]   |          ---------- variant in this enum
[INFO] [stderr] ...
[INFO] [stderr] 6 |     Class(Class),                 // []
[INFO] [stderr]   |     ^^^^^
[INFO] [stderr]   |
[INFO] [stderr]   = note: `Expression` has derived impls for the traits `Debug` and `Clone`, but these are intentionally ignored during dead code analysis
[INFO] [stderr]   = note: `#[warn(dead_code)]` on by default
[INFO] [stderr] 
[INFO] [stderr] warning: variants `Alnum`, `Alpha`, `Digit`, `Lower`, `Space`, and `Upper` are never constructed
[INFO] [stderr]   --> src/ast.rs:20:5
[INFO] [stderr]    |
[INFO] [stderr] 19 | pub enum Class {
[INFO] [stderr]    |          ----- variants in this enum
[INFO] [stderr] 20 |     Alnum,
[INFO] [stderr]    |     ^^^^^
[INFO] [stderr] 21 |     Alpha,
[INFO] [stderr]    |     ^^^^^
[INFO] [stderr] 22 |     Digit,
[INFO] [stderr]    |     ^^^^^
[INFO] [stderr] 23 |     Lower,
[INFO] [stderr]    |     ^^^^^
[INFO] [stderr] 24 |     Space,
[INFO] [stderr]    |     ^^^^^
[INFO] [stderr] 25 |     Upper,
[INFO] [stderr]    |     ^^^^^
[INFO] [stderr]    |
[INFO] [stderr]    = note: `Class` has derived impls for the traits `Debug` and `Clone`, but these are intentionally ignored during dead code analysis
[INFO] [stderr] 
[INFO] [stderr] warning: methods `compile_states` and `compile_condition` are never used
[INFO] [stderr]   --> src/compiler.rs:20:8
[INFO] [stderr]    |
[INFO] [stderr] 9  | impl Compiler {
[INFO] [stderr]    | ------------- methods in this implementation
[INFO] [stderr] ...
[INFO] [stderr] 20 |     fn compile_states(&self, expr: ast::Expression) -> Vec<State> {
[INFO] [stderr]    |        ^^^^^^^^^^^^^^
[INFO] [stderr] ...
[INFO] [stderr] 28 |     fn compile_condition(&self, expr: ast::Expression) -> Condition {
[INFO] [stderr]    |        ^^^^^^^^^^^^^^^^^
[INFO] [stderr] 
[INFO] [stderr] warning: associated function `compile` is never used
[INFO] [stderr]   --> src/pattern.rs:18:12
[INFO] [stderr]    |
[INFO] [stderr] 17 | impl Pattern {
[INFO] [stderr]    | ------------ associated function in this implementation
[INFO] [stderr] 18 |     pub fn compile(expr: ast::Expression) -> Result<Pattern> {
[INFO] [stderr]    |            ^^^^^^^
[INFO] [stderr] 
[INFO] [stderr] warning: variant `Match` is never constructed
[INFO] [stderr]   --> src/pattern.rs:46:5
[INFO] [stderr]    |
[INFO] [stderr] 44 | pub enum State {
[INFO] [stderr]    |          ----- variant in this enum
[INFO] [stderr] 45 |     Accept,
[INFO] [stderr] 46 |     Match(Vec<Transition>),
[INFO] [stderr]    |     ^^^^^
[INFO] [stderr] 
[INFO] [stderr] warning: variants `Always`, `Start`, `End`, and `Literal` are never constructed
[INFO] [stderr]   --> src/pattern.rs:55:5
[INFO] [stderr]    |
[INFO] [stderr] 54 | pub enum Condition {
[INFO] [stderr]    |          --------- variants in this enum
[INFO] [stderr] 55 |     Always,
[INFO] [stderr]    |     ^^^^^^
[INFO] [stderr] 56 |     Start,
[INFO] [stderr]    |     ^^^^^
[INFO] [stderr] 57 |     End,
[INFO] [stderr]    |     ^^^
[INFO] [stderr] 58 |     Literal(char),
[INFO] [stderr]    |     ^^^^^^^
[INFO] [stderr] 
[INFO] [stderr] warning: `rex` (lib) generated 11 warnings (run `cargo fix --lib -p rex` to apply 5 suggestions)
[INFO] [stderr] warning: `rex` (lib test) generated 11 warnings (11 duplicates)
[INFO] [stderr]     Finished test [unoptimized + debuginfo] target(s) in 0.00s
[INFO] [stderr]      Running unittests src/lib.rs (/opt/rustwide/target/debug/deps/rex-f7f4afdaff46f774)
[INFO] [stdout] 
[INFO] [stdout] running 0 tests
[INFO] [stdout] 
[INFO] [stdout] test result: ok. 0 passed; 0 failed; 0 ignored; 0 measured; 0 filtered out; finished in 0.00s
[INFO] [stdout] 
[INFO] [stderr]      Running tests/tests.rs (/opt/rustwide/target/debug/deps/tests-e5969c8784687e87)
[INFO] [stdout] 
[INFO] [stdout] running 5 tests
[INFO] [stdout] test empty ... ok
[INFO] [stdout] test exact ... ok
[INFO] [stdout] test partial ... ok
[INFO] [stdout] test mismatch ... FAILED
[INFO] [stdout] test mismatch_overlap ... FAILED
[INFO] [stdout] 
[INFO] [stdout] failures:
[INFO] [stdout] 
[INFO] [stdout] ---- mismatch stdout ----
[INFO] [stdout] thread 'mismatch' panicked at tests/tests.rs:15:1:
[INFO] [stdout] assertion `left == right` failed
[INFO] [stdout]   left: false
[INFO] [stdout]  right: true
[INFO] [stdout] stack backtrace:
[INFO] [stdout]    0:     0x56426784a7c6 - std::backtrace_rs::backtrace::libunwind::trace::h261606ad26a499c1
[INFO] [stdout]                                at /rustc/0e09125c6c3c2fd70d7de961bcf0e51575235fad/library/std/src/../../backtrace/src/backtrace/libunwind.rs:104:5
[INFO] [stdout]    1:     0x56426784a7c6 - std::backtrace_rs::backtrace::trace_unsynchronized::hd183f0625477fb28
[INFO] [stdout]                                at /rustc/0e09125c6c3c2fd70d7de961bcf0e51575235fad/library/std/src/../../backtrace/src/backtrace/mod.rs:66:5
[INFO] [stdout]    2:     0x56426784a7c6 - std::sys_common::backtrace::_print_fmt::hd7f8fef21b4eda67
[INFO] [stdout]                                at /rustc/0e09125c6c3c2fd70d7de961bcf0e51575235fad/library/std/src/sys_common/backtrace.rs:68:5
[INFO] [stdout]    3:     0x56426784a7c6 - <std::sys_common::backtrace::_print::DisplayBacktrace as core::fmt::Display>::fmt::h623d9b51f2f453f1
[INFO] [stdout]                                at /rustc/0e09125c6c3c2fd70d7de961bcf0e51575235fad/library/std/src/sys_common/backtrace.rs:44:22
[INFO] [stdout]    4:     0x564267873610 - core::fmt::rt::Argument::fmt::h9f417ac76a86f368
[INFO] [stdout]                                at /rustc/0e09125c6c3c2fd70d7de961bcf0e51575235fad/library/core/src/fmt/rt.rs:142:9
[INFO] [stdout]    5:     0x564267873610 - core::fmt::write::hc9b6faf4ac2aeff7
[INFO] [stdout]                                at /rustc/0e09125c6c3c2fd70d7de961bcf0e51575235fad/library/core/src/fmt/mod.rs:1120:17
[INFO] [stdout]    6:     0x56426784822f - std::io::Write::write_fmt::he04625a3a989fec3
[INFO] [stdout]                                at /rustc/0e09125c6c3c2fd70d7de961bcf0e51575235fad/library/std/src/io/mod.rs:1810:15
[INFO] [stdout]    7:     0x56426784a5a4 - std::sys_common::backtrace::_print::hd5d66399c7df88a2
[INFO] [stdout]                                at /rustc/0e09125c6c3c2fd70d7de961bcf0e51575235fad/library/std/src/sys_common/backtrace.rs:47:5
[INFO] [stdout]    8:     0x56426784a5a4 - std::sys_common::backtrace::print::he81ed2da642d37e5
[INFO] [stdout]                                at /rustc/0e09125c6c3c2fd70d7de961bcf0e51575235fad/library/std/src/sys_common/backtrace.rs:34:9
[INFO] [stdout]    9:     0x56426784c317 - std::panicking::default_hook::{{closure}}::h85773f4fa117163d
[INFO] [stdout]   10:     0x56426784bffd - std::panicking::default_hook::h6a1694a91d09b278
[INFO] [stdout]                                at /rustc/0e09125c6c3c2fd70d7de961bcf0e51575235fad/library/std/src/panicking.rs:289:9
[INFO] [stdout]   11:     0x56426781c187 - <alloc::boxed::Box<F,A> as core::ops::function::Fn<Args>>::call::h616ac37fa3cd6c8f
[INFO] [stdout]                                at /rustc/0e09125c6c3c2fd70d7de961bcf0e51575235fad/library/alloc/src/boxed.rs:2029:9
[INFO] [stdout]   12:     0x56426781c187 - test::test_main::{{closure}}::h00d84697cefdcbb6
[INFO] [stdout]                                at /rustc/0e09125c6c3c2fd70d7de961bcf0e51575235fad/library/test/src/lib.rs:138:21
[INFO] [stdout]   13:     0x56426784c936 - <alloc::boxed::Box<F,A> as core::ops::function::Fn<Args>>::call::hcb3fe3b9bb537ba8
[INFO] [stdout]                                at /rustc/0e09125c6c3c2fd70d7de961bcf0e51575235fad/library/alloc/src/boxed.rs:2029:9
[INFO] [stdout]   14:     0x56426784c936 - std::panicking::rust_panic_with_hook::h0a7ad96e90f7145b
[INFO] [stdout]                                at /rustc/0e09125c6c3c2fd70d7de961bcf0e51575235fad/library/std/src/panicking.rs:783:13
[INFO] [stdout]   15:     0x56426784c682 - std::panicking::begin_panic_handler::{{closure}}::h7919090525c6485e
[INFO] [stdout]                                at /rustc/0e09125c6c3c2fd70d7de961bcf0e51575235fad/library/std/src/panicking.rs:657:13
[INFO] [stdout]   16:     0x56426784acc6 - std::sys_common::backtrace::__rust_end_short_backtrace::hf3289479464f7dfe
[INFO] [stdout]                                at /rustc/0e09125c6c3c2fd70d7de961bcf0e51575235fad/library/std/src/sys_common/backtrace.rs:171:18
[INFO] [stdout]   17:     0x56426784c3e0 - rust_begin_unwind
[INFO] [stdout]                                at /rustc/0e09125c6c3c2fd70d7de961bcf0e51575235fad/library/std/src/panicking.rs:645:5
[INFO] [stdout]   18:     0x5642677dfcd5 - core::panicking::panic_fmt::hcc9f77c5c132af55
[INFO] [stdout]                                at /rustc/0e09125c6c3c2fd70d7de961bcf0e51575235fad/library/core/src/panicking.rs:72:14
[INFO] [stdout]   19:     0x5642677e010b - core::panicking::assert_failed_inner::h9f13e27dd63c3a08
[INFO] [stdout]                                at /rustc/0e09125c6c3c2fd70d7de961bcf0e51575235fad/library/core/src/panicking.rs:342:17
[INFO] [stdout]   20:     0x5642677e0b3e - core::panicking::assert_failed::h20b4d910efbc084a
[INFO] [stdout]                                at /rustc/0e09125c6c3c2fd70d7de961bcf0e51575235fad/library/core/src/panicking.rs:297:5
[INFO] [stdout]   21:     0x5642677e1828 - tests::mismatch::h898e2844cc14961e
[INFO] [stdout]                                at /opt/rustwide/workdir/tests/tests.rs:8:13
[INFO] [stdout]   22:     0x5642677e16dd - tests::mismatch::{{closure}}::ha9ee208942084c20
[INFO] [stdout]                                at /opt/rustwide/workdir/tests/tests.rs:7:23
[INFO] [stdout]   23:     0x5642677e08c6 - core::ops::function::FnOnce::call_once::h5518c28c0afc32bc
[INFO] [stdout]                                at /rustc/0e09125c6c3c2fd70d7de961bcf0e51575235fad/library/core/src/ops/function.rs:250:5
[INFO] [stdout]   24:     0x564267821a5f - core::ops::function::FnOnce::call_once::hd64d26f405258157
[INFO] [stdout]                                at /rustc/0e09125c6c3c2fd70d7de961bcf0e51575235fad/library/core/src/ops/function.rs:250:5
[INFO] [stdout]   25:     0x564267821a5f - test::__rust_begin_short_backtrace::he21b0b7a6d731bf9
[INFO] [stdout]                                at /rustc/0e09125c6c3c2fd70d7de961bcf0e51575235fad/library/test/src/lib.rs:627:18
[INFO] [stdout]   26:     0x5642678207e1 - test::run_test_in_process::{{closure}}::hf5c73986d7bdfde2
[INFO] [stdout]                                at /rustc/0e09125c6c3c2fd70d7de961bcf0e51575235fad/library/test/src/lib.rs:650:60
[INFO] [stdout]   27:     0x5642678207e1 - <core::panic::unwind_safe::AssertUnwindSafe<F> as core::ops::function::FnOnce<()>>::call_once::h330011ad032aadc0
[INFO] [stdout]                                at /rustc/0e09125c6c3c2fd70d7de961bcf0e51575235fad/library/core/src/panic/unwind_safe.rs:272:9
[INFO] [stdout]   28:     0x5642678207e1 - std::panicking::try::do_call::he61b0a958b795a41
[INFO] [stdout]                                at /rustc/0e09125c6c3c2fd70d7de961bcf0e51575235fad/library/std/src/panicking.rs:552:40
[INFO] [stdout]   29:     0x5642678207e1 - std::panicking::try::h7309da130f906eb7
[INFO] [stdout]                                at /rustc/0e09125c6c3c2fd70d7de961bcf0e51575235fad/library/std/src/panicking.rs:516:19
[INFO] [stdout]   30:     0x5642678207e1 - std::panic::catch_unwind::hc5c3a06fdaf0a92a
[INFO] [stdout]                                at /rustc/0e09125c6c3c2fd70d7de961bcf0e51575235fad/library/std/src/panic.rs:142:14
[INFO] [stdout]   31:     0x5642678207e1 - test::run_test_in_process::h7e7b7c71c3324e0f
[INFO] [stdout]                                at /rustc/0e09125c6c3c2fd70d7de961bcf0e51575235fad/library/test/src/lib.rs:650:27
[INFO] [stdout]   32:     0x5642678207e1 - test::run_test::{{closure}}::h1f509f28f5cf20b1
[INFO] [stdout]                                at /rustc/0e09125c6c3c2fd70d7de961bcf0e51575235fad/library/test/src/lib.rs:573:43
[INFO] [stdout]   33:     0x5642677e7b16 - test::run_test::{{closure}}::h1754218abf443f6d
[INFO] [stdout]                                at /rustc/0e09125c6c3c2fd70d7de961bcf0e51575235fad/library/test/src/lib.rs:601:41
[INFO] [stdout]   34:     0x5642677e7b16 - std::sys_common::backtrace::__rust_begin_short_backtrace::h2ee174b9d5954948
[INFO] [stdout]                                at /rustc/0e09125c6c3c2fd70d7de961bcf0e51575235fad/library/std/src/sys_common/backtrace.rs:155:18
[INFO] [stdout]   35:     0x5642677ecb77 - std::thread::Builder::spawn_unchecked_::{{closure}}::{{closure}}::hf60bee9c1a17ef09
[INFO] [stdout]                                at /rustc/0e09125c6c3c2fd70d7de961bcf0e51575235fad/library/std/src/thread/mod.rs:529:17
[INFO] [stdout]   36:     0x5642677ecb77 - <core::panic::unwind_safe::AssertUnwindSafe<F> as core::ops::function::FnOnce<()>>::call_once::h33d0dddec5216160
[INFO] [stdout]                                at /rustc/0e09125c6c3c2fd70d7de961bcf0e51575235fad/library/core/src/panic/unwind_safe.rs:272:9
[INFO] [stdout]   37:     0x5642677ecb77 - std::panicking::try::do_call::h144b3048b546f835
[INFO] [stdout]                                at /rustc/0e09125c6c3c2fd70d7de961bcf0e51575235fad/library/std/src/panicking.rs:552:40
[INFO] [stdout]   38:     0x5642677ecb77 - std::panicking::try::h978244d04646189f
[INFO] [stdout]                                at /rustc/0e09125c6c3c2fd70d7de961bcf0e51575235fad/library/std/src/panicking.rs:516:19
[INFO] [stdout]   39:     0x5642677ecb77 - std::panic::catch_unwind::hdf436369d188fe86
[INFO] [stdout]                                at /rustc/0e09125c6c3c2fd70d7de961bcf0e51575235fad/library/std/src/panic.rs:142:14
[INFO] [stdout]   40:     0x5642677ecb77 - std::thread::Builder::spawn_unchecked_::{{closure}}::h87329cbdd33c79ec
[INFO] [stdout]                                at /rustc/0e09125c6c3c2fd70d7de961bcf0e51575235fad/library/std/src/thread/mod.rs:528:30
[INFO] [stdout]   41:     0x5642677ecb77 - core::ops::function::FnOnce::call_once{{vtable.shim}}::h401abbe67897d450
[INFO] [stdout]                                at /rustc/0e09125c6c3c2fd70d7de961bcf0e51575235fad/library/core/src/ops/function.rs:250:5
[INFO] [stdout]   42:     0x5642678513e5 - <alloc::boxed::Box<F,A> as core::ops::function::FnOnce<Args>>::call_once::h5d7c8f150ab9c84c
[INFO] [stdout]                                at /rustc/0e09125c6c3c2fd70d7de961bcf0e51575235fad/library/alloc/src/boxed.rs:2015:9
[INFO] [stdout]   43:     0x5642678513e5 - <alloc::boxed::Box<F,A> as core::ops::function::FnOnce<Args>>::call_once::h570d5b005c242c15
[INFO] [stdout]                                at /rustc/0e09125c6c3c2fd70d7de961bcf0e51575235fad/library/alloc/src/boxed.rs:2015:9
[INFO] [stdout]   44:     0x5642678513e5 - std::sys::unix::thread::Thread::new::thread_start::h36b0a20c0b2361ad
[INFO] [stdout]                                at /rustc/0e09125c6c3c2fd70d7de961bcf0e51575235fad/library/std/src/sys/unix/thread.rs:108:17
[INFO] [stdout]   45:     0x7f740c520ac3 - <unknown>
[INFO] [stdout]   46:     0x7f740c5b1bf4 - __clone
[INFO] [stdout]   47:                0x0 - <unknown>
[INFO] [stdout] 
[INFO] [stdout] ---- mismatch_overlap stdout ----
[INFO] [stdout] thread 'mismatch_overlap' panicked at tests/tests.rs:15:1:
[INFO] [stdout] assertion `left == right` failed
[INFO] [stdout]   left: false
[INFO] [stdout]  right: true
[INFO] [stdout] stack backtrace:
[INFO] [stdout]    0:     0x56426784a7c6 - std::backtrace_rs::backtrace::libunwind::trace::h261606ad26a499c1
[INFO] [stdout]                                at /rustc/0e09125c6c3c2fd70d7de961bcf0e51575235fad/library/std/src/../../backtrace/src/backtrace/libunwind.rs:104:5
[INFO] [stdout]    1:     0x56426784a7c6 - std::backtrace_rs::backtrace::trace_unsynchronized::hd183f0625477fb28
[INFO] [stdout]                                at /rustc/0e09125c6c3c2fd70d7de961bcf0e51575235fad/library/std/src/../../backtrace/src/backtrace/mod.rs:66:5
[INFO] [stdout]    2:     0x56426784a7c6 - std::sys_common::backtrace::_print_fmt::hd7f8fef21b4eda67
[INFO] [stdout]                                at /rustc/0e09125c6c3c2fd70d7de961bcf0e51575235fad/library/std/src/sys_common/backtrace.rs:68:5
[INFO] [stdout]    3:     0x56426784a7c6 - <std::sys_common::backtrace::_print::DisplayBacktrace as core::fmt::Display>::fmt::h623d9b51f2f453f1
[INFO] [stdout]                                at /rustc/0e09125c6c3c2fd70d7de961bcf0e51575235fad/library/std/src/sys_common/backtrace.rs:44:22
[INFO] [stdout]    4:     0x564267873610 - core::fmt::rt::Argument::fmt::h9f417ac76a86f368
[INFO] [stdout]                                at /rustc/0e09125c6c3c2fd70d7de961bcf0e51575235fad/library/core/src/fmt/rt.rs:142:9
[INFO] [stdout]    5:     0x564267873610 - core::fmt::write::hc9b6faf4ac2aeff7
[INFO] [stdout]                                at /rustc/0e09125c6c3c2fd70d7de961bcf0e51575235fad/library/core/src/fmt/mod.rs:1120:17
[INFO] [stdout]    6:     0x56426784822f - std::io::Write::write_fmt::he04625a3a989fec3
[INFO] [stdout]                                at /rustc/0e09125c6c3c2fd70d7de961bcf0e51575235fad/library/std/src/io/mod.rs:1810:15
[INFO] [stdout]    7:     0x56426784a5a4 - std::sys_common::backtrace::_print::hd5d66399c7df88a2
[INFO] [stdout]                                at /rustc/0e09125c6c3c2fd70d7de961bcf0e51575235fad/library/std/src/sys_common/backtrace.rs:47:5
[INFO] [stdout]    8:     0x56426784a5a4 - std::sys_common::backtrace::print::he81ed2da642d37e5
[INFO] [stdout]                                at /rustc/0e09125c6c3c2fd70d7de961bcf0e51575235fad/library/std/src/sys_common/backtrace.rs:34:9
[INFO] [stdout]    9:     0x56426784c317 - std::panicking::default_hook::{{closure}}::h85773f4fa117163d
[INFO] [stdout]   10:     0x56426784bffd - std::panicking::default_hook::h6a1694a91d09b278
[INFO] [stdout]                                at /rustc/0e09125c6c3c2fd70d7de961bcf0e51575235fad/library/std/src/panicking.rs:289:9
[INFO] [stdout]   11:     0x56426781c187 - <alloc::boxed::Box<F,A> as core::ops::function::Fn<Args>>::call::h616ac37fa3cd6c8f
[INFO] [stdout]                                at /rustc/0e09125c6c3c2fd70d7de961bcf0e51575235fad/library/alloc/src/boxed.rs:2029:9
[INFO] [stdout]   12:     0x56426781c187 - test::test_main::{{closure}}::h00d84697cefdcbb6
[INFO] [stdout]                                at /rustc/0e09125c6c3c2fd70d7de961bcf0e51575235fad/library/test/src/lib.rs:138:21
[INFO] [stdout]   13:     0x56426784c936 - <alloc::boxed::Box<F,A> as core::ops::function::Fn<Args>>::call::hcb3fe3b9bb537ba8
[INFO] [stdout]                                at /rustc/0e09125c6c3c2fd70d7de961bcf0e51575235fad/library/alloc/src/boxed.rs:2029:9
[INFO] [stdout]   14:     0x56426784c936 - std::panicking::rust_panic_with_hook::h0a7ad96e90f7145b
[INFO] [stdout]                                at /rustc/0e09125c6c3c2fd70d7de961bcf0e51575235fad/library/std/src/panicking.rs:783:13
[INFO] [stdout]   15:     0x56426784c682 - std::panicking::begin_panic_handler::{{closure}}::h7919090525c6485e
[INFO] [stdout]                                at /rustc/0e09125c6c3c2fd70d7de961bcf0e51575235fad/library/std/src/panicking.rs:657:13
[INFO] [stdout]   16:     0x56426784acc6 - std::sys_common::backtrace::__rust_end_short_backtrace::hf3289479464f7dfe
[INFO] [stdout]                                at /rustc/0e09125c6c3c2fd70d7de961bcf0e51575235fad/library/std/src/sys_common/backtrace.rs:171:18
[INFO] [stdout]   17:     0x56426784c3e0 - rust_begin_unwind
[INFO] [stdout]                                at /rustc/0e09125c6c3c2fd70d7de961bcf0e51575235fad/library/std/src/panicking.rs:645:5
[INFO] [stdout]   18:     0x5642677dfcd5 - core::panicking::panic_fmt::hcc9f77c5c132af55
[INFO] [stdout]                                at /rustc/0e09125c6c3c2fd70d7de961bcf0e51575235fad/library/core/src/panicking.rs:72:14
[INFO] [stdout]   19:     0x5642677e010b - core::panicking::assert_failed_inner::h9f13e27dd63c3a08
[INFO] [stdout]                                at /rustc/0e09125c6c3c2fd70d7de961bcf0e51575235fad/library/core/src/panicking.rs:342:17
[INFO] [stdout]   20:     0x5642677e0b3e - core::panicking::assert_failed::h20b4d910efbc084a
[INFO] [stdout]                                at /rustc/0e09125c6c3c2fd70d7de961bcf0e51575235fad/library/core/src/panicking.rs:297:5
[INFO] [stdout]   21:     0x5642677e19ba - tests::mismatch_overlap::h4ff49db8d5c1e8ec
[INFO] [stdout]                                at /opt/rustwide/workdir/tests/tests.rs:8:13
[INFO] [stdout]   22:     0x5642677e186d - tests::mismatch_overlap::{{closure}}::h093b177cacc0b2cf
[INFO] [stdout]                                at /opt/rustwide/workdir/tests/tests.rs:7:23
[INFO] [stdout]   23:     0x5642677e0a16 - core::ops::function::FnOnce::call_once::hfd316f95ea094030
[INFO] [stdout]                                at /rustc/0e09125c6c3c2fd70d7de961bcf0e51575235fad/library/core/src/ops/function.rs:250:5
[INFO] [stdout]   24:     0x564267821a5f - core::ops::function::FnOnce::call_once::hd64d26f405258157
[INFO] [stdout]                                at /rustc/0e09125c6c3c2fd70d7de961bcf0e51575235fad/library/core/src/ops/function.rs:250:5
[INFO] [stdout]   25:     0x564267821a5f - test::__rust_begin_short_backtrace::he21b0b7a6d731bf9
[INFO] [stdout]                                at /rustc/0e09125c6c3c2fd70d7de961bcf0e51575235fad/library/test/src/lib.rs:627:18
[INFO] [stdout]   26:     0x5642678207e1 - test::run_test_in_process::{{closure}}::hf5c73986d7bdfde2
[INFO] [stdout]                                at /rustc/0e09125c6c3c2fd70d7de961bcf0e51575235fad/library/test/src/lib.rs:650:60
[INFO] [stdout]   27:     0x5642678207e1 - <core::panic::unwind_safe::AssertUnwindSafe<F> as core::ops::function::FnOnce<()>>::call_once::h330011ad032aadc0
[INFO] [stdout]                                at /rustc/0e09125c6c3c2fd70d7de961bcf0e51575235fad/library/core/src/panic/unwind_safe.rs:272:9
[INFO] [stdout]   28:     0x5642678207e1 - std::panicking::try::do_call::he61b0a958b795a41
[INFO] [stdout]                                at /rustc/0e09125c6c3c2fd70d7de961bcf0e51575235fad/library/std/src/panicking.rs:552:40
[INFO] [stdout]   29:     0x5642678207e1 - std::panicking::try::h7309da130f906eb7
[INFO] [stdout]                                at /rustc/0e09125c6c3c2fd70d7de961bcf0e51575235fad/library/std/src/panicking.rs:516:19
[INFO] [stdout]   30:     0x5642678207e1 - std::panic::catch_unwind::hc5c3a06fdaf0a92a
[INFO] [stdout]                                at /rustc/0e09125c6c3c2fd70d7de961bcf0e51575235fad/library/std/src/panic.rs:142:14
[INFO] [stdout]   31:     0x5642678207e1 - test::run_test_in_process::h7e7b7c71c3324e0f
[INFO] [stdout]                                at /rustc/0e09125c6c3c2fd70d7de961bcf0e51575235fad/library/test/src/lib.rs:650:27
[INFO] [stdout]   32:     0x5642678207e1 - test::run_test::{{closure}}::h1f509f28f5cf20b1
[INFO] [stdout]                                at /rustc/0e09125c6c3c2fd70d7de961bcf0e51575235fad/library/test/src/lib.rs:573:43
[INFO] [stdout]   33:     0x5642677e7b16 - test::run_test::{{closure}}::h1754218abf443f6d
[INFO] [stdout]                                at /rustc/0e09125c6c3c2fd70d7de961bcf0e51575235fad/library/test/src/lib.rs:601:41
[INFO] [stdout]   34:     0x5642677e7b16 - std::sys_common::backtrace::__rust_begin_short_backtrace::h2ee174b9d5954948
[INFO] [stdout]                                at /rustc/0e09125c6c3c2fd70d7de961bcf0e51575235fad/library/std/src/sys_common/backtrace.rs:155:18
[INFO] [stdout]   35:     0x5642677ecb77 - std::thread::Builder::spawn_unchecked_::{{closure}}::{{closure}}::hf60bee9c1a17ef09
[INFO] [stdout]                                at /rustc/0e09125c6c3c2fd70d7de961bcf0e51575235fad/library/std/src/thread/mod.rs:529:17
[INFO] [stdout]   36:     0x5642677ecb77 - <core::panic::unwind_safe::AssertUnwindSafe<F> as core::ops::function::FnOnce<()>>::call_once::h33d0dddec5216160
[INFO] [stdout]                                at /rustc/0e09125c6c3c2fd70d7de961bcf0e51575235fad/library/core/src/panic/unwind_safe.rs:272:9
[INFO] [stdout]   37:     0x5642677ecb77 - std::panicking::try::do_call::h144b3048b546f835
[INFO] [stdout]                                at /rustc/0e09125c6c3c2fd70d7de961bcf0e51575235fad/library/std/src/panicking.rs:552:40
[INFO] [stdout]   38:     0x5642677ecb77 - std::panicking::try::h978244d04646189f
[INFO] [stdout]                                at /rustc/0e09125c6c3c2fd70d7de961bcf0e51575235fad/library/std/src/panicking.rs:516:19
[INFO] [stdout]   39:     0x5642677ecb77 - std::panic::catch_unwind::hdf436369d188fe86
[INFO] [stdout]                                at /rustc/0e09125c6c3c2fd70d7de961bcf0e51575235fad/library/std/src/panic.rs:142:14
[INFO] [stdout]   40:     0x5642677ecb77 - std::thread::Builder::spawn_unchecked_::{{closure}}::h87329cbdd33c79ec
[INFO] [stdout]                                at /rustc/0e09125c6c3c2fd70d7de961bcf0e51575235fad/library/std/src/thread/mod.rs:528:30
[INFO] [stdout]   41:     0x5642677ecb77 - core::ops::function::FnOnce::call_once{{vtable.shim}}::h401abbe67897d450
[INFO] [stdout]                                at /rustc/0e09125c6c3c2fd70d7de961bcf0e51575235fad/library/core/src/ops/function.rs:250:5
[INFO] [stdout]   42:     0x5642678513e5 - <alloc::boxed::Box<F,A> as core::ops::function::FnOnce<Args>>::call_once::h5d7c8f150ab9c84c
[INFO] [stdout]                                at /rustc/0e09125c6c3c2fd70d7de961bcf0e51575235fad/library/alloc/src/boxed.rs:2015:9
[INFO] [stdout]   43:     0x5642678513e5 - <alloc::boxed::Box<F,A> as core::ops::function::FnOnce<Args>>::call_once::h570d5b005c242c15
[INFO] [stdout]                                at /rustc/0e09125c6c3c2fd70d7de961bcf0e51575235fad/library/alloc/src/boxed.rs:2015:9
[INFO] [stdout]   44:     0x5642678513e5 - std::sys::unix::thread::Thread::new::thread_start::h36b0a20c0b2361ad
[INFO] [stdout]                                at /rustc/0e09125c6c3c2fd70d7de961bcf0e51575235fad/library/std/src/sys/unix/thread.rs:108:17
[INFO] [stdout]   45:     0x7f740c520ac3 - <unknown>
[INFO] [stdout]   46:     0x7f740c5b1bf4 - __clone
[INFO] [stdout]   47:                0x0 - <unknown>
[INFO] [stdout] 
[INFO] [stdout] 
[INFO] [stdout] failures:
[INFO] [stdout]     mismatch
[INFO] [stdout]     mismatch_overlap
[INFO] [stdout] 
[INFO] [stdout] test result: FAILED. 3 passed; 2 failed; 0 ignored; 0 measured; 0 filtered out; finished in 0.01s
[INFO] [stdout] 
[INFO] [stderr] error: test failed, to rerun pass `--test tests`
[INFO] running `Command { std: "docker" "inspect" "7ad0bfec747ab2ba5c136101388a074b523e81f0834dc5e0312be5c69cf3811a", kill_on_drop: false }`
[INFO] running `Command { std: "docker" "rm" "-f" "7ad0bfec747ab2ba5c136101388a074b523e81f0834dc5e0312be5c69cf3811a", kill_on_drop: false }`
[INFO] [stdout] 7ad0bfec747ab2ba5c136101388a074b523e81f0834dc5e0312be5c69cf3811a
