[INFO] cloning repository https://github.com/eramoss/Andarilho
[INFO] running `Command { std: "git" "-c" "credential.helper=" "-c" "credential.helper=/workspace/cargo-home/bin/git-credential-null" "clone" "--bare" "https://github.com/eramoss/Andarilho" "/workspace/cache/git-repos/https%3A%2F%2Fgithub.com%2Feramoss%2FAndarilho", kill_on_drop: false }`
[INFO] [stderr] Cloning into bare repository '/workspace/cache/git-repos/https%3A%2F%2Fgithub.com%2Feramoss%2FAndarilho'...
[INFO] running `Command { std: "git" "rev-parse" "HEAD", kill_on_drop: false }`
[INFO] [stdout] 0104cfb120a2be8ce04ee0baa4398ebaa6d8eafb
[INFO] testing eramoss/Andarilho against 1.75.0 for beta-1.76-1
[INFO] running `Command { std: "git" "clone" "/workspace/cache/git-repos/https%3A%2F%2Fgithub.com%2Feramoss%2FAndarilho" "/workspace/builds/worker-2-tc1/source", kill_on_drop: false }`
[INFO] [stderr] Cloning into '/workspace/builds/worker-2-tc1/source'...
[INFO] [stderr] done.
[INFO] validating manifest of git repo https://github.com/eramoss/Andarilho on toolchain 1.75.0
[INFO] running `Command { std: CARGO_HOME="/workspace/cargo-home" RUSTUP_HOME="/workspace/rustup-home" "/workspace/cargo-home/bin/cargo" "+1.75.0" "metadata" "--manifest-path" "Cargo.toml" "--no-deps", kill_on_drop: false }`
[INFO] started tweaking git repo https://github.com/eramoss/Andarilho
[INFO] finished tweaking git repo https://github.com/eramoss/Andarilho
[INFO] tweaked toml for git repo https://github.com/eramoss/Andarilho written to /workspace/builds/worker-2-tc1/source/Cargo.toml
[INFO] crate git repo https://github.com/eramoss/Andarilho already has a lockfile, it will not be regenerated
[INFO] running `Command { std: CARGO_HOME="/workspace/cargo-home" RUSTUP_HOME="/workspace/rustup-home" "/workspace/cargo-home/bin/cargo" "+1.75.0" "fetch" "--manifest-path" "Cargo.toml", kill_on_drop: false }`
[INFO] [stderr]  Downloading crates ...
[INFO] [stderr]   Downloaded rustversion v1.0.13
[INFO] [stderr]   Downloaded ref-cast v1.0.18
[INFO] [stderr]   Downloaded ref-cast-impl v1.0.18
[INFO] [stderr]   Downloaded serde_derive v1.0.170
[INFO] [stderr]   Downloaded serde_repr v0.1.14
[INFO] [stderr]   Downloaded serde v1.0.170
[INFO] running `Command { std: "docker" "create" "-v" "/var/lib/crater-agent-workspace/builds/worker-2-tc1/target:/opt/rustwide/target:rw,Z" "-v" "/var/lib/crater-agent-workspace/builds/worker-2-tc1/source:/opt/rustwide/workdir:ro,Z" "-v" "/var/lib/crater-agent-workspace/cargo-home:/opt/rustwide/cargo-home:ro,Z" "-v" "/var/lib/crater-agent-workspace/rustup-home:/opt/rustwide/rustup-home:ro,Z" "-e" "SOURCE_DIR=/opt/rustwide/workdir" "-e" "CARGO_TARGET_DIR=/opt/rustwide/target" "-e" "CARGO_HOME=/opt/rustwide/cargo-home" "-e" "RUSTUP_HOME=/opt/rustwide/rustup-home" "-w" "/opt/rustwide/workdir" "-m" "1610612736" "--user" "0:0" "--network" "none" "ghcr.io/rust-lang/crates-build-env/linux@sha256:2788e3201cd34a07e3172128adcd8b3090168a8e3bcc40d7c032b9dda1df7d1c" "/opt/rustwide/cargo-home/bin/cargo" "+1.75.0" "metadata" "--no-deps" "--format-version=1", kill_on_drop: false }`
[INFO] [stdout] ae5a1d3156cff87e57a8fd4ad1c28a62309dea4a18c7de0f0ac0d592d94ae465
[INFO] running `Command { std: "docker" "start" "-a" "ae5a1d3156cff87e57a8fd4ad1c28a62309dea4a18c7de0f0ac0d592d94ae465", kill_on_drop: false }`
[INFO] running `Command { std: "docker" "inspect" "ae5a1d3156cff87e57a8fd4ad1c28a62309dea4a18c7de0f0ac0d592d94ae465", kill_on_drop: false }`
[INFO] running `Command { std: "docker" "rm" "-f" "ae5a1d3156cff87e57a8fd4ad1c28a62309dea4a18c7de0f0ac0d592d94ae465", kill_on_drop: false }`
[INFO] [stdout] ae5a1d3156cff87e57a8fd4ad1c28a62309dea4a18c7de0f0ac0d592d94ae465
[INFO] running `Command { std: "docker" "create" "-v" "/var/lib/crater-agent-workspace/builds/worker-2-tc1/target:/opt/rustwide/target:rw,Z" "-v" "/var/lib/crater-agent-workspace/builds/worker-2-tc1/source:/opt/rustwide/workdir:ro,Z" "-v" "/var/lib/crater-agent-workspace/cargo-home:/opt/rustwide/cargo-home:ro,Z" "-v" "/var/lib/crater-agent-workspace/rustup-home:/opt/rustwide/rustup-home:ro,Z" "-e" "SOURCE_DIR=/opt/rustwide/workdir" "-e" "CARGO_TARGET_DIR=/opt/rustwide/target" "-e" "CARGO_INCREMENTAL=0" "-e" "RUST_BACKTRACE=full" "-e" "RUSTFLAGS=--cap-lints=warn" "-e" "RUSTDOCFLAGS=--cap-lints=warn" "-e" "CARGO_HOME=/opt/rustwide/cargo-home" "-e" "RUSTUP_HOME=/opt/rustwide/rustup-home" "-w" "/opt/rustwide/workdir" "-m" "1610612736" "--user" "0:0" "--network" "none" "ghcr.io/rust-lang/crates-build-env/linux@sha256:2788e3201cd34a07e3172128adcd8b3090168a8e3bcc40d7c032b9dda1df7d1c" "/opt/rustwide/cargo-home/bin/cargo" "+1.75.0" "build" "--frozen" "--message-format=json", kill_on_drop: false }`
[INFO] [stdout] cd522ac548552f814f1597c2bfd06b2e37937734f8182dd8c0d8abb7a89f2735
[INFO] running `Command { std: "docker" "start" "-a" "cd522ac548552f814f1597c2bfd06b2e37937734f8182dd8c0d8abb7a89f2735", kill_on_drop: false }`
[INFO] [stderr]    Compiling proc-macro2 v1.0.63
[INFO] [stderr]    Compiling quote v1.0.29
[INFO] [stderr]    Compiling unicode-ident v1.0.10
[INFO] [stderr]    Compiling autocfg v1.1.0
[INFO] [stderr]    Compiling version_check v0.9.4
[INFO] [stderr]    Compiling libc v0.2.147
[INFO] [stderr]    Compiling pin-project-lite v0.2.10
[INFO] [stderr]    Compiling serde v1.0.170
[INFO] [stderr]    Compiling once_cell v1.18.0
[INFO] [stderr]    Compiling itoa v1.0.8
[INFO] [stderr]    Compiling futures-channel v0.3.28
[INFO] [stderr]    Compiling bytes v1.4.0
[INFO] [stderr]    Compiling futures-core v0.3.28
[INFO] [stderr]    Compiling pin-utils v0.1.0
[INFO] [stderr]    Compiling smallvec v1.11.0
[INFO] [stderr]    Compiling lock_api v0.4.10
[INFO] [stderr]    Compiling parking_lot_core v0.9.8
[INFO] [stderr]    Compiling fnv v1.0.7
[INFO] [stderr]    Compiling scopeguard v1.1.0
[INFO] [stderr]    Compiling slab v0.4.8
[INFO] [stderr]    Compiling tokio v1.29.1
[INFO] [stderr]    Compiling tracing-core v0.1.31
[INFO] [stderr]    Compiling http v0.2.9
[INFO] [stderr]    Compiling futures-task v0.3.28
[INFO] [stderr]    Compiling futures-sink v0.3.28
[INFO] [stderr]    Compiling proc-macro2-diagnostics v0.10.0
[INFO] [stderr]    Compiling httparse v1.8.0
[INFO] [stderr]    Compiling futures-util v0.3.28
[INFO] [stderr]    Compiling syn v2.0.25
[INFO] [stderr]    Compiling tracing v0.1.37
[INFO] [stderr]    Compiling futures-io v0.3.28
[INFO] [stderr]    Compiling hashbrown v0.12.3
[INFO] [stderr]    Compiling percent-encoding v2.3.0
[INFO] [stderr]    Compiling cc v1.0.79
[INFO] [stderr]    Compiling yansi v0.5.1
[INFO] [stderr]    Compiling time-core v0.1.1
[INFO] [stderr]    Compiling time-macros v0.2.9
[INFO] [stderr]    Compiling parking_lot v0.12.1
[INFO] [stderr]    Compiling num_cpus v1.16.0
[INFO] [stderr]    Compiling mio v0.8.8
[INFO] [stderr]    Compiling signal-hook-registry v1.4.1
[INFO] [stderr]    Compiling socket2 v0.4.9
[INFO] [stderr]    Compiling try-lock v0.2.4
[INFO] [stderr]    Compiling http-body v0.4.5
[INFO] [stderr]    Compiling want v0.3.1
[INFO] [stderr]    Compiling indexmap v1.9.3
[INFO] [stderr]    Compiling equivalent v1.0.0
[INFO] [stderr]    Compiling ring v0.16.20
[INFO] [stderr]    Compiling httpdate v1.0.2
[INFO] [stderr]    Compiling log v0.4.19
[INFO] [stderr]    Compiling hashbrown v0.14.0
[INFO] [stderr]    Compiling tower-service v0.3.2
[INFO] [stderr]    Compiling untrusted v0.7.1
[INFO] [stderr]    Compiling spin v0.5.2
[INFO] [stderr]    Compiling tinyvec_macros v0.1.1
[INFO] [stderr]    Compiling tinyvec v1.6.0
[INFO] [stderr]    Compiling indexmap v2.0.0
[INFO] [stderr]    Compiling cookie v0.17.0
[INFO] [stderr]    Compiling ref-cast v1.0.18
[INFO] [stderr]    Compiling time v0.3.22
[INFO] [stderr]    Compiling rustls v0.20.8
[INFO] [stderr]    Compiling inlinable_string v0.1.15
[INFO] [stderr]    Compiling unicode-normalization v0.1.22
[INFO] [stderr]    Compiling proc-macro-error-attr v1.0.4
[INFO] [stderr]    Compiling uncased v0.9.9
[INFO] [stderr]    Compiling cookie v0.16.2
[INFO] [stderr]    Compiling serde_json v1.0.100
[INFO] [stderr]    Compiling io-lifetimes v1.0.11
[INFO] [stderr]    Compiling base64 v0.21.2
[INFO] [stderr]    Compiling bitflags v2.3.3
[INFO] [stderr]    Compiling unicode-bidi v0.3.13
[INFO] [stderr]    Compiling syn v1.0.109
[INFO] [stderr]    Compiling rustls-pemfile v1.0.3
[INFO] [stderr]    Compiling idna v0.4.0
[INFO] [stderr]    Compiling devise_core v0.4.1
[INFO] [stderr]    Compiling getrandom v0.2.10
[INFO] [stderr]    Compiling form_urlencoded v1.2.0
[INFO] [stderr]    Compiling num-traits v0.2.15
[INFO] [stderr]    Compiling proc-macro-error v1.0.4
[INFO] [stderr]    Compiling stable-pattern v0.1.0
[INFO] [stderr]    Compiling aho-corasick v1.0.2
[INFO] [stderr]    Compiling ryu v1.0.14
[INFO] [stderr]    Compiling either v1.8.1
[INFO] [stderr]    Compiling async-trait v0.1.71
[INFO] [stderr]    Compiling mime v0.3.17
[INFO] [stderr]    Compiling webpki v0.22.0
[INFO] [stderr]    Compiling sct v0.7.0
[INFO] [stderr]    Compiling rustix v0.37.23
[INFO] [stderr]    Compiling rustix v0.38.3
[INFO] [stderr]    Compiling regex-syntax v0.7.3
[INFO] [stderr]    Compiling openssl-probe v0.1.5
[INFO] [stderr]    Compiling state v0.5.3
[INFO] [stderr]    Compiling winnow v0.4.9
[INFO] [stderr]    Compiling futures v0.3.28
[INFO] [stderr]    Compiling rustls-native-certs v0.6.3
[INFO] [stderr]    Compiling serde_derive v1.0.170
[INFO] [stderr]    Compiling tokio-macros v2.1.0
[INFO] [stderr]    Compiling futures-macro v0.3.28
[INFO] [stderr]    Compiling pear_codegen v0.2.4
[INFO] [stderr]    Compiling ref-cast-impl v1.0.18
[INFO] [stderr]    Compiling regex-automata v0.3.2
[INFO] [stderr]    Compiling hyper v0.14.27
[INFO] [stderr]    Compiling pear v0.2.4
[INFO] [stderr]    Compiling devise_codegen v0.4.1
[INFO] [stderr]    Compiling rand_core v0.6.4
[INFO] [stderr]    Compiling url v2.4.0
[INFO] [stderr]    Compiling futures-executor v0.3.28
[INFO] [stderr]    Compiling tempfile v3.6.0
[INFO] [stderr]    Compiling multer v2.1.0
[INFO] [stderr]    Compiling figment v0.10.10
[INFO] [stderr]    Compiling base64 v0.13.1
[INFO] [stderr]    Compiling tokio-util v0.7.8
[INFO] [stderr]    Compiling tokio-rustls v0.23.4
[INFO] [stderr]    Compiling linux-raw-sys v0.3.8
[INFO] [stderr]    Compiling unicode-segmentation v1.10.1
[INFO] [stderr]    Compiling linux-raw-sys v0.4.3
[INFO] [stderr]    Compiling thiserror v1.0.43
[INFO] [stderr]    Compiling rand_chacha v0.3.1
[INFO] [stderr]    Compiling rocket_http v0.5.0-rc.3
[INFO] [stderr]    Compiling regex v1.9.1
[INFO] [stderr]    Compiling devise v0.4.1
[INFO] [stderr]    Compiling toml_datetime v0.6.3
[INFO] [stderr]    Compiling serde_spanned v0.6.3
[INFO] [stderr]    Compiling toml_edit v0.19.12
[INFO] [stderr]    Compiling h2 v0.3.20
[INFO] [stderr]    Compiling async-stream-impl v0.3.5
[INFO] [stderr]    Compiling thiserror-impl v1.0.43
[INFO] [stderr]    Compiling webdriver v0.46.0
[INFO] [stderr]    Compiling time v0.1.45
[INFO] [stderr]    Compiling toml v0.7.6
[INFO] [stderr]    Compiling rocket v0.5.0-rc.3
[INFO] [stderr]    Compiling encoding_rs v0.8.32
[INFO] [stderr]    Compiling fastrand v1.9.0
[INFO] [stderr]    Compiling glob v0.3.1
[INFO] [stderr]    Compiling spin v0.9.8
[INFO] [stderr]    Compiling iana-time-zone v0.1.57
[INFO] [stderr]    Compiling unicode-xid v0.2.4
[INFO] [stderr]    Compiling thirtyfour-macros v0.1.1
[INFO] [stderr]    Compiling chrono v0.4.26
[INFO] [stderr]    Compiling rocket_codegen v0.5.0-rc.3
[INFO] [stderr]    Compiling async-stream v0.3.5
[INFO] [stderr]    Compiling ubyte v0.10.3
[INFO] [stderr]    Compiling stringmatch v0.4.0
[INFO] [stderr]    Compiling is-terminal v0.4.9
[INFO] [stderr]    Compiling rand v0.8.5
[INFO] [stderr]    Compiling tokio-stream v0.1.14
[INFO] [stderr]    Compiling serde_repr v0.1.14
[INFO] [stderr]    Compiling urlparse v0.7.3
[INFO] [stderr]    Compiling binascii v0.1.4
[INFO] [stderr]    Compiling atomic v0.5.3
[INFO] [stderr]    Compiling urlencoding v1.3.3
[INFO] [stderr]    Compiling hyper-rustls v0.23.2
[INFO] [stderr]    Compiling fantoccini v0.19.3
[INFO] [stderr]    Compiling thirtyfour v0.31.0
[INFO] [stderr]    Compiling andarilho v0.1.0 (/opt/rustwide/workdir)
[INFO] [stderr]     Finished dev [unoptimized + debuginfo] target(s) in 36.24s
[INFO] running `Command { std: "docker" "inspect" "cd522ac548552f814f1597c2bfd06b2e37937734f8182dd8c0d8abb7a89f2735", kill_on_drop: false }`
[INFO] running `Command { std: "docker" "rm" "-f" "cd522ac548552f814f1597c2bfd06b2e37937734f8182dd8c0d8abb7a89f2735", kill_on_drop: false }`
[INFO] [stdout] cd522ac548552f814f1597c2bfd06b2e37937734f8182dd8c0d8abb7a89f2735
[INFO] running `Command { std: "docker" "create" "-v" "/var/lib/crater-agent-workspace/builds/worker-2-tc1/target:/opt/rustwide/target:rw,Z" "-v" "/var/lib/crater-agent-workspace/builds/worker-2-tc1/source:/opt/rustwide/workdir:ro,Z" "-v" "/var/lib/crater-agent-workspace/cargo-home:/opt/rustwide/cargo-home:ro,Z" "-v" "/var/lib/crater-agent-workspace/rustup-home:/opt/rustwide/rustup-home:ro,Z" "-e" "SOURCE_DIR=/opt/rustwide/workdir" "-e" "CARGO_TARGET_DIR=/opt/rustwide/target" "-e" "CARGO_INCREMENTAL=0" "-e" "RUST_BACKTRACE=full" "-e" "RUSTFLAGS=--cap-lints=warn" "-e" "RUSTDOCFLAGS=--cap-lints=warn" "-e" "CARGO_HOME=/opt/rustwide/cargo-home" "-e" "RUSTUP_HOME=/opt/rustwide/rustup-home" "-w" "/opt/rustwide/workdir" "-m" "1610612736" "--user" "0:0" "--network" "none" "ghcr.io/rust-lang/crates-build-env/linux@sha256:2788e3201cd34a07e3172128adcd8b3090168a8e3bcc40d7c032b9dda1df7d1c" "/opt/rustwide/cargo-home/bin/cargo" "+1.75.0" "test" "--frozen" "--no-run" "--message-format=json", kill_on_drop: false }`
[INFO] [stdout] 34705b3dee019dfda3d3043b1a36d1df1db934c8fdd748c886078613b394aa97
[INFO] running `Command { std: "docker" "start" "-a" "34705b3dee019dfda3d3043b1a36d1df1db934c8fdd748c886078613b394aa97", kill_on_drop: false }`
[INFO] [stderr]    Compiling andarilho v0.1.0 (/opt/rustwide/workdir)
[INFO] [stderr]     Finished test [unoptimized + debuginfo] target(s) in 7.31s
[INFO] running `Command { std: "docker" "inspect" "34705b3dee019dfda3d3043b1a36d1df1db934c8fdd748c886078613b394aa97", kill_on_drop: false }`
[INFO] running `Command { std: "docker" "rm" "-f" "34705b3dee019dfda3d3043b1a36d1df1db934c8fdd748c886078613b394aa97", kill_on_drop: false }`
[INFO] [stdout] 34705b3dee019dfda3d3043b1a36d1df1db934c8fdd748c886078613b394aa97
[INFO] running `Command { std: "docker" "create" "-v" "/var/lib/crater-agent-workspace/builds/worker-2-tc1/target:/opt/rustwide/target:rw,Z" "-v" "/var/lib/crater-agent-workspace/builds/worker-2-tc1/source:/opt/rustwide/workdir:ro,Z" "-v" "/var/lib/crater-agent-workspace/cargo-home:/opt/rustwide/cargo-home:ro,Z" "-v" "/var/lib/crater-agent-workspace/rustup-home:/opt/rustwide/rustup-home:ro,Z" "-e" "SOURCE_DIR=/opt/rustwide/workdir" "-e" "CARGO_TARGET_DIR=/opt/rustwide/target" "-e" "CARGO_INCREMENTAL=0" "-e" "RUST_BACKTRACE=full" "-e" "RUSTFLAGS=--cap-lints=warn" "-e" "RUSTDOCFLAGS=--cap-lints=warn" "-e" "CARGO_HOME=/opt/rustwide/cargo-home" "-e" "RUSTUP_HOME=/opt/rustwide/rustup-home" "-w" "/opt/rustwide/workdir" "-m" "1610612736" "--user" "0:0" "--network" "none" "ghcr.io/rust-lang/crates-build-env/linux@sha256:2788e3201cd34a07e3172128adcd8b3090168a8e3bcc40d7c032b9dda1df7d1c" "/opt/rustwide/cargo-home/bin/cargo" "+1.75.0" "test" "--frozen", kill_on_drop: false }`
[INFO] [stdout] 5b9a1a1576e774de8aa446f95a543000ec97284cc4b90840d317d7f6e20bb2f3
[INFO] running `Command { std: "docker" "start" "-a" "5b9a1a1576e774de8aa446f95a543000ec97284cc4b90840d317d7f6e20bb2f3", kill_on_drop: false }`
[INFO] [stderr]     Finished test [unoptimized + debuginfo] target(s) in 0.31s
[INFO] [stderr]      Running unittests src/main.rs (/opt/rustwide/target/debug/deps/andarilho-6cf65b1405c5a1ea)
[INFO] [stdout] 
[INFO] [stdout] running 9 tests
[INFO] [stdout] test web_walkers::tests::record_result_tests::record_result_tests::serialize_record_result ... ok
[INFO] [stdout] test web_walkers::tests::get_urls_test::get_urls_test::test_get_url_with_special_characters ... ok
[INFO] [stdout] test web_walkers::tests::get_urls_test::get_urls_test::test_get_url_with_empty_string ... ok
[INFO] [stdout] test web_walkers::tests::get_urls_test::get_urls_test::test_get_url ... ok
[INFO] [stdout] test web_walkers::tests::record_result_tests::record_result_tests::deserialize_record_result ... ok
[INFO] [stdout] test web_walkers::tests::driver_pool_test::tests_pool::create_pool ... FAILED
[INFO] [stdout] test web_walkers::tests::driver_pool_test::tests_pool::execute_with_worker ... FAILED
[INFO] [stdout] test web_walkers::tests::start_multiple_windows::tests::start_two_windows_same_driver ... FAILED
[INFO] [stdout] test web_walkers::tests::test_mock_element::tests::test_get_element_as_string ... FAILED
[INFO] [stdout] 
[INFO] [stdout] failures:
[INFO] [stdout] 
[INFO] [stdout] ---- web_walkers::tests::driver_pool_test::tests_pool::create_pool stdout ----
[INFO] [stdout] POOL_SIZE no declared, set to 1
[INFO] [stdout] thread 'web_walkers::tests::driver_pool_test::tests_pool::create_pool' panicked at src/web_walkers/driver_pool.rs:90:54:
[INFO] [stdout] called `Result::unwrap()` on an `Err` value: NewSessionError(Failed(hyper::Error(Connect, ConnectError("tcp connect error", Os { code: 111, kind: ConnectionRefused, message: "Connection refused" }))))
[INFO] [stdout] stack backtrace:
[INFO] [stdout]    0:     0x560f557b9f6c - std::backtrace_rs::backtrace::libunwind::trace::ha637c64ce894333a
[INFO] [stdout]                                at /rustc/82e1608dfa6e0b5569232559e3d385fea5a93112/library/std/src/../../backtrace/src/backtrace/libunwind.rs:104:5
[INFO] [stdout]    1:     0x560f557b9f6c - std::backtrace_rs::backtrace::trace_unsynchronized::h47f62dea28e0c88d
[INFO] [stdout]                                at /rustc/82e1608dfa6e0b5569232559e3d385fea5a93112/library/std/src/../../backtrace/src/backtrace/mod.rs:66:5
[INFO] [stdout]    2:     0x560f557b9f6c - std::sys_common::backtrace::_print_fmt::h9eef0abe20ede486
[INFO] [stdout]                                at /rustc/82e1608dfa6e0b5569232559e3d385fea5a93112/library/std/src/sys_common/backtrace.rs:67:5
[INFO] [stdout]    3:     0x560f557b9f6c - <std::sys_common::backtrace::_print::DisplayBacktrace as core::fmt::Display>::fmt::hed7f999df88cc644
[INFO] [stdout]                                at /rustc/82e1608dfa6e0b5569232559e3d385fea5a93112/library/std/src/sys_common/backtrace.rs:44:22
[INFO] [stdout]    4:     0x560f557e7170 - core::fmt::rt::Argument::fmt::h1539a9308b8d058d
[INFO] [stdout]                                at /rustc/82e1608dfa6e0b5569232559e3d385fea5a93112/library/core/src/fmt/rt.rs:142:9
[INFO] [stdout]    5:     0x560f557e7170 - core::fmt::write::h3a39390d8560d9c9
[INFO] [stdout]                                at /rustc/82e1608dfa6e0b5569232559e3d385fea5a93112/library/core/src/fmt/mod.rs:1120:17
[INFO] [stdout]    6:     0x560f557b6e3f - std::io::Write::write_fmt::h040b369f3a0f9cbc
[INFO] [stdout]                                at /rustc/82e1608dfa6e0b5569232559e3d385fea5a93112/library/std/src/io/mod.rs:1762:15
[INFO] [stdout]    7:     0x560f557b9d54 - std::sys_common::backtrace::_print::h894006fb5c6f3d45
[INFO] [stdout]                                at /rustc/82e1608dfa6e0b5569232559e3d385fea5a93112/library/std/src/sys_common/backtrace.rs:47:5
[INFO] [stdout]    8:     0x560f557b9d54 - std::sys_common::backtrace::print::h23a2d212c6fff936
[INFO] [stdout]                                at /rustc/82e1608dfa6e0b5569232559e3d385fea5a93112/library/std/src/sys_common/backtrace.rs:34:9
[INFO] [stdout]    9:     0x560f557bba17 - std::panicking::default_hook::{{closure}}::h8a1d2ee00185001a
[INFO] [stdout]   10:     0x560f557bb703 - std::panicking::default_hook::h6038f2eba384e475
[INFO] [stdout]                                at /rustc/82e1608dfa6e0b5569232559e3d385fea5a93112/library/std/src/panicking.rs:289:9
[INFO] [stdout]   11:     0x560f5535b917 - <alloc::boxed::Box<F,A> as core::ops::function::Fn<Args>>::call::h0ad024c9bdc6d768
[INFO] [stdout]                                at /rustc/82e1608dfa6e0b5569232559e3d385fea5a93112/library/alloc/src/boxed.rs:2021:9
[INFO] [stdout]   12:     0x560f5535b917 - test::test_main::{{closure}}::h7500b54257359db6
[INFO] [stdout]                                at /rustc/82e1608dfa6e0b5569232559e3d385fea5a93112/library/test/src/lib.rs:138:21
[INFO] [stdout]   13:     0x560f557bc028 - <alloc::boxed::Box<F,A> as core::ops::function::Fn<Args>>::call::h1f8f335eaa9cfaee
[INFO] [stdout]                                at /rustc/82e1608dfa6e0b5569232559e3d385fea5a93112/library/alloc/src/boxed.rs:2021:9
[INFO] [stdout]   14:     0x560f557bc028 - std::panicking::rust_panic_with_hook::h2b5517d590cab22e
[INFO] [stdout]                                at /rustc/82e1608dfa6e0b5569232559e3d385fea5a93112/library/std/src/panicking.rs:783:13
[INFO] [stdout]   15:     0x560f557bbd7e - std::panicking::begin_panic_handler::{{closure}}::h233112c06e0ef43e
[INFO] [stdout]                                at /rustc/82e1608dfa6e0b5569232559e3d385fea5a93112/library/std/src/panicking.rs:657:13
[INFO] [stdout]   16:     0x560f557ba436 - std::sys_common::backtrace::__rust_end_short_backtrace::h6e893f24d7ebbff8
[INFO] [stdout]                                at /rustc/82e1608dfa6e0b5569232559e3d385fea5a93112/library/std/src/sys_common/backtrace.rs:170:18
[INFO] [stdout]   17:     0x560f557bbae2 - rust_begin_unwind
[INFO] [stdout]                                at /rustc/82e1608dfa6e0b5569232559e3d385fea5a93112/library/std/src/panicking.rs:645:5
[INFO] [stdout]   18:     0x560f5518c445 - core::panicking::panic_fmt::hbf0e066aabfa482c
[INFO] [stdout]                                at /rustc/82e1608dfa6e0b5569232559e3d385fea5a93112/library/core/src/panicking.rs:72:14
[INFO] [stdout]   19:     0x560f5518ca73 - core::result::unwrap_failed::hddb4fea594200c52
[INFO] [stdout]                                at /rustc/82e1608dfa6e0b5569232559e3d385fea5a93112/library/core/src/result.rs:1653:5
[INFO] [stdout]   20:     0x560f552bdbbc - core::result::Result<T,E>::unwrap::hea3b577d11fed032
[INFO] [stdout]                                at /rustc/82e1608dfa6e0b5569232559e3d385fea5a93112/library/core/src/result.rs:1077:23
[INFO] [stdout]   21:     0x560f5523aadb - andarilho::web_walkers::driver_pool::init_global_pool::{{closure}}::ha04c1eedd1c9edbd
[INFO] [stdout]                                at /opt/rustwide/workdir/src/web_walkers/driver_pool.rs:90:18
[INFO] [stdout]   22:     0x560f5523b432 - andarilho::web_walkers::tests::driver_pool_test::tests_pool::create_pool::{{closure}}::h3586f4968c0eae05
[INFO] [stdout]                                at /opt/rustwide/workdir/src/web_walkers/tests/driver_pool_test.rs:9:28
[INFO] [stdout]   23:     0x560f552e1ae8 - <core::pin::Pin<P> as core::future::future::Future>::poll::hbfa64c36dc8ab3e4
[INFO] [stdout]                                at /rustc/82e1608dfa6e0b5569232559e3d385fea5a93112/library/core/src/future/future.rs:125:9
[INFO] [stdout]   24:     0x560f552e1bdb - <core::pin::Pin<P> as core::future::future::Future>::poll::he5d2ac81ef2d5c36
[INFO] [stdout]                                at /rustc/82e1608dfa6e0b5569232559e3d385fea5a93112/library/core/src/future/future.rs:125:9
[INFO] [stdout]   25:     0x560f552ac2e4 - tokio::runtime::scheduler::current_thread::CoreGuard::block_on::{{closure}}::{{closure}}::{{closure}}::h10fb1e08a2853245
[INFO] [stdout]                                at /opt/rustwide/cargo-home/registry/src/index.crates.io-6f17d22bba15001f/tokio-1.29.1/src/runtime/scheduler/current_thread.rs:651:57
[INFO] [stdout]   26:     0x560f552ac21a - tokio::runtime::coop::with_budget::he52d44544667a552
[INFO] [stdout]                                at /opt/rustwide/cargo-home/registry/src/index.crates.io-6f17d22bba15001f/tokio-1.29.1/src/runtime/coop.rs:107:5
[INFO] [stdout]   27:     0x560f552ac21a - tokio::runtime::coop::budget::hbc6336ceebe52203
[INFO] [stdout]                                at /opt/rustwide/cargo-home/registry/src/index.crates.io-6f17d22bba15001f/tokio-1.29.1/src/runtime/coop.rs:73:5
[INFO] [stdout]   28:     0x560f552ac21a - tokio::runtime::scheduler::current_thread::CoreGuard::block_on::{{closure}}::{{closure}}::hfefd2ef183965774
[INFO] [stdout]                                at /opt/rustwide/cargo-home/registry/src/index.crates.io-6f17d22bba15001f/tokio-1.29.1/src/runtime/scheduler/current_thread.rs:651:25
[INFO] [stdout]   29:     0x560f552aab9c - tokio::runtime::scheduler::current_thread::Context::enter::hc58437c3f931789b
[INFO] [stdout]                                at /opt/rustwide/cargo-home/registry/src/index.crates.io-6f17d22bba15001f/tokio-1.29.1/src/runtime/scheduler/current_thread.rs:410:19
[INFO] [stdout]   30:     0x560f552aba0e - tokio::runtime::scheduler::current_thread::CoreGuard::block_on::{{closure}}::he84afe51d2f267a3
[INFO] [stdout]                                at /opt/rustwide/cargo-home/registry/src/index.crates.io-6f17d22bba15001f/tokio-1.29.1/src/runtime/scheduler/current_thread.rs:650:36
[INFO] [stdout]   31:     0x560f552ab71b - tokio::runtime::scheduler::current_thread::CoreGuard::enter::{{closure}}::h7f5855ee1d3d1584
[INFO] [stdout]                                at /opt/rustwide/cargo-home/registry/src/index.crates.io-6f17d22bba15001f/tokio-1.29.1/src/runtime/scheduler/current_thread.rs:729:68
[INFO] [stdout]   32:     0x560f552c174b - tokio::runtime::context::scoped::Scoped<T>::set::ha09d8ad5c1da652a
[INFO] [stdout]                                at /opt/rustwide/cargo-home/registry/src/index.crates.io-6f17d22bba15001f/tokio-1.29.1/src/runtime/context/scoped.rs:40:9
[INFO] [stdout]   33:     0x560f5525d239 - tokio::runtime::context::set_scheduler::{{closure}}::h04917a80b32c7545
[INFO] [stdout]                                at /opt/rustwide/cargo-home/registry/src/index.crates.io-6f17d22bba15001f/tokio-1.29.1/src/runtime/context.rs:176:26
[INFO] [stdout]   34:     0x560f5520aad6 - std::thread::local::LocalKey<T>::try_with::h0d204fb840059c0c
[INFO] [stdout]                                at /rustc/82e1608dfa6e0b5569232559e3d385fea5a93112/library/std/src/thread/local.rs:270:16
[INFO] [stdout]   35:     0x560f5520a5fa - std::thread::local::LocalKey<T>::with::h46214ee5674bb80e
[INFO] [stdout]                                at /rustc/82e1608dfa6e0b5569232559e3d385fea5a93112/library/std/src/thread/local.rs:246:9
[INFO] [stdout]   36:     0x560f5525d1ed - tokio::runtime::context::set_scheduler::h741968cff467c63f
[INFO] [stdout]                                at /opt/rustwide/cargo-home/registry/src/index.crates.io-6f17d22bba15001f/tokio-1.29.1/src/runtime/context.rs:176:9
[INFO] [stdout]   37:     0x560f552ab4b0 - tokio::runtime::scheduler::current_thread::CoreGuard::enter::h2206b89d29d54e4a
[INFO] [stdout]                                at /opt/rustwide/cargo-home/registry/src/index.crates.io-6f17d22bba15001f/tokio-1.29.1/src/runtime/scheduler/current_thread.rs:729:27
[INFO] [stdout]   38:     0x560f552ab74d - tokio::runtime::scheduler::current_thread::CoreGuard::block_on::h872421e0c179c970
[INFO] [stdout]                                at /opt/rustwide/cargo-home/registry/src/index.crates.io-6f17d22bba15001f/tokio-1.29.1/src/runtime/scheduler/current_thread.rs:638:19
[INFO] [stdout]   39:     0x560f552a77dd - tokio::runtime::scheduler::current_thread::CurrentThread::block_on::{{closure}}::h075362d330850416
[INFO] [stdout]                                at /opt/rustwide/cargo-home/registry/src/index.crates.io-6f17d22bba15001f/tokio-1.29.1/src/runtime/scheduler/current_thread.rs:175:28
[INFO] [stdout]   40:     0x560f552e07fa - tokio::runtime::context::runtime::enter_runtime::h0f97228da4732a7f
[INFO] [stdout]                                at /opt/rustwide/cargo-home/registry/src/index.crates.io-6f17d22bba15001f/tokio-1.29.1/src/runtime/context/runtime.rs:65:16
[INFO] [stdout]   41:     0x560f552a76f0 - tokio::runtime::scheduler::current_thread::CurrentThread::block_on::ha4b400ae81e6df5a
[INFO] [stdout]                                at /opt/rustwide/cargo-home/registry/src/index.crates.io-6f17d22bba15001f/tokio-1.29.1/src/runtime/scheduler/current_thread.rs:167:9
[INFO] [stdout]   42:     0x560f552fad8d - tokio::runtime::runtime::Runtime::block_on::h0b6a05f8edc70174
[INFO] [stdout]                                at /opt/rustwide/cargo-home/registry/src/index.crates.io-6f17d22bba15001f/tokio-1.29.1/src/runtime/runtime.rs:311:47
[INFO] [stdout]   43:     0x560f5523b1fb - andarilho::web_walkers::tests::driver_pool_test::tests_pool::create_pool::hdbfa947ab61732b2
[INFO] [stdout]                                at /opt/rustwide/workdir/src/web_walkers/tests/driver_pool_test.rs:14:9
[INFO] [stdout]   44:     0x560f5523b087 - andarilho::web_walkers::tests::driver_pool_test::tests_pool::create_pool::{{closure}}::h4781af7c884e825f
[INFO] [stdout]                                at /opt/rustwide/workdir/src/web_walkers/tests/driver_pool_test.rs:7:27
[INFO] [stdout]   45:     0x560f553011a6 - core::ops::function::FnOnce::call_once::h500fa335e7fa7e3d
[INFO] [stdout]                                at /rustc/82e1608dfa6e0b5569232559e3d385fea5a93112/library/core/src/ops/function.rs:250:5
[INFO] [stdout]   46:     0x560f55360f6f - core::ops::function::FnOnce::call_once::h2b5d431d5046312d
[INFO] [stdout]                                at /rustc/82e1608dfa6e0b5569232559e3d385fea5a93112/library/core/src/ops/function.rs:250:5
[INFO] [stdout]   47:     0x560f55360f6f - test::__rust_begin_short_backtrace::h7714669af176e207
[INFO] [stdout]                                at /rustc/82e1608dfa6e0b5569232559e3d385fea5a93112/library/test/src/lib.rs:628:18
[INFO] [stdout]   48:     0x560f5535ff85 - test::run_test_in_process::{{closure}}::h85218797dcbcec12
[INFO] [stdout]                                at /rustc/82e1608dfa6e0b5569232559e3d385fea5a93112/library/test/src/lib.rs:651:60
[INFO] [stdout]   49:     0x560f5535ff85 - <core::panic::unwind_safe::AssertUnwindSafe<F> as core::ops::function::FnOnce<()>>::call_once::h76c106ea31c14d7b
[INFO] [stdout]                                at /rustc/82e1608dfa6e0b5569232559e3d385fea5a93112/library/core/src/panic/unwind_safe.rs:272:9
[INFO] [stdout]   50:     0x560f5535ff85 - std::panicking::try::do_call::h3bd5d0f6620ee946
[INFO] [stdout]                                at /rustc/82e1608dfa6e0b5569232559e3d385fea5a93112/library/std/src/panicking.rs:552:40
[INFO] [stdout]   51:     0x560f5535ff85 - std::panicking::try::h232e535e4744fe31
[INFO] [stdout]                                at /rustc/82e1608dfa6e0b5569232559e3d385fea5a93112/library/std/src/panicking.rs:516:19
[INFO] [stdout]   52:     0x560f5535ff85 - std::panic::catch_unwind::h3ce3bd6ca8dbac68
[INFO] [stdout]                                at /rustc/82e1608dfa6e0b5569232559e3d385fea5a93112/library/std/src/panic.rs:142:14
[INFO] [stdout]   53:     0x560f5535ff85 - test::run_test_in_process::hc97b257c9621286a
[INFO] [stdout]                                at /rustc/82e1608dfa6e0b5569232559e3d385fea5a93112/library/test/src/lib.rs:651:27
[INFO] [stdout]   54:     0x560f5535ff85 - test::run_test::{{closure}}::h2aa798823a438d38
[INFO] [stdout]                                at /rustc/82e1608dfa6e0b5569232559e3d385fea5a93112/library/test/src/lib.rs:574:43
[INFO] [stdout]   55:     0x560f55328246 - test::run_test::{{closure}}::h87d231c78fb59832
[INFO] [stdout]                                at /rustc/82e1608dfa6e0b5569232559e3d385fea5a93112/library/test/src/lib.rs:602:41
[INFO] [stdout]   56:     0x560f55328246 - std::sys_common::backtrace::__rust_begin_short_backtrace::he6df152596625789
[INFO] [stdout]                                at /rustc/82e1608dfa6e0b5569232559e3d385fea5a93112/library/std/src/sys_common/backtrace.rs:154:18
[INFO] [stdout]   57:     0x560f5532d2f7 - std::thread::Builder::spawn_unchecked_::{{closure}}::{{closure}}::ha94be15d1e0acf36
[INFO] [stdout]                                at /rustc/82e1608dfa6e0b5569232559e3d385fea5a93112/library/std/src/thread/mod.rs:529:17
[INFO] [stdout]   58:     0x560f5532d2f7 - <core::panic::unwind_safe::AssertUnwindSafe<F> as core::ops::function::FnOnce<()>>::call_once::h9dc6bd6372f16606
[INFO] [stdout]                                at /rustc/82e1608dfa6e0b5569232559e3d385fea5a93112/library/core/src/panic/unwind_safe.rs:272:9
[INFO] [stdout]   59:     0x560f5532d2f7 - std::panicking::try::do_call::h9057517f80303cd4
[INFO] [stdout]                                at /rustc/82e1608dfa6e0b5569232559e3d385fea5a93112/library/std/src/panicking.rs:552:40
[INFO] [stdout]   60:     0x560f5532d2f7 - std::panicking::try::he3a30b11ee45340c
[INFO] [stdout]                                at /rustc/82e1608dfa6e0b5569232559e3d385fea5a93112/library/std/src/panicking.rs:516:19
[INFO] [stdout]   61:     0x560f5532d2f7 - std::panic::catch_unwind::h410458cfd3528b8b
[INFO] [stdout]                                at /rustc/82e1608dfa6e0b5569232559e3d385fea5a93112/library/std/src/panic.rs:142:14
[INFO] [stdout]   62:     0x560f5532d2f7 - std::thread::Builder::spawn_unchecked_::{{closure}}::h72ac3bdb567b737b
[INFO] [stdout]                                at /rustc/82e1608dfa6e0b5569232559e3d385fea5a93112/library/std/src/thread/mod.rs:528:30
[INFO] [stdout]   63:     0x560f5532d2f7 - core::ops::function::FnOnce::call_once{{vtable.shim}}::h38f34da3654a8344
[INFO] [stdout]                                at /rustc/82e1608dfa6e0b5569232559e3d385fea5a93112/library/core/src/ops/function.rs:250:5
[INFO] [stdout]   64:     0x560f557c0c35 - <alloc::boxed::Box<F,A> as core::ops::function::FnOnce<Args>>::call_once::hc7eafaff61e32df9
[INFO] [stdout]                                at /rustc/82e1608dfa6e0b5569232559e3d385fea5a93112/library/alloc/src/boxed.rs:2007:9
[INFO] [stdout]   65:     0x560f557c0c35 - <alloc::boxed::Box<F,A> as core::ops::function::FnOnce<Args>>::call_once::h6ba4a5de48dd2304
[INFO] [stdout]                                at /rustc/82e1608dfa6e0b5569232559e3d385fea5a93112/library/alloc/src/boxed.rs:2007:9
[INFO] [stdout]   66:     0x560f557c0c35 - std::sys::unix::thread::Thread::new::thread_start::he469335aef763e45
[INFO] [stdout]                                at /rustc/82e1608dfa6e0b5569232559e3d385fea5a93112/library/std/src/sys/unix/thread.rs:108:17
[INFO] [stdout]   67:     0x7f3f70514ac3 - <unknown>
[INFO] [stdout]   68:     0x7f3f705a5bf4 - __clone
[INFO] [stdout]   69:                0x0 - <unknown>
[INFO] [stdout] 
[INFO] [stdout] ---- web_walkers::tests::driver_pool_test::tests_pool::execute_with_worker stdout ----
[INFO] [stdout] POOL_SIZE no declared, set to 1
[INFO] [stdout] thread 'web_walkers::tests::driver_pool_test::tests_pool::execute_with_worker' panicked at src/web_walkers/driver_pool.rs:90:54:
[INFO] [stdout] called `Result::unwrap()` on an `Err` value: NewSessionError(Failed(hyper::Error(Connect, ConnectError("tcp connect error", Os { code: 111, kind: ConnectionRefused, message: "Connection refused" }))))
[INFO] [stdout] stack backtrace:
[INFO] [stdout]    0:     0x560f557b9f6c - std::backtrace_rs::backtrace::libunwind::trace::ha637c64ce894333a
[INFO] [stdout]                                at /rustc/82e1608dfa6e0b5569232559e3d385fea5a93112/library/std/src/../../backtrace/src/backtrace/libunwind.rs:104:5
[INFO] [stdout]    1:     0x560f557b9f6c - std::backtrace_rs::backtrace::trace_unsynchronized::h47f62dea28e0c88d
[INFO] [stdout]                                at /rustc/82e1608dfa6e0b5569232559e3d385fea5a93112/library/std/src/../../backtrace/src/backtrace/mod.rs:66:5
[INFO] [stdout]    2:     0x560f557b9f6c - std::sys_common::backtrace::_print_fmt::h9eef0abe20ede486
[INFO] [stdout]                                at /rustc/82e1608dfa6e0b5569232559e3d385fea5a93112/library/std/src/sys_common/backtrace.rs:67:5
[INFO] [stdout]    3:     0x560f557b9f6c - <std::sys_common::backtrace::_print::DisplayBacktrace as core::fmt::Display>::fmt::hed7f999df88cc644
[INFO] [stdout]                                at /rustc/82e1608dfa6e0b5569232559e3d385fea5a93112/library/std/src/sys_common/backtrace.rs:44:22
[INFO] [stdout]    4:     0x560f557e7170 - core::fmt::rt::Argument::fmt::h1539a9308b8d058d
[INFO] [stdout]                                at /rustc/82e1608dfa6e0b5569232559e3d385fea5a93112/library/core/src/fmt/rt.rs:142:9
[INFO] [stdout]    5:     0x560f557e7170 - core::fmt::write::h3a39390d8560d9c9
[INFO] [stdout]                                at /rustc/82e1608dfa6e0b5569232559e3d385fea5a93112/library/core/src/fmt/mod.rs:1120:17
[INFO] [stdout]    6:     0x560f557b6e3f - std::io::Write::write_fmt::h040b369f3a0f9cbc
[INFO] [stdout]                                at /rustc/82e1608dfa6e0b5569232559e3d385fea5a93112/library/std/src/io/mod.rs:1762:15
[INFO] [stdout]    7:     0x560f557b9d54 - std::sys_common::backtrace::_print::h894006fb5c6f3d45
[INFO] [stdout]                                at /rustc/82e1608dfa6e0b5569232559e3d385fea5a93112/library/std/src/sys_common/backtrace.rs:47:5
[INFO] [stdout]    8:     0x560f557b9d54 - std::sys_common::backtrace::print::h23a2d212c6fff936
[INFO] [stdout]                                at /rustc/82e1608dfa6e0b5569232559e3d385fea5a93112/library/std/src/sys_common/backtrace.rs:34:9
[INFO] [stdout]    9:     0x560f557bba17 - std::panicking::default_hook::{{closure}}::h8a1d2ee00185001a
[INFO] [stdout]   10:     0x560f557bb703 - std::panicking::default_hook::h6038f2eba384e475
[INFO] [stdout]                                at /rustc/82e1608dfa6e0b5569232559e3d385fea5a93112/library/std/src/panicking.rs:289:9
[INFO] [stdout]   11:     0x560f5535b917 - <alloc::boxed::Box<F,A> as core::ops::function::Fn<Args>>::call::h0ad024c9bdc6d768
[INFO] [stdout]                                at /rustc/82e1608dfa6e0b5569232559e3d385fea5a93112/library/alloc/src/boxed.rs:2021:9
[INFO] [stdout]   12:     0x560f5535b917 - test::test_main::{{closure}}::h7500b54257359db6
[INFO] [stdout]                                at /rustc/82e1608dfa6e0b5569232559e3d385fea5a93112/library/test/src/lib.rs:138:21
[INFO] [stdout]   13:     0x560f557bc028 - <alloc::boxed::Box<F,A> as core::ops::function::Fn<Args>>::call::h1f8f335eaa9cfaee
[INFO] [stdout]                                at /rustc/82e1608dfa6e0b5569232559e3d385fea5a93112/library/alloc/src/boxed.rs:2021:9
[INFO] [stdout]   14:     0x560f557bc028 - std::panicking::rust_panic_with_hook::h2b5517d590cab22e
[INFO] [stdout]                                at /rustc/82e1608dfa6e0b5569232559e3d385fea5a93112/library/std/src/panicking.rs:783:13
[INFO] [stdout]   15:     0x560f557bbd7e - std::panicking::begin_panic_handler::{{closure}}::h233112c06e0ef43e
[INFO] [stdout]                                at /rustc/82e1608dfa6e0b5569232559e3d385fea5a93112/library/std/src/panicking.rs:657:13
[INFO] [stdout]   16:     0x560f557ba436 - std::sys_common::backtrace::__rust_end_short_backtrace::h6e893f24d7ebbff8
[INFO] [stdout]                                at /rustc/82e1608dfa6e0b5569232559e3d385fea5a93112/library/std/src/sys_common/backtrace.rs:170:18
[INFO] [stdout]   17:     0x560f557bbae2 - rust_begin_unwind
[INFO] [stdout]                                at /rustc/82e1608dfa6e0b5569232559e3d385fea5a93112/library/std/src/panicking.rs:645:5
[INFO] [stdout]   18:     0x560f5518c445 - core::panicking::panic_fmt::hbf0e066aabfa482c
[INFO] [stdout]                                at /rustc/82e1608dfa6e0b5569232559e3d385fea5a93112/library/core/src/panicking.rs:72:14
[INFO] [stdout]   19:     0x560f5518ca73 - core::result::unwrap_failed::hddb4fea594200c52
[INFO] [stdout]                                at /rustc/82e1608dfa6e0b5569232559e3d385fea5a93112/library/core/src/result.rs:1653:5
[INFO] [stdout]   20:     0x560f552bdbbc - core::result::Result<T,E>::unwrap::hea3b577d11fed032
[INFO] [stdout]                                at /rustc/82e1608dfa6e0b5569232559e3d385fea5a93112/library/core/src/result.rs:1077:23
[INFO] [stdout]   21:     0x560f5523aadb - andarilho::web_walkers::driver_pool::init_global_pool::{{closure}}::ha04c1eedd1c9edbd
[INFO] [stdout]                                at /opt/rustwide/workdir/src/web_walkers/driver_pool.rs:90:18
[INFO] [stdout]   22:     0x560f5523bd67 - andarilho::web_walkers::tests::driver_pool_test::tests_pool::execute_with_worker::{{closure}}::h934ca218657e5644
[INFO] [stdout]                                at /opt/rustwide/workdir/src/web_walkers/tests/driver_pool_test.rs:22:28
[INFO] [stdout]   23:     0x560f552e1ae8 - <core::pin::Pin<P> as core::future::future::Future>::poll::hbfa64c36dc8ab3e4
[INFO] [stdout]                                at /rustc/82e1608dfa6e0b5569232559e3d385fea5a93112/library/core/src/future/future.rs:125:9
[INFO] [stdout]   24:     0x560f552e1bdb - <core::pin::Pin<P> as core::future::future::Future>::poll::he5d2ac81ef2d5c36
[INFO] [stdout]                                at /rustc/82e1608dfa6e0b5569232559e3d385fea5a93112/library/core/src/future/future.rs:125:9
[INFO] [stdout]   25:     0x560f552ac2e4 - tokio::runtime::scheduler::current_thread::CoreGuard::block_on::{{closure}}::{{closure}}::{{closure}}::h10fb1e08a2853245
[INFO] [stdout]                                at /opt/rustwide/cargo-home/registry/src/index.crates.io-6f17d22bba15001f/tokio-1.29.1/src/runtime/scheduler/current_thread.rs:651:57
[INFO] [stdout]   26:     0x560f552ac21a - tokio::runtime::coop::with_budget::he52d44544667a552
[INFO] [stdout]                                at /opt/rustwide/cargo-home/registry/src/index.crates.io-6f17d22bba15001f/tokio-1.29.1/src/runtime/coop.rs:107:5
[INFO] [stdout]   27:     0x560f552ac21a - tokio::runtime::coop::budget::hbc6336ceebe52203
[INFO] [stdout]                                at /opt/rustwide/cargo-home/registry/src/index.crates.io-6f17d22bba15001f/tokio-1.29.1/src/runtime/coop.rs:73:5
[INFO] [stdout]   28:     0x560f552ac21a - tokio::runtime::scheduler::current_thread::CoreGuard::block_on::{{closure}}::{{closure}}::hfefd2ef183965774
[INFO] [stdout]                                at /opt/rustwide/cargo-home/registry/src/index.crates.io-6f17d22bba15001f/tokio-1.29.1/src/runtime/scheduler/current_thread.rs:651:25
[INFO] [stdout]   29:     0x560f552aab9c - tokio::runtime::scheduler::current_thread::Context::enter::hc58437c3f931789b
[INFO] [stdout]                                at /opt/rustwide/cargo-home/registry/src/index.crates.io-6f17d22bba15001f/tokio-1.29.1/src/runtime/scheduler/current_thread.rs:410:19
[INFO] [stdout]   30:     0x560f552aba0e - tokio::runtime::scheduler::current_thread::CoreGuard::block_on::{{closure}}::he84afe51d2f267a3
[INFO] [stdout]                                at /opt/rustwide/cargo-home/registry/src/index.crates.io-6f17d22bba15001f/tokio-1.29.1/src/runtime/scheduler/current_thread.rs:650:36
[INFO] [stdout]   31:     0x560f552ab71b - tokio::runtime::scheduler::current_thread::CoreGuard::enter::{{closure}}::h7f5855ee1d3d1584
[INFO] [stdout]                                at /opt/rustwide/cargo-home/registry/src/index.crates.io-6f17d22bba15001f/tokio-1.29.1/src/runtime/scheduler/current_thread.rs:729:68
[INFO] [stdout]   32:     0x560f552c174b - tokio::runtime::context::scoped::Scoped<T>::set::ha09d8ad5c1da652a
[INFO] [stdout]                                at /opt/rustwide/cargo-home/registry/src/index.crates.io-6f17d22bba15001f/tokio-1.29.1/src/runtime/context/scoped.rs:40:9
[INFO] [stdout]   33:     0x560f5525d239 - tokio::runtime::context::set_scheduler::{{closure}}::h04917a80b32c7545
[INFO] [stdout]                                at /opt/rustwide/cargo-home/registry/src/index.crates.io-6f17d22bba15001f/tokio-1.29.1/src/runtime/context.rs:176:26
[INFO] [stdout]   34:     0x560f5520aad6 - std::thread::local::LocalKey<T>::try_with::h0d204fb840059c0c
[INFO] [stdout]                                at /rustc/82e1608dfa6e0b5569232559e3d385fea5a93112/library/std/src/thread/local.rs:270:16
[INFO] [stdout]   35:     0x560f5520a5fa - std::thread::local::LocalKey<T>::with::h46214ee5674bb80e
[INFO] [stdout]                                at /rustc/82e1608dfa6e0b5569232559e3d385fea5a93112/library/std/src/thread/local.rs:246:9
[INFO] [stdout]   36:     0x560f5525d1ed - tokio::runtime::context::set_scheduler::h741968cff467c63f
[INFO] [stdout]                                at /opt/rustwide/cargo-home/registry/src/index.crates.io-6f17d22bba15001f/tokio-1.29.1/src/runtime/context.rs:176:9
[INFO] [stdout]   37:     0x560f552ab4b0 - tokio::runtime::scheduler::current_thread::CoreGuard::enter::h2206b89d29d54e4a
[INFO] [stdout]                                at /opt/rustwide/cargo-home/registry/src/index.crates.io-6f17d22bba15001f/tokio-1.29.1/src/runtime/scheduler/current_thread.rs:729:27
[INFO] [stdout]   38:     0x560f552ab74d - tokio::runtime::scheduler::current_thread::CoreGuard::block_on::h872421e0c179c970
[INFO] [stdout]                                at /opt/rustwide/cargo-home/registry/src/index.crates.io-6f17d22bba15001f/tokio-1.29.1/src/runtime/scheduler/current_thread.rs:638:19
[INFO] [stdout]   39:     0x560f552a77dd - tokio::runtime::scheduler::current_thread::CurrentThread::block_on::{{closure}}::h075362d330850416
[INFO] [stdout]                                at /opt/rustwide/cargo-home/registry/src/index.crates.io-6f17d22bba15001f/tokio-1.29.1/src/runtime/scheduler/current_thread.rs:175:28
[INFO] [stdout]   40:     0x560f552e07fa - tokio::runtime::context::runtime::enter_runtime::h0f97228da4732a7f
[INFO] [stdout]                                at /opt/rustwide/cargo-home/registry/src/index.crates.io-6f17d22bba15001f/tokio-1.29.1/src/runtime/context/runtime.rs:65:16
[INFO] [stdout]   41:     0x560f552a76f0 - tokio::runtime::scheduler::current_thread::CurrentThread::block_on::ha4b400ae81e6df5a
[INFO] [stdout]                                at /opt/rustwide/cargo-home/registry/src/index.crates.io-6f17d22bba15001f/tokio-1.29.1/src/runtime/scheduler/current_thread.rs:167:9
[INFO] [stdout]   42:     0x560f552fad8d - tokio::runtime::runtime::Runtime::block_on::h0b6a05f8edc70174
[INFO] [stdout]                                at /opt/rustwide/cargo-home/registry/src/index.crates.io-6f17d22bba15001f/tokio-1.29.1/src/runtime/runtime.rs:311:47
[INFO] [stdout]   43:     0x560f5523bacb - andarilho::web_walkers::tests::driver_pool_test::tests_pool::execute_with_worker::h8b13b2a5751915ff
[INFO] [stdout]                                at /opt/rustwide/workdir/src/web_walkers/tests/driver_pool_test.rs:32:9
[INFO] [stdout]   44:     0x560f5523b957 - andarilho::web_walkers::tests::driver_pool_test::tests_pool::execute_with_worker::{{closure}}::ha60623b5ec7a0723
[INFO] [stdout]                                at /opt/rustwide/workdir/src/web_walkers/tests/driver_pool_test.rs:20:35
[INFO] [stdout]   45:     0x560f553018d6 - core::ops::function::FnOnce::call_once::h7d31764d7ad9ecab
[INFO] [stdout]                                at /rustc/82e1608dfa6e0b5569232559e3d385fea5a93112/library/core/src/ops/function.rs:250:5
[INFO] [stdout]   46:     0x560f55360f6f - core::ops::function::FnOnce::call_once::h2b5d431d5046312d
[INFO] [stdout]                                at /rustc/82e1608dfa6e0b5569232559e3d385fea5a93112/library/core/src/ops/function.rs:250:5
[INFO] [stdout]   47:     0x560f55360f6f - test::__rust_begin_short_backtrace::h7714669af176e207
[INFO] [stdout]                                at /rustc/82e1608dfa6e0b5569232559e3d385fea5a93112/library/test/src/lib.rs:628:18
[INFO] [stdout]   48:     0x560f5535ff85 - test::run_test_in_process::{{closure}}::h85218797dcbcec12
[INFO] [stdout]                                at /rustc/82e1608dfa6e0b5569232559e3d385fea5a93112/library/test/src/lib.rs:651:60
[INFO] [stdout]   49:     0x560f5535ff85 - <core::panic::unwind_safe::AssertUnwindSafe<F> as core::ops::function::FnOnce<()>>::call_once::h76c106ea31c14d7b
[INFO] [stdout]                                at /rustc/82e1608dfa6e0b5569232559e3d385fea5a93112/library/core/src/panic/unwind_safe.rs:272:9
[INFO] [stdout]   50:     0x560f5535ff85 - std::panicking::try::do_call::h3bd5d0f6620ee946
[INFO] [stdout]                                at /rustc/82e1608dfa6e0b5569232559e3d385fea5a93112/library/std/src/panicking.rs:552:40
[INFO] [stdout]   51:     0x560f5535ff85 - std::panicking::try::h232e535e4744fe31
[INFO] [stdout]                                at /rustc/82e1608dfa6e0b5569232559e3d385fea5a93112/library/std/src/panicking.rs:516:19
[INFO] [stdout]   52:     0x560f5535ff85 - std::panic::catch_unwind::h3ce3bd6ca8dbac68
[INFO] [stdout]                                at /rustc/82e1608dfa6e0b5569232559e3d385fea5a93112/library/std/src/panic.rs:142:14
[INFO] [stdout]   53:     0x560f5535ff85 - test::run_test_in_process::hc97b257c9621286a
[INFO] [stdout]                                at /rustc/82e1608dfa6e0b5569232559e3d385fea5a93112/library/test/src/lib.rs:651:27
[INFO] [stdout]   54:     0x560f5535ff85 - test::run_test::{{closure}}::h2aa798823a438d38
[INFO] [stdout]                                at /rustc/82e1608dfa6e0b5569232559e3d385fea5a93112/library/test/src/lib.rs:574:43
[INFO] [stdout]   55:     0x560f55328246 - test::run_test::{{closure}}::h87d231c78fb59832
[INFO] [stdout]                                at /rustc/82e1608dfa6e0b5569232559e3d385fea5a93112/library/test/src/lib.rs:602:41
[INFO] [stdout]   56:     0x560f55328246 - std::sys_common::backtrace::__rust_begin_short_backtrace::he6df152596625789
[INFO] [stdout]                                at /rustc/82e1608dfa6e0b5569232559e3d385fea5a93112/library/std/src/sys_common/backtrace.rs:154:18
[INFO] [stdout]   57:     0x560f5532d2f7 - std::thread::Builder::spawn_unchecked_::{{closure}}::{{closure}}::ha94be15d1e0acf36
[INFO] [stdout]                                at /rustc/82e1608dfa6e0b5569232559e3d385fea5a93112/library/std/src/thread/mod.rs:529:17
[INFO] [stdout]   58:     0x560f5532d2f7 - <core::panic::unwind_safe::AssertUnwindSafe<F> as core::ops::function::FnOnce<()>>::call_once::h9dc6bd6372f16606
[INFO] [stdout]                                at /rustc/82e1608dfa6e0b5569232559e3d385fea5a93112/library/core/src/panic/unwind_safe.rs:272:9
[INFO] [stdout]   59:     0x560f5532d2f7 - std::panicking::try::do_call::h9057517f80303cd4
[INFO] [stdout]                                at /rustc/82e1608dfa6e0b5569232559e3d385fea5a93112/library/std/src/panicking.rs:552:40
[INFO] [stdout]   60:     0x560f5532d2f7 - std::panicking::try::he3a30b11ee45340c
[INFO] [stdout]                                at /rustc/82e1608dfa6e0b5569232559e3d385fea5a93112/library/std/src/panicking.rs:516:19
[INFO] [stdout]   61:     0x560f5532d2f7 - std::panic::catch_unwind::h410458cfd3528b8b
[INFO] [stdout]                                at /rustc/82e1608dfa6e0b5569232559e3d385fea5a93112/library/std/src/panic.rs:142:14
[INFO] [stdout]   62:     0x560f5532d2f7 - std::thread::Builder::spawn_unchecked_::{{closure}}::h72ac3bdb567b737b
[INFO] [stdout]                                at /rustc/82e1608dfa6e0b5569232559e3d385fea5a93112/library/std/src/thread/mod.rs:528:30
[INFO] [stdout]   63:     0x560f5532d2f7 - core::ops::function::FnOnce::call_once{{vtable.shim}}::h38f34da3654a8344
[INFO] [stdout]                                at /rustc/82e1608dfa6e0b5569232559e3d385fea5a93112/library/core/src/ops/function.rs:250:5
[INFO] [stdout]   64:     0x560f557c0c35 - <alloc::boxed::Box<F,A> as core::ops::function::FnOnce<Args>>::call_once::hc7eafaff61e32df9
[INFO] [stdout]                                at /rustc/82e1608dfa6e0b5569232559e3d385fea5a93112/library/alloc/src/boxed.rs:2007:9
[INFO] [stdout]   65:     0x560f557c0c35 - <alloc::boxed::Box<F,A> as core::ops::function::FnOnce<Args>>::call_once::h6ba4a5de48dd2304
[INFO] [stdout]                                at /rustc/82e1608dfa6e0b5569232559e3d385fea5a93112/library/alloc/src/boxed.rs:2007:9
[INFO] [stdout]   66:     0x560f557c0c35 - std::sys::unix::thread::Thread::new::thread_start::he469335aef763e45
[INFO] [stdout]                                at /rustc/82e1608dfa6e0b5569232559e3d385fea5a93112/library/std/src/sys/unix/thread.rs:108:17
[INFO] [stdout]   67:     0x7f3f70514ac3 - <unknown>
[INFO] [stdout]   68:     0x7f3f705a5bf4 - __clone
[INFO] [stdout]   69:                0x0 - <unknown>
[INFO] [stdout] 
[INFO] [stdout] ---- web_walkers::tests::start_multiple_windows::tests::start_two_windows_same_driver stdout ----
[INFO] [stdout] POOL_SIZE no declared, set to 1
[INFO] [stdout] thread 'web_walkers::tests::start_multiple_windows::tests::start_two_windows_same_driver' panicked at src/web_walkers/driver_pool.rs:90:54:
[INFO] [stdout] called `Result::unwrap()` on an `Err` value: NewSessionError(Failed(hyper::Error(Connect, ConnectError("tcp connect error", Os { code: 111, kind: ConnectionRefused, message: "Connection refused" }))))
[INFO] [stdout] stack backtrace:
[INFO] [stdout]    0:     0x560f557b9f6c - std::backtrace_rs::backtrace::libunwind::trace::ha637c64ce894333a
[INFO] [stdout]                                at /rustc/82e1608dfa6e0b5569232559e3d385fea5a93112/library/std/src/../../backtrace/src/backtrace/libunwind.rs:104:5
[INFO] [stdout]    1:     0x560f557b9f6c - std::backtrace_rs::backtrace::trace_unsynchronized::h47f62dea28e0c88d
[INFO] [stdout]                                at /rustc/82e1608dfa6e0b5569232559e3d385fea5a93112/library/std/src/../../backtrace/src/backtrace/mod.rs:66:5
[INFO] [stdout]    2:     0x560f557b9f6c - std::sys_common::backtrace::_print_fmt::h9eef0abe20ede486
[INFO] [stdout]                                at /rustc/82e1608dfa6e0b5569232559e3d385fea5a93112/library/std/src/sys_common/backtrace.rs:67:5
[INFO] [stdout]    3:     0x560f557b9f6c - <std::sys_common::backtrace::_print::DisplayBacktrace as core::fmt::Display>::fmt::hed7f999df88cc644
[INFO] [stdout]                                at /rustc/82e1608dfa6e0b5569232559e3d385fea5a93112/library/std/src/sys_common/backtrace.rs:44:22
[INFO] [stdout]    4:     0x560f557e7170 - core::fmt::rt::Argument::fmt::h1539a9308b8d058d
[INFO] [stdout]                                at /rustc/82e1608dfa6e0b5569232559e3d385fea5a93112/library/core/src/fmt/rt.rs:142:9
[INFO] [stdout]    5:     0x560f557e7170 - core::fmt::write::h3a39390d8560d9c9
[INFO] [stdout]                                at /rustc/82e1608dfa6e0b5569232559e3d385fea5a93112/library/core/src/fmt/mod.rs:1120:17
[INFO] [stdout]    6:     0x560f557b6e3f - std::io::Write::write_fmt::h040b369f3a0f9cbc
[INFO] [stdout]                                at /rustc/82e1608dfa6e0b5569232559e3d385fea5a93112/library/std/src/io/mod.rs:1762:15
[INFO] [stdout]    7:     0x560f557b9d54 - std::sys_common::backtrace::_print::h894006fb5c6f3d45
[INFO] [stdout]                                at /rustc/82e1608dfa6e0b5569232559e3d385fea5a93112/library/std/src/sys_common/backtrace.rs:47:5
[INFO] [stdout]    8:     0x560f557b9d54 - std::sys_common::backtrace::print::h23a2d212c6fff936
[INFO] [stdout]                                at /rustc/82e1608dfa6e0b5569232559e3d385fea5a93112/library/std/src/sys_common/backtrace.rs:34:9
[INFO] [stdout]    9:     0x560f557bba17 - std::panicking::default_hook::{{closure}}::h8a1d2ee00185001a
[INFO] [stdout]   10:     0x560f557bb703 - std::panicking::default_hook::h6038f2eba384e475
[INFO] [stdout]                                at /rustc/82e1608dfa6e0b5569232559e3d385fea5a93112/library/std/src/panicking.rs:289:9
[INFO] [stdout]   11:     0x560f5535b917 - <alloc::boxed::Box<F,A> as core::ops::function::Fn<Args>>::call::h0ad024c9bdc6d768
[INFO] [stdout]                                at /rustc/82e1608dfa6e0b5569232559e3d385fea5a93112/library/alloc/src/boxed.rs:2021:9
[INFO] [stdout]   12:     0x560f5535b917 - test::test_main::{{closure}}::h7500b54257359db6
[INFO] [stdout]                                at /rustc/82e1608dfa6e0b5569232559e3d385fea5a93112/library/test/src/lib.rs:138:21
[INFO] [stdout]   13:     0x560f557bc028 - <alloc::boxed::Box<F,A> as core::ops::function::Fn<Args>>::call::h1f8f335eaa9cfaee
[INFO] [stdout]                                at /rustc/82e1608dfa6e0b5569232559e3d385fea5a93112/library/alloc/src/boxed.rs:2021:9
[INFO] [stdout]   14:     0x560f557bc028 - std::panicking::rust_panic_with_hook::h2b5517d590cab22e
[INFO] [stdout]                                at /rustc/82e1608dfa6e0b5569232559e3d385fea5a93112/library/std/src/panicking.rs:783:13
[INFO] [stdout]   15:     0x560f557bbd7e - std::panicking::begin_panic_handler::{{closure}}::h233112c06e0ef43e
[INFO] [stdout]                                at /rustc/82e1608dfa6e0b5569232559e3d385fea5a93112/library/std/src/panicking.rs:657:13
[INFO] [stdout]   16:     0x560f557ba436 - std::sys_common::backtrace::__rust_end_short_backtrace::h6e893f24d7ebbff8
[INFO] [stdout]                                at /rustc/82e1608dfa6e0b5569232559e3d385fea5a93112/library/std/src/sys_common/backtrace.rs:170:18
[INFO] [stdout]   17:     0x560f557bbae2 - rust_begin_unwind
[INFO] [stdout]                                at /rustc/82e1608dfa6e0b5569232559e3d385fea5a93112/library/std/src/panicking.rs:645:5
[INFO] [stdout]   18:     0x560f5518c445 - core::panicking::panic_fmt::hbf0e066aabfa482c
[INFO] [stdout]                                at /rustc/82e1608dfa6e0b5569232559e3d385fea5a93112/library/core/src/panicking.rs:72:14
[INFO] [stdout]   19:     0x560f5518ca73 - core::result::unwrap_failed::hddb4fea594200c52
[INFO] [stdout]                                at /rustc/82e1608dfa6e0b5569232559e3d385fea5a93112/library/core/src/result.rs:1653:5
[INFO] [stdout]   20:     0x560f552bdbbc - core::result::Result<T,E>::unwrap::hea3b577d11fed032
[INFO] [stdout]                                at /rustc/82e1608dfa6e0b5569232559e3d385fea5a93112/library/core/src/result.rs:1077:23
[INFO] [stdout]   21:     0x560f5523aadb - andarilho::web_walkers::driver_pool::init_global_pool::{{closure}}::ha04c1eedd1c9edbd
[INFO] [stdout]                                at /opt/rustwide/workdir/src/web_walkers/driver_pool.rs:90:18
[INFO] [stdout]   22:     0x560f5523a4be - andarilho::web_walkers::driver_pool::get_global_pool::{{closure}}::h4a3e4e49646fe139
[INFO] [stdout]                                at /opt/rustwide/workdir/src/web_walkers/driver_pool.rs:70:28
[INFO] [stdout]   23:     0x560f552fd843 - andarilho::web_walkers::tests::start_multiple_windows::tests::start_two_windows_same_driver::{{closure}}::hbea277b78efef2fc
[INFO] [stdout]                                at /opt/rustwide/workdir/src/web_walkers/tests/start_multiple_windows.rs:7:38
[INFO] [stdout]   24:     0x560f552e1ae8 - <core::pin::Pin<P> as core::future::future::Future>::poll::hbfa64c36dc8ab3e4
[INFO] [stdout]                                at /rustc/82e1608dfa6e0b5569232559e3d385fea5a93112/library/core/src/future/future.rs:125:9
[INFO] [stdout]   25:     0x560f552e1bdb - <core::pin::Pin<P> as core::future::future::Future>::poll::he5d2ac81ef2d5c36
[INFO] [stdout]                                at /rustc/82e1608dfa6e0b5569232559e3d385fea5a93112/library/core/src/future/future.rs:125:9
[INFO] [stdout]   26:     0x560f552ac2e4 - tokio::runtime::scheduler::current_thread::CoreGuard::block_on::{{closure}}::{{closure}}::{{closure}}::h10fb1e08a2853245
[INFO] [stdout]                                at /opt/rustwide/cargo-home/registry/src/index.crates.io-6f17d22bba15001f/tokio-1.29.1/src/runtime/scheduler/current_thread.rs:651:57
[INFO] [stdout]   27:     0x560f552ac21a - tokio::runtime::coop::with_budget::he52d44544667a552
[INFO] [stdout]                                at /opt/rustwide/cargo-home/registry/src/index.crates.io-6f17d22bba15001f/tokio-1.29.1/src/runtime/coop.rs:107:5
[INFO] [stdout]   28:     0x560f552ac21a - tokio::runtime::coop::budget::hbc6336ceebe52203
[INFO] [stdout]                                at /opt/rustwide/cargo-home/registry/src/index.crates.io-6f17d22bba15001f/tokio-1.29.1/src/runtime/coop.rs:73:5
[INFO] [stdout]   29:     0x560f552ac21a - tokio::runtime::scheduler::current_thread::CoreGuard::block_on::{{closure}}::{{closure}}::hfefd2ef183965774
[INFO] [stdout]                                at /opt/rustwide/cargo-home/registry/src/index.crates.io-6f17d22bba15001f/tokio-1.29.1/src/runtime/scheduler/current_thread.rs:651:25
[INFO] [stdout]   30:     0x560f552aab9c - tokio::runtime::scheduler::current_thread::Context::enter::hc58437c3f931789b
[INFO] [stdout]                                at /opt/rustwide/cargo-home/registry/src/index.crates.io-6f17d22bba15001f/tokio-1.29.1/src/runtime/scheduler/current_thread.rs:410:19
[INFO] [stdout]   31:     0x560f552aba0e - tokio::runtime::scheduler::current_thread::CoreGuard::block_on::{{closure}}::he84afe51d2f267a3
[INFO] [stdout]                                at /opt/rustwide/cargo-home/registry/src/index.crates.io-6f17d22bba15001f/tokio-1.29.1/src/runtime/scheduler/current_thread.rs:650:36
[INFO] [stdout]   32:     0x560f552ab71b - tokio::runtime::scheduler::current_thread::CoreGuard::enter::{{closure}}::h7f5855ee1d3d1584
[INFO] [stdout]                                at /opt/rustwide/cargo-home/registry/src/index.crates.io-6f17d22bba15001f/tokio-1.29.1/src/runtime/scheduler/current_thread.rs:729:68
[INFO] [stdout]   33:     0x560f552c174b - tokio::runtime::context::scoped::Scoped<T>::set::ha09d8ad5c1da652a
[INFO] [stdout]                                at /opt/rustwide/cargo-home/registry/src/index.crates.io-6f17d22bba15001f/tokio-1.29.1/src/runtime/context/scoped.rs:40:9
[INFO] [stdout]   34:     0x560f5525d239 - tokio::runtime::context::set_scheduler::{{closure}}::h04917a80b32c7545
[INFO] [stdout]                                at /opt/rustwide/cargo-home/registry/src/index.crates.io-6f17d22bba15001f/tokio-1.29.1/src/runtime/context.rs:176:26
[INFO] [stdout]   35:     0x560f5520aad6 - std::thread::local::LocalKey<T>::try_with::h0d204fb840059c0c
[INFO] [stdout]                                at /rustc/82e1608dfa6e0b5569232559e3d385fea5a93112/library/std/src/thread/local.rs:270:16
[INFO] [stdout]   36:     0x560f5520a5fa - std::thread::local::LocalKey<T>::with::h46214ee5674bb80e
[INFO] [stdout]                                at /rustc/82e1608dfa6e0b5569232559e3d385fea5a93112/library/std/src/thread/local.rs:246:9
[INFO] [stdout]   37:     0x560f5525d1ed - tokio::runtime::context::set_scheduler::h741968cff467c63f
[INFO] [stdout]                                at /opt/rustwide/cargo-home/registry/src/index.crates.io-6f17d22bba15001f/tokio-1.29.1/src/runtime/context.rs:176:9
[INFO] [stdout]   38:     0x560f552ab4b0 - tokio::runtime::scheduler::current_thread::CoreGuard::enter::h2206b89d29d54e4a
[INFO] [stdout]                                at /opt/rustwide/cargo-home/registry/src/index.crates.io-6f17d22bba15001f/tokio-1.29.1/src/runtime/scheduler/current_thread.rs:729:27
[INFO] [stdout]   39:     0x560f552ab74d - tokio::runtime::scheduler::current_thread::CoreGuard::block_on::h872421e0c179c970
[INFO] [stdout]                                at /opt/rustwide/cargo-home/registry/src/index.crates.io-6f17d22bba15001f/tokio-1.29.1/src/runtime/scheduler/current_thread.rs:638:19
[INFO] [stdout]   40:     0x560f552a77dd - tokio::runtime::scheduler::current_thread::CurrentThread::block_on::{{closure}}::h075362d330850416
[INFO] [stdout]                                at /opt/rustwide/cargo-home/registry/src/index.crates.io-6f17d22bba15001f/tokio-1.29.1/src/runtime/scheduler/current_thread.rs:175:28
[INFO] [stdout]   41:     0x560f552e07fa - tokio::runtime::context::runtime::enter_runtime::h0f97228da4732a7f
[INFO] [stdout]                                at /opt/rustwide/cargo-home/registry/src/index.crates.io-6f17d22bba15001f/tokio-1.29.1/src/runtime/context/runtime.rs:65:16
[INFO] [stdout]   42:     0x560f552a76f0 - tokio::runtime::scheduler::current_thread::CurrentThread::block_on::ha4b400ae81e6df5a
[INFO] [stdout]                                at /opt/rustwide/cargo-home/registry/src/index.crates.io-6f17d22bba15001f/tokio-1.29.1/src/runtime/scheduler/current_thread.rs:167:9
[INFO] [stdout]   43:     0x560f552fad8d - tokio::runtime::runtime::Runtime::block_on::h0b6a05f8edc70174
[INFO] [stdout]                                at /opt/rustwide/cargo-home/registry/src/index.crates.io-6f17d22bba15001f/tokio-1.29.1/src/runtime/runtime.rs:311:47
[INFO] [stdout]   44:     0x560f552fd48b - andarilho::web_walkers::tests::start_multiple_windows::tests::start_two_windows_same_driver::h147075878512df0b
[INFO] [stdout]                                at /opt/rustwide/workdir/src/web_walkers/tests/start_multiple_windows.rs:27:9
[INFO] [stdout]   45:     0x560f552fd317 - andarilho::web_walkers::tests::start_multiple_windows::tests::start_two_windows_same_driver::{{closure}}::h64ec70cc43034d90
[INFO] [stdout]                                at /opt/rustwide/workdir/src/web_walkers/tests/start_multiple_windows.rs:6:45
[INFO] [stdout]   46:     0x560f553028d6 - core::ops::function::FnOnce::call_once::hef530c63d1f3c65d
[INFO] [stdout]                                at /rustc/82e1608dfa6e0b5569232559e3d385fea5a93112/library/core/src/ops/function.rs:250:5
[INFO] [stdout]   47:     0x560f55360f6f - core::ops::function::FnOnce::call_once::h2b5d431d5046312d
[INFO] [stdout]                                at /rustc/82e1608dfa6e0b5569232559e3d385fea5a93112/library/core/src/ops/function.rs:250:5
[INFO] [stdout]   48:     0x560f55360f6f - test::__rust_begin_short_backtrace::h7714669af176e207
[INFO] [stdout]                                at /rustc/82e1608dfa6e0b5569232559e3d385fea5a93112/library/test/src/lib.rs:628:18
[INFO] [stdout]   49:     0x560f5535ff85 - test::run_test_in_process::{{closure}}::h85218797dcbcec12
[INFO] [stdout]                                at /rustc/82e1608dfa6e0b5569232559e3d385fea5a93112/library/test/src/lib.rs:651:60
[INFO] [stdout]   50:     0x560f5535ff85 - <core::panic::unwind_safe::AssertUnwindSafe<F> as core::ops::function::FnOnce<()>>::call_once::h76c106ea31c14d7b
[INFO] [stdout]                                at /rustc/82e1608dfa6e0b5569232559e3d385fea5a93112/library/core/src/panic/unwind_safe.rs:272:9
[INFO] [stdout]   51:     0x560f5535ff85 - std::panicking::try::do_call::h3bd5d0f6620ee946
[INFO] [stdout]                                at /rustc/82e1608dfa6e0b5569232559e3d385fea5a93112/library/std/src/panicking.rs:552:40
[INFO] [stdout]   52:     0x560f5535ff85 - std::panicking::try::h232e535e4744fe31
[INFO] [stdout]                                at /rustc/82e1608dfa6e0b5569232559e3d385fea5a93112/library/std/src/panicking.rs:516:19
[INFO] [stdout]   53:     0x560f5535ff85 - std::panic::catch_unwind::h3ce3bd6ca8dbac68
[INFO] [stdout]                                at /rustc/82e1608dfa6e0b5569232559e3d385fea5a93112/library/std/src/panic.rs:142:14
[INFO] [stdout]   54:     0x560f5535ff85 - test::run_test_in_process::hc97b257c9621286a
[INFO] [stdout]                                at /rustc/82e1608dfa6e0b5569232559e3d385fea5a93112/library/test/src/lib.rs:651:27
[INFO] [stdout]   55:     0x560f5535ff85 - test::run_test::{{closure}}::h2aa798823a438d38
[INFO] [stdout]                                at /rustc/82e1608dfa6e0b5569232559e3d385fea5a93112/library/test/src/lib.rs:574:43
[INFO] [stdout]   56:     0x560f55328246 - test::run_test::{{closure}}::h87d231c78fb59832
[INFO] [stdout]                                at /rustc/82e1608dfa6e0b5569232559e3d385fea5a93112/library/test/src/lib.rs:602:41
[INFO] [stdout]   57:     0x560f55328246 - std::sys_common::backtrace::__rust_begin_short_backtrace::he6df152596625789
[INFO] [stdout]                                at /rustc/82e1608dfa6e0b5569232559e3d385fea5a93112/library/std/src/sys_common/backtrace.rs:154:18
[INFO] [stdout]   58:     0x560f5532d2f7 - std::thread::Builder::spawn_unchecked_::{{closure}}::{{closure}}::ha94be15d1e0acf36
[INFO] [stdout]                                at /rustc/82e1608dfa6e0b5569232559e3d385fea5a93112/library/std/src/thread/mod.rs:529:17
[INFO] [stdout]   59:     0x560f5532d2f7 - <core::panic::unwind_safe::AssertUnwindSafe<F> as core::ops::function::FnOnce<()>>::call_once::h9dc6bd6372f16606
[INFO] [stdout]                                at /rustc/82e1608dfa6e0b5569232559e3d385fea5a93112/library/core/src/panic/unwind_safe.rs:272:9
[INFO] [stdout]   60:     0x560f5532d2f7 - std::panicking::try::do_call::h9057517f80303cd4
[INFO] [stdout]                                at /rustc/82e1608dfa6e0b5569232559e3d385fea5a93112/library/std/src/panicking.rs:552:40
[INFO] [stdout]   61:     0x560f5532d2f7 - std::panicking::try::he3a30b11ee45340c
[INFO] [stdout]                                at /rustc/82e1608dfa6e0b5569232559e3d385fea5a93112/library/std/src/panicking.rs:516:19
[INFO] [stdout]   62:     0x560f5532d2f7 - std::panic::catch_unwind::h410458cfd3528b8b
[INFO] [stdout]                                at /rustc/82e1608dfa6e0b5569232559e3d385fea5a93112/library/std/src/panic.rs:142:14
[INFO] [stdout]   63:     0x560f5532d2f7 - std::thread::Builder::spawn_unchecked_::{{closure}}::h72ac3bdb567b737b
[INFO] [stdout]                                at /rustc/82e1608dfa6e0b5569232559e3d385fea5a93112/library/std/src/thread/mod.rs:528:30
[INFO] [stdout]   64:     0x560f5532d2f7 - core::ops::function::FnOnce::call_once{{vtable.shim}}::h38f34da3654a8344
[INFO] [stdout]                                at /rustc/82e1608dfa6e0b5569232559e3d385fea5a93112/library/core/src/ops/function.rs:250:5
[INFO] [stdout]   65:     0x560f557c0c35 - <alloc::boxed::Box<F,A> as core::ops::function::FnOnce<Args>>::call_once::hc7eafaff61e32df9
[INFO] [stdout]                                at /rustc/82e1608dfa6e0b5569232559e3d385fea5a93112/library/alloc/src/boxed.rs:2007:9
[INFO] [stdout]   66:     0x560f557c0c35 - <alloc::boxed::Box<F,A> as core::ops::function::FnOnce<Args>>::call_once::h6ba4a5de48dd2304
[INFO] [stdout]                                at /rustc/82e1608dfa6e0b5569232559e3d385fea5a93112/library/alloc/src/boxed.rs:2007:9
[INFO] [stdout]   67:     0x560f557c0c35 - std::sys::unix::thread::Thread::new::thread_start::he469335aef763e45
[INFO] [stdout]                                at /rustc/82e1608dfa6e0b5569232559e3d385fea5a93112/library/std/src/sys/unix/thread.rs:108:17
[INFO] [stdout]   68:     0x7f3f70514ac3 - <unknown>
[INFO] [stdout]   69:     0x7f3f705a5bf4 - __clone
[INFO] [stdout]   70:                0x0 - <unknown>
[INFO] [stdout] 
[INFO] [stdout] ---- web_walkers::tests::test_mock_element::tests::test_get_element_as_string stdout ----
[INFO] [stdout] POOL_SIZE no declared, set to 1
[INFO] [stdout] thread 'web_walkers::tests::test_mock_element::tests::test_get_element_as_string' panicked at src/web_walkers/driver_pool.rs:90:54:
[INFO] [stdout] called `Result::unwrap()` on an `Err` value: NewSessionError(Failed(hyper::Error(Connect, ConnectError("tcp connect error", Os { code: 111, kind: ConnectionRefused, message: "Connection refused" }))))
[INFO] [stdout] stack backtrace:
[INFO] [stdout]    0:     0x560f557b9f6c - std::backtrace_rs::backtrace::libunwind::trace::ha637c64ce894333a
[INFO] [stdout]                                at /rustc/82e1608dfa6e0b5569232559e3d385fea5a93112/library/std/src/../../backtrace/src/backtrace/libunwind.rs:104:5
[INFO] [stdout]    1:     0x560f557b9f6c - std::backtrace_rs::backtrace::trace_unsynchronized::h47f62dea28e0c88d
[INFO] [stdout]                                at /rustc/82e1608dfa6e0b5569232559e3d385fea5a93112/library/std/src/../../backtrace/src/backtrace/mod.rs:66:5
[INFO] [stdout]    2:     0x560f557b9f6c - std::sys_common::backtrace::_print_fmt::h9eef0abe20ede486
[INFO] [stdout]                                at /rustc/82e1608dfa6e0b5569232559e3d385fea5a93112/library/std/src/sys_common/backtrace.rs:67:5
[INFO] [stdout]    3:     0x560f557b9f6c - <std::sys_common::backtrace::_print::DisplayBacktrace as core::fmt::Display>::fmt::hed7f999df88cc644
[INFO] [stdout]                                at /rustc/82e1608dfa6e0b5569232559e3d385fea5a93112/library/std/src/sys_common/backtrace.rs:44:22
[INFO] [stdout]    4:     0x560f557e7170 - core::fmt::rt::Argument::fmt::h1539a9308b8d058d
[INFO] [stdout]                                at /rustc/82e1608dfa6e0b5569232559e3d385fea5a93112/library/core/src/fmt/rt.rs:142:9
[INFO] [stdout]    5:     0x560f557e7170 - core::fmt::write::h3a39390d8560d9c9
[INFO] [stdout]                                at /rustc/82e1608dfa6e0b5569232559e3d385fea5a93112/library/core/src/fmt/mod.rs:1120:17
[INFO] [stdout]    6:     0x560f557b6e3f - std::io::Write::write_fmt::h040b369f3a0f9cbc
[INFO] [stdout]                                at /rustc/82e1608dfa6e0b5569232559e3d385fea5a93112/library/std/src/io/mod.rs:1762:15
[INFO] [stdout]    7:     0x560f557b9d54 - std::sys_common::backtrace::_print::h894006fb5c6f3d45
[INFO] [stdout]                                at /rustc/82e1608dfa6e0b5569232559e3d385fea5a93112/library/std/src/sys_common/backtrace.rs:47:5
[INFO] [stdout]    8:     0x560f557b9d54 - std::sys_common::backtrace::print::h23a2d212c6fff936
[INFO] [stdout]                                at /rustc/82e1608dfa6e0b5569232559e3d385fea5a93112/library/std/src/sys_common/backtrace.rs:34:9
[INFO] [stdout]    9:     0x560f557bba17 - std::panicking::default_hook::{{closure}}::h8a1d2ee00185001a
[INFO] [stdout]   10:     0x560f557bb703 - std::panicking::default_hook::h6038f2eba384e475
[INFO] [stdout]                                at /rustc/82e1608dfa6e0b5569232559e3d385fea5a93112/library/std/src/panicking.rs:289:9
[INFO] [stdout]   11:     0x560f5535b917 - <alloc::boxed::Box<F,A> as core::ops::function::Fn<Args>>::call::h0ad024c9bdc6d768
[INFO] [stdout]                                at /rustc/82e1608dfa6e0b5569232559e3d385fea5a93112/library/alloc/src/boxed.rs:2021:9
[INFO] [stdout]   12:     0x560f5535b917 - test::test_main::{{closure}}::h7500b54257359db6
[INFO] [stdout]                                at /rustc/82e1608dfa6e0b5569232559e3d385fea5a93112/library/test/src/lib.rs:138:21
[INFO] [stdout]   13:     0x560f557bc028 - <alloc::boxed::Box<F,A> as core::ops::function::Fn<Args>>::call::h1f8f335eaa9cfaee
[INFO] [stdout]                                at /rustc/82e1608dfa6e0b5569232559e3d385fea5a93112/library/alloc/src/boxed.rs:2021:9
[INFO] [stdout]   14:     0x560f557bc028 - std::panicking::rust_panic_with_hook::h2b5517d590cab22e
[INFO] [stdout]                                at /rustc/82e1608dfa6e0b5569232559e3d385fea5a93112/library/std/src/panicking.rs:783:13
[INFO] [stdout]   15:     0x560f557bbd7e - std::panicking::begin_panic_handler::{{closure}}::h233112c06e0ef43e
[INFO] [stdout]                                at /rustc/82e1608dfa6e0b5569232559e3d385fea5a93112/library/std/src/panicking.rs:657:13
[INFO] [stdout]   16:     0x560f557ba436 - std::sys_common::backtrace::__rust_end_short_backtrace::h6e893f24d7ebbff8
[INFO] [stdout]                                at /rustc/82e1608dfa6e0b5569232559e3d385fea5a93112/library/std/src/sys_common/backtrace.rs:170:18
[INFO] [stdout]   17:     0x560f557bbae2 - rust_begin_unwind
[INFO] [stdout]                                at /rustc/82e1608dfa6e0b5569232559e3d385fea5a93112/library/std/src/panicking.rs:645:5
[INFO] [stdout]   18:     0x560f5518c445 - core::panicking::panic_fmt::hbf0e066aabfa482c
[INFO] [stdout]                                at /rustc/82e1608dfa6e0b5569232559e3d385fea5a93112/library/core/src/panicking.rs:72:14
[INFO] [stdout]   19:     0x560f5518ca73 - core::result::unwrap_failed::hddb4fea594200c52
[INFO] [stdout]                                at /rustc/82e1608dfa6e0b5569232559e3d385fea5a93112/library/core/src/result.rs:1653:5
[INFO] [stdout]   20:     0x560f552bdbbc - core::result::Result<T,E>::unwrap::hea3b577d11fed032
[INFO] [stdout]                                at /rustc/82e1608dfa6e0b5569232559e3d385fea5a93112/library/core/src/result.rs:1077:23
[INFO] [stdout]   21:     0x560f5523aadb - andarilho::web_walkers::driver_pool::init_global_pool::{{closure}}::ha04c1eedd1c9edbd
[INFO] [stdout]                                at /opt/rustwide/workdir/src/web_walkers/driver_pool.rs:90:18
[INFO] [stdout]   22:     0x560f5523a4be - andarilho::web_walkers::driver_pool::get_global_pool::{{closure}}::h4a3e4e49646fe139
[INFO] [stdout]                                at /opt/rustwide/workdir/src/web_walkers/driver_pool.rs:70:28
[INFO] [stdout]   23:     0x560f552ff6a7 - andarilho::web_walkers::tests::test_mock_element::tests::test_get_element_as_string::{{closure}}::h0f46668b9431a478
[INFO] [stdout]                                at /opt/rustwide/workdir/src/web_walkers/tests/test_mock_element.rs:9:38
[INFO] [stdout]   24:     0x560f552e1ae8 - <core::pin::Pin<P> as core::future::future::Future>::poll::hbfa64c36dc8ab3e4
[INFO] [stdout]                                at /rustc/82e1608dfa6e0b5569232559e3d385fea5a93112/library/core/src/future/future.rs:125:9
[INFO] [stdout]   25:     0x560f552e1bdb - <core::pin::Pin<P> as core::future::future::Future>::poll::he5d2ac81ef2d5c36
[INFO] [stdout]                                at /rustc/82e1608dfa6e0b5569232559e3d385fea5a93112/library/core/src/future/future.rs:125:9
[INFO] [stdout]   26:     0x560f552ac2e4 - tokio::runtime::scheduler::current_thread::CoreGuard::block_on::{{closure}}::{{closure}}::{{closure}}::h10fb1e08a2853245
[INFO] [stdout]                                at /opt/rustwide/cargo-home/registry/src/index.crates.io-6f17d22bba15001f/tokio-1.29.1/src/runtime/scheduler/current_thread.rs:651:57
[INFO] [stdout]   27:     0x560f552ac21a - tokio::runtime::coop::with_budget::he52d44544667a552
[INFO] [stdout]                                at /opt/rustwide/cargo-home/registry/src/index.crates.io-6f17d22bba15001f/tokio-1.29.1/src/runtime/coop.rs:107:5
[INFO] [stdout]   28:     0x560f552ac21a - tokio::runtime::coop::budget::hbc6336ceebe52203
[INFO] [stdout]                                at /opt/rustwide/cargo-home/registry/src/index.crates.io-6f17d22bba15001f/tokio-1.29.1/src/runtime/coop.rs:73:5
[INFO] [stdout]   29:     0x560f552ac21a - tokio::runtime::scheduler::current_thread::CoreGuard::block_on::{{closure}}::{{closure}}::hfefd2ef183965774
[INFO] [stdout]                                at /opt/rustwide/cargo-home/registry/src/index.crates.io-6f17d22bba15001f/tokio-1.29.1/src/runtime/scheduler/current_thread.rs:651:25
[INFO] [stdout]   30:     0x560f552aab9c - tokio::runtime::scheduler::current_thread::Context::enter::hc58437c3f931789b
[INFO] [stdout]                                at /opt/rustwide/cargo-home/registry/src/index.crates.io-6f17d22bba15001f/tokio-1.29.1/src/runtime/scheduler/current_thread.rs:410:19
[INFO] [stdout]   31:     0x560f552aba0e - tokio::runtime::scheduler::current_thread::CoreGuard::block_on::{{closure}}::he84afe51d2f267a3
[INFO] [stdout]                                at /opt/rustwide/cargo-home/registry/src/index.crates.io-6f17d22bba15001f/tokio-1.29.1/src/runtime/scheduler/current_thread.rs:650:36
[INFO] [stdout]   32:     0x560f552ab71b - tokio::runtime::scheduler::current_thread::CoreGuard::enter::{{closure}}::h7f5855ee1d3d1584
[INFO] [stdout]                                at /opt/rustwide/cargo-home/registry/src/index.crates.io-6f17d22bba15001f/tokio-1.29.1/src/runtime/scheduler/current_thread.rs:729:68
[INFO] [stdout]   33:     0x560f552c174b - tokio::runtime::context::scoped::Scoped<T>::set::ha09d8ad5c1da652a
[INFO] [stdout]                                at /opt/rustwide/cargo-home/registry/src/index.crates.io-6f17d22bba15001f/tokio-1.29.1/src/runtime/context/scoped.rs:40:9
[INFO] [stdout]   34:     0x560f5525d239 - tokio::runtime::context::set_scheduler::{{closure}}::h04917a80b32c7545
[INFO] [stdout]                                at /opt/rustwide/cargo-home/registry/src/index.crates.io-6f17d22bba15001f/tokio-1.29.1/src/runtime/context.rs:176:26
[INFO] [stdout]   35:     0x560f5520aad6 - std::thread::local::LocalKey<T>::try_with::h0d204fb840059c0c
[INFO] [stdout]                                at /rustc/82e1608dfa6e0b5569232559e3d385fea5a93112/library/std/src/thread/local.rs:270:16
[INFO] [stdout]   36:     0x560f5520a5fa - std::thread::local::LocalKey<T>::with::h46214ee5674bb80e
[INFO] [stdout]                                at /rustc/82e1608dfa6e0b5569232559e3d385fea5a93112/library/std/src/thread/local.rs:246:9
[INFO] [stdout]   37:     0x560f5525d1ed - tokio::runtime::context::set_scheduler::h741968cff467c63f
[INFO] [stdout]                                at /opt/rustwide/cargo-home/registry/src/index.crates.io-6f17d22bba15001f/tokio-1.29.1/src/runtime/context.rs:176:9
[INFO] [stdout]   38:     0x560f552ab4b0 - tokio::runtime::scheduler::current_thread::CoreGuard::enter::h2206b89d29d54e4a
[INFO] [stdout]                                at /opt/rustwide/cargo-home/registry/src/index.crates.io-6f17d22bba15001f/tokio-1.29.1/src/runtime/scheduler/current_thread.rs:729:27
[INFO] [stdout]   39:     0x560f552ab74d - tokio::runtime::scheduler::current_thread::CoreGuard::block_on::h872421e0c179c970
[INFO] [stdout]                                at /opt/rustwide/cargo-home/registry/src/index.crates.io-6f17d22bba15001f/tokio-1.29.1/src/runtime/scheduler/current_thread.rs:638:19
[INFO] [stdout]   40:     0x560f552a77dd - tokio::runtime::scheduler::current_thread::CurrentThread::block_on::{{closure}}::h075362d330850416
[INFO] [stdout]                                at /opt/rustwide/cargo-home/registry/src/index.crates.io-6f17d22bba15001f/tokio-1.29.1/src/runtime/scheduler/current_thread.rs:175:28
[INFO] [stdout]   41:     0x560f552e07fa - tokio::runtime::context::runtime::enter_runtime::h0f97228da4732a7f
[INFO] [stdout]                                at /opt/rustwide/cargo-home/registry/src/index.crates.io-6f17d22bba15001f/tokio-1.29.1/src/runtime/context/runtime.rs:65:16
[INFO] [stdout]   42:     0x560f552a76f0 - tokio::runtime::scheduler::current_thread::CurrentThread::block_on::ha4b400ae81e6df5a
[INFO] [stdout]                                at /opt/rustwide/cargo-home/registry/src/index.crates.io-6f17d22bba15001f/tokio-1.29.1/src/runtime/scheduler/current_thread.rs:167:9
[INFO] [stdout]   43:     0x560f552fad8d - tokio::runtime::runtime::Runtime::block_on::h0b6a05f8edc70174
[INFO] [stdout]                                at /opt/rustwide/cargo-home/registry/src/index.crates.io-6f17d22bba15001f/tokio-1.29.1/src/runtime/runtime.rs:311:47
[INFO] [stdout]   44:     0x560f552ff41b - andarilho::web_walkers::tests::test_mock_element::tests::test_get_element_as_string::h8000b32ec4575842
[INFO] [stdout]                                at /opt/rustwide/workdir/src/web_walkers/tests/test_mock_element.rs:18:9
[INFO] [stdout]   45:     0x560f552ff2a7 - andarilho::web_walkers::tests::test_mock_element::tests::test_get_element_as_string::{{closure}}::hf2522ddf3a299398
[INFO] [stdout]                                at /opt/rustwide/workdir/src/web_walkers/tests/test_mock_element.rs:8:42
[INFO] [stdout]   46:     0x560f55300aa6 - core::ops::function::FnOnce::call_once::h2a4b53efe0382547
[INFO] [stdout]                                at /rustc/82e1608dfa6e0b5569232559e3d385fea5a93112/library/core/src/ops/function.rs:250:5
[INFO] [stdout]   47:     0x560f55360f6f - core::ops::function::FnOnce::call_once::h2b5d431d5046312d
[INFO] [stdout]                                at /rustc/82e1608dfa6e0b5569232559e3d385fea5a93112/library/core/src/ops/function.rs:250:5
[INFO] [stdout]   48:     0x560f55360f6f - test::__rust_begin_short_backtrace::h7714669af176e207
[INFO] [stdout]                                at /rustc/82e1608dfa6e0b5569232559e3d385fea5a93112/library/test/src/lib.rs:628:18
[INFO] [stdout]   49:     0x560f5535ff85 - test::run_test_in_process::{{closure}}::h85218797dcbcec12
[INFO] [stdout]                                at /rustc/82e1608dfa6e0b5569232559e3d385fea5a93112/library/test/src/lib.rs:651:60
[INFO] [stdout]   50:     0x560f5535ff85 - <core::panic::unwind_safe::AssertUnwindSafe<F> as core::ops::function::FnOnce<()>>::call_once::h76c106ea31c14d7b
[INFO] [stdout]                                at /rustc/82e1608dfa6e0b5569232559e3d385fea5a93112/library/core/src/panic/unwind_safe.rs:272:9
[INFO] [stdout]   51:     0x560f5535ff85 - std::panicking::try::do_call::h3bd5d0f6620ee946
[INFO] [stdout]                                at /rustc/82e1608dfa6e0b5569232559e3d385fea5a93112/library/std/src/panicking.rs:552:40
[INFO] [stdout]   52:     0x560f5535ff85 - std::panicking::try::h232e535e4744fe31
[INFO] [stdout]                                at /rustc/82e1608dfa6e0b5569232559e3d385fea5a93112/library/std/src/panicking.rs:516:19
[INFO] [stdout]   53:     0x560f5535ff85 - std::panic::catch_unwind::h3ce3bd6ca8dbac68
[INFO] [stdout]                                at /rustc/82e1608dfa6e0b5569232559e3d385fea5a93112/library/std/src/panic.rs:142:14
[INFO] [stdout]   54:     0x560f5535ff85 - test::run_test_in_process::hc97b257c9621286a
[INFO] [stdout]                                at /rustc/82e1608dfa6e0b5569232559e3d385fea5a93112/library/test/src/lib.rs:651:27
[INFO] [stdout]   55:     0x560f5535ff85 - test::run_test::{{closure}}::h2aa798823a438d38
[INFO] [stdout]                                at /rustc/82e1608dfa6e0b5569232559e3d385fea5a93112/library/test/src/lib.rs:574:43
[INFO] [stdout]   56:     0x560f55328246 - test::run_test::{{closure}}::h87d231c78fb59832
[INFO] [stdout]                                at /rustc/82e1608dfa6e0b5569232559e3d385fea5a93112/library/test/src/lib.rs:602:41
[INFO] [stdout]   57:     0x560f55328246 - std::sys_common::backtrace::__rust_begin_short_backtrace::he6df152596625789
[INFO] [stdout]                                at /rustc/82e1608dfa6e0b5569232559e3d385fea5a93112/library/std/src/sys_common/backtrace.rs:154:18
[INFO] [stdout]   58:     0x560f5532d2f7 - std::thread::Builder::spawn_unchecked_::{{closure}}::{{closure}}::ha94be15d1e0acf36
[INFO] [stdout]                                at /rustc/82e1608dfa6e0b5569232559e3d385fea5a93112/library/std/src/thread/mod.rs:529:17
[INFO] [stdout]   59:     0x560f5532d2f7 - <core::panic::unwind_safe::AssertUnwindSafe<F> as core::ops::function::FnOnce<()>>::call_once::h9dc6bd6372f16606
[INFO] [stdout]                                at /rustc/82e1608dfa6e0b5569232559e3d385fea5a93112/library/core/src/panic/unwind_safe.rs:272:9
[INFO] [stdout]   60:     0x560f5532d2f7 - std::panicking::try::do_call::h9057517f80303cd4
[INFO] [stdout]                                at /rustc/82e1608dfa6e0b5569232559e3d385fea5a93112/library/std/src/panicking.rs:552:40
[INFO] [stdout]   61:     0x560f5532d2f7 - std::panicking::try::he3a30b11ee45340c
[INFO] [stdout]                                at /rustc/82e1608dfa6e0b5569232559e3d385fea5a93112/library/std/src/panicking.rs:516:19
[INFO] [stdout]   62:     0x560f5532d2f7 - std::panic::catch_unwind::h410458cfd3528b8b
[INFO] [stdout]                                at /rustc/82e1608dfa6e0b5569232559e3d385fea5a93112/library/std/src/panic.rs:142:14
[INFO] [stdout]   63:     0x560f5532d2f7 - std::thread::Builder::spawn_unchecked_::{{closure}}::h72ac3bdb567b737b
[INFO] [stdout]                                at /rustc/82e1608dfa6e0b5569232559e3d385fea5a93112/library/std/src/thread/mod.rs:528:30
[INFO] [stdout]   64:     0x560f5532d2f7 - core::ops::function::FnOnce::call_once{{vtable.shim}}::h38f34da3654a8344
[INFO] [stdout]                                at /rustc/82e1608dfa6e0b5569232559e3d385fea5a93112/library/core/src/ops/function.rs:250:5
[INFO] [stdout]   65:     0x560f557c0c35 - <alloc::boxed::Box<F,A> as core::ops::function::FnOnce<Args>>::call_once::hc7eafaff61e32df9
[INFO] [stdout]                                at /rustc/82e1608dfa6e0b5569232559e3d385fea5a93112/library/alloc/src/boxed.rs:2007:9
[INFO] [stdout]   66:     0x560f557c0c35 - <alloc::boxed::Box<F,A> as core::ops::function::FnOnce<Args>>::call_once::h6ba4a5de48dd2304
[INFO] [stdout]                                at /rustc/82e1608dfa6e0b5569232559e3d385fea5a93112/library/alloc/src/boxed.rs:2007:9
[INFO] [stdout]   67:     0x560f557c0c35 - std::sys::unix::thread::Thread::new::thread_start::he469335aef763e45
[INFO] [stdout]                                at /rustc/82e1608dfa6e0b5569232559e3d385fea5a93112/library/std/src/sys/unix/thread.rs:108:17
[INFO] [stdout]   68:     0x7f3f70514ac3 - <unknown>
[INFO] [stdout]   69:     0x7f3f705a5bf4 - __clone
[INFO] [stdout]   70:                0x0 - <unknown>
[INFO] [stdout] 
[INFO] [stdout] 
[INFO] [stdout] failures:
[INFO] [stdout]     web_walkers::tests::driver_pool_test::tests_pool::create_pool
[INFO] [stdout]     web_walkers::tests::driver_pool_test::tests_pool::execute_with_worker
[INFO] [stdout]     web_walkers::tests::start_multiple_windows::tests::start_two_windows_same_driver
[INFO] [stdout]     web_walkers::tests::test_mock_element::tests::test_get_element_as_string
[INFO] [stdout] 
[INFO] [stdout] test result: FAILED. 5 passed; 4 failed; 0 ignored; 0 measured; 0 filtered out; finished in 4.10s
[INFO] [stdout] 
[INFO] [stderr] error: test failed, to rerun pass `--bin andarilho`
[INFO] running `Command { std: "docker" "inspect" "5b9a1a1576e774de8aa446f95a543000ec97284cc4b90840d317d7f6e20bb2f3", kill_on_drop: false }`
[INFO] running `Command { std: "docker" "rm" "-f" "5b9a1a1576e774de8aa446f95a543000ec97284cc4b90840d317d7f6e20bb2f3", kill_on_drop: false }`
[INFO] [stdout] 5b9a1a1576e774de8aa446f95a543000ec97284cc4b90840d317d7f6e20bb2f3
