[INFO] cloning repository https://github.com/ephraimkunz/Groups
[INFO] running `Command { std: "git" "-c" "credential.helper=" "-c" "credential.helper=/workspace/cargo-home/bin/git-credential-null" "clone" "--bare" "https://github.com/ephraimkunz/Groups" "/workspace/cache/git-repos/https%3A%2F%2Fgithub.com%2Fephraimkunz%2FGroups", kill_on_drop: false }`
[INFO] [stderr] Cloning into bare repository '/workspace/cache/git-repos/https%3A%2F%2Fgithub.com%2Fephraimkunz%2FGroups'...
[INFO] running `Command { std: "git" "rev-parse" "HEAD", kill_on_drop: false }`
[INFO] [stdout] 3123930fd4c2bcb6f2b1ea860174c2c603217782
[INFO] testing ephraimkunz/Groups/3123930fd4c2bcb6f2b1ea860174c2c603217782 against 1.75.0 for beta-1.76-1
[INFO] running `Command { std: "git" "clone" "/workspace/cache/git-repos/https%3A%2F%2Fgithub.com%2Fephraimkunz%2FGroups" "/workspace/builds/worker-0-tc1/source", kill_on_drop: false }`
[INFO] [stderr] Cloning into '/workspace/builds/worker-0-tc1/source'...
[INFO] [stderr] done.
[INFO] validating manifest of git repo https://github.com/ephraimkunz/Groups on toolchain 1.75.0
[INFO] running `Command { std: CARGO_HOME="/workspace/cargo-home" RUSTUP_HOME="/workspace/rustup-home" "/workspace/cargo-home/bin/cargo" "+1.75.0" "metadata" "--manifest-path" "Cargo.toml" "--no-deps", kill_on_drop: false }`
[INFO] started tweaking git repo https://github.com/ephraimkunz/Groups
[INFO] finished tweaking git repo https://github.com/ephraimkunz/Groups
[INFO] tweaked toml for git repo https://github.com/ephraimkunz/Groups written to /workspace/builds/worker-0-tc1/source/Cargo.toml
[INFO] crate git repo https://github.com/ephraimkunz/Groups already has a lockfile, it will not be regenerated
[INFO] running `Command { std: CARGO_HOME="/workspace/cargo-home" RUSTUP_HOME="/workspace/rustup-home" "/workspace/cargo-home/bin/cargo" "+1.75.0" "fetch" "--manifest-path" "Cargo.toml", kill_on_drop: false }`
[INFO] [stderr]     Updating crates.io index
[INFO] [stderr]     Blocking waiting for file lock on package cache
[INFO] [stderr]  Downloading crates ...
[INFO] [stderr]   Downloaded assert_approx_eq v1.1.0
[INFO] [stderr]   Downloaded prost-derive v0.12.3
[INFO] [stderr]   Downloaded ref-cast v1.0.21
[INFO] [stderr]   Downloaded anyhow v1.0.77
[INFO] [stderr]   Downloaded colored v2.1.0
[INFO] [stderr]   Downloaded opentelemetry-otlp v0.14.0
[INFO] [stderr]   Downloaded serde-wasm-bindgen v0.6.3
[INFO] [stderr]   Downloaded deunicode v1.4.2
[INFO] [stderr]   Downloaded opentelemetry-proto v0.4.0
[INFO] [stderr]   Downloaded rustrict v0.7.12
[INFO] [stderr]   Downloaded time-tz v2.0.0
[INFO] [stderr]   Downloaded prost-types v0.12.3
[INFO] [stderr]   Downloaded shuttle-codegen v0.35.2
[INFO] [stderr]   Downloaded serde-xml-rs v0.5.1
[INFO] [stderr]   Downloaded shuttle-common v0.35.2
[INFO] [stderr]   Downloaded shuttle-runtime v0.35.2
[INFO] [stderr]   Downloaded prost v0.12.3
[INFO] [stderr]   Downloaded shuttle-rocket v0.35.2
[INFO] [stderr]   Downloaded shuttle-proto v0.35.2
[INFO] [stderr]   Downloaded pem v3.0.3
[INFO] [stderr]   Downloaded shuttle-service v0.35.2
[INFO] [stderr]   Downloaded ref-cast-impl v1.0.21
[INFO] [stderr]   Downloaded fake v2.9.2
[INFO] [stderr]   Downloaded opentelemetry-appender-tracing v0.2.0
[INFO] running `Command { std: "docker" "create" "-v" "/var/lib/crater-agent-workspace/builds/worker-0-tc1/target:/opt/rustwide/target:rw,Z" "-v" "/var/lib/crater-agent-workspace/builds/worker-0-tc1/source:/opt/rustwide/workdir:ro,Z" "-v" "/var/lib/crater-agent-workspace/cargo-home:/opt/rustwide/cargo-home:ro,Z" "-v" "/var/lib/crater-agent-workspace/rustup-home:/opt/rustwide/rustup-home:ro,Z" "-e" "SOURCE_DIR=/opt/rustwide/workdir" "-e" "CARGO_TARGET_DIR=/opt/rustwide/target" "-e" "CARGO_HOME=/opt/rustwide/cargo-home" "-e" "RUSTUP_HOME=/opt/rustwide/rustup-home" "-w" "/opt/rustwide/workdir" "-m" "1610612736" "--user" "0:0" "--network" "none" "ghcr.io/rust-lang/crates-build-env/linux@sha256:2788e3201cd34a07e3172128adcd8b3090168a8e3bcc40d7c032b9dda1df7d1c" "/opt/rustwide/cargo-home/bin/cargo" "+1.75.0" "metadata" "--no-deps" "--format-version=1", kill_on_drop: false }`
[INFO] [stdout] c295278069ab792eec5d45cf63c07590678e6170f18b597c6ed2f669a14bc4df
[INFO] running `Command { std: "docker" "start" "-a" "c295278069ab792eec5d45cf63c07590678e6170f18b597c6ed2f669a14bc4df", kill_on_drop: false }`
[INFO] running `Command { std: "docker" "inspect" "c295278069ab792eec5d45cf63c07590678e6170f18b597c6ed2f669a14bc4df", kill_on_drop: false }`
[INFO] running `Command { std: "docker" "rm" "-f" "c295278069ab792eec5d45cf63c07590678e6170f18b597c6ed2f669a14bc4df", kill_on_drop: false }`
[INFO] [stdout] c295278069ab792eec5d45cf63c07590678e6170f18b597c6ed2f669a14bc4df
[INFO] running `Command { std: "docker" "create" "-v" "/var/lib/crater-agent-workspace/builds/worker-0-tc1/target:/opt/rustwide/target:rw,Z" "-v" "/var/lib/crater-agent-workspace/builds/worker-0-tc1/source:/opt/rustwide/workdir:ro,Z" "-v" "/var/lib/crater-agent-workspace/cargo-home:/opt/rustwide/cargo-home:ro,Z" "-v" "/var/lib/crater-agent-workspace/rustup-home:/opt/rustwide/rustup-home:ro,Z" "-e" "SOURCE_DIR=/opt/rustwide/workdir" "-e" "CARGO_TARGET_DIR=/opt/rustwide/target" "-e" "CARGO_INCREMENTAL=0" "-e" "RUST_BACKTRACE=full" "-e" "RUSTFLAGS=--cap-lints=warn" "-e" "RUSTDOCFLAGS=--cap-lints=warn" "-e" "CARGO_HOME=/opt/rustwide/cargo-home" "-e" "RUSTUP_HOME=/opt/rustwide/rustup-home" "-w" "/opt/rustwide/workdir" "-m" "1610612736" "--user" "0:0" "--network" "none" "ghcr.io/rust-lang/crates-build-env/linux@sha256:2788e3201cd34a07e3172128adcd8b3090168a8e3bcc40d7c032b9dda1df7d1c" "/opt/rustwide/cargo-home/bin/cargo" "+1.75.0" "build" "--frozen" "--message-format=json", kill_on_drop: false }`
[INFO] [stdout] 0c9d65bb3d337c7409ff626d9e2817e7be950f0a330da92a1c10d5adf623e5b0
[INFO] running `Command { std: "docker" "start" "-a" "0c9d65bb3d337c7409ff626d9e2817e7be950f0a330da92a1c10d5adf623e5b0", kill_on_drop: false }`
[INFO] [stderr]    Compiling proc-macro2 v1.0.71
[INFO] [stderr]    Compiling unicode-ident v1.0.12
[INFO] [stderr]    Compiling autocfg v1.1.0
[INFO] [stderr]    Compiling cfg-if v1.0.0
[INFO] [stderr]    Compiling libc v0.2.151
[INFO] [stderr]    Compiling version_check v0.9.4
[INFO] [stderr]    Compiling once_cell v1.19.0
[INFO] [stderr]    Compiling pin-project-lite v0.2.13
[INFO] [stderr]    Compiling serde v1.0.193
[INFO] [stderr]    Compiling itoa v1.0.10
[INFO] [stderr]    Compiling bytes v1.5.0
[INFO] [stderr]    Compiling log v0.4.20
[INFO] [stderr]    Compiling smallvec v1.11.2
[INFO] [stderr]    Compiling futures-core v0.3.30
[INFO] [stderr]    Compiling futures-sink v0.3.30
[INFO] [stderr]    Compiling pin-utils v0.1.0
[INFO] [stderr]    Compiling parking_lot_core v0.9.9
[INFO] [stderr]    Compiling scopeguard v1.2.0
[INFO] [stderr]    Compiling memchr v2.6.4
[INFO] [stderr]    Compiling hashbrown v0.14.3
[INFO] [stderr]    Compiling equivalent v1.0.1
[INFO] [stderr]    Compiling fnv v1.0.7
[INFO] [stderr]    Compiling futures-channel v0.3.30
[INFO] [stderr]    Compiling tracing-core v0.1.32
[INFO] [stderr]    Compiling futures-io v0.3.30
[INFO] [stderr]    Compiling either v1.9.0
[INFO] [stderr]    Compiling futures-task v0.3.30
[INFO] [stderr]    Compiling thiserror v1.0.52
[INFO] [stderr]    Compiling percent-encoding v2.3.1
[INFO] [stderr]    Compiling httparse v1.8.0
[INFO] [stderr]    Compiling rustversion v1.0.14
[INFO] [stderr]    Compiling tower-service v0.3.2
[INFO] [stderr]    Compiling lock_api v0.4.11
[INFO] [stderr]    Compiling slab v0.4.9
[INFO] [stderr]    Compiling http v0.2.11
[INFO] [stderr]    Compiling num-traits v0.2.17
[INFO] [stderr]    Compiling ppv-lite86 v0.2.17
[INFO] [stderr]    Compiling httpdate v1.0.3
[INFO] [stderr]    Compiling powerfmt v0.2.0
[INFO] [stderr]    Compiling time-core v0.1.2
[INFO] [stderr]    Compiling try-lock v0.2.5
[INFO] [stderr]    Compiling crossbeam-utils v0.8.18
[INFO] [stderr]    Compiling async-trait v0.1.75
[INFO] [stderr]    Compiling want v0.3.1
[INFO] [stderr]    Compiling deranged v0.3.10
[INFO] [stderr]    Compiling quote v1.0.33
[INFO] [stderr]    Compiling time-macros v0.2.16
[INFO] [stderr]    Compiling serde_json v1.0.108
[INFO] [stderr]    Compiling bitflags v2.4.1
[INFO] [stderr]    Compiling anyhow v1.0.77
[INFO] [stderr]    Compiling syn v1.0.109
[INFO] [stderr]    Compiling syn v2.0.43
[INFO] [stderr]    Compiling signal-hook-registry v1.4.1
[INFO] [stderr]    Compiling mio v0.8.10
[INFO] [stderr]    Compiling socket2 v0.5.5
[INFO] [stderr]    Compiling num_cpus v1.16.0
[INFO] [stderr]    Compiling getrandom v0.2.11
[INFO] [stderr]    Compiling http-body v0.4.6
[INFO] [stderr]    Compiling ryu v1.0.16
[INFO] [stderr]    Compiling rand_core v0.6.4
[INFO] [stderr]    Compiling parking_lot v0.12.1
[INFO] [stderr]    Compiling rand_chacha v0.3.1
[INFO] [stderr]    Compiling num-integer v0.1.45
[INFO] [stderr]    Compiling proc-macro2-diagnostics v0.10.1
[INFO] [stderr]    Compiling mime v0.3.17
[INFO] [stderr]    Compiling rand v0.8.5
[INFO] [stderr]    Compiling base64 v0.21.5
[INFO] [stderr]    Compiling yansi v1.0.0-rc.1
[INFO] [stderr]    Compiling indexmap v1.9.3
[INFO] [stderr]    Compiling num-bigint v0.4.4
[INFO] [stderr]    Compiling tower-layer v0.3.2
[INFO] [stderr]    Compiling glob v0.3.1
[INFO] [stderr]    Compiling urlencoding v2.1.3
[INFO] [stderr]    Compiling bitflags v1.3.2
[INFO] [stderr]    Compiling typenum v1.17.0
[INFO] [stderr]    Compiling axum-core v0.3.4
[INFO] [stderr]    Compiling generic-array v0.14.7
[INFO] [stderr]    Compiling hashbrown v0.12.3
[INFO] [stderr]    Compiling axum v0.6.20
[INFO] [stderr]    Compiling rustix v0.38.28
[INFO] [stderr]    Compiling lazy_static v1.4.0
[INFO] [stderr]    Compiling signal-hook v0.3.17
[INFO] [stderr]    Compiling ordered-float v4.2.0
[INFO] [stderr]    Compiling crossbeam-channel v0.5.10
[INFO] [stderr]    Compiling itertools v0.10.5
[INFO] [stderr]    Compiling spin v0.9.8
[INFO] [stderr]    Compiling sync_wrapper v0.1.2
[INFO] [stderr]    Compiling wasm-bindgen-shared v0.2.89
[INFO] [stderr]    Compiling tinyvec_macros v0.1.1
[INFO] [stderr]    Compiling regex-syntax v0.6.29
[INFO] [stderr]    Compiling regex-syntax v0.8.2
[INFO] [stderr]    Compiling matchit v0.7.3
[INFO] [stderr]    Compiling linux-raw-sys v0.4.12
[INFO] [stderr]    Compiling tinyvec v1.6.0
[INFO] [stderr]    Compiling cc v1.0.83
[INFO] [stderr]    Compiling itertools v0.11.0
[INFO] [stderr]    Compiling cookie v0.18.0
[INFO] [stderr]    Compiling time v0.3.31
[INFO] [stderr]    Compiling siphasher v0.3.11
[INFO] [stderr]    Compiling inlinable_string v0.1.15
[INFO] [stderr]    Compiling overload v0.1.1
[INFO] [stderr]    Compiling heck v0.4.1
[INFO] [stderr]    Compiling nu-ansi-term v0.46.0
[INFO] [stderr]    Compiling signal-hook-mio v0.2.3
[INFO] [stderr]    Compiling unicode-normalization v0.1.22
[INFO] [stderr]    Compiling sharded-slab v0.1.7
[INFO] [stderr]    Compiling tracing-log v0.2.0
[INFO] [stderr]    Compiling thread_local v1.1.7
[INFO] [stderr]    Compiling doc-comment v0.3.3
[INFO] [stderr]    Compiling ref-cast v1.0.21
[INFO] [stderr]    Compiling bumpalo v3.14.0
[INFO] [stderr]    Compiling futures-util v0.3.30
[INFO] [stderr]    Compiling ring v0.17.7
[INFO] [stderr]    Compiling block-buffer v0.10.4
[INFO] [stderr]    Compiling crypto-common v0.1.6
[INFO] [stderr]    Compiling regex-automata v0.4.3
[INFO] [stderr]    Compiling digest v0.10.7
[INFO] [stderr]    Compiling uncased v0.9.9
[INFO] [stderr]    Compiling cpufeatures v0.2.11
[INFO] [stderr]    Compiling regex-automata v0.1.10
[INFO] [stderr]    Compiling unicode-bidi v0.3.14
[INFO] [stderr]    Compiling semver v1.0.20
[INFO] [stderr]    Compiling is-terminal v0.4.9
[INFO] [stderr]    Compiling wasm-bindgen-backend v0.2.89
[INFO] [stderr]    Compiling untrusted v0.9.0
[INFO] [stderr]    Compiling idna v0.5.0
[INFO] [stderr]    Compiling matchers v0.1.0
[INFO] [stderr]    Compiling devise_core v0.4.1
[INFO] [stderr]    Compiling prost-derive v0.11.9
[INFO] [stderr]    Compiling strum_macros v0.24.3
[INFO] [stderr]    Compiling tracing v0.1.40
[INFO] [stderr]    Compiling tokio v1.35.1
[INFO] [stderr]    Compiling wasm-bindgen-macro-support v0.2.89
[INFO] [stderr]    Compiling regex v1.10.2
[INFO] [stderr]    Compiling sha1 v0.10.6
[INFO] [stderr]    Compiling crossterm v0.26.1
[INFO] [stderr]    Compiling phf_shared v0.11.2
[INFO] [stderr]    Compiling pem v3.0.3
[INFO] [stderr]    Compiling headers-core v0.2.0
[INFO] [stderr]    Compiling stable-pattern v0.1.0
[INFO] [stderr]    Compiling form_urlencoded v1.2.1
[INFO] [stderr]    Compiling proc-macro-error-attr v1.0.4
[INFO] [stderr]    Compiling linked-hash-map v0.5.6
[INFO] [stderr]    Compiling winnow v0.5.31
[INFO] [stderr]    Compiling wasm-bindgen v0.2.89
[INFO] [stderr]    Compiling iana-time-zone v0.1.58
[INFO] [stderr]    Compiling rustc-hash v1.1.0
[INFO] [stderr]    Compiling strsim v0.10.0
[INFO] [stderr]    Compiling arrayvec v0.7.4
[INFO] [stderr]    Compiling http-range-header v0.3.1
[INFO] [stderr]    Compiling serde_derive v1.0.193
[INFO] [stderr]    Compiling futures-macro v0.3.30
[INFO] [stderr]    Compiling tokio-macros v2.2.0
[INFO] [stderr]    Compiling tracing-attributes v0.1.27
[INFO] [stderr]    Compiling thiserror-impl v1.0.52
[INFO] [stderr]    Compiling pin-project-internal v1.1.3
[INFO] [stderr]    Compiling async-stream-impl v0.3.5
[INFO] [stderr]    Compiling pear_codegen v0.2.8
[INFO] [stderr]    Compiling prost v0.11.9
[INFO] [stderr]    Compiling prost-derive v0.12.3
[INFO] [stderr]    Compiling ref-cast-impl v1.0.21
[INFO] [stderr]    Compiling async-stream v0.3.5
[INFO] [stderr]    Compiling strum_macros v0.25.3
[INFO] [stderr]    Compiling unicode-width v0.1.11
[INFO] [stderr]    Compiling finl_unicode v1.2.0
[INFO] [stderr]    Compiling strum v0.24.1
[INFO] [stderr]    Compiling state v0.6.0
[INFO] [stderr]    Compiling rustrict v0.7.12
[INFO] [stderr]    Compiling comfy-table v6.2.0
[INFO] [stderr]    Compiling hyper v0.14.28
[INFO] [stderr]    Compiling pear v0.2.8
[INFO] [stderr]    Compiling simple_asn1 v0.6.2
[INFO] [stderr]    Compiling pin-project v1.1.3
[INFO] [stderr]    Compiling wasm-bindgen-macro v0.2.89
[INFO] [stderr]    Compiling devise_codegen v0.4.1
[INFO] [stderr]    Compiling futures v0.3.30
[INFO] [stderr]    Compiling ttl_cache v0.5.1
[INFO] [stderr]    Compiling headers v0.3.9
[INFO] [stderr]    Compiling phf_generator v0.11.2
[INFO] [stderr]    Compiling crossterm v0.27.0
[INFO] [stderr]    Compiling indexmap v2.1.0
[INFO] [stderr]    Compiling figment v0.10.12
[INFO] [stderr]    Compiling proc-macro-error v1.0.4
[INFO] [stderr]    Compiling multer v2.1.0
[INFO] [stderr]    Compiling xml-rs v0.8.19
[INFO] [stderr]    Compiling zeroize v1.7.0
[INFO] [stderr]    Compiling prost v0.12.3
[INFO] [stderr]    Compiling phf_codegen v0.11.2
[INFO] [stderr]    Compiling parse-zoneinfo v0.3.0
[INFO] [stderr]    Compiling crossbeam-epoch v0.9.17
[INFO] [stderr]    Compiling devise v0.4.1
[INFO] [stderr]    Compiling rocket_http v0.5.0
[INFO] [stderr]    Compiling num-rational v0.4.1
[INFO] [stderr]    Compiling num-iter v0.1.43
[INFO] [stderr]    Compiling rocket v0.5.0
[INFO] [stderr]    Compiling encoding_rs v0.8.33
[INFO] [stderr]    Compiling unicode-xid v0.2.4
[INFO] [stderr]    Compiling fastrand v2.0.1
[INFO] [stderr]    Compiling radium v0.7.0
[INFO] [stderr]    Compiling strum v0.25.0
[INFO] [stderr]    Compiling rayon-core v1.12.0
[INFO] [stderr]    Compiling crossbeam-deque v0.8.4
[INFO] [stderr]    Compiling prost-types v0.12.3
[INFO] [stderr]    Compiling tempfile v3.8.1
[INFO] [stderr]    Compiling binascii v0.1.4
[INFO] [stderr]    Compiling tap v1.0.1
[INFO] [stderr]    Compiling strfmt v0.2.4
[INFO] [stderr]    Compiling futures-executor v0.3.30
[INFO] [stderr]    Compiling tower-http v0.4.4
[INFO] [stderr]    Compiling atomic v0.5.3
[INFO] [stderr]    Compiling shuttle-codegen v0.35.2
[INFO] [stderr]    Compiling phf v0.11.2
[INFO] [stderr]    Compiling wyz v0.5.1
[INFO] [stderr]    Compiling js-sys v0.3.66
[INFO] [stderr]    Compiling colored v2.1.0
[INFO] [stderr]    Compiling num-complex v0.4.4
[INFO] [stderr]    Compiling deunicode v1.4.2
[INFO] [stderr]    Compiling funty v2.0.0
[INFO] [stderr]    Compiling rayon v1.8.0
[INFO] [stderr]    Compiling fake v2.9.2
[INFO] [stderr]    Compiling console_error_panic_hook v0.1.7
[INFO] [stderr]    Compiling num v0.4.1
[INFO] [stderr]    Compiling itertools v0.12.0
[INFO] [stderr]    Compiling assert_approx_eq v1.1.0
[INFO] [stderr]    Compiling bitvec v1.0.1
[INFO] [stderr]    Compiling tokio-util v0.7.10
[INFO] [stderr]    Compiling tokio-stream v0.1.14
[INFO] [stderr]    Compiling tokio-io-timeout v1.2.0
[INFO] [stderr]    Compiling rocket_codegen v0.5.0
[INFO] [stderr]    Compiling tower v0.4.13
[INFO] [stderr]    Compiling serde-xml-rs v0.5.1
[INFO] [stderr]    Compiling serde_path_to_error v0.1.14
[INFO] [stderr]    Compiling tracing-serde v0.1.3
[INFO] [stderr]    Compiling serde_spanned v0.6.5
[INFO] [stderr]    Compiling toml_datetime v0.6.5
[INFO] [stderr]    Compiling url v2.5.0
[INFO] [stderr]    Compiling uuid v1.6.1
[INFO] [stderr]    Compiling chrono v0.4.31
[INFO] [stderr]    Compiling time-tz v2.0.0
[INFO] [stderr]    Compiling ubyte v0.10.4
[INFO] [stderr]    Compiling serde-wasm-bindgen v0.6.3
[INFO] [stderr]    Compiling h2 v0.3.22
[INFO] [stderr]    Compiling opentelemetry v0.21.0
[INFO] [stderr]    Compiling toml_edit v0.21.0
[INFO] [stderr]    Compiling tracing-subscriber v0.3.18
[INFO] [stderr]    Compiling jsonwebtoken v9.2.0
[INFO] [stderr]    Compiling opentelemetry_sdk v0.21.1
[INFO] [stderr]    Compiling opentelemetry-semantic-conventions v0.13.0
[INFO] [stderr]    Compiling opentelemetry-http v0.10.0
[INFO] [stderr]    Compiling toml v0.8.8
[INFO] [stderr]    Compiling tracing-opentelemetry v0.22.0
[INFO] [stderr]    Compiling opentelemetry-appender-tracing v0.2.0
[INFO] [stderr]    Compiling groups_core v0.1.0 (/opt/rustwide/workdir/groups_core)
[INFO] [stderr]    Compiling hyper-timeout v0.4.1
[INFO] [stderr]    Compiling tonic v0.9.2
[INFO] [stderr]    Compiling tonic v0.10.2
[INFO] [stderr]    Compiling opentelemetry-proto v0.4.0
[INFO] [stderr]    Compiling opentelemetry-otlp v0.14.0
[INFO] [stderr]    Compiling shuttle-common v0.35.2
[INFO] [stderr]    Compiling shuttle-service v0.35.2
[INFO] [stderr]    Compiling shuttle-proto v0.35.2
[INFO] [stderr]    Compiling shuttle-runtime v0.35.2
[INFO] [stderr]    Compiling shuttle-rocket v0.35.2
[INFO] [stderr]    Compiling groups_server_local v0.1.0 (/opt/rustwide/workdir/groups_server_local)
[INFO] [stderr]    Compiling groups_server v0.1.0 (/opt/rustwide/workdir/groups_server)
[INFO] [stderr]     Finished dev [unoptimized + debuginfo] target(s) in 58.20s
[INFO] running `Command { std: "docker" "inspect" "0c9d65bb3d337c7409ff626d9e2817e7be950f0a330da92a1c10d5adf623e5b0", kill_on_drop: false }`
[INFO] running `Command { std: "docker" "rm" "-f" "0c9d65bb3d337c7409ff626d9e2817e7be950f0a330da92a1c10d5adf623e5b0", kill_on_drop: false }`
[INFO] [stdout] 0c9d65bb3d337c7409ff626d9e2817e7be950f0a330da92a1c10d5adf623e5b0
[INFO] running `Command { std: "docker" "create" "-v" "/var/lib/crater-agent-workspace/builds/worker-0-tc1/target:/opt/rustwide/target:rw,Z" "-v" "/var/lib/crater-agent-workspace/builds/worker-0-tc1/source:/opt/rustwide/workdir:ro,Z" "-v" "/var/lib/crater-agent-workspace/cargo-home:/opt/rustwide/cargo-home:ro,Z" "-v" "/var/lib/crater-agent-workspace/rustup-home:/opt/rustwide/rustup-home:ro,Z" "-e" "SOURCE_DIR=/opt/rustwide/workdir" "-e" "CARGO_TARGET_DIR=/opt/rustwide/target" "-e" "CARGO_INCREMENTAL=0" "-e" "RUST_BACKTRACE=full" "-e" "RUSTFLAGS=--cap-lints=warn" "-e" "RUSTDOCFLAGS=--cap-lints=warn" "-e" "CARGO_HOME=/opt/rustwide/cargo-home" "-e" "RUSTUP_HOME=/opt/rustwide/rustup-home" "-w" "/opt/rustwide/workdir" "-m" "1610612736" "--user" "0:0" "--network" "none" "ghcr.io/rust-lang/crates-build-env/linux@sha256:2788e3201cd34a07e3172128adcd8b3090168a8e3bcc40d7c032b9dda1df7d1c" "/opt/rustwide/cargo-home/bin/cargo" "+1.75.0" "test" "--frozen" "--no-run" "--message-format=json", kill_on_drop: false }`
[INFO] [stdout] 6264fb32b5c4ed1bf090ba142684ace510ad1672d375c0f53a79225ac5853f72
[INFO] running `Command { std: "docker" "start" "-a" "6264fb32b5c4ed1bf090ba142684ace510ad1672d375c0f53a79225ac5853f72", kill_on_drop: false }`
[INFO] [stderr]    Compiling groups_core v0.1.0 (/opt/rustwide/workdir/groups_core)
[INFO] [stderr]    Compiling groups_server_local v0.1.0 (/opt/rustwide/workdir/groups_server_local)
[INFO] [stderr]    Compiling groups_server v0.1.0 (/opt/rustwide/workdir/groups_server)
[INFO] [stderr]     Finished test [unoptimized + debuginfo] target(s) in 2.35s
[INFO] running `Command { std: "docker" "inspect" "6264fb32b5c4ed1bf090ba142684ace510ad1672d375c0f53a79225ac5853f72", kill_on_drop: false }`
[INFO] running `Command { std: "docker" "rm" "-f" "6264fb32b5c4ed1bf090ba142684ace510ad1672d375c0f53a79225ac5853f72", kill_on_drop: false }`
[INFO] [stdout] 6264fb32b5c4ed1bf090ba142684ace510ad1672d375c0f53a79225ac5853f72
[INFO] running `Command { std: "docker" "create" "-v" "/var/lib/crater-agent-workspace/builds/worker-0-tc1/target:/opt/rustwide/target:rw,Z" "-v" "/var/lib/crater-agent-workspace/builds/worker-0-tc1/source:/opt/rustwide/workdir:ro,Z" "-v" "/var/lib/crater-agent-workspace/cargo-home:/opt/rustwide/cargo-home:ro,Z" "-v" "/var/lib/crater-agent-workspace/rustup-home:/opt/rustwide/rustup-home:ro,Z" "-e" "SOURCE_DIR=/opt/rustwide/workdir" "-e" "CARGO_TARGET_DIR=/opt/rustwide/target" "-e" "CARGO_INCREMENTAL=0" "-e" "RUST_BACKTRACE=full" "-e" "RUSTFLAGS=--cap-lints=warn" "-e" "RUSTDOCFLAGS=--cap-lints=warn" "-e" "CARGO_HOME=/opt/rustwide/cargo-home" "-e" "RUSTUP_HOME=/opt/rustwide/rustup-home" "-w" "/opt/rustwide/workdir" "-m" "1610612736" "--user" "0:0" "--network" "none" "ghcr.io/rust-lang/crates-build-env/linux@sha256:2788e3201cd34a07e3172128adcd8b3090168a8e3bcc40d7c032b9dda1df7d1c" "/opt/rustwide/cargo-home/bin/cargo" "+1.75.0" "test" "--frozen", kill_on_drop: false }`
[INFO] [stdout] 193e8f2511734c0020b6e3a4b13ec7a06a815422348f160802c331d0d85bd592
[INFO] running `Command { std: "docker" "start" "-a" "193e8f2511734c0020b6e3a4b13ec7a06a815422348f160802c331d0d85bd592", kill_on_drop: false }`
[INFO] [stderr]     Finished test [unoptimized + debuginfo] target(s) in 0.18s
[INFO] [stderr]      Running unittests src/lib.rs (/opt/rustwide/target/debug/deps/groups_core-8c36e95e37cc31b8)
[INFO] [stdout] 
[INFO] [stdout] running 27 tests
[INFO] [stdout] test scheduling::min_max_strategy::tests::test_team_sched_score_complete_compatibility ... ok
[INFO] [stdout] test scheduling::min_max_strategy::tests::test_team_sched_score_34_blocks_compatible ... ok
[INFO] [stdout] test scheduling::min_max_strategy::tests::test_team_sched_score_complete_incompatibility ... ok
[INFO] [stdout] test scheduling::tests::groups_no_size ... ok
[INFO] [stdout] test scheduling::min_max_strategy::tests::test_team_sched_score_further_compatibility_unnecessary ... ok
[INFO] [stdout] test scheduling::tests::groups_no_students ... ok
[INFO] [stdout] test student::tests::round_trip_complex_encoding ... ok
[INFO] [stdout] test student::tests::invalid_timezone_decode ... ok
[INFO] [stdout] test student::tests::missing_section_decode ... ok
[INFO] [stdout] test student::tests::test_avail_offset_advanced ... ok
[INFO] [stdout] test student::tests::round_trip_simple_encoding ... ok
[INFO] [stdout] test student::tests::test_avail_offset_advanced_wraparound ... ok
[INFO] [stdout] test scheduling::tests::pretty_hours_positive_offset ... ok
[INFO] [stdout] test student::tests::test_avail_offset_retarded ... ok
[INFO] [stdout] test student::tests::empty_decode ... ok
[INFO] [stdout] test student::tests::invalid_availability_char_decode ... ok
[INFO] [stdout] test student::tests::test_avail_offset_retarded_wraparound ... ok
[INFO] [stdout] test student::tests::too_long_availability_decode ... ok
[INFO] [stdout] test student::tests::too_short_availability_decode ... ok
[INFO] [stdout] test student::tests::test_avail_same_tz ... ok
[INFO] [stdout] test scheduling::min_max_strategy::tests::test_random ... ok
[INFO] [stdout] test scheduling::tests::pretty_hours_negative_offset ... FAILED
[INFO] [stdout] test scheduling::tests::no_crash_if_unfull_team ... ok
[INFO] [stdout] test scheduling::hillclimbing_strategy::tests::test_large_random has been running for over 60 seconds
[INFO] [stdout] test scheduling::hillclimbing_strategy::tests::test_random has been running for over 60 seconds
[INFO] [stdout] test scheduling::min_max_strategy::tests::test_large_random has been running for over 60 seconds
[INFO] [stdout] test scheduling::tests::groups_single_student has been running for over 60 seconds
[INFO] [stdout] test scheduling::tests::groups_single_student ... ok
[INFO] [stdout] test scheduling::hillclimbing_strategy::tests::test_random ... ok
[INFO] [stdout] test scheduling::hillclimbing_strategy::tests::test_large_random ... ok
[INFO] [stdout] test scheduling::min_max_strategy::tests::test_large_random ... ok
[INFO] [stdout] 
[INFO] [stdout] failures:
[INFO] [stdout] 
[INFO] [stdout] ---- scheduling::tests::pretty_hours_negative_offset stdout ----
[INFO] [stdout] thread 'scheduling::tests::pretty_hours_negative_offset' panicked at groups_core/src/scheduling/mod.rs:228:9:
[INFO] [stdout] assertion `left == right` failed
[INFO] [stdout]   left: ["Sunday at 9 PM", "Sunday at 10 PM", "Sunday at 11 PM", "Monday at 12 AM"]
[INFO] [stdout]  right: ["Sunday at 10 PM", "Sunday at 11 PM", "Monday at 12 AM", "Monday at 1 AM"]
[INFO] [stdout] stack backtrace:
[INFO] [stdout]    0:     0x55941ab395fc - std::backtrace_rs::backtrace::libunwind::trace::ha637c64ce894333a
[INFO] [stdout]                                at /rustc/82e1608dfa6e0b5569232559e3d385fea5a93112/library/std/src/../../backtrace/src/backtrace/libunwind.rs:104:5
[INFO] [stdout]    1:     0x55941ab395fc - std::backtrace_rs::backtrace::trace_unsynchronized::h47f62dea28e0c88d
[INFO] [stdout]                                at /rustc/82e1608dfa6e0b5569232559e3d385fea5a93112/library/std/src/../../backtrace/src/backtrace/mod.rs:66:5
[INFO] [stdout]    2:     0x55941ab395fc - std::sys_common::backtrace::_print_fmt::h9eef0abe20ede486
[INFO] [stdout]                                at /rustc/82e1608dfa6e0b5569232559e3d385fea5a93112/library/std/src/sys_common/backtrace.rs:67:5
[INFO] [stdout]    3:     0x55941ab395fc - <std::sys_common::backtrace::_print::DisplayBacktrace as core::fmt::Display>::fmt::hed7f999df88cc644
[INFO] [stdout]                                at /rustc/82e1608dfa6e0b5569232559e3d385fea5a93112/library/std/src/sys_common/backtrace.rs:44:22
[INFO] [stdout]    4:     0x55941ab63740 - core::fmt::rt::Argument::fmt::h1539a9308b8d058d
[INFO] [stdout]                                at /rustc/82e1608dfa6e0b5569232559e3d385fea5a93112/library/core/src/fmt/rt.rs:142:9
[INFO] [stdout]    5:     0x55941ab63740 - core::fmt::write::h3a39390d8560d9c9
[INFO] [stdout]                                at /rustc/82e1608dfa6e0b5569232559e3d385fea5a93112/library/core/src/fmt/mod.rs:1120:17
[INFO] [stdout]    6:     0x55941ab36f5f - std::io::Write::write_fmt::h040b369f3a0f9cbc
[INFO] [stdout]                                at /rustc/82e1608dfa6e0b5569232559e3d385fea5a93112/library/std/src/io/mod.rs:1762:15
[INFO] [stdout]    7:     0x55941ab393e4 - std::sys_common::backtrace::_print::h894006fb5c6f3d45
[INFO] [stdout]                                at /rustc/82e1608dfa6e0b5569232559e3d385fea5a93112/library/std/src/sys_common/backtrace.rs:47:5
[INFO] [stdout]    8:     0x55941ab393e4 - std::sys_common::backtrace::print::h23a2d212c6fff936
[INFO] [stdout]                                at /rustc/82e1608dfa6e0b5569232559e3d385fea5a93112/library/std/src/sys_common/backtrace.rs:34:9
[INFO] [stdout]    9:     0x55941ab3b0a7 - std::panicking::default_hook::{{closure}}::h8a1d2ee00185001a
[INFO] [stdout]   10:     0x55941ab3ad93 - std::panicking::default_hook::h6038f2eba384e475
[INFO] [stdout]                                at /rustc/82e1608dfa6e0b5569232559e3d385fea5a93112/library/std/src/panicking.rs:289:9
[INFO] [stdout]   11:     0x55941aa86397 - <alloc::boxed::Box<F,A> as core::ops::function::Fn<Args>>::call::h0ad024c9bdc6d768
[INFO] [stdout]                                at /rustc/82e1608dfa6e0b5569232559e3d385fea5a93112/library/alloc/src/boxed.rs:2021:9
[INFO] [stdout]   12:     0x55941aa86397 - test::test_main::{{closure}}::h7500b54257359db6
[INFO] [stdout]                                at /rustc/82e1608dfa6e0b5569232559e3d385fea5a93112/library/test/src/lib.rs:138:21
[INFO] [stdout]   13:     0x55941ab3b6b8 - <alloc::boxed::Box<F,A> as core::ops::function::Fn<Args>>::call::h1f8f335eaa9cfaee
[INFO] [stdout]                                at /rustc/82e1608dfa6e0b5569232559e3d385fea5a93112/library/alloc/src/boxed.rs:2021:9
[INFO] [stdout]   14:     0x55941ab3b6b8 - std::panicking::rust_panic_with_hook::h2b5517d590cab22e
[INFO] [stdout]                                at /rustc/82e1608dfa6e0b5569232559e3d385fea5a93112/library/std/src/panicking.rs:783:13
[INFO] [stdout]   15:     0x55941ab3b40e - std::panicking::begin_panic_handler::{{closure}}::h233112c06e0ef43e
[INFO] [stdout]                                at /rustc/82e1608dfa6e0b5569232559e3d385fea5a93112/library/std/src/panicking.rs:657:13
[INFO] [stdout]   16:     0x55941ab39ac6 - std::sys_common::backtrace::__rust_end_short_backtrace::h6e893f24d7ebbff8
[INFO] [stdout]                                at /rustc/82e1608dfa6e0b5569232559e3d385fea5a93112/library/std/src/sys_common/backtrace.rs:170:18
[INFO] [stdout]   17:     0x55941ab3b172 - rust_begin_unwind
[INFO] [stdout]                                at /rustc/82e1608dfa6e0b5569232559e3d385fea5a93112/library/std/src/panicking.rs:645:5
[INFO] [stdout]   18:     0x55941a9c1155 - core::panicking::panic_fmt::hbf0e066aabfa482c
[INFO] [stdout]                                at /rustc/82e1608dfa6e0b5569232559e3d385fea5a93112/library/core/src/panicking.rs:72:14
[INFO] [stdout]   19:     0x55941a9c156b - core::panicking::assert_failed_inner::h0bba8b7c26ee4492
[INFO] [stdout]   20:     0x55941aa43fc2 - core::panicking::assert_failed::hf2d0164fc4527851
[INFO] [stdout]                                at /rustc/82e1608dfa6e0b5569232559e3d385fea5a93112/library/core/src/panicking.rs:279:5
[INFO] [stdout]   21:     0x55941aa523d7 - groups_core::scheduling::tests::pretty_hours_negative_offset::hc6048627ce5cf2ec
[INFO] [stdout]                                at /opt/rustwide/workdir/groups_core/src/scheduling/mod.rs:228:9
[INFO] [stdout]   22:     0x55941aa52127 - groups_core::scheduling::tests::pretty_hours_negative_offset::{{closure}}::h491ee1c1494a7d9e
[INFO] [stdout]                                at /opt/rustwide/workdir/groups_core/src/scheduling/mod.rs:217:38
[INFO] [stdout]   23:     0x55941aa0f206 - core::ops::function::FnOnce::call_once::h339ebd4e5e96a169
[INFO] [stdout]                                at /rustc/82e1608dfa6e0b5569232559e3d385fea5a93112/library/core/src/ops/function.rs:250:5
[INFO] [stdout]   24:     0x55941aa8b9ef - core::ops::function::FnOnce::call_once::h2b5d431d5046312d
[INFO] [stdout]                                at /rustc/82e1608dfa6e0b5569232559e3d385fea5a93112/library/core/src/ops/function.rs:250:5
[INFO] [stdout]   25:     0x55941aa8b9ef - test::__rust_begin_short_backtrace::h7714669af176e207
[INFO] [stdout]                                at /rustc/82e1608dfa6e0b5569232559e3d385fea5a93112/library/test/src/lib.rs:628:18
[INFO] [stdout]   26:     0x55941aa8aa05 - test::run_test_in_process::{{closure}}::h85218797dcbcec12
[INFO] [stdout]                                at /rustc/82e1608dfa6e0b5569232559e3d385fea5a93112/library/test/src/lib.rs:651:60
[INFO] [stdout]   27:     0x55941aa8aa05 - <core::panic::unwind_safe::AssertUnwindSafe<F> as core::ops::function::FnOnce<()>>::call_once::h76c106ea31c14d7b
[INFO] [stdout]                                at /rustc/82e1608dfa6e0b5569232559e3d385fea5a93112/library/core/src/panic/unwind_safe.rs:272:9
[INFO] [stdout]   28:     0x55941aa8aa05 - std::panicking::try::do_call::h3bd5d0f6620ee946
[INFO] [stdout]                                at /rustc/82e1608dfa6e0b5569232559e3d385fea5a93112/library/std/src/panicking.rs:552:40
[INFO] [stdout]   29:     0x55941aa8aa05 - std::panicking::try::h232e535e4744fe31
[INFO] [stdout]                                at /rustc/82e1608dfa6e0b5569232559e3d385fea5a93112/library/std/src/panicking.rs:516:19
[INFO] [stdout]   30:     0x55941aa8aa05 - std::panic::catch_unwind::h3ce3bd6ca8dbac68
[INFO] [stdout]                                at /rustc/82e1608dfa6e0b5569232559e3d385fea5a93112/library/std/src/panic.rs:142:14
[INFO] [stdout]   31:     0x55941aa8aa05 - test::run_test_in_process::hc97b257c9621286a
[INFO] [stdout]                                at /rustc/82e1608dfa6e0b5569232559e3d385fea5a93112/library/test/src/lib.rs:651:27
[INFO] [stdout]   32:     0x55941aa8aa05 - test::run_test::{{closure}}::h2aa798823a438d38
[INFO] [stdout]                                at /rustc/82e1608dfa6e0b5569232559e3d385fea5a93112/library/test/src/lib.rs:574:43
[INFO] [stdout]   33:     0x55941aa52cc6 - test::run_test::{{closure}}::h87d231c78fb59832
[INFO] [stdout]                                at /rustc/82e1608dfa6e0b5569232559e3d385fea5a93112/library/test/src/lib.rs:602:41
[INFO] [stdout]   34:     0x55941aa52cc6 - std::sys_common::backtrace::__rust_begin_short_backtrace::he6df152596625789
[INFO] [stdout]                                at /rustc/82e1608dfa6e0b5569232559e3d385fea5a93112/library/std/src/sys_common/backtrace.rs:154:18
[INFO] [stdout]   35:     0x55941aa57d77 - std::thread::Builder::spawn_unchecked_::{{closure}}::{{closure}}::ha94be15d1e0acf36
[INFO] [stdout]                                at /rustc/82e1608dfa6e0b5569232559e3d385fea5a93112/library/std/src/thread/mod.rs:529:17
[INFO] [stdout]   36:     0x55941aa57d77 - <core::panic::unwind_safe::AssertUnwindSafe<F> as core::ops::function::FnOnce<()>>::call_once::h9dc6bd6372f16606
[INFO] [stdout]                                at /rustc/82e1608dfa6e0b5569232559e3d385fea5a93112/library/core/src/panic/unwind_safe.rs:272:9
[INFO] [stdout]   37:     0x55941aa57d77 - std::panicking::try::do_call::h9057517f80303cd4
[INFO] [stdout]                                at /rustc/82e1608dfa6e0b5569232559e3d385fea5a93112/library/std/src/panicking.rs:552:40
[INFO] [stdout]   38:     0x55941aa57d77 - std::panicking::try::he3a30b11ee45340c
[INFO] [stdout]                                at /rustc/82e1608dfa6e0b5569232559e3d385fea5a93112/library/std/src/panicking.rs:516:19
[INFO] [stdout]   39:     0x55941aa57d77 - std::panic::catch_unwind::h410458cfd3528b8b
[INFO] [stdout]                                at /rustc/82e1608dfa6e0b5569232559e3d385fea5a93112/library/std/src/panic.rs:142:14
[INFO] [stdout]   40:     0x55941aa57d77 - std::thread::Builder::spawn_unchecked_::{{closure}}::h72ac3bdb567b737b
[INFO] [stdout]                                at /rustc/82e1608dfa6e0b5569232559e3d385fea5a93112/library/std/src/thread/mod.rs:528:30
[INFO] [stdout]   41:     0x55941aa57d77 - core::ops::function::FnOnce::call_once{{vtable.shim}}::h38f34da3654a8344
[INFO] [stdout]                                at /rustc/82e1608dfa6e0b5569232559e3d385fea5a93112/library/core/src/ops/function.rs:250:5
[INFO] [stdout]   42:     0x55941ab40225 - <alloc::boxed::Box<F,A> as core::ops::function::FnOnce<Args>>::call_once::hc7eafaff61e32df9
[INFO] [stdout]                                at /rustc/82e1608dfa6e0b5569232559e3d385fea5a93112/library/alloc/src/boxed.rs:2007:9
[INFO] [stdout]   43:     0x55941ab40225 - <alloc::boxed::Box<F,A> as core::ops::function::FnOnce<Args>>::call_once::h6ba4a5de48dd2304
[INFO] [stdout]                                at /rustc/82e1608dfa6e0b5569232559e3d385fea5a93112/library/alloc/src/boxed.rs:2007:9
[INFO] [stdout]   44:     0x55941ab40225 - std::sys::unix::thread::Thread::new::thread_start::he469335aef763e45
[INFO] [stdout]                                at /rustc/82e1608dfa6e0b5569232559e3d385fea5a93112/library/std/src/sys/unix/thread.rs:108:17
[INFO] [stdout]   45:     0x7feb128ebac3 - <unknown>
[INFO] [stdout]   46:     0x7feb1297cbf4 - __clone
[INFO] [stdout]   47:                0x0 - <unknown>
[INFO] [stdout] 
[INFO] [stdout] 
[INFO] [stdout] failures:
[INFO] [stdout]     scheduling::tests::pretty_hours_negative_offset
[INFO] [stdout] 
[INFO] [stdout] test result: FAILED. 26 passed; 1 failed; 0 ignored; 0 measured; 0 filtered out; finished in 111.88s
[INFO] [stdout] 
[INFO] [stderr] error: test failed, to rerun pass `-p groups_core --lib`
[INFO] running `Command { std: "docker" "inspect" "193e8f2511734c0020b6e3a4b13ec7a06a815422348f160802c331d0d85bd592", kill_on_drop: false }`
[INFO] running `Command { std: "docker" "rm" "-f" "193e8f2511734c0020b6e3a4b13ec7a06a815422348f160802c331d0d85bd592", kill_on_drop: false }`
[INFO] [stdout] 193e8f2511734c0020b6e3a4b13ec7a06a815422348f160802c331d0d85bd592
[INFO] testing ephraimkunz/Groups/3123930fd4c2bcb6f2b1ea860174c2c603217782 against beta-2023-12-22 for beta-1.76-1
[INFO] running `Command { std: "git" "clone" "/workspace/cache/git-repos/https%3A%2F%2Fgithub.com%2Fephraimkunz%2FGroups" "/workspace/builds/worker-0-tc2/source", kill_on_drop: false }`
[INFO] [stderr] Cloning into '/workspace/builds/worker-0-tc2/source'...
[INFO] [stderr] done.
[INFO] validating manifest of git repo https://github.com/ephraimkunz/Groups on toolchain beta-2023-12-22
[INFO] running `Command { std: CARGO_HOME="/workspace/cargo-home" RUSTUP_HOME="/workspace/rustup-home" "/workspace/cargo-home/bin/cargo" "+beta-2023-12-22" "metadata" "--manifest-path" "Cargo.toml" "--no-deps", kill_on_drop: false }`
[INFO] started tweaking git repo https://github.com/ephraimkunz/Groups
[INFO] finished tweaking git repo https://github.com/ephraimkunz/Groups
[INFO] tweaked toml for git repo https://github.com/ephraimkunz/Groups written to /workspace/builds/worker-0-tc2/source/Cargo.toml
[INFO] crate git repo https://github.com/ephraimkunz/Groups already has a lockfile, it will not be regenerated
[INFO] running `Command { std: CARGO_HOME="/workspace/cargo-home" RUSTUP_HOME="/workspace/rustup-home" "/workspace/cargo-home/bin/cargo" "+beta-2023-12-22" "fetch" "--manifest-path" "Cargo.toml", kill_on_drop: false }`
[INFO] running `Command { std: "docker" "create" "-v" "/var/lib/crater-agent-workspace/builds/worker-0-tc2/target:/opt/rustwide/target:rw,Z" "-v" "/var/lib/crater-agent-workspace/builds/worker-0-tc2/source:/opt/rustwide/workdir:ro,Z" "-v" "/var/lib/crater-agent-workspace/cargo-home:/opt/rustwide/cargo-home:ro,Z" "-v" "/var/lib/crater-agent-workspace/rustup-home:/opt/rustwide/rustup-home:ro,Z" "-e" "SOURCE_DIR=/opt/rustwide/workdir" "-e" "CARGO_TARGET_DIR=/opt/rustwide/target" "-e" "CARGO_HOME=/opt/rustwide/cargo-home" "-e" "RUSTUP_HOME=/opt/rustwide/rustup-home" "-w" "/opt/rustwide/workdir" "-m" "1610612736" "--user" "0:0" "--network" "none" "ghcr.io/rust-lang/crates-build-env/linux@sha256:2788e3201cd34a07e3172128adcd8b3090168a8e3bcc40d7c032b9dda1df7d1c" "/opt/rustwide/cargo-home/bin/cargo" "+beta-2023-12-22" "metadata" "--no-deps" "--format-version=1", kill_on_drop: false }`
[INFO] [stdout] 300204573c7d800ade1a781296a297a60c42fd907060aa4b7bca3116b6c1e658
[INFO] running `Command { std: "docker" "start" "-a" "300204573c7d800ade1a781296a297a60c42fd907060aa4b7bca3116b6c1e658", kill_on_drop: false }`
[INFO] running `Command { std: "docker" "inspect" "300204573c7d800ade1a781296a297a60c42fd907060aa4b7bca3116b6c1e658", kill_on_drop: false }`
[INFO] running `Command { std: "docker" "rm" "-f" "300204573c7d800ade1a781296a297a60c42fd907060aa4b7bca3116b6c1e658", kill_on_drop: false }`
[INFO] [stdout] 300204573c7d800ade1a781296a297a60c42fd907060aa4b7bca3116b6c1e658
[INFO] running `Command { std: "docker" "create" "-v" "/var/lib/crater-agent-workspace/builds/worker-0-tc2/target:/opt/rustwide/target:rw,Z" "-v" "/var/lib/crater-agent-workspace/builds/worker-0-tc2/source:/opt/rustwide/workdir:ro,Z" "-v" "/var/lib/crater-agent-workspace/cargo-home:/opt/rustwide/cargo-home:ro,Z" "-v" "/var/lib/crater-agent-workspace/rustup-home:/opt/rustwide/rustup-home:ro,Z" "-e" "SOURCE_DIR=/opt/rustwide/workdir" "-e" "CARGO_TARGET_DIR=/opt/rustwide/target" "-e" "CARGO_INCREMENTAL=0" "-e" "RUST_BACKTRACE=full" "-e" "RUSTFLAGS=--cap-lints=warn" "-e" "RUSTDOCFLAGS=--cap-lints=warn" "-e" "CARGO_HOME=/opt/rustwide/cargo-home" "-e" "RUSTUP_HOME=/opt/rustwide/rustup-home" "-w" "/opt/rustwide/workdir" "-m" "1610612736" "--user" "0:0" "--network" "none" "ghcr.io/rust-lang/crates-build-env/linux@sha256:2788e3201cd34a07e3172128adcd8b3090168a8e3bcc40d7c032b9dda1df7d1c" "/opt/rustwide/cargo-home/bin/cargo" "+beta-2023-12-22" "build" "--frozen" "--message-format=json", kill_on_drop: false }`
[INFO] [stdout] e04448d4207a4188aa6ce05f57375460c40b99cbeefa35a60d628afe36014416
[INFO] running `Command { std: "docker" "start" "-a" "e04448d4207a4188aa6ce05f57375460c40b99cbeefa35a60d628afe36014416", kill_on_drop: false }`
[INFO] [stderr]    Compiling proc-macro2 v1.0.71
[INFO] [stderr]    Compiling unicode-ident v1.0.12
[INFO] [stderr]    Compiling autocfg v1.1.0
[INFO] [stderr]    Compiling cfg-if v1.0.0
[INFO] [stderr]    Compiling libc v0.2.151
[INFO] [stderr]    Compiling version_check v0.9.4
[INFO] [stderr]    Compiling once_cell v1.19.0
[INFO] [stderr]    Compiling pin-project-lite v0.2.13
[INFO] [stderr]    Compiling serde v1.0.193
[INFO] [stderr]    Compiling itoa v1.0.10
[INFO] [stderr]    Compiling bytes v1.5.0
[INFO] [stderr]    Compiling log v0.4.20
[INFO] [stderr]    Compiling smallvec v1.11.2
[INFO] [stderr]    Compiling futures-core v0.3.30
[INFO] [stderr]    Compiling parking_lot_core v0.9.9
[INFO] [stderr]    Compiling pin-utils v0.1.0
[INFO] [stderr]    Compiling futures-sink v0.3.30
[INFO] [stderr]    Compiling scopeguard v1.2.0
[INFO] [stderr]    Compiling hashbrown v0.14.3
[INFO] [stderr]    Compiling memchr v2.6.4
[INFO] [stderr]    Compiling equivalent v1.0.1
[INFO] [stderr]    Compiling fnv v1.0.7
[INFO] [stderr]    Compiling futures-channel v0.3.30
[INFO] [stderr]    Compiling futures-io v0.3.30
[INFO] [stderr]    Compiling futures-task v0.3.30
[INFO] [stderr]    Compiling either v1.9.0
[INFO] [stderr]    Compiling tracing-core v0.1.32
[INFO] [stderr]    Compiling thiserror v1.0.52
[INFO] [stderr]    Compiling percent-encoding v2.3.1
[INFO] [stderr]    Compiling httparse v1.8.0
[INFO] [stderr]    Compiling rustversion v1.0.14
[INFO] [stderr]    Compiling lock_api v0.4.11
[INFO] [stderr]    Compiling slab v0.4.9
[INFO] [stderr]    Compiling num-traits v0.2.17
[INFO] [stderr]    Compiling tower-service v0.3.2
[INFO] [stderr]    Compiling ppv-lite86 v0.2.17
[INFO] [stderr]    Compiling async-trait v0.1.75
[INFO] [stderr]    Compiling time-core v0.1.2
[INFO] [stderr]    Compiling http v0.2.11
[INFO] [stderr]    Compiling powerfmt v0.2.0
[INFO] [stderr]    Compiling try-lock v0.2.5
[INFO] [stderr]    Compiling crossbeam-utils v0.8.18
[INFO] [stderr]    Compiling httpdate v1.0.3
[INFO] [stderr]    Compiling want v0.3.1
[INFO] [stderr]    Compiling deranged v0.3.10
[INFO] [stderr]    Compiling time-macros v0.2.16
[INFO] [stderr]    Compiling serde_json v1.0.108
[INFO] [stderr]    Compiling bitflags v2.4.1
[INFO] [stderr]    Compiling ryu v1.0.16
[INFO] [stderr]    Compiling anyhow v1.0.77
[INFO] [stderr]    Compiling syn v1.0.109
[INFO] [stderr]    Compiling quote v1.0.33
[INFO] [stderr]    Compiling proc-macro2-diagnostics v0.10.1
[INFO] [stderr]    Compiling num-integer v0.1.45
[INFO] [stderr]    Compiling mime v0.3.17
[INFO] [stderr]    Compiling yansi v1.0.0-rc.1
[INFO] [stderr]    Compiling syn v2.0.43
[INFO] [stderr]    Compiling signal-hook-registry v1.4.1
[INFO] [stderr]    Compiling socket2 v0.5.5
[INFO] [stderr]    Compiling mio v0.8.10
[INFO] [stderr]    Compiling num_cpus v1.16.0
[INFO] [stderr]    Compiling getrandom v0.2.11
[INFO] [stderr]    Compiling http-body v0.4.6
[INFO] [stderr]    Compiling rand_core v0.6.4
[INFO] [stderr]    Compiling parking_lot v0.12.1
[INFO] [stderr]    Compiling rand_chacha v0.3.1
[INFO] [stderr]    Compiling base64 v0.21.5
[INFO] [stderr]    Compiling indexmap v1.9.3
[INFO] [stderr]    Compiling num-bigint v0.4.4
[INFO] [stderr]    Compiling typenum v1.17.0
[INFO] [stderr]    Compiling rand v0.8.5
[INFO] [stderr]    Compiling urlencoding v2.1.3
[INFO] [stderr]    Compiling bitflags v1.3.2
[INFO] [stderr]    Compiling tower-layer v0.3.2
[INFO] [stderr]    Compiling glob v0.3.1
[INFO] [stderr]    Compiling axum-core v0.3.4
[INFO] [stderr]    Compiling generic-array v0.14.7
[INFO] [stderr]    Compiling hashbrown v0.12.3
[INFO] [stderr]    Compiling axum v0.6.20
[INFO] [stderr]    Compiling lazy_static v1.4.0
[INFO] [stderr]    Compiling rustix v0.38.28
[INFO] [stderr]    Compiling signal-hook v0.3.17
[INFO] [stderr]    Compiling ordered-float v4.2.0
[INFO] [stderr]    Compiling crossbeam-channel v0.5.10
[INFO] [stderr]    Compiling itertools v0.10.5
[INFO] [stderr]    Compiling tinyvec_macros v0.1.1
[INFO] [stderr]    Compiling regex-syntax v0.8.2
[INFO] [stderr]    Compiling sync_wrapper v0.1.2
[INFO] [stderr]    Compiling wasm-bindgen-shared v0.2.89
[INFO] [stderr]    Compiling spin v0.9.8
[INFO] [stderr]    Compiling regex-syntax v0.6.29
[INFO] [stderr]    Compiling matchit v0.7.3
[INFO] [stderr]    Compiling linux-raw-sys v0.4.12
[INFO] [stderr]    Compiling tinyvec v1.6.0
[INFO] [stderr]    Compiling cc v1.0.83
[INFO] [stderr]    Compiling time v0.3.31
[INFO] [stderr]    Compiling cookie v0.18.0
[INFO] [stderr]    Compiling itertools v0.11.0
[INFO] [stderr]    Compiling inlinable_string v0.1.15
[INFO] [stderr]    Compiling heck v0.4.1
[INFO] [stderr]    Compiling siphasher v0.3.11
[INFO] [stderr]    Compiling overload v0.1.1
[INFO] [stderr]    Compiling unicode-normalization v0.1.22
[INFO] [stderr]    Compiling nu-ansi-term v0.46.0
[INFO] [stderr]    Compiling signal-hook-mio v0.2.3
[INFO] [stderr]    Compiling sharded-slab v0.1.7
[INFO] [stderr]    Compiling tracing-log v0.2.0
[INFO] [stderr]    Compiling crypto-common v0.1.6
[INFO] [stderr]    Compiling block-buffer v0.10.4
[INFO] [stderr]    Compiling thread_local v1.1.7
[INFO] [stderr]    Compiling ref-cast v1.0.21
[INFO] [stderr]    Compiling doc-comment v0.3.3
[INFO] [stderr]    Compiling bumpalo v3.14.0
[INFO] [stderr]    Compiling regex-automata v0.4.3
[INFO] [stderr]    Compiling futures-util v0.3.30
[INFO] [stderr]    Compiling digest v0.10.7
[INFO] [stderr]    Compiling uncased v0.9.9
[INFO] [stderr]    Compiling ring v0.17.7
[INFO] [stderr]    Compiling untrusted v0.9.0
[INFO] [stderr]    Compiling regex-automata v0.1.10
[INFO] [stderr]    Compiling semver v1.0.20
[INFO] [stderr]    Compiling unicode-bidi v0.3.14
[INFO] [stderr]    Compiling cpufeatures v0.2.11
[INFO] [stderr]    Compiling tracing v0.1.40
[INFO] [stderr]    Compiling sha1 v0.10.6
[INFO] [stderr]    Compiling wasm-bindgen-backend v0.2.89
[INFO] [stderr]    Compiling idna v0.5.0
[INFO] [stderr]    Compiling prost-derive v0.11.9
[INFO] [stderr]    Compiling matchers v0.1.0
[INFO] [stderr]    Compiling regex v1.10.2
[INFO] [stderr]    Compiling is-terminal v0.4.9
[INFO] [stderr]    Compiling strum_macros v0.24.3
[INFO] [stderr]    Compiling devise_core v0.4.1
[INFO] [stderr]    Compiling wasm-bindgen-macro-support v0.2.89
[INFO] [stderr]    Compiling tokio v1.35.1
[INFO] [stderr]    Compiling crossterm v0.26.1
[INFO] [stderr]    Compiling phf_shared v0.11.2
[INFO] [stderr]    Compiling pem v3.0.3
[INFO] [stderr]    Compiling headers-core v0.2.0
[INFO] [stderr]    Compiling stable-pattern v0.1.0
[INFO] [stderr]    Compiling form_urlencoded v1.2.1
[INFO] [stderr]    Compiling proc-macro-error-attr v1.0.4
[INFO] [stderr]    Compiling iana-time-zone v0.1.58
[INFO] [stderr]    Compiling arrayvec v0.7.4
[INFO] [stderr]    Compiling http-range-header v0.3.1
[INFO] [stderr]    Compiling strum v0.24.1
[INFO] [stderr]    Compiling strsim v0.10.0
[INFO] [stderr]    Compiling rustc-hash v1.1.0
[INFO] [stderr]    Compiling winnow v0.5.31
[INFO] [stderr]    Compiling finl_unicode v1.2.0
[INFO] [stderr]    Compiling linked-hash-map v0.5.6
[INFO] [stderr]    Compiling state v0.6.0
[INFO] [stderr]    Compiling unicode-width v0.1.11
[INFO] [stderr]    Compiling wasm-bindgen v0.2.89
[INFO] [stderr]    Compiling ttl_cache v0.5.1
[INFO] [stderr]    Compiling futures v0.3.30
[INFO] [stderr]    Compiling headers v0.3.9
[INFO] [stderr]    Compiling phf_generator v0.11.2
[INFO] [stderr]    Compiling prost v0.11.9
[INFO] [stderr]    Compiling crossterm v0.27.0
[INFO] [stderr]    Compiling indexmap v2.1.0
[INFO] [stderr]    Compiling proc-macro-error v1.0.4
[INFO] [stderr]    Compiling multer v2.1.0
[INFO] [stderr]    Compiling figment v0.10.12
[INFO] [stderr]    Compiling zeroize v1.7.0
[INFO] [stderr]    Compiling xml-rs v0.8.19
[INFO] [stderr]    Compiling comfy-table v6.2.0
[INFO] [stderr]    Compiling parse-zoneinfo v0.3.0
[INFO] [stderr]    Compiling serde_derive v1.0.193
[INFO] [stderr]    Compiling futures-macro v0.3.30
[INFO] [stderr]    Compiling tokio-macros v2.2.0
[INFO] [stderr]    Compiling tracing-attributes v0.1.27
[INFO] [stderr]    Compiling thiserror-impl v1.0.52
[INFO] [stderr]    Compiling pin-project-internal v1.1.3
[INFO] [stderr]    Compiling pear_codegen v0.2.8
[INFO] [stderr]    Compiling async-stream-impl v0.3.5
[INFO] [stderr]    Compiling prost-derive v0.12.3
[INFO] [stderr]    Compiling ref-cast-impl v1.0.21
[INFO] [stderr]    Compiling strum_macros v0.25.3
[INFO] [stderr]    Compiling hyper v0.14.28
[INFO] [stderr]    Compiling rustrict v0.7.12
[INFO] [stderr]    Compiling async-stream v0.3.5
[INFO] [stderr]    Compiling wasm-bindgen-macro v0.2.89
[INFO] [stderr]    Compiling devise_codegen v0.4.1
[INFO] [stderr]    Compiling phf_codegen v0.11.2
[INFO] [stderr]    Compiling pear v0.2.8
[INFO] [stderr]    Compiling simple_asn1 v0.6.2
[INFO] [stderr]    Compiling pin-project v1.1.3
[INFO] [stderr]    Compiling crossbeam-epoch v0.9.17
[INFO] [stderr]    Compiling rocket v0.5.0
[INFO] [stderr]    Compiling num-iter v0.1.43
[INFO] [stderr]    Compiling num-rational v0.4.1
[INFO] [stderr]    Compiling encoding_rs v0.8.33
[INFO] [stderr]    Compiling rayon-core v1.12.0
[INFO] [stderr]    Compiling rocket_http v0.5.0
[INFO] [stderr]    Compiling radium v0.7.0
[INFO] [stderr]    Compiling unicode-xid v0.2.4
[INFO] [stderr]    Compiling devise v0.4.1
[INFO] [stderr]    Compiling fastrand v2.0.1
[INFO] [stderr]    Compiling crossbeam-deque v0.8.4
[INFO] [stderr]    Compiling prost v0.12.3
[INFO] [stderr]    Compiling binascii v0.1.4
[INFO] [stderr]    Compiling strfmt v0.2.4
[INFO] [stderr]    Compiling atomic v0.5.3
[INFO] [stderr]    Compiling tap v1.0.1
[INFO] [stderr]    Compiling tempfile v3.8.1
[INFO] [stderr]    Compiling wyz v0.5.1
[INFO] [stderr]    Compiling phf v0.11.2
[INFO] [stderr]    Compiling prost-types v0.12.3
[INFO] [stderr]    Compiling shuttle-codegen v0.35.2
[INFO] [stderr]    Compiling colored v2.1.0
[INFO] [stderr]    Compiling js-sys v0.3.66
[INFO] [stderr]    Compiling strum v0.25.0
[INFO] [stderr]    Compiling num-complex v0.4.4
[INFO] [stderr]    Compiling funty v2.0.0
[INFO] [stderr]    Compiling deunicode v1.4.2
[INFO] [stderr]    Compiling fake v2.9.2
[INFO] [stderr]    Compiling rayon v1.8.0
[INFO] [stderr]    Compiling console_error_panic_hook v0.1.7
[INFO] [stderr]    Compiling futures-executor v0.3.30
[INFO] [stderr]    Compiling tower-http v0.4.4
[INFO] [stderr]    Compiling bitvec v1.0.1
[INFO] [stderr]    Compiling num v0.4.1
[INFO] [stderr]    Compiling itertools v0.12.0
[INFO] [stderr]    Compiling assert_approx_eq v1.1.0
[INFO] [stderr]    Compiling rocket_codegen v0.5.0
[INFO] [stderr]    Compiling tokio-util v0.7.10
[INFO] [stderr]    Compiling tokio-stream v0.1.14
[INFO] [stderr]    Compiling tokio-io-timeout v1.2.0
[INFO] [stderr]    Compiling tower v0.4.13
[INFO] [stderr]    Compiling serde_path_to_error v0.1.14
[INFO] [stderr]    Compiling tracing-serde v0.1.3
[INFO] [stderr]    Compiling serde_spanned v0.6.5
[INFO] [stderr]    Compiling toml_datetime v0.6.5
[INFO] [stderr]    Compiling url v2.5.0
[INFO] [stderr]    Compiling chrono v0.4.31
[INFO] [stderr]    Compiling uuid v1.6.1
[INFO] [stderr]    Compiling serde-xml-rs v0.5.1
[INFO] [stderr]    Compiling ubyte v0.10.4
[INFO] [stderr]    Compiling serde-wasm-bindgen v0.6.3
[INFO] [stderr]    Compiling h2 v0.3.22
[INFO] [stderr]    Compiling opentelemetry v0.21.0
[INFO] [stderr]    Compiling toml_edit v0.21.0
[INFO] [stderr]    Compiling time-tz v2.0.0
[INFO] [stderr]    Compiling tracing-subscriber v0.3.18
[INFO] [stderr]    Compiling jsonwebtoken v9.2.0
[INFO] [stderr]    Compiling opentelemetry_sdk v0.21.1
[INFO] [stderr]    Compiling opentelemetry-semantic-conventions v0.13.0
[INFO] [stderr]    Compiling opentelemetry-http v0.10.0
[INFO] [stderr]    Compiling toml v0.8.8
[INFO] [stderr]    Compiling opentelemetry-appender-tracing v0.2.0
[INFO] [stderr]    Compiling tracing-opentelemetry v0.22.0
[INFO] [stderr]    Compiling groups_core v0.1.0 (/opt/rustwide/workdir/groups_core)
[INFO] [stderr]    Compiling hyper-timeout v0.4.1
[INFO] [stderr]    Compiling tonic v0.9.2
[INFO] [stderr]    Compiling tonic v0.10.2
[INFO] [stderr]    Compiling opentelemetry-proto v0.4.0
[INFO] [stderr]    Compiling opentelemetry-otlp v0.14.0
[INFO] [stderr]    Compiling shuttle-common v0.35.2
[INFO] [stderr]    Compiling shuttle-proto v0.35.2
[INFO] [stderr]    Compiling shuttle-service v0.35.2
[INFO] [stderr]    Compiling shuttle-runtime v0.35.2
[INFO] [stderr]    Compiling shuttle-rocket v0.35.2
[INFO] [stderr]    Compiling groups_server_local v0.1.0 (/opt/rustwide/workdir/groups_server_local)
[INFO] [stderr]    Compiling groups_server v0.1.0 (/opt/rustwide/workdir/groups_server)
[INFO] [stderr]     Finished dev [unoptimized + debuginfo] target(s) in 1m 08s
[INFO] running `Command { std: "docker" "inspect" "e04448d4207a4188aa6ce05f57375460c40b99cbeefa35a60d628afe36014416", kill_on_drop: false }`
[INFO] running `Command { std: "docker" "rm" "-f" "e04448d4207a4188aa6ce05f57375460c40b99cbeefa35a60d628afe36014416", kill_on_drop: false }`
[INFO] [stdout] e04448d4207a4188aa6ce05f57375460c40b99cbeefa35a60d628afe36014416
[INFO] running `Command { std: "docker" "create" "-v" "/var/lib/crater-agent-workspace/builds/worker-0-tc2/target:/opt/rustwide/target:rw,Z" "-v" "/var/lib/crater-agent-workspace/builds/worker-0-tc2/source:/opt/rustwide/workdir:ro,Z" "-v" "/var/lib/crater-agent-workspace/cargo-home:/opt/rustwide/cargo-home:ro,Z" "-v" "/var/lib/crater-agent-workspace/rustup-home:/opt/rustwide/rustup-home:ro,Z" "-e" "SOURCE_DIR=/opt/rustwide/workdir" "-e" "CARGO_TARGET_DIR=/opt/rustwide/target" "-e" "CARGO_INCREMENTAL=0" "-e" "RUST_BACKTRACE=full" "-e" "RUSTFLAGS=--cap-lints=warn" "-e" "RUSTDOCFLAGS=--cap-lints=warn" "-e" "CARGO_HOME=/opt/rustwide/cargo-home" "-e" "RUSTUP_HOME=/opt/rustwide/rustup-home" "-w" "/opt/rustwide/workdir" "-m" "1610612736" "--user" "0:0" "--network" "none" "ghcr.io/rust-lang/crates-build-env/linux@sha256:2788e3201cd34a07e3172128adcd8b3090168a8e3bcc40d7c032b9dda1df7d1c" "/opt/rustwide/cargo-home/bin/cargo" "+beta-2023-12-22" "test" "--frozen" "--no-run" "--message-format=json", kill_on_drop: false }`
[INFO] [stdout] c152aced4100ac30b4ad2f5b8f117ee6aedfb6123df70c734da8179a03cb236e
[INFO] running `Command { std: "docker" "start" "-a" "c152aced4100ac30b4ad2f5b8f117ee6aedfb6123df70c734da8179a03cb236e", kill_on_drop: false }`
[INFO] [stderr]    Compiling groups_core v0.1.0 (/opt/rustwide/workdir/groups_core)
[INFO] [stderr]    Compiling groups_server_local v0.1.0 (/opt/rustwide/workdir/groups_server_local)
[INFO] [stderr]    Compiling groups_server v0.1.0 (/opt/rustwide/workdir/groups_server)
[INFO] [stderr]     Finished test [unoptimized + debuginfo] target(s) in 2.07s
[INFO] running `Command { std: "docker" "inspect" "c152aced4100ac30b4ad2f5b8f117ee6aedfb6123df70c734da8179a03cb236e", kill_on_drop: false }`
[INFO] running `Command { std: "docker" "rm" "-f" "c152aced4100ac30b4ad2f5b8f117ee6aedfb6123df70c734da8179a03cb236e", kill_on_drop: false }`
[INFO] [stdout] c152aced4100ac30b4ad2f5b8f117ee6aedfb6123df70c734da8179a03cb236e
[INFO] running `Command { std: "docker" "create" "-v" "/var/lib/crater-agent-workspace/builds/worker-0-tc2/target:/opt/rustwide/target:rw,Z" "-v" "/var/lib/crater-agent-workspace/builds/worker-0-tc2/source:/opt/rustwide/workdir:ro,Z" "-v" "/var/lib/crater-agent-workspace/cargo-home:/opt/rustwide/cargo-home:ro,Z" "-v" "/var/lib/crater-agent-workspace/rustup-home:/opt/rustwide/rustup-home:ro,Z" "-e" "SOURCE_DIR=/opt/rustwide/workdir" "-e" "CARGO_TARGET_DIR=/opt/rustwide/target" "-e" "CARGO_INCREMENTAL=0" "-e" "RUST_BACKTRACE=full" "-e" "RUSTFLAGS=--cap-lints=warn" "-e" "RUSTDOCFLAGS=--cap-lints=warn" "-e" "CARGO_HOME=/opt/rustwide/cargo-home" "-e" "RUSTUP_HOME=/opt/rustwide/rustup-home" "-w" "/opt/rustwide/workdir" "-m" "1610612736" "--user" "0:0" "--network" "none" "ghcr.io/rust-lang/crates-build-env/linux@sha256:2788e3201cd34a07e3172128adcd8b3090168a8e3bcc40d7c032b9dda1df7d1c" "/opt/rustwide/cargo-home/bin/cargo" "+beta-2023-12-22" "test" "--frozen", kill_on_drop: false }`
[INFO] [stdout] 2360629376f82f34e2be1d27a400a30fd2ab6bcbe298c055bd6c31b279f3435b
[INFO] running `Command { std: "docker" "start" "-a" "2360629376f82f34e2be1d27a400a30fd2ab6bcbe298c055bd6c31b279f3435b", kill_on_drop: false }`
[INFO] [stderr]     Finished test [unoptimized + debuginfo] target(s) in 0.17s
[INFO] [stderr]      Running unittests src/lib.rs (/opt/rustwide/target/debug/deps/groups_core-bb5bdde6d9f5be6c)
[INFO] [stdout] 
[INFO] [stdout] running 27 tests
[INFO] [stdout] test scheduling::min_max_strategy::tests::test_team_sched_score_complete_compatibility ... ok
[INFO] [stdout] test scheduling::min_max_strategy::tests::test_team_sched_score_complete_incompatibility ... ok
[INFO] [stdout] test scheduling::min_max_strategy::tests::test_team_sched_score_34_blocks_compatible ... ok
[INFO] [stdout] test scheduling::tests::groups_no_size ... ok
[INFO] [stdout] test scheduling::tests::groups_no_students ... ok
[INFO] [stdout] test scheduling::min_max_strategy::tests::test_team_sched_score_further_compatibility_unnecessary ... ok
[INFO] [stdout] test scheduling::tests::pretty_hours_positive_offset ... ok
[INFO] [stdout] test student::tests::empty_decode ... ok
[INFO] [stdout] test student::tests::round_trip_complex_encoding ... ok
[INFO] [stdout] test student::tests::missing_section_decode ... ok
[INFO] [stdout] test student::tests::round_trip_simple_encoding ... ok
[INFO] [stdout] test student::tests::test_avail_offset_advanced_wraparound ... ok
[INFO] [stdout] test student::tests::test_avail_offset_retarded ... ok
[INFO] [stdout] test student::tests::test_avail_offset_advanced ... ok
[INFO] [stdout] test student::tests::invalid_availability_char_decode ... ok
[INFO] [stdout] test student::tests::invalid_timezone_decode ... ok
[INFO] [stdout] test student::tests::test_avail_offset_retarded_wraparound ... ok
[INFO] [stdout] test student::tests::too_short_availability_decode ... ok
[INFO] [stdout] test student::tests::test_avail_same_tz ... ok
[INFO] [stdout] test student::tests::too_long_availability_decode ... ok
[INFO] [stdout] test scheduling::tests::pretty_hours_negative_offset ... FAILED
[INFO] [stdout] test scheduling::min_max_strategy::tests::test_random ... ok
[INFO] [stdout] test scheduling::tests::no_crash_if_unfull_team ... ok
[INFO] [stdout] test scheduling::hillclimbing_strategy::tests::test_large_random has been running for over 60 seconds
[INFO] [stdout] test scheduling::hillclimbing_strategy::tests::test_random has been running for over 60 seconds
[INFO] [stdout] test scheduling::min_max_strategy::tests::test_large_random has been running for over 60 seconds
[INFO] [stdout] test scheduling::tests::groups_single_student has been running for over 60 seconds
[INFO] [stdout] test scheduling::hillclimbing_strategy::tests::test_large_random ... ok
[INFO] [stdout] test scheduling::hillclimbing_strategy::tests::test_random ... ok
[INFO] [stdout] test scheduling::tests::groups_single_student ... ok
[INFO] [stdout] test scheduling::min_max_strategy::tests::test_large_random ... ok
[INFO] [stdout] 
[INFO] [stdout] failures:
[INFO] [stdout] 
[INFO] [stdout] ---- scheduling::tests::pretty_hours_negative_offset stdout ----
[INFO] [stdout] thread 'scheduling::tests::pretty_hours_negative_offset' panicked at groups_core/src/scheduling/mod.rs:228:9:
[INFO] [stdout] assertion `left == right` failed
[INFO] [stdout]   left: ["Sunday at 9 PM", "Sunday at 10 PM", "Sunday at 11 PM", "Monday at 12 AM"]
[INFO] [stdout]  right: ["Sunday at 10 PM", "Sunday at 11 PM", "Monday at 12 AM", "Monday at 1 AM"]
[INFO] [stdout] stack backtrace:
[INFO] [stdout]    0:     0x55647488fbe6 - std::backtrace_rs::backtrace::libunwind::trace::h261606ad26a499c1
[INFO] [stdout]                                at /rustc/0e09125c6c3c2fd70d7de961bcf0e51575235fad/library/std/src/../../backtrace/src/backtrace/libunwind.rs:104:5
[INFO] [stdout]    1:     0x55647488fbe6 - std::backtrace_rs::backtrace::trace_unsynchronized::hd183f0625477fb28
[INFO] [stdout]                                at /rustc/0e09125c6c3c2fd70d7de961bcf0e51575235fad/library/std/src/../../backtrace/src/backtrace/mod.rs:66:5
[INFO] [stdout]    2:     0x55647488fbe6 - std::sys_common::backtrace::_print_fmt::hd7f8fef21b4eda67
[INFO] [stdout]                                at /rustc/0e09125c6c3c2fd70d7de961bcf0e51575235fad/library/std/src/sys_common/backtrace.rs:68:5
[INFO] [stdout]    3:     0x55647488fbe6 - <std::sys_common::backtrace::_print::DisplayBacktrace as core::fmt::Display>::fmt::h623d9b51f2f453f1
[INFO] [stdout]                                at /rustc/0e09125c6c3c2fd70d7de961bcf0e51575235fad/library/std/src/sys_common/backtrace.rs:44:22
[INFO] [stdout]    4:     0x5564748b9030 - core::fmt::rt::Argument::fmt::h9f417ac76a86f368
[INFO] [stdout]                                at /rustc/0e09125c6c3c2fd70d7de961bcf0e51575235fad/library/core/src/fmt/rt.rs:142:9
[INFO] [stdout]    5:     0x5564748b9030 - core::fmt::write::hc9b6faf4ac2aeff7
[INFO] [stdout]                                at /rustc/0e09125c6c3c2fd70d7de961bcf0e51575235fad/library/core/src/fmt/mod.rs:1120:17
[INFO] [stdout]    6:     0x55647488d5ff - std::io::Write::write_fmt::he04625a3a989fec3
[INFO] [stdout]                                at /rustc/0e09125c6c3c2fd70d7de961bcf0e51575235fad/library/std/src/io/mod.rs:1810:15
[INFO] [stdout]    7:     0x55647488f9c4 - std::sys_common::backtrace::_print::hd5d66399c7df88a2
[INFO] [stdout]                                at /rustc/0e09125c6c3c2fd70d7de961bcf0e51575235fad/library/std/src/sys_common/backtrace.rs:47:5
[INFO] [stdout]    8:     0x55647488f9c4 - std::sys_common::backtrace::print::he81ed2da642d37e5
[INFO] [stdout]                                at /rustc/0e09125c6c3c2fd70d7de961bcf0e51575235fad/library/std/src/sys_common/backtrace.rs:34:9
[INFO] [stdout]    9:     0x556474891737 - std::panicking::default_hook::{{closure}}::h85773f4fa117163d
[INFO] [stdout]   10:     0x55647489141d - std::panicking::default_hook::h6a1694a91d09b278
[INFO] [stdout]                                at /rustc/0e09125c6c3c2fd70d7de961bcf0e51575235fad/library/std/src/panicking.rs:289:9
[INFO] [stdout]   11:     0x5564747dae07 - <alloc::boxed::Box<F,A> as core::ops::function::Fn<Args>>::call::h616ac37fa3cd6c8f
[INFO] [stdout]                                at /rustc/0e09125c6c3c2fd70d7de961bcf0e51575235fad/library/alloc/src/boxed.rs:2029:9
[INFO] [stdout]   12:     0x5564747dae07 - test::test_main::{{closure}}::h00d84697cefdcbb6
[INFO] [stdout]                                at /rustc/0e09125c6c3c2fd70d7de961bcf0e51575235fad/library/test/src/lib.rs:138:21
[INFO] [stdout]   13:     0x556474891d56 - <alloc::boxed::Box<F,A> as core::ops::function::Fn<Args>>::call::hcb3fe3b9bb537ba8
[INFO] [stdout]                                at /rustc/0e09125c6c3c2fd70d7de961bcf0e51575235fad/library/alloc/src/boxed.rs:2029:9
[INFO] [stdout]   14:     0x556474891d56 - std::panicking::rust_panic_with_hook::h0a7ad96e90f7145b
[INFO] [stdout]                                at /rustc/0e09125c6c3c2fd70d7de961bcf0e51575235fad/library/std/src/panicking.rs:783:13
[INFO] [stdout]   15:     0x556474891aa2 - std::panicking::begin_panic_handler::{{closure}}::h7919090525c6485e
[INFO] [stdout]                                at /rustc/0e09125c6c3c2fd70d7de961bcf0e51575235fad/library/std/src/panicking.rs:657:13
[INFO] [stdout]   16:     0x5564748900e6 - std::sys_common::backtrace::__rust_end_short_backtrace::hf3289479464f7dfe
[INFO] [stdout]                                at /rustc/0e09125c6c3c2fd70d7de961bcf0e51575235fad/library/std/src/sys_common/backtrace.rs:171:18
[INFO] [stdout]   17:     0x556474891800 - rust_begin_unwind
[INFO] [stdout]                                at /rustc/0e09125c6c3c2fd70d7de961bcf0e51575235fad/library/std/src/panicking.rs:645:5
[INFO] [stdout]   18:     0x556474714135 - core::panicking::panic_fmt::hcc9f77c5c132af55
[INFO] [stdout]                                at /rustc/0e09125c6c3c2fd70d7de961bcf0e51575235fad/library/core/src/panicking.rs:72:14
[INFO] [stdout]   19:     0x55647471456b - core::panicking::assert_failed_inner::h9f13e27dd63c3a08
[INFO] [stdout]                                at /rustc/0e09125c6c3c2fd70d7de961bcf0e51575235fad/library/core/src/panicking.rs:342:17
[INFO] [stdout]   20:     0x5564747480c2 - core::panicking::assert_failed::hdd886eeb1489ab14
[INFO] [stdout]                                at /rustc/0e09125c6c3c2fd70d7de961bcf0e51575235fad/library/core/src/panicking.rs:297:5
[INFO] [stdout]   21:     0x55647475ff77 - groups_core::scheduling::tests::pretty_hours_negative_offset::h9bd9c7a1e6a620c6
[INFO] [stdout]                                at /opt/rustwide/workdir/groups_core/src/scheduling/mod.rs:228:9
[INFO] [stdout]   22:     0x55647475fcc7 - groups_core::scheduling::tests::pretty_hours_negative_offset::{{closure}}::h5ccf2f219142ed73
[INFO] [stdout]                                at /opt/rustwide/workdir/groups_core/src/scheduling/mod.rs:217:38
[INFO] [stdout]   23:     0x556474786c46 - core::ops::function::FnOnce::call_once::he986a7ffddbaeea2
[INFO] [stdout]                                at /rustc/0e09125c6c3c2fd70d7de961bcf0e51575235fad/library/core/src/ops/function.rs:250:5
[INFO] [stdout]   24:     0x5564747e06df - core::ops::function::FnOnce::call_once::hd64d26f405258157
[INFO] [stdout]                                at /rustc/0e09125c6c3c2fd70d7de961bcf0e51575235fad/library/core/src/ops/function.rs:250:5
[INFO] [stdout]   25:     0x5564747e06df - test::__rust_begin_short_backtrace::he21b0b7a6d731bf9
[INFO] [stdout]                                at /rustc/0e09125c6c3c2fd70d7de961bcf0e51575235fad/library/test/src/lib.rs:627:18
[INFO] [stdout]   26:     0x5564747df461 - test::run_test_in_process::{{closure}}::hf5c73986d7bdfde2
[INFO] [stdout]                                at /rustc/0e09125c6c3c2fd70d7de961bcf0e51575235fad/library/test/src/lib.rs:650:60
[INFO] [stdout]   27:     0x5564747df461 - <core::panic::unwind_safe::AssertUnwindSafe<F> as core::ops::function::FnOnce<()>>::call_once::h330011ad032aadc0
[INFO] [stdout]                                at /rustc/0e09125c6c3c2fd70d7de961bcf0e51575235fad/library/core/src/panic/unwind_safe.rs:272:9
[INFO] [stdout]   28:     0x5564747df461 - std::panicking::try::do_call::he61b0a958b795a41
[INFO] [stdout]                                at /rustc/0e09125c6c3c2fd70d7de961bcf0e51575235fad/library/std/src/panicking.rs:552:40
[INFO] [stdout]   29:     0x5564747df461 - std::panicking::try::h7309da130f906eb7
[INFO] [stdout]                                at /rustc/0e09125c6c3c2fd70d7de961bcf0e51575235fad/library/std/src/panicking.rs:516:19
[INFO] [stdout]   30:     0x5564747df461 - std::panic::catch_unwind::hc5c3a06fdaf0a92a
[INFO] [stdout]                                at /rustc/0e09125c6c3c2fd70d7de961bcf0e51575235fad/library/std/src/panic.rs:142:14
[INFO] [stdout]   31:     0x5564747df461 - test::run_test_in_process::h7e7b7c71c3324e0f
[INFO] [stdout]                                at /rustc/0e09125c6c3c2fd70d7de961bcf0e51575235fad/library/test/src/lib.rs:650:27
[INFO] [stdout]   32:     0x5564747df461 - test::run_test::{{closure}}::h1f509f28f5cf20b1
[INFO] [stdout]                                at /rustc/0e09125c6c3c2fd70d7de961bcf0e51575235fad/library/test/src/lib.rs:573:43
[INFO] [stdout]   33:     0x5564747a6796 - test::run_test::{{closure}}::h1754218abf443f6d
[INFO] [stdout]                                at /rustc/0e09125c6c3c2fd70d7de961bcf0e51575235fad/library/test/src/lib.rs:601:41
[INFO] [stdout]   34:     0x5564747a6796 - std::sys_common::backtrace::__rust_begin_short_backtrace::h2ee174b9d5954948
[INFO] [stdout]                                at /rustc/0e09125c6c3c2fd70d7de961bcf0e51575235fad/library/std/src/sys_common/backtrace.rs:155:18
[INFO] [stdout]   35:     0x5564747ab7f7 - std::thread::Builder::spawn_unchecked_::{{closure}}::{{closure}}::hf60bee9c1a17ef09
[INFO] [stdout]                                at /rustc/0e09125c6c3c2fd70d7de961bcf0e51575235fad/library/std/src/thread/mod.rs:529:17
[INFO] [stdout]   36:     0x5564747ab7f7 - <core::panic::unwind_safe::AssertUnwindSafe<F> as core::ops::function::FnOnce<()>>::call_once::h33d0dddec5216160
[INFO] [stdout]                                at /rustc/0e09125c6c3c2fd70d7de961bcf0e51575235fad/library/core/src/panic/unwind_safe.rs:272:9
[INFO] [stdout]   37:     0x5564747ab7f7 - std::panicking::try::do_call::h144b3048b546f835
[INFO] [stdout]                                at /rustc/0e09125c6c3c2fd70d7de961bcf0e51575235fad/library/std/src/panicking.rs:552:40
[INFO] [stdout]   38:     0x5564747ab7f7 - std::panicking::try::h978244d04646189f
[INFO] [stdout]                                at /rustc/0e09125c6c3c2fd70d7de961bcf0e51575235fad/library/std/src/panicking.rs:516:19
[INFO] [stdout]   39:     0x5564747ab7f7 - std::panic::catch_unwind::hdf436369d188fe86
[INFO] [stdout]                                at /rustc/0e09125c6c3c2fd70d7de961bcf0e51575235fad/library/std/src/panic.rs:142:14
[INFO] [stdout]   40:     0x5564747ab7f7 - std::thread::Builder::spawn_unchecked_::{{closure}}::h87329cbdd33c79ec
[INFO] [stdout]                                at /rustc/0e09125c6c3c2fd70d7de961bcf0e51575235fad/library/std/src/thread/mod.rs:528:30
[INFO] [stdout]   41:     0x5564747ab7f7 - core::ops::function::FnOnce::call_once{{vtable.shim}}::h401abbe67897d450
[INFO] [stdout]                                at /rustc/0e09125c6c3c2fd70d7de961bcf0e51575235fad/library/core/src/ops/function.rs:250:5
[INFO] [stdout]   42:     0x5564748968e5 - <alloc::boxed::Box<F,A> as core::ops::function::FnOnce<Args>>::call_once::h5d7c8f150ab9c84c
[INFO] [stdout]                                at /rustc/0e09125c6c3c2fd70d7de961bcf0e51575235fad/library/alloc/src/boxed.rs:2015:9
[INFO] [stdout]   43:     0x5564748968e5 - <alloc::boxed::Box<F,A> as core::ops::function::FnOnce<Args>>::call_once::h570d5b005c242c15
[INFO] [stdout]                                at /rustc/0e09125c6c3c2fd70d7de961bcf0e51575235fad/library/alloc/src/boxed.rs:2015:9
[INFO] [stdout]   44:     0x5564748968e5 - std::sys::unix::thread::Thread::new::thread_start::h36b0a20c0b2361ad
[INFO] [stdout]                                at /rustc/0e09125c6c3c2fd70d7de961bcf0e51575235fad/library/std/src/sys/unix/thread.rs:108:17
[INFO] [stdout]   45:     0x7f6d721bfac3 - <unknown>
[INFO] [stdout]   46:     0x7f6d72250bf4 - __clone
[INFO] [stdout]   47:                0x0 - <unknown>
[INFO] [stdout] 
[INFO] [stdout] 
[INFO] [stdout] failures:
[INFO] [stdout]     scheduling::tests::pretty_hours_negative_offset
[INFO] [stdout] 
[INFO] [stdout] test result: FAILED. 26 passed; 1 failed; 0 ignored; 0 measured; 0 filtered out; finished in 131.79s
[INFO] [stdout] 
[INFO] [stderr] error: test failed, to rerun pass `-p groups_core --lib`
[INFO] running `Command { std: "docker" "inspect" "2360629376f82f34e2be1d27a400a30fd2ab6bcbe298c055bd6c31b279f3435b", kill_on_drop: false }`
[INFO] running `Command { std: "docker" "rm" "-f" "2360629376f82f34e2be1d27a400a30fd2ab6bcbe298c055bd6c31b279f3435b", kill_on_drop: false }`
[INFO] [stdout] 2360629376f82f34e2be1d27a400a30fd2ab6bcbe298c055bd6c31b279f3435b
