[INFO] cloning repository https://github.com/enricobn/rasm
[INFO] running `Command { std: "git" "-c" "credential.helper=" "-c" "credential.helper=/workspace/cargo-home/bin/git-credential-null" "clone" "--bare" "https://github.com/enricobn/rasm" "/workspace/cache/git-repos/https%3A%2F%2Fgithub.com%2Fenricobn%2Frasm", kill_on_drop: false }`
[INFO] [stderr] Cloning into bare repository '/workspace/cache/git-repos/https%3A%2F%2Fgithub.com%2Fenricobn%2Frasm'...
[INFO] running `Command { std: "git" "rev-parse" "HEAD", kill_on_drop: false }`
[INFO] [stdout] a9df94dd4753ef264c083c5360c12618a9e3f5af
[INFO] testing enricobn/rasm against 1.75.0 for beta-1.76-1
[INFO] running `Command { std: "git" "clone" "/workspace/cache/git-repos/https%3A%2F%2Fgithub.com%2Fenricobn%2Frasm" "/workspace/builds/worker-5-tc1/source", kill_on_drop: false }`
[INFO] [stderr] Cloning into '/workspace/builds/worker-5-tc1/source'...
[INFO] [stderr] done.
[INFO] validating manifest of git repo https://github.com/enricobn/rasm on toolchain 1.75.0
[INFO] running `Command { std: CARGO_HOME="/workspace/cargo-home" RUSTUP_HOME="/workspace/rustup-home" "/workspace/cargo-home/bin/cargo" "+1.75.0" "metadata" "--manifest-path" "Cargo.toml" "--no-deps", kill_on_drop: false }`
[INFO] removed /workspace/builds/worker-5-tc1/source/rust-toolchain.toml
[INFO] started tweaking git repo https://github.com/enricobn/rasm
[INFO] finished tweaking git repo https://github.com/enricobn/rasm
[INFO] tweaked toml for git repo https://github.com/enricobn/rasm written to /workspace/builds/worker-5-tc1/source/Cargo.toml
[INFO] crate git repo https://github.com/enricobn/rasm already has a lockfile, it will not be regenerated
[INFO] running `Command { std: CARGO_HOME="/workspace/cargo-home" RUSTUP_HOME="/workspace/rustup-home" "/workspace/cargo-home/bin/cargo" "+1.75.0" "fetch" "--manifest-path" "Cargo.toml", kill_on_drop: false }`
[INFO] [stderr]     Updating crates.io index
[INFO] [stderr]  Downloading crates ...
[INFO] [stderr]   Downloaded test_bin v0.4.0
[INFO] [stderr]   Downloaded debug-cell v0.1.1
[INFO] running `Command { std: "docker" "create" "-v" "/var/lib/crater-agent-workspace/builds/worker-5-tc1/target:/opt/rustwide/target:rw,Z" "-v" "/var/lib/crater-agent-workspace/builds/worker-5-tc1/source:/opt/rustwide/workdir:ro,Z" "-v" "/var/lib/crater-agent-workspace/cargo-home:/opt/rustwide/cargo-home:ro,Z" "-v" "/var/lib/crater-agent-workspace/rustup-home:/opt/rustwide/rustup-home:ro,Z" "-e" "SOURCE_DIR=/opt/rustwide/workdir" "-e" "CARGO_TARGET_DIR=/opt/rustwide/target" "-e" "CARGO_HOME=/opt/rustwide/cargo-home" "-e" "RUSTUP_HOME=/opt/rustwide/rustup-home" "-w" "/opt/rustwide/workdir" "-m" "1610612736" "--user" "0:0" "--network" "none" "ghcr.io/rust-lang/crates-build-env/linux@sha256:2788e3201cd34a07e3172128adcd8b3090168a8e3bcc40d7c032b9dda1df7d1c" "/opt/rustwide/cargo-home/bin/cargo" "+1.75.0" "metadata" "--no-deps" "--format-version=1", kill_on_drop: false }`
[INFO] [stdout] 55f0fdc97a317308fc697075aaa9893989298c40a27a6dd503153df5df58b265
[INFO] running `Command { std: "docker" "start" "-a" "55f0fdc97a317308fc697075aaa9893989298c40a27a6dd503153df5df58b265", kill_on_drop: false }`
[INFO] running `Command { std: "docker" "inspect" "55f0fdc97a317308fc697075aaa9893989298c40a27a6dd503153df5df58b265", kill_on_drop: false }`
[INFO] running `Command { std: "docker" "rm" "-f" "55f0fdc97a317308fc697075aaa9893989298c40a27a6dd503153df5df58b265", kill_on_drop: false }`
[INFO] [stdout] 55f0fdc97a317308fc697075aaa9893989298c40a27a6dd503153df5df58b265
[INFO] running `Command { std: "docker" "create" "-v" "/var/lib/crater-agent-workspace/builds/worker-5-tc1/target:/opt/rustwide/target:rw,Z" "-v" "/var/lib/crater-agent-workspace/builds/worker-5-tc1/source:/opt/rustwide/workdir:ro,Z" "-v" "/var/lib/crater-agent-workspace/cargo-home:/opt/rustwide/cargo-home:ro,Z" "-v" "/var/lib/crater-agent-workspace/rustup-home:/opt/rustwide/rustup-home:ro,Z" "-e" "SOURCE_DIR=/opt/rustwide/workdir" "-e" "CARGO_TARGET_DIR=/opt/rustwide/target" "-e" "CARGO_INCREMENTAL=0" "-e" "RUST_BACKTRACE=full" "-e" "RUSTFLAGS=--cap-lints=warn" "-e" "RUSTDOCFLAGS=--cap-lints=warn" "-e" "CARGO_HOME=/opt/rustwide/cargo-home" "-e" "RUSTUP_HOME=/opt/rustwide/rustup-home" "-w" "/opt/rustwide/workdir" "-m" "1610612736" "--user" "0:0" "--network" "none" "ghcr.io/rust-lang/crates-build-env/linux@sha256:2788e3201cd34a07e3172128adcd8b3090168a8e3bcc40d7c032b9dda1df7d1c" "/opt/rustwide/cargo-home/bin/cargo" "+1.75.0" "build" "--frozen" "--message-format=json", kill_on_drop: false }`
[INFO] [stdout] 361b621a174cbb803b770482a860491767d6c18db369bfb737826ea668036f3f
[INFO] running `Command { std: "docker" "start" "-a" "361b621a174cbb803b770482a860491767d6c18db369bfb737826ea668036f3f", kill_on_drop: false }`
[INFO] [stderr]    Compiling proc-macro2 v1.0.69
[INFO] [stderr]    Compiling unicode-ident v1.0.12
[INFO] [stderr]    Compiling version_check v0.9.4
[INFO] [stderr]    Compiling autocfg v1.1.0
[INFO] [stderr]    Compiling cfg-if v1.0.0
[INFO] [stderr]    Compiling typenum v1.17.0
[INFO] [stderr]    Compiling memchr v2.6.4
[INFO] [stderr]    Compiling libc v0.2.150
[INFO] [stderr]    Compiling serde v1.0.193
[INFO] [stderr]    Compiling syn v1.0.109
[INFO] [stderr]    Compiling crossbeam-utils v0.8.16
[INFO] [stderr]    Compiling rustix v0.38.25
[INFO] [stderr]    Compiling same-file v1.0.6
[INFO] [stderr]    Compiling cpufeatures v0.2.11
[INFO] [stderr]    Compiling scopeguard v1.2.0
[INFO] [stderr]    Compiling equivalent v1.0.1
[INFO] [stderr]    Compiling bitflags v2.4.1
[INFO] [stderr]    Compiling rayon-core v1.12.0
[INFO] [stderr]    Compiling rustversion v1.0.14
[INFO] [stderr]    Compiling walkdir v2.4.0
[INFO] [stderr]    Compiling gimli v0.28.0
[INFO] [stderr]    Compiling hashbrown v0.14.2
[INFO] [stderr]    Compiling utf8parse v0.2.1
[INFO] [stderr]    Compiling regex-syntax v0.8.2
[INFO] [stderr]    Compiling linux-raw-sys v0.4.11
[INFO] [stderr]    Compiling memoffset v0.9.0
[INFO] [stderr]    Compiling crossbeam-epoch v0.9.15
[INFO] [stderr]    Compiling generic-array v0.14.7
[INFO] [stderr]    Compiling proc-macro-error-attr v1.0.4
[INFO] [stderr]    Compiling aho-corasick v1.1.2
[INFO] [stderr]    Compiling proc-macro-error v1.0.4
[INFO] [stderr]    Compiling num-traits v0.2.17
[INFO] [stderr]    Compiling adler v1.0.2
[INFO] [stderr]    Compiling miniz_oxide v0.7.1
[INFO] [stderr]    Compiling quote v1.0.33
[INFO] [stderr]    Compiling indexmap v2.1.0
[INFO] [stderr]    Compiling object v0.32.1
[INFO] [stderr]    Compiling syn v2.0.39
[INFO] [stderr]    Compiling cc v1.0.83
[INFO] [stderr]    Compiling crossbeam-deque v0.8.3
[INFO] [stderr]    Compiling anstyle-parse v0.2.2
[INFO] [stderr]    Compiling colorchoice v1.0.0
[INFO] [stderr]    Compiling rustc-demangle v0.1.23
[INFO] [stderr]    Compiling anstyle v1.0.4
[INFO] [stderr]    Compiling anstyle-query v1.0.0
[INFO] [stderr]    Compiling winnow v0.5.19
[INFO] [stderr]    Compiling is-terminal v0.4.9
[INFO] [stderr]    Compiling anstream v0.6.4
[INFO] [stderr]    Compiling rand v0.4.6
[INFO] [stderr]    Compiling termcolor v1.4.0
[INFO] [stderr]    Compiling remove_dir_all v0.5.3
[INFO] [stderr]    Compiling unicode-width v0.1.11
[INFO] [stderr]    Compiling crypto-common v0.1.6
[INFO] [stderr]    Compiling block-buffer v0.10.4
[INFO] [stderr]    Compiling strsim v0.10.0
[INFO] [stderr]    Compiling iana-time-zone v0.1.58
[INFO] [stderr]    Compiling digest v0.10.7
[INFO] [stderr]    Compiling sha2 v0.10.8
[INFO] [stderr]    Compiling regex-automata v0.4.3
[INFO] [stderr]    Compiling addr2line v0.21.0
[INFO] [stderr]    Compiling heck v0.4.1
[INFO] [stderr]    Compiling log v0.4.20
[INFO] [stderr]    Compiling backtrace v0.3.69
[INFO] [stderr]    Compiling humantime v2.1.0
[INFO] [stderr]    Compiling clap_lex v0.6.0
[INFO] [stderr]    Compiling either v1.9.0
[INFO] [stderr]    Compiling rust-embed-utils v8.0.0
[INFO] [stderr]    Compiling rayon v1.8.0
[INFO] [stderr]    Compiling clap_builder v4.4.8
[INFO] [stderr]    Compiling chrono v0.4.31
[INFO] [stderr]    Compiling tempdir v0.3.7
[INFO] [stderr]    Compiling pad v0.1.6
[INFO] [stderr]    Compiling strum v0.24.1
[INFO] [stderr]    Compiling dyn-clone v1.0.16
[INFO] [stderr]    Compiling lazy_static v1.4.0
[INFO] [stderr]    Compiling pathdiff v0.2.1
[INFO] [stderr]    Compiling linked-hash-map v0.5.6
[INFO] [stderr]    Compiling serde_derive v1.0.193
[INFO] [stderr]    Compiling rust-embed-impl v8.0.0
[INFO] [stderr]    Compiling rust-embed v8.0.0
[INFO] [stderr]    Compiling debug-cell v0.1.1
[INFO] [stderr]    Compiling regex v1.10.2
[INFO] [stderr]    Compiling clap v4.4.8
[INFO] [stderr]    Compiling env_logger v0.10.1
[INFO] [stderr]    Compiling auto_impl v1.1.0
[INFO] [stderr]    Compiling derivative v2.2.0
[INFO] [stderr]    Compiling strum_macros v0.24.3
[INFO] [stderr]    Compiling serde_spanned v0.6.4
[INFO] [stderr]    Compiling toml_datetime v0.6.5
[INFO] [stderr]    Compiling toml_edit v0.19.15
[INFO] [stderr]    Compiling toml v0.7.8
[INFO] [stderr]    Compiling rasm-core v0.1.0-alpha.0 (/opt/rustwide/workdir/core)
[INFO] [stdout] warning: type parameter `FUNCTION_CALL_PARAMETERS` should have an upper camel case name
[INFO] [stdout]    --> core/src/codegen/mod.rs:168:41
[INFO] [stdout]     |
[INFO] [stdout] 168 | pub trait CodeGen<'a, BACKEND: Backend, FUNCTION_CALL_PARAMETERS: FunctionCallParameters> {
[INFO] [stdout]     |                                         ^^^^^^^^^^^^^^^^^^^^^^^^ help: convert the identifier to upper camel case: `FunctionCallParameters`
[INFO] [stdout]     |
[INFO] [stdout]     = note: `#[warn(non_camel_case_types)]` on by default
[INFO] [stdout] 
[INFO] [stdout] 
[INFO] [stdout] warning: unused variable: `index`
[INFO] [stdout]    --> core/src/codegen/enhanced_module.rs:250:13
[INFO] [stdout]     |
[INFO] [stdout] 250 |             index,
[INFO] [stdout]     |             ^^^^^ help: try ignoring the field: `index: _`
[INFO] [stdout]     |
[INFO] [stdout]     = note: `#[warn(unused_variables)]` on by default
[INFO] [stdout] 
[INFO] [stdout] 
[INFO] [stdout] warning: unused variable: `type_o`
[INFO] [stdout]   --> core/src/codegen/text_macro.rs:60:37
[INFO] [stdout]    |
[INFO] [stdout] 60 |             MacroParam::Plain(name, type_o, typed_type_o) => name.clone(),
[INFO] [stdout]    |                                     ^^^^^^ help: if this is intentional, prefix it with an underscore: `_type_o`
[INFO] [stdout] 
[INFO] [stdout] 
[INFO] [stdout] warning: unused variable: `typed_type_o`
[INFO] [stdout]   --> core/src/codegen/text_macro.rs:60:45
[INFO] [stdout]    |
[INFO] [stdout] 60 |             MacroParam::Plain(name, type_o, typed_type_o) => name.clone(),
[INFO] [stdout]    |                                             ^^^^^^^^^^^^ help: if this is intentional, prefix it with an underscore: `_typed_type_o`
[INFO] [stdout] 
[INFO] [stdout] 
[INFO] [stdout] warning: unused variable: `type_o`
[INFO] [stdout]   --> core/src/codegen/text_macro.rs:64:35
[INFO] [stdout]    |
[INFO] [stdout] 64 |             MacroParam::Ref(name, type_o, typed_type_o) => name.clone(),
[INFO] [stdout]    |                                   ^^^^^^ help: if this is intentional, prefix it with an underscore: `_type_o`
[INFO] [stdout] 
[INFO] [stdout] 
[INFO] [stdout] warning: unused variable: `typed_type_o`
[INFO] [stdout]   --> core/src/codegen/text_macro.rs:64:43
[INFO] [stdout]    |
[INFO] [stdout] 64 |             MacroParam::Ref(name, type_o, typed_type_o) => name.clone(),
[INFO] [stdout]    |                                           ^^^^^^^^^^^^ help: if this is intentional, prefix it with an underscore: `_typed_type_o`
[INFO] [stdout] 
[INFO] [stdout] 
[INFO] [stdout] warning: unused variable: `name`
[INFO] [stdout]    --> core/src/parser/ast.rs:179:17
[INFO] [stdout]     |
[INFO] [stdout] 179 |                 name,
[INFO] [stdout]     |                 ^^^^ help: try ignoring the field: `name: _`
[INFO] [stdout] 
[INFO] [stdout] 
[INFO] [stdout] warning: unused variable: `param_types`
[INFO] [stdout]    --> core/src/parser/ast.rs:180:17
[INFO] [stdout]     |
[INFO] [stdout] 180 |                 param_types,
[INFO] [stdout]     |                 ^^^^^^^^^^^ help: try ignoring the field: `param_types: _`
[INFO] [stdout] 
[INFO] [stdout] 
[INFO] [stdout] warning: unused variable: `index`
[INFO] [stdout]    --> core/src/parser/ast.rs:181:17
[INFO] [stdout]     |
[INFO] [stdout] 181 |                 index,
[INFO] [stdout]     |                 ^^^^^ help: try ignoring the field: `index: _`
[INFO] [stdout] 
[INFO] [stdout] 
[INFO] [stdout] warning: unused variable: `index`
[INFO] [stdout]    --> core/src/parser/ast.rs:193:17
[INFO] [stdout]     |
[INFO] [stdout] 193 |                 index,
[INFO] [stdout]     |                 ^^^^^ help: try ignoring the field: `index: _`
[INFO] [stdout] 
[INFO] [stdout] 
[INFO] [stdout] warning: unused variable: `index`
[INFO] [stdout]    --> core/src/parser/ast.rs:199:21
[INFO] [stdout]     |
[INFO] [stdout] 199 |                     index,
[INFO] [stdout]     |                     ^^^^^ help: try ignoring the field: `index: _`
[INFO] [stdout] 
[INFO] [stdout] 
[INFO] [stdout] warning: unused variable: `namespace`
[INFO] [stdout]    --> core/src/parser/tokens_matcher.rs:236:9
[INFO] [stdout]     |
[INFO] [stdout] 236 |         namespace: &ASTNameSpace,
[INFO] [stdout]     |         ^^^^^^^^^ help: if this is intentional, prefix it with an underscore: `_namespace`
[INFO] [stdout] 
[INFO] [stdout] 
[INFO] [stdout] warning: unused variable: `name`
[INFO] [stdout]    --> core/src/transformations/enum_functions_creator.rs:646:9
[INFO] [stdout]     |
[INFO] [stdout] 646 |         name: &str,
[INFO] [stdout]     |         ^^^^ help: if this is intentional, prefix it with an underscore: `_name`
[INFO] [stdout] 
[INFO] [stdout] 
[INFO] [stdout] warning: unused variable: `i`
[INFO] [stdout]    --> core/src/transformations/enum_functions_creator.rs:669:21
[INFO] [stdout]     |
[INFO] [stdout] 669 |             .find(|(i, it)| it == &variant)
[INFO] [stdout]     |                     ^ help: if this is intentional, prefix it with an underscore: `_i`
[INFO] [stdout] 
[INFO] [stdout] 
[INFO] [stdout] warning: unused variable: `property_type`
[INFO] [stdout]    --> core/src/transformations/enum_functions_creator.rs:911:51
[INFO] [stdout]     |
[INFO] [stdout] 911 |     fn struct_setter_lambda_body(&self, i: usize, property_type: &ASTType) -> String {
[INFO] [stdout]     |                                                   ^^^^^^^^^^^^^ help: if this is intentional, prefix it with an underscore: `_property_type`
[INFO] [stdout] 
[INFO] [stdout] 
[INFO] [stdout] warning: unused variable: `struct_def`
[INFO] [stdout]    --> core/src/type_check/typed_ast.rs:687:9
[INFO] [stdout]     |
[INFO] [stdout] 687 |         struct_def: &ASTStructDef,
[INFO] [stdout]     |         ^^^^^^^^^^ help: if this is intentional, prefix it with an underscore: `_struct_def`
[INFO] [stdout] 
[INFO] [stdout] 
[INFO] [stdout] warning: unused variable: `type_def`
[INFO] [stdout]    --> core/src/type_check/typed_ast.rs:759:28
[INFO] [stdout]     |
[INFO] [stdout] 759 |     pub fn get_type(&self, type_def: &ASTTypeDef, type_def_type: &ASTType) -> Option<ASTTypedType> {
[INFO] [stdout]     |                            ^^^^^^^^ help: if this is intentional, prefix it with an underscore: `_type_def`
[INFO] [stdout] 
[INFO] [stdout] 
[INFO] [stdout] warning: unused variable: `index`
[INFO] [stdout]    --> core/src/type_check/typed_ast.rs:801:13
[INFO] [stdout]     |
[INFO] [stdout] 801 |             index,
[INFO] [stdout]     |             ^^^^^ help: try ignoring the field: `index: _`
[INFO] [stdout] 
[INFO] [stdout] 
[INFO] [stdout] warning: unused variable: `index`
[INFO] [stdout]     --> core/src/type_check/typed_ast.rs:1219:79
[INFO] [stdout]      |
[INFO] [stdout] 1219 |                     ASTTypedStatement::LetStatement(name, let_expr, is_const, index) => {
[INFO] [stdout]      |                                                                               ^^^^^ help: if this is intentional, prefix it with an underscore: `_index`
[INFO] [stdout] 
[INFO] [stdout] 
[INFO] [stdout] warning: unused variable: `custom_namespace`
[INFO] [stdout]     --> core/src/type_check/typed_ast.rs:1691:24
[INFO] [stdout]      |
[INFO] [stdout] 1691 |             namespace: custom_namespace,
[INFO] [stdout]      |                        ^^^^^^^^^^^^^^^^ help: if this is intentional, prefix it with an underscore: `_custom_namespace`
[INFO] [stdout] 
[INFO] [stdout] 
[INFO] [stdout] warning: unused variable: `p_namespace`
[INFO] [stdout]    --> core/src/type_check/mod.rs:183:24
[INFO] [stdout]     |
[INFO] [stdout] 183 |             namespace: p_namespace,
[INFO] [stdout]     |                        ^^^^^^^^^^^ help: if this is intentional, prefix it with an underscore: `_p_namespace`
[INFO] [stdout] 
[INFO] [stdout] 
[INFO] [stdout] warning: unused variable: `e_namespace`
[INFO] [stdout]    --> core/src/type_check/mod.rs:189:28
[INFO] [stdout]     |
[INFO] [stdout] 189 |                 namespace: e_namespace,
[INFO] [stdout]     |                            ^^^^^^^^^^^ help: if this is intentional, prefix it with an underscore: `_e_namespace`
[INFO] [stdout] 
[INFO] [stdout] 
[INFO] [stdout] warning: unused variable: `i`
[INFO] [stdout]    --> core/src/new_type_check2/mod.rs:867:31
[INFO] [stdout]     |
[INFO] [stdout] 867 |                     .map(|(m, i)| m.name.clone())
[INFO] [stdout]     |                               ^ help: if this is intentional, prefix it with an underscore: `_i`
[INFO] [stdout] 
[INFO] [stdout] 
[INFO] [stdout] warning: associated function `function_name` is never used
[INFO] [stdout]    --> core/src/codegen/text_macro.rs:920:8
[INFO] [stdout]     |
[INFO] [stdout] 915 | impl AddRefMacro {
[INFO] [stdout]     | ---------------- associated function in this implementation
[INFO] [stdout] ...
[INFO] [stdout] 920 |     fn function_name(function_def: Option<&ASTTypedFunctionDef>) -> String {
[INFO] [stdout]     |        ^^^^^^^^^^^^^
[INFO] [stdout]     |
[INFO] [stdout]     = note: `#[warn(dead_code)]` on by default
[INFO] [stdout] 
[INFO] [stdout] 
[INFO] [stdout] warning: methods `error_msg` and `get_parser_data` are never used
[INFO] [stdout]     --> core/src/parser/mod.rs:997:8
[INFO] [stdout]      |
[INFO] [stdout] 139  | impl Parser {
[INFO] [stdout]      | ----------- methods in this implementation
[INFO] [stdout] ...
[INFO] [stdout] 997  |     fn error_msg(&self, message: &str) -> String {
[INFO] [stdout]      |        ^^^^^^^^^
[INFO] [stdout] ...
[INFO] [stdout] 1193 |     fn get_parser_data(&self, index: usize) -> Option<&ParserData> {
[INFO] [stdout]      |        ^^^^^^^^^^^^^^^
[INFO] [stdout] 
[INFO] [stdout] 
[INFO] [stdout] warning: method `try_parse_enum` is never used
[INFO] [stdout]   --> core/src/parser/enum_parser.rs:61:12
[INFO] [stdout]    |
[INFO] [stdout] 22 | impl EnumParser {
[INFO] [stdout]    | --------------- method in this implementation
[INFO] [stdout] ...
[INFO] [stdout] 61 |     pub fn try_parse_enum(
[INFO] [stdout]    |            ^^^^^^^^^^^^^^
[INFO] [stdout] 
[INFO] [stdout] 
[INFO] [stdout] warning: method `try_parse_struct` is never used
[INFO] [stdout]   --> core/src/parser/struct_parser.rs:52:12
[INFO] [stdout]    |
[INFO] [stdout] 15 | impl StructParser {
[INFO] [stdout]    | ----------------- method in this implementation
[INFO] [stdout] ...
[INFO] [stdout] 52 |     pub fn try_parse_struct(
[INFO] [stdout]    |            ^^^^^^^^^^^^^^^^
[INFO] [stdout] 
[INFO] [stdout] 
[INFO] [stdout] warning: using `.clone()` on a double reference, which returns `&ASTType` instead of cloning the inner type
[INFO] [stdout]    --> core/src/type_check/typed_ast.rs:783:56
[INFO] [stdout]     |
[INFO] [stdout] 783 |                     TypeFilter::Exact(type_def_ast_type.clone().clone())
[INFO] [stdout]     |                                                        ^^^^^^^^
[INFO] [stdout]     |
[INFO] [stdout]     = note: `#[warn(suspicious_double_ref_op)]` on by default
[INFO] [stdout] 
[INFO] [stdout] 
[INFO] [stdout] warning: 28 warnings emitted
[INFO] [stdout] 
[INFO] [stdout] 
[INFO] [stderr]    Compiling rasm v0.1.0-alpha.0 (/opt/rustwide/workdir/rasm)
[INFO] [stderr]     Finished dev [unoptimized + debuginfo] target(s) in 20.54s
[INFO] running `Command { std: "docker" "inspect" "361b621a174cbb803b770482a860491767d6c18db369bfb737826ea668036f3f", kill_on_drop: false }`
[INFO] running `Command { std: "docker" "rm" "-f" "361b621a174cbb803b770482a860491767d6c18db369bfb737826ea668036f3f", kill_on_drop: false }`
[INFO] [stdout] 361b621a174cbb803b770482a860491767d6c18db369bfb737826ea668036f3f
[INFO] running `Command { std: "docker" "create" "-v" "/var/lib/crater-agent-workspace/builds/worker-5-tc1/target:/opt/rustwide/target:rw,Z" "-v" "/var/lib/crater-agent-workspace/builds/worker-5-tc1/source:/opt/rustwide/workdir:ro,Z" "-v" "/var/lib/crater-agent-workspace/cargo-home:/opt/rustwide/cargo-home:ro,Z" "-v" "/var/lib/crater-agent-workspace/rustup-home:/opt/rustwide/rustup-home:ro,Z" "-e" "SOURCE_DIR=/opt/rustwide/workdir" "-e" "CARGO_TARGET_DIR=/opt/rustwide/target" "-e" "CARGO_INCREMENTAL=0" "-e" "RUST_BACKTRACE=full" "-e" "RUSTFLAGS=--cap-lints=warn" "-e" "RUSTDOCFLAGS=--cap-lints=warn" "-e" "CARGO_HOME=/opt/rustwide/cargo-home" "-e" "RUSTUP_HOME=/opt/rustwide/rustup-home" "-w" "/opt/rustwide/workdir" "-m" "1610612736" "--user" "0:0" "--network" "none" "ghcr.io/rust-lang/crates-build-env/linux@sha256:2788e3201cd34a07e3172128adcd8b3090168a8e3bcc40d7c032b9dda1df7d1c" "/opt/rustwide/cargo-home/bin/cargo" "+1.75.0" "test" "--frozen" "--no-run" "--message-format=json", kill_on_drop: false }`
[INFO] [stdout] 4bda80d4fedf0f554357c05dfc584965293930d020d1598a8a023cc4f3cec9b8
[INFO] running `Command { std: "docker" "start" "-a" "4bda80d4fedf0f554357c05dfc584965293930d020d1598a8a023cc4f3cec9b8", kill_on_drop: false }`
[INFO] [stderr]    Compiling syn v2.0.39
[INFO] [stderr]    Compiling getrandom v0.2.11
[INFO] [stderr]    Compiling ppv-lite86 v0.2.17
[INFO] [stderr]    Compiling test_bin v0.4.0
[INFO] [stderr]    Compiling rand_core v0.6.4
[INFO] [stderr]    Compiling rand_chacha v0.3.1
[INFO] [stderr]    Compiling rand v0.8.5
[INFO] [stderr]    Compiling serde_derive v1.0.193
[INFO] [stderr]    Compiling rust-embed-impl v8.0.0
[INFO] [stderr]    Compiling test-log v0.2.13
[INFO] [stderr]    Compiling rust-embed v8.0.0
[INFO] [stderr]    Compiling serde v1.0.193
[INFO] [stderr]    Compiling toml_datetime v0.6.5
[INFO] [stderr]    Compiling serde_spanned v0.6.4
[INFO] [stderr]    Compiling toml_edit v0.19.15
[INFO] [stderr]    Compiling toml v0.7.8
[INFO] [stderr]    Compiling rasm-core v0.1.0-alpha.0 (/opt/rustwide/workdir/core)
[INFO] [stdout] warning: type parameter `FUNCTION_CALL_PARAMETERS` should have an upper camel case name
[INFO] [stdout]    --> core/src/codegen/mod.rs:168:41
[INFO] [stdout]     |
[INFO] [stdout] 168 | pub trait CodeGen<'a, BACKEND: Backend, FUNCTION_CALL_PARAMETERS: FunctionCallParameters> {
[INFO] [stdout]     |                                         ^^^^^^^^^^^^^^^^^^^^^^^^ help: convert the identifier to upper camel case: `FunctionCallParameters`
[INFO] [stdout]     |
[INFO] [stdout]     = note: `#[warn(non_camel_case_types)]` on by default
[INFO] [stdout] 
[INFO] [stdout] 
[INFO] [stdout] warning: type parameter `FUNCTION_CALL_PARAMETERS` should have an upper camel case name
[INFO] [stdout]    --> core/src/codegen/mod.rs:168:41
[INFO] [stdout]     |
[INFO] [stdout] 168 | pub trait CodeGen<'a, BACKEND: Backend, FUNCTION_CALL_PARAMETERS: FunctionCallParameters> {
[INFO] [stdout]     |                                         ^^^^^^^^^^^^^^^^^^^^^^^^ help: convert the identifier to upper camel case: `FunctionCallParameters`
[INFO] [stdout]     |
[INFO] [stdout]     = note: `#[warn(non_camel_case_types)]` on by default
[INFO] [stdout] 
[INFO] [stdout] 
[INFO] [stdout] warning: unused variable: `index`
[INFO] [stdout]    --> core/src/codegen/enhanced_module.rs:250:13
[INFO] [stdout]     |
[INFO] [stdout] 250 |             index,
[INFO] [stdout]     |             ^^^^^ help: try ignoring the field: `index: _`
[INFO] [stdout]     |
[INFO] [stdout]     = note: `#[warn(unused_variables)]` on by default
[INFO] [stdout] 
[INFO] [stdout] 
[INFO] [stdout] warning: unused variable: `type_o`
[INFO] [stdout]   --> core/src/codegen/text_macro.rs:60:37
[INFO] [stdout]    |
[INFO] [stdout] 60 |             MacroParam::Plain(name, type_o, typed_type_o) => name.clone(),
[INFO] [stdout]    |                                     ^^^^^^ help: if this is intentional, prefix it with an underscore: `_type_o`
[INFO] [stdout] 
[INFO] [stdout] 
[INFO] [stdout] warning: unused variable: `typed_type_o`
[INFO] [stdout]   --> core/src/codegen/text_macro.rs:60:45
[INFO] [stdout]    |
[INFO] [stdout] 60 |             MacroParam::Plain(name, type_o, typed_type_o) => name.clone(),
[INFO] [stdout]    |                                             ^^^^^^^^^^^^ help: if this is intentional, prefix it with an underscore: `_typed_type_o`
[INFO] [stdout] 
[INFO] [stdout] 
[INFO] [stdout] warning: unused variable: `type_o`
[INFO] [stdout]   --> core/src/codegen/text_macro.rs:64:35
[INFO] [stdout]    |
[INFO] [stdout] 64 |             MacroParam::Ref(name, type_o, typed_type_o) => name.clone(),
[INFO] [stdout]    |                                   ^^^^^^ help: if this is intentional, prefix it with an underscore: `_type_o`
[INFO] [stdout] 
[INFO] [stdout] 
[INFO] [stdout] warning: unused variable: `typed_type_o`
[INFO] [stdout]   --> core/src/codegen/text_macro.rs:64:43
[INFO] [stdout]    |
[INFO] [stdout] 64 |             MacroParam::Ref(name, type_o, typed_type_o) => name.clone(),
[INFO] [stdout]    |                                           ^^^^^^^^^^^^ help: if this is intentional, prefix it with an underscore: `_typed_type_o`
[INFO] [stdout] 
[INFO] [stdout] 
[INFO] [stdout] warning: unused variable: `name`
[INFO] [stdout]    --> core/src/parser/ast.rs:179:17
[INFO] [stdout]     |
[INFO] [stdout] 179 |                 name,
[INFO] [stdout]     |                 ^^^^ help: try ignoring the field: `name: _`
[INFO] [stdout] 
[INFO] [stdout] 
[INFO] [stdout] warning: unused variable: `param_types`
[INFO] [stdout]    --> core/src/parser/ast.rs:180:17
[INFO] [stdout]     |
[INFO] [stdout] 180 |                 param_types,
[INFO] [stdout]     |                 ^^^^^^^^^^^ help: try ignoring the field: `param_types: _`
[INFO] [stdout] 
[INFO] [stdout] 
[INFO] [stdout] warning: unused variable: `index`
[INFO] [stdout]    --> core/src/parser/ast.rs:181:17
[INFO] [stdout]     |
[INFO] [stdout] 181 |                 index,
[INFO] [stdout]     |                 ^^^^^ help: try ignoring the field: `index: _`
[INFO] [stdout] 
[INFO] [stdout] 
[INFO] [stdout] warning: unused variable: `index`
[INFO] [stdout]    --> core/src/parser/ast.rs:193:17
[INFO] [stdout]     |
[INFO] [stdout] 193 |                 index,
[INFO] [stdout]     |                 ^^^^^ help: try ignoring the field: `index: _`
[INFO] [stdout] 
[INFO] [stdout] 
[INFO] [stdout] warning: unused variable: `index`
[INFO] [stdout]    --> core/src/parser/ast.rs:199:21
[INFO] [stdout]     |
[INFO] [stdout] 199 |                     index,
[INFO] [stdout]     |                     ^^^^^ help: try ignoring the field: `index: _`
[INFO] [stdout] 
[INFO] [stdout] 
[INFO] [stdout] warning: unused variable: `namespace`
[INFO] [stdout]    --> core/src/parser/tokens_matcher.rs:236:9
[INFO] [stdout]     |
[INFO] [stdout] 236 |         namespace: &ASTNameSpace,
[INFO] [stdout]     |         ^^^^^^^^^ help: if this is intentional, prefix it with an underscore: `_namespace`
[INFO] [stdout] 
[INFO] [stdout] 
[INFO] [stdout] warning: unused variable: `name`
[INFO] [stdout]    --> core/src/transformations/enum_functions_creator.rs:646:9
[INFO] [stdout]     |
[INFO] [stdout] 646 |         name: &str,
[INFO] [stdout]     |         ^^^^ help: if this is intentional, prefix it with an underscore: `_name`
[INFO] [stdout] 
[INFO] [stdout] 
[INFO] [stdout] warning: unused variable: `i`
[INFO] [stdout]    --> core/src/transformations/enum_functions_creator.rs:669:21
[INFO] [stdout]     |
[INFO] [stdout] 669 |             .find(|(i, it)| it == &variant)
[INFO] [stdout]     |                     ^ help: if this is intentional, prefix it with an underscore: `_i`
[INFO] [stdout] 
[INFO] [stdout] 
[INFO] [stdout] warning: unused variable: `property_type`
[INFO] [stdout]    --> core/src/transformations/enum_functions_creator.rs:911:51
[INFO] [stdout]     |
[INFO] [stdout] 911 |     fn struct_setter_lambda_body(&self, i: usize, property_type: &ASTType) -> String {
[INFO] [stdout]     |                                                   ^^^^^^^^^^^^^ help: if this is intentional, prefix it with an underscore: `_property_type`
[INFO] [stdout] 
[INFO] [stdout] 
[INFO] [stdout] warning: unused variable: `struct_def`
[INFO] [stdout]    --> core/src/type_check/typed_ast.rs:687:9
[INFO] [stdout]     |
[INFO] [stdout] 687 |         struct_def: &ASTStructDef,
[INFO] [stdout]     |         ^^^^^^^^^^ help: if this is intentional, prefix it with an underscore: `_struct_def`
[INFO] [stdout] 
[INFO] [stdout] 
[INFO] [stdout] warning: unused variable: `type_def`
[INFO] [stdout]    --> core/src/type_check/typed_ast.rs:759:28
[INFO] [stdout]     |
[INFO] [stdout] 759 |     pub fn get_type(&self, type_def: &ASTTypeDef, type_def_type: &ASTType) -> Option<ASTTypedType> {
[INFO] [stdout]     |                            ^^^^^^^^ help: if this is intentional, prefix it with an underscore: `_type_def`
[INFO] [stdout] 
[INFO] [stdout] 
[INFO] [stdout] warning: unused variable: `index`
[INFO] [stdout]    --> core/src/type_check/typed_ast.rs:801:13
[INFO] [stdout]     |
[INFO] [stdout] 801 |             index,
[INFO] [stdout]     |             ^^^^^ help: try ignoring the field: `index: _`
[INFO] [stdout] 
[INFO] [stdout] 
[INFO] [stdout] warning: unused variable: `index`
[INFO] [stdout]     --> core/src/type_check/typed_ast.rs:1219:79
[INFO] [stdout]      |
[INFO] [stdout] 1219 |                     ASTTypedStatement::LetStatement(name, let_expr, is_const, index) => {
[INFO] [stdout]      |                                                                               ^^^^^ help: if this is intentional, prefix it with an underscore: `_index`
[INFO] [stdout] 
[INFO] [stdout] 
[INFO] [stdout] warning: unused variable: `custom_namespace`
[INFO] [stdout]     --> core/src/type_check/typed_ast.rs:1691:24
[INFO] [stdout]      |
[INFO] [stdout] 1691 |             namespace: custom_namespace,
[INFO] [stdout]      |                        ^^^^^^^^^^^^^^^^ help: if this is intentional, prefix it with an underscore: `_custom_namespace`
[INFO] [stdout] 
[INFO] [stdout] 
[INFO] [stdout] warning: unused variable: `p_namespace`
[INFO] [stdout]    --> core/src/type_check/mod.rs:183:24
[INFO] [stdout]     |
[INFO] [stdout] 183 |             namespace: p_namespace,
[INFO] [stdout]     |                        ^^^^^^^^^^^ help: if this is intentional, prefix it with an underscore: `_p_namespace`
[INFO] [stdout] 
[INFO] [stdout] 
[INFO] [stdout] warning: unused variable: `e_namespace`
[INFO] [stdout]    --> core/src/type_check/mod.rs:189:28
[INFO] [stdout]     |
[INFO] [stdout] 189 |                 namespace: e_namespace,
[INFO] [stdout]     |                            ^^^^^^^^^^^ help: if this is intentional, prefix it with an underscore: `_e_namespace`
[INFO] [stdout] 
[INFO] [stdout] 
[INFO] [stdout] warning: unused variable: `i`
[INFO] [stdout]    --> core/src/new_type_check2/mod.rs:867:31
[INFO] [stdout]     |
[INFO] [stdout] 867 |                     .map(|(m, i)| m.name.clone())
[INFO] [stdout]     |                               ^ help: if this is intentional, prefix it with an underscore: `_i`
[INFO] [stdout] 
[INFO] [stdout] 
[INFO] [stdout] warning: unused variable: `index`
[INFO] [stdout]    --> core/src/codegen/enhanced_module.rs:250:13
[INFO] [stdout]     |
[INFO] [stdout] 250 |             index,
[INFO] [stdout]     |             ^^^^^ help: try ignoring the field: `index: _`
[INFO] [stdout]     |
[INFO] [stdout]     = note: `#[warn(unused_variables)]` on by default
[INFO] [stdout] 
[INFO] [stdout] 
[INFO] [stdout] warning: unused variable: `type_o`
[INFO] [stdout]   --> core/src/codegen/text_macro.rs:60:37
[INFO] [stdout]    |
[INFO] [stdout] 60 |             MacroParam::Plain(name, type_o, typed_type_o) => name.clone(),
[INFO] [stdout]    |                                     ^^^^^^ help: if this is intentional, prefix it with an underscore: `_type_o`
[INFO] [stdout] 
[INFO] [stdout] 
[INFO] [stdout] warning: unused variable: `typed_type_o`
[INFO] [stdout]   --> core/src/codegen/text_macro.rs:60:45
[INFO] [stdout]    |
[INFO] [stdout] 60 |             MacroParam::Plain(name, type_o, typed_type_o) => name.clone(),
[INFO] [stdout]    |                                             ^^^^^^^^^^^^ help: if this is intentional, prefix it with an underscore: `_typed_type_o`
[INFO] [stdout] 
[INFO] [stdout] 
[INFO] [stdout] warning: unused variable: `type_o`
[INFO] [stdout]   --> core/src/codegen/text_macro.rs:64:35
[INFO] [stdout]    |
[INFO] [stdout] 64 |             MacroParam::Ref(name, type_o, typed_type_o) => name.clone(),
[INFO] [stdout]    |                                   ^^^^^^ help: if this is intentional, prefix it with an underscore: `_type_o`
[INFO] [stdout] 
[INFO] [stdout] 
[INFO] [stdout] warning: unused variable: `typed_type_o`
[INFO] [stdout]   --> core/src/codegen/text_macro.rs:64:43
[INFO] [stdout]    |
[INFO] [stdout] 64 |             MacroParam::Ref(name, type_o, typed_type_o) => name.clone(),
[INFO] [stdout]    |                                           ^^^^^^^^^^^^ help: if this is intentional, prefix it with an underscore: `_typed_type_o`
[INFO] [stdout] 
[INFO] [stdout] 
[INFO] [stdout] warning: associated function `function_name` is never used
[INFO] [stdout]    --> core/src/codegen/text_macro.rs:920:8
[INFO] [stdout]     |
[INFO] [stdout] 915 | impl AddRefMacro {
[INFO] [stdout]     | ---------------- associated function in this implementation
[INFO] [stdout] ...
[INFO] [stdout] 920 |     fn function_name(function_def: Option<&ASTTypedFunctionDef>) -> String {
[INFO] [stdout]     |        ^^^^^^^^^^^^^
[INFO] [stdout]     |
[INFO] [stdout]     = note: `#[warn(dead_code)]` on by default
[INFO] [stdout] 
[INFO] [stdout] 
[INFO] [stdout] warning: methods `error_msg` and `get_parser_data` are never used
[INFO] [stdout]     --> core/src/parser/mod.rs:997:8
[INFO] [stdout]      |
[INFO] [stdout] 139  | impl Parser {
[INFO] [stdout]      | ----------- methods in this implementation
[INFO] [stdout] ...
[INFO] [stdout] 997  |     fn error_msg(&self, message: &str) -> String {
[INFO] [stdout]      |        ^^^^^^^^^
[INFO] [stdout] ...
[INFO] [stdout] 1193 |     fn get_parser_data(&self, index: usize) -> Option<&ParserData> {
[INFO] [stdout]      |        ^^^^^^^^^^^^^^^
[INFO] [stdout] 
[INFO] [stdout] 
[INFO] [stdout] warning: method `try_parse_enum` is never used
[INFO] [stdout]   --> core/src/parser/enum_parser.rs:61:12
[INFO] [stdout]    |
[INFO] [stdout] 22 | impl EnumParser {
[INFO] [stdout]    | --------------- method in this implementation
[INFO] [stdout] ...
[INFO] [stdout] 61 |     pub fn try_parse_enum(
[INFO] [stdout]    |            ^^^^^^^^^^^^^^
[INFO] [stdout] 
[INFO] [stdout] 
[INFO] [stdout] warning: method `try_parse_struct` is never used
[INFO] [stdout]   --> core/src/parser/struct_parser.rs:52:12
[INFO] [stdout]    |
[INFO] [stdout] 15 | impl StructParser {
[INFO] [stdout]    | ----------------- method in this implementation
[INFO] [stdout] ...
[INFO] [stdout] 52 |     pub fn try_parse_struct(
[INFO] [stdout]    |            ^^^^^^^^^^^^^^^^
[INFO] [stdout] 
[INFO] [stdout] 
[INFO] [stdout] warning: using `.clone()` on a double reference, which returns `&ASTType` instead of cloning the inner type
[INFO] [stdout]    --> core/src/type_check/typed_ast.rs:783:56
[INFO] [stdout]     |
[INFO] [stdout] 783 |                     TypeFilter::Exact(type_def_ast_type.clone().clone())
[INFO] [stdout]     |                                                        ^^^^^^^^
[INFO] [stdout]     |
[INFO] [stdout]     = note: `#[warn(suspicious_double_ref_op)]` on by default
[INFO] [stdout] 
[INFO] [stdout] 
[INFO] [stdout] warning: unused variable: `name`
[INFO] [stdout]    --> core/src/parser/ast.rs:179:17
[INFO] [stdout]     |
[INFO] [stdout] 179 |                 name,
[INFO] [stdout]     |                 ^^^^ help: try ignoring the field: `name: _`
[INFO] [stdout] 
[INFO] [stdout] 
[INFO] [stdout] warning: unused variable: `param_types`
[INFO] [stdout]    --> core/src/parser/ast.rs:180:17
[INFO] [stdout]     |
[INFO] [stdout] 180 |                 param_types,
[INFO] [stdout]     |                 ^^^^^^^^^^^ help: try ignoring the field: `param_types: _`
[INFO] [stdout] 
[INFO] [stdout] 
[INFO] [stdout] warning: unused variable: `index`
[INFO] [stdout]    --> core/src/parser/ast.rs:181:17
[INFO] [stdout]     |
[INFO] [stdout] 181 |                 index,
[INFO] [stdout]     |                 ^^^^^ help: try ignoring the field: `index: _`
[INFO] [stdout] 
[INFO] [stdout] 
[INFO] [stdout] warning: unused variable: `index`
[INFO] [stdout]    --> core/src/parser/ast.rs:193:17
[INFO] [stdout]     |
[INFO] [stdout] 193 |                 index,
[INFO] [stdout]     |                 ^^^^^ help: try ignoring the field: `index: _`
[INFO] [stdout] 
[INFO] [stdout] 
[INFO] [stdout] warning: unused variable: `index`
[INFO] [stdout]    --> core/src/parser/ast.rs:199:21
[INFO] [stdout]     |
[INFO] [stdout] 199 |                     index,
[INFO] [stdout]     |                     ^^^^^ help: try ignoring the field: `index: _`
[INFO] [stdout] 
[INFO] [stdout] 
[INFO] [stdout] warning: unused variable: `namespace`
[INFO] [stdout]    --> core/src/parser/tokens_matcher.rs:236:9
[INFO] [stdout]     |
[INFO] [stdout] 236 |         namespace: &ASTNameSpace,
[INFO] [stdout]     |         ^^^^^^^^^ help: if this is intentional, prefix it with an underscore: `_namespace`
[INFO] [stdout] 
[INFO] [stdout] 
[INFO] [stdout] warning: unused variable: `name`
[INFO] [stdout]    --> core/src/transformations/enum_functions_creator.rs:646:9
[INFO] [stdout]     |
[INFO] [stdout] 646 |         name: &str,
[INFO] [stdout]     |         ^^^^ help: if this is intentional, prefix it with an underscore: `_name`
[INFO] [stdout] 
[INFO] [stdout] 
[INFO] [stdout] warning: unused variable: `i`
[INFO] [stdout]    --> core/src/transformations/enum_functions_creator.rs:669:21
[INFO] [stdout]     |
[INFO] [stdout] 669 |             .find(|(i, it)| it == &variant)
[INFO] [stdout]     |                     ^ help: if this is intentional, prefix it with an underscore: `_i`
[INFO] [stdout] 
[INFO] [stdout] 
[INFO] [stdout] warning: unused variable: `property_type`
[INFO] [stdout]    --> core/src/transformations/enum_functions_creator.rs:911:51
[INFO] [stdout]     |
[INFO] [stdout] 911 |     fn struct_setter_lambda_body(&self, i: usize, property_type: &ASTType) -> String {
[INFO] [stdout]     |                                                   ^^^^^^^^^^^^^ help: if this is intentional, prefix it with an underscore: `_property_type`
[INFO] [stdout] 
[INFO] [stdout] 
[INFO] [stdout] warning: unused variable: `struct_def`
[INFO] [stdout]    --> core/src/type_check/typed_ast.rs:687:9
[INFO] [stdout]     |
[INFO] [stdout] 687 |         struct_def: &ASTStructDef,
[INFO] [stdout]     |         ^^^^^^^^^^ help: if this is intentional, prefix it with an underscore: `_struct_def`
[INFO] [stdout] 
[INFO] [stdout] 
[INFO] [stdout] warning: unused variable: `type_def`
[INFO] [stdout]    --> core/src/type_check/typed_ast.rs:759:28
[INFO] [stdout]     |
[INFO] [stdout] 759 |     pub fn get_type(&self, type_def: &ASTTypeDef, type_def_type: &ASTType) -> Option<ASTTypedType> {
[INFO] [stdout]     |                            ^^^^^^^^ help: if this is intentional, prefix it with an underscore: `_type_def`
[INFO] [stdout] 
[INFO] [stdout] 
[INFO] [stdout] warning: unused variable: `index`
[INFO] [stdout]    --> core/src/type_check/typed_ast.rs:801:13
[INFO] [stdout]     |
[INFO] [stdout] 801 |             index,
[INFO] [stdout]     |             ^^^^^ help: try ignoring the field: `index: _`
[INFO] [stdout] 
[INFO] [stdout] 
[INFO] [stdout] warning: unused variable: `index`
[INFO] [stdout]     --> core/src/type_check/typed_ast.rs:1219:79
[INFO] [stdout]      |
[INFO] [stdout] 1219 |                     ASTTypedStatement::LetStatement(name, let_expr, is_const, index) => {
[INFO] [stdout]      |                                                                               ^^^^^ help: if this is intentional, prefix it with an underscore: `_index`
[INFO] [stdout] 
[INFO] [stdout] 
[INFO] [stdout] warning: unused variable: `custom_namespace`
[INFO] [stdout]     --> core/src/type_check/typed_ast.rs:1691:24
[INFO] [stdout]      |
[INFO] [stdout] 1691 |             namespace: custom_namespace,
[INFO] [stdout]      |                        ^^^^^^^^^^^^^^^^ help: if this is intentional, prefix it with an underscore: `_custom_namespace`
[INFO] [stdout] 
[INFO] [stdout] 
[INFO] [stdout] warning: unused variable: `p_namespace`
[INFO] [stdout]    --> core/src/type_check/mod.rs:183:24
[INFO] [stdout]     |
[INFO] [stdout] 183 |             namespace: p_namespace,
[INFO] [stdout]     |                        ^^^^^^^^^^^ help: if this is intentional, prefix it with an underscore: `_p_namespace`
[INFO] [stdout] 
[INFO] [stdout] 
[INFO] [stdout] warning: unused variable: `e_namespace`
[INFO] [stdout]    --> core/src/type_check/mod.rs:189:28
[INFO] [stdout]     |
[INFO] [stdout] 189 |                 namespace: e_namespace,
[INFO] [stdout]     |                            ^^^^^^^^^^^ help: if this is intentional, prefix it with an underscore: `_e_namespace`
[INFO] [stdout] 
[INFO] [stdout] 
[INFO] [stdout] warning: unused variable: `i`
[INFO] [stdout]    --> core/src/new_type_check2/mod.rs:867:31
[INFO] [stdout]     |
[INFO] [stdout] 867 |                     .map(|(m, i)| m.name.clone())
[INFO] [stdout]     |                               ^ help: if this is intentional, prefix it with an underscore: `_i`
[INFO] [stdout] 
[INFO] [stdout] 
[INFO] [stdout] warning: associated function `function_name` is never used
[INFO] [stdout]    --> core/src/codegen/text_macro.rs:920:8
[INFO] [stdout]     |
[INFO] [stdout] 915 | impl AddRefMacro {
[INFO] [stdout]     | ---------------- associated function in this implementation
[INFO] [stdout] ...
[INFO] [stdout] 920 |     fn function_name(function_def: Option<&ASTTypedFunctionDef>) -> String {
[INFO] [stdout]     |        ^^^^^^^^^^^^^
[INFO] [stdout]     |
[INFO] [stdout]     = note: `#[warn(dead_code)]` on by default
[INFO] [stdout] 
[INFO] [stdout] 
[INFO] [stdout] warning: methods `error_msg` and `get_parser_data` are never used
[INFO] [stdout]     --> core/src/parser/mod.rs:997:8
[INFO] [stdout]      |
[INFO] [stdout] 139  | impl Parser {
[INFO] [stdout]      | ----------- methods in this implementation
[INFO] [stdout] ...
[INFO] [stdout] 997  |     fn error_msg(&self, message: &str) -> String {
[INFO] [stdout]      |        ^^^^^^^^^
[INFO] [stdout] ...
[INFO] [stdout] 1193 |     fn get_parser_data(&self, index: usize) -> Option<&ParserData> {
[INFO] [stdout]      |        ^^^^^^^^^^^^^^^
[INFO] [stdout] 
[INFO] [stdout] 
[INFO] [stdout] warning: function `init` is never used
[INFO] [stdout]    --> core/src/type_check/mod.rs:365:8
[INFO] [stdout]     |
[INFO] [stdout] 365 |     fn init() {
[INFO] [stdout]     |        ^^^^
[INFO] [stdout] 
[INFO] [stdout] 
[INFO] [stdout] warning: using `.clone()` on a double reference, which returns `&ast::ASTType` instead of cloning the inner type
[INFO] [stdout]    --> core/src/type_check/typed_ast.rs:783:56
[INFO] [stdout]     |
[INFO] [stdout] 783 |                     TypeFilter::Exact(type_def_ast_type.clone().clone())
[INFO] [stdout]     |                                                        ^^^^^^^^
[INFO] [stdout]     |
[INFO] [stdout]     = note: `#[warn(suspicious_double_ref_op)]` on by default
[INFO] [stdout] 
[INFO] [stdout] 
[INFO] [stdout] warning: 28 warnings emitted
[INFO] [stdout] 
[INFO] [stdout] 
[INFO] [stderr]    Compiling rasm v0.1.0-alpha.0 (/opt/rustwide/workdir/rasm)
[INFO] [stdout] warning: 27 warnings emitted
[INFO] [stdout] 
[INFO] [stdout] 
[INFO] [stderr]     Finished test [unoptimized + debuginfo] target(s) in 16.26s
[INFO] running `Command { std: "docker" "inspect" "4bda80d4fedf0f554357c05dfc584965293930d020d1598a8a023cc4f3cec9b8", kill_on_drop: false }`
[INFO] running `Command { std: "docker" "rm" "-f" "4bda80d4fedf0f554357c05dfc584965293930d020d1598a8a023cc4f3cec9b8", kill_on_drop: false }`
[INFO] [stdout] 4bda80d4fedf0f554357c05dfc584965293930d020d1598a8a023cc4f3cec9b8
[INFO] running `Command { std: "docker" "create" "-v" "/var/lib/crater-agent-workspace/builds/worker-5-tc1/target:/opt/rustwide/target:rw,Z" "-v" "/var/lib/crater-agent-workspace/builds/worker-5-tc1/source:/opt/rustwide/workdir:ro,Z" "-v" "/var/lib/crater-agent-workspace/cargo-home:/opt/rustwide/cargo-home:ro,Z" "-v" "/var/lib/crater-agent-workspace/rustup-home:/opt/rustwide/rustup-home:ro,Z" "-e" "SOURCE_DIR=/opt/rustwide/workdir" "-e" "CARGO_TARGET_DIR=/opt/rustwide/target" "-e" "CARGO_INCREMENTAL=0" "-e" "RUST_BACKTRACE=full" "-e" "RUSTFLAGS=--cap-lints=warn" "-e" "RUSTDOCFLAGS=--cap-lints=warn" "-e" "CARGO_HOME=/opt/rustwide/cargo-home" "-e" "RUSTUP_HOME=/opt/rustwide/rustup-home" "-w" "/opt/rustwide/workdir" "-m" "1610612736" "--user" "0:0" "--network" "none" "ghcr.io/rust-lang/crates-build-env/linux@sha256:2788e3201cd34a07e3172128adcd8b3090168a8e3bcc40d7c032b9dda1df7d1c" "/opt/rustwide/cargo-home/bin/cargo" "+1.75.0" "test" "--frozen", kill_on_drop: false }`
[INFO] [stdout] ba2ba2f73cc66bafce4c7931f076daa91b4c9e621461a4807654b22eeaf5a383
[INFO] running `Command { std: "docker" "start" "-a" "ba2ba2f73cc66bafce4c7931f076daa91b4c9e621461a4807654b22eeaf5a383", kill_on_drop: false }`
[INFO] [stderr] warning: type parameter `FUNCTION_CALL_PARAMETERS` should have an upper camel case name
[INFO] [stderr]    --> core/src/codegen/mod.rs:168:41
[INFO] [stderr]     |
[INFO] [stderr] 168 | pub trait CodeGen<'a, BACKEND: Backend, FUNCTION_CALL_PARAMETERS: FunctionCallParameters> {
[INFO] [stderr]     |                                         ^^^^^^^^^^^^^^^^^^^^^^^^ help: convert the identifier to upper camel case: `FunctionCallParameters`
[INFO] [stderr]     |
[INFO] [stderr]     = note: `#[warn(non_camel_case_types)]` on by default
[INFO] [stderr] 
[INFO] [stderr] warning: unused variable: `index`
[INFO] [stderr]    --> core/src/codegen/enhanced_module.rs:250:13
[INFO] [stderr]     |
[INFO] [stderr] 250 |             index,
[INFO] [stderr]     |             ^^^^^ help: try ignoring the field: `index: _`
[INFO] [stderr]     |
[INFO] [stderr]     = note: `#[warn(unused_variables)]` on by default
[INFO] [stderr] 
[INFO] [stderr] warning: unused variable: `type_o`
[INFO] [stderr]   --> core/src/codegen/text_macro.rs:60:37
[INFO] [stderr]    |
[INFO] [stderr] 60 |             MacroParam::Plain(name, type_o, typed_type_o) => name.clone(),
[INFO] [stderr]    |                                     ^^^^^^ help: if this is intentional, prefix it with an underscore: `_type_o`
[INFO] [stderr] 
[INFO] [stderr] warning: unused variable: `typed_type_o`
[INFO] [stderr]   --> core/src/codegen/text_macro.rs:60:45
[INFO] [stderr]    |
[INFO] [stderr] 60 |             MacroParam::Plain(name, type_o, typed_type_o) => name.clone(),
[INFO] [stderr]    |                                             ^^^^^^^^^^^^ help: if this is intentional, prefix it with an underscore: `_typed_type_o`
[INFO] [stderr] 
[INFO] [stderr] warning: unused variable: `type_o`
[INFO] [stderr]   --> core/src/codegen/text_macro.rs:64:35
[INFO] [stderr]    |
[INFO] [stderr] 64 |             MacroParam::Ref(name, type_o, typed_type_o) => name.clone(),
[INFO] [stderr]    |                                   ^^^^^^ help: if this is intentional, prefix it with an underscore: `_type_o`
[INFO] [stderr] 
[INFO] [stderr] warning: unused variable: `typed_type_o`
[INFO] [stderr]   --> core/src/codegen/text_macro.rs:64:43
[INFO] [stderr]    |
[INFO] [stderr] 64 |             MacroParam::Ref(name, type_o, typed_type_o) => name.clone(),
[INFO] [stderr]    |                                           ^^^^^^^^^^^^ help: if this is intentional, prefix it with an underscore: `_typed_type_o`
[INFO] [stderr] 
[INFO] [stderr] warning: unused variable: `name`
[INFO] [stderr]    --> core/src/parser/ast.rs:179:17
[INFO] [stderr]     |
[INFO] [stderr] 179 |                 name,
[INFO] [stderr]     |                 ^^^^ help: try ignoring the field: `name: _`
[INFO] [stderr] 
[INFO] [stderr] warning: unused variable: `param_types`
[INFO] [stderr]    --> core/src/parser/ast.rs:180:17
[INFO] [stderr]     |
[INFO] [stderr] 180 |                 param_types,
[INFO] [stderr]     |                 ^^^^^^^^^^^ help: try ignoring the field: `param_types: _`
[INFO] [stderr] 
[INFO] [stderr] warning: unused variable: `index`
[INFO] [stderr]    --> core/src/parser/ast.rs:181:17
[INFO] [stderr]     |
[INFO] [stderr] 181 |                 index,
[INFO] [stderr]     |                 ^^^^^ help: try ignoring the field: `index: _`
[INFO] [stderr] 
[INFO] [stderr] warning: unused variable: `index`
[INFO] [stderr]    --> core/src/parser/ast.rs:193:17
[INFO] [stderr]     |
[INFO] [stderr] 193 |                 index,
[INFO] [stderr]     |                 ^^^^^ help: try ignoring the field: `index: _`
[INFO] [stderr] 
[INFO] [stderr] warning: unused variable: `index`
[INFO] [stderr]    --> core/src/parser/ast.rs:199:21
[INFO] [stderr]     |
[INFO] [stderr] 199 |                     index,
[INFO] [stderr]     |                     ^^^^^ help: try ignoring the field: `index: _`
[INFO] [stderr] 
[INFO] [stderr] warning: unused variable: `namespace`
[INFO] [stderr]    --> core/src/parser/tokens_matcher.rs:236:9
[INFO] [stderr]     |
[INFO] [stderr] 236 |         namespace: &ASTNameSpace,
[INFO] [stderr]     |         ^^^^^^^^^ help: if this is intentional, prefix it with an underscore: `_namespace`
[INFO] [stderr] 
[INFO] [stderr] warning: unused variable: `name`
[INFO] [stderr]    --> core/src/transformations/enum_functions_creator.rs:646:9
[INFO] [stderr]     |
[INFO] [stderr] 646 |         name: &str,
[INFO] [stderr]     |         ^^^^ help: if this is intentional, prefix it with an underscore: `_name`
[INFO] [stderr] 
[INFO] [stderr] warning: unused variable: `i`
[INFO] [stderr]    --> core/src/transformations/enum_functions_creator.rs:669:21
[INFO] [stderr]     |
[INFO] [stderr] 669 |             .find(|(i, it)| it == &variant)
[INFO] [stderr]     |                     ^ help: if this is intentional, prefix it with an underscore: `_i`
[INFO] [stderr] 
[INFO] [stderr] warning: unused variable: `property_type`
[INFO] [stderr]    --> core/src/transformations/enum_functions_creator.rs:911:51
[INFO] [stderr]     |
[INFO] [stderr] 911 |     fn struct_setter_lambda_body(&self, i: usize, property_type: &ASTType) -> String {
[INFO] [stderr]     |                                                   ^^^^^^^^^^^^^ help: if this is intentional, prefix it with an underscore: `_property_type`
[INFO] [stderr] 
[INFO] [stderr] warning: unused variable: `struct_def`
[INFO] [stderr]    --> core/src/type_check/typed_ast.rs:687:9
[INFO] [stderr]     |
[INFO] [stderr] 687 |         struct_def: &ASTStructDef,
[INFO] [stderr]     |         ^^^^^^^^^^ help: if this is intentional, prefix it with an underscore: `_struct_def`
[INFO] [stderr] 
[INFO] [stderr] warning: unused variable: `type_def`
[INFO] [stderr]    --> core/src/type_check/typed_ast.rs:759:28
[INFO] [stderr]     |
[INFO] [stderr] 759 |     pub fn get_type(&self, type_def: &ASTTypeDef, type_def_type: &ASTType) -> Option<ASTTypedType> {
[INFO] [stderr]     |                            ^^^^^^^^ help: if this is intentional, prefix it with an underscore: `_type_def`
[INFO] [stderr] 
[INFO] [stderr] warning: unused variable: `index`
[INFO] [stderr]    --> core/src/type_check/typed_ast.rs:801:13
[INFO] [stderr]     |
[INFO] [stderr] 801 |             index,
[INFO] [stderr]     |             ^^^^^ help: try ignoring the field: `index: _`
[INFO] [stderr] 
[INFO] [stderr] warning: unused variable: `index`
[INFO] [stderr]     --> core/src/type_check/typed_ast.rs:1219:79
[INFO] [stderr]      |
[INFO] [stderr] 1219 |                     ASTTypedStatement::LetStatement(name, let_expr, is_const, index) => {
[INFO] [stderr]      |                                                                               ^^^^^ help: if this is intentional, prefix it with an underscore: `_index`
[INFO] [stderr] 
[INFO] [stderr] warning: unused variable: `custom_namespace`
[INFO] [stderr]     --> core/src/type_check/typed_ast.rs:1691:24
[INFO] [stderr]      |
[INFO] [stderr] 1691 |             namespace: custom_namespace,
[INFO] [stderr]      |                        ^^^^^^^^^^^^^^^^ help: if this is intentional, prefix it with an underscore: `_custom_namespace`
[INFO] [stderr] 
[INFO] [stderr] warning: unused variable: `p_namespace`
[INFO] [stderr]    --> core/src/type_check/mod.rs:183:24
[INFO] [stderr]     |
[INFO] [stderr] 183 |             namespace: p_namespace,
[INFO] [stderr]     |                        ^^^^^^^^^^^ help: if this is intentional, prefix it with an underscore: `_p_namespace`
[INFO] [stderr] 
[INFO] [stderr] warning: unused variable: `e_namespace`
[INFO] [stderr]    --> core/src/type_check/mod.rs:189:28
[INFO] [stderr]     |
[INFO] [stderr] 189 |                 namespace: e_namespace,
[INFO] [stderr]     |                            ^^^^^^^^^^^ help: if this is intentional, prefix it with an underscore: `_e_namespace`
[INFO] [stderr] 
[INFO] [stderr] warning: unused variable: `i`
[INFO] [stderr]    --> core/src/new_type_check2/mod.rs:867:31
[INFO] [stderr]     |
[INFO] [stderr] 867 |                     .map(|(m, i)| m.name.clone())
[INFO] [stderr]     |                               ^ help: if this is intentional, prefix it with an underscore: `_i`
[INFO] [stderr] 
[INFO] [stderr] warning: associated function `function_name` is never used
[INFO] [stderr]    --> core/src/codegen/text_macro.rs:920:8
[INFO] [stderr]     |
[INFO] [stderr] 915 | impl AddRefMacro {
[INFO] [stderr]     | ---------------- associated function in this implementation
[INFO] [stderr] ...
[INFO] [stderr] 920 |     fn function_name(function_def: Option<&ASTTypedFunctionDef>) -> String {
[INFO] [stderr]     |        ^^^^^^^^^^^^^
[INFO] [stderr]     |
[INFO] [stderr]     = note: `#[warn(dead_code)]` on by default
[INFO] [stderr] 
[INFO] [stderr] warning: methods `error_msg` and `get_parser_data` are never used
[INFO] [stderr]     --> core/src/parser/mod.rs:997:8
[INFO] [stderr]      |
[INFO] [stderr] 139  | impl Parser {
[INFO] [stderr]      | ----------- methods in this implementation
[INFO] [stderr] ...
[INFO] [stderr] 997  |     fn error_msg(&self, message: &str) -> String {
[INFO] [stderr]      |        ^^^^^^^^^
[INFO] [stderr] ...
[INFO] [stderr] 1193 |     fn get_parser_data(&self, index: usize) -> Option<&ParserData> {
[INFO] [stderr]      |        ^^^^^^^^^^^^^^^
[INFO] [stderr] 
[INFO] [stderr] warning: method `try_parse_enum` is never used
[INFO] [stderr]   --> core/src/parser/enum_parser.rs:61:12
[INFO] [stderr]    |
[INFO] [stderr] 22 | impl EnumParser {
[INFO] [stderr]    | --------------- method in this implementation
[INFO] [stderr] ...
[INFO] [stderr] 61 |     pub fn try_parse_enum(
[INFO] [stderr]    |            ^^^^^^^^^^^^^^
[INFO] [stderr] 
[INFO] [stderr] warning: method `try_parse_struct` is never used
[INFO] [stderr]   --> core/src/parser/struct_parser.rs:52:12
[INFO] [stderr]    |
[INFO] [stderr] 15 | impl StructParser {
[INFO] [stderr]    | ----------------- method in this implementation
[INFO] [stderr] ...
[INFO] [stderr] 52 |     pub fn try_parse_struct(
[INFO] [stderr]    |            ^^^^^^^^^^^^^^^^
[INFO] [stderr] 
[INFO] [stderr] warning: using `.clone()` on a double reference, which returns `&ASTType` instead of cloning the inner type
[INFO] [stderr]    --> core/src/type_check/typed_ast.rs:783:56
[INFO] [stderr]     |
[INFO] [stderr] 783 |                     TypeFilter::Exact(type_def_ast_type.clone().clone())
[INFO] [stderr]     |                                                        ^^^^^^^^
[INFO] [stderr]     |
[INFO] [stderr]     = note: `#[warn(suspicious_double_ref_op)]` on by default
[INFO] [stderr] 
[INFO] [stderr] warning: function `init` is never used
[INFO] [stderr]    --> core/src/type_check/mod.rs:365:8
[INFO] [stderr]     |
[INFO] [stderr] 365 |     fn init() {
[INFO] [stderr]     |        ^^^^
[INFO] [stderr] 
[INFO] [stderr] warning: using `.clone()` on a double reference, which returns `&ast::ASTType` instead of cloning the inner type
[INFO] [stderr]    --> core/src/type_check/typed_ast.rs:783:56
[INFO] [stderr]     |
[INFO] [stderr] 783 |                     TypeFilter::Exact(type_def_ast_type.clone().clone())
[INFO] [stderr]     |                                                        ^^^^^^^^
[INFO] [stderr]     |
[INFO] [stderr]     = note: `#[warn(suspicious_double_ref_op)]` on by default
[INFO] [stderr] 
[INFO] [stderr] warning: `rasm-core` (lib) generated 28 warnings (run `cargo fix --lib -p rasm-core` to apply 22 suggestions)
[INFO] [stderr] warning: `rasm-core` (lib test) generated 27 warnings (25 duplicates)
[INFO] [stderr]     Finished test [unoptimized + debuginfo] target(s) in 0.14s
[INFO] [stderr]      Running unittests src/main.rs (/opt/rustwide/target/debug/deps/rasm-532220f8aeffc12e)
[INFO] [stdout] 
[INFO] [stdout] running 0 tests
[INFO] [stdout] 
[INFO] [stdout] test result: ok. 0 passed; 0 failed; 0 ignored; 0 measured; 0 filtered out; finished in 0.00s
[INFO] [stdout] 
[INFO] [stderr]      Running tests/f32_test.rs (/opt/rustwide/target/debug/deps/f32_test-b8152518670c1b0f)
[INFO] [stdout] 
[INFO] [stdout] running 1 test
[INFO] [stdout] test test_f32 ... ok
[INFO] [stdout] 
[INFO] [stdout] test result: ok. 1 passed; 0 failed; 0 ignored; 0 measured; 0 filtered out; finished in 0.00s
[INFO] [stdout] 
[INFO] [stderr]      Running tests/run_test.rs (/opt/rustwide/target/debug/deps/run_test-f82ae67984d1010c)
[INFO] [stdout] 
[INFO] [stdout] running 80 tests
[INFO] [stderr] /usr/bin/ld: /tmp/rasm_int_test.M5B86jWAKraz/dereference.o: warning: relocation in read-only section `.text'
[INFO] [stderr] /usr/bin/ld: /tmp/rasm_int_test.gdDo9tVpAbez/enum.o: warning: relocation in read-only section `.text'
[INFO] [stderr] /usr/bin/ld: warning: creating DT_TEXTREL in a PIE
[INFO] [stderr] /usr/bin/ld: /tmp/rasm_int_test.e3VsKmCbuBCy/assertions.o: warning: relocation in read-only section `.text'
[INFO] [stderr] /usr/bin/ld: warning: creating DT_TEXTREL in a PIE
[INFO] [stderr] /usr/bin/ld: warning: creating DT_TEXTREL in a PIE
[INFO] [stderr] /usr/bin/ld: /tmp/rasm_int_test.paCnEOu7D1vl/atoi.o: warning: relocation in read-only section `.text'
[INFO] [stderr] /usr/bin/ld/usr/bin/ld: /tmp/rasm_int_test.YSx73AquyqeF/cmdlineargs.o: warning: relocation in read-only section `.text'
[INFO] [stderr] /usr/bin/ld: warning: creating DT_TEXTREL in a PIE
[INFO] [stderr] : warning: creating DT_TEXTREL in a PIE
[INFO] [stderr] /usr/bin/ld: /tmp/rasm_int_test.obXgLFkivErG/curry.o: warning: relocation in read-only section `.text'
[INFO] [stdout] test test_dereference ... ok
[INFO] [stdout] test test_atoi ... ok
[INFO] [stdout] test test_assertions ... ok
[INFO] [stdout] test test_enum ... ok
[INFO] [stderr] /usr/bin/ld/usr/bin/ld: /tmp/rasm_int_test.Nu4Bc7psxpee/allocation.o: warning: relocation in read-only section `.text'
[INFO] [stderr] : warning: creating DT_TEXTREL in a PIE
[INFO] [stderr] /usr/bin/ld: warning: creating DT_TEXTREL in a PIE
[INFO] [stderr] /usr/bin/ld: /tmp/rasm_int_test.MU62YALu62sv/call_with_generics.o: warning: relocation in read-only section `.text'
[INFO] [stderr] /usr/bin/ld: warning: creating DT_TEXTREL in a PIE
[INFO] [stdout] test test_curry ... ok
[INFO] [stdout] test test_call_with_generics ... ok
[INFO] [stderr] /usr/bin/ld: /tmp/rasm_int_test.8Jx81YFDzmrU/conditionals2.o: warning: relocation in read-only section `.text'
[INFO] [stderr] /usr/bin/ld: warning: creating DT_TEXTREL in a PIE
[INFO] [stdout] test test_allocation ... ok
[INFO] [stdout] test test_conditionals2 ... ok
[INFO] [stdout] test test_cmdlineargs ... ok
[INFO] [stderr] /usr/bin/ld: /tmp/rasm_int_test.ZLL7FsA7otm8/conditionals.o: warning: relocation in read-only section `.text'
[INFO] [stderr] /usr/bin/ld: warning: creating DT_TEXTREL in a PIE
[INFO] [stdout] test test_conditionals ... ok
[INFO] [stderr] /usr/bin/ld: /tmp/rasm_int_test.hhfzWKO9xanZ/chars.o: warning: relocation in read-only section `.text'
[INFO] [stderr] /usr/bin/ld: /tmp/rasm_int_test.nu8pKwPRdRKS/const.o: warning: relocation in read-only section `.text'
[INFO] [stderr] /usr/bin/ld: warning: creating DT_TEXTREL in a PIE
[INFO] [stderr] /usr/bin/ld: warning: creating DT_TEXTREL in a PIE
[INFO] [stdout] test test_const ... ok
[INFO] [stdout] test test_chars ... ok
[INFO] [stderr] /usr/bin/ld: /tmp/rasm_int_test.T0XgsW54jgSu/error_handling.o: warning: relocation in read-only section `.text'
[INFO] [stderr] /usr/bin/ld: warning: creating DT_TEXTREL in a PIE
[INFO] [stdout] test test_error_handling ... ok
[INFO] [stderr] /usr/bin/ld: /tmp/rasm_int_test.kUxilPuA8feN/error_handling.o: warning: relocation in read-only section `.text'
[INFO] [stderr] /usr/bin/ld: warning: creating DT_TEXTREL in a PIE
[INFO] [stderr] /usr/bin/ld: /tmp/rasm_int_test.1gE8PMBMc6mD/helloworld.o: warning: relocation in read-only section `.text'
[INFO] [stderr] /usr/bin/ld: warning: creating DT_TEXTREL in a PIE
[INFO] [stdout] test test_helloworld ... ok
[INFO] [stderr] /usr/bin/ld: /tmp/rasm_int_test.cctsKwf77MDh/function_overloading.o: warning: relocation in read-only section `.text'
[INFO] [stderr] /usr/bin/ld: warning: creating DT_TEXTREL in a PIE
[INFO] [stdout] test test_error_handling1 ... FAILED
[INFO] [stderr] /usr/bin/ld: /tmp/rasm_int_test.btVgrYxKJEvM/fibonacci.o: warning: relocation in read-only section `.text'
[INFO] [stdout] test test_function_overloading ... ok
[INFO] [stderr] /usr/bin/ld: warning: creating DT_TEXTREL in a PIE
[INFO] [stderr] /usr/bin/ld: /tmp/rasm_int_test.WUyFHqDFLu92/f32.o: warning: relocation in read-only section `.text'
[INFO] [stderr] /usr/bin/ld: warning: creating DT_TEXTREL in a PIE
[INFO] [stdout] test test_fibonacci ... ok
[INFO] [stdout] test test_f32 ... ok
[INFO] [stderr] /usr/bin/ld: /tmp/rasm_int_test.fC87yTIgmNVW/if.o: warning: relocation in read-only section `.text'
[INFO] [stderr] /usr/bin/ld: warning: creating DT_TEXTREL in a PIE
[INFO] [stdout] test test_if ... ok
[INFO] [stderr] /usr/bin/ld: /tmp/rasm_int_test.cbbAy5vsp43C/function_as_arg.o: warning: relocation in read-only section `.text'
[INFO] [stderr] /usr/bin/ld: warning: creating DT_TEXTREL in a PIE
[INFO] [stdout] test test_function_as_arg ... ok
[INFO] [stderr] /usr/bin/ld: /tmp/rasm_int_test.P2akmBm2QujY/inner_context.o: warning: relocation in read-only section `.text'
[INFO] [stderr] /usr/bin/ld: warning: creating DT_TEXTREL in a PIE
[INFO] [stderr] /usr/bin/ld: /tmp/rasm_int_test.UTLkhIHqDlYE/inline.o: warning: relocation in read-only section `.text'
[INFO] [stderr] /usr/bin/ld: warning: creating DT_TEXTREL in a PIE
[INFO] [stdout] test test_inner_context ... ok
[INFO] [stdout] test test_inline ... ok
[INFO] [stderr] /usr/bin/ld: /tmp/rasm_int_test.mOMHEcGWsWsy/lambda1.o: warning: relocation in read-only section `.text'
[INFO] [stderr] /usr/bin/ld: warning: creating DT_TEXTREL in a PIE
[INFO] [stdout] test test_lambda1 ... ok
[INFO] [stdout] test test_bouncing_quads ... ok
[INFO] [stderr] /usr/bin/ld: /tmp/rasm_int_test.Kc2DIHu0Ig1y/lambda2.o: warning: relocation in read-only section `.text'
[INFO] [stderr] /usr/bin/ld: warning: creating DT_TEXTREL in a PIE
[INFO] [stderr] /usr/bin/ld: /tmp/rasm_int_test.Zr2wIAfof6oX/lambda.o: warning: relocation in read-only section `.text'
[INFO] [stderr] /usr/bin/ld: warning: creating DT_TEXTREL in a PIE
[INFO] [stdout] test test_lambda2 ... ok
[INFO] [stdout] test test_gameoflife_vec_compile ... ok
[INFO] [stdout] test test_lambda_0 ... ok
[INFO] [stderr] /usr/bin/ld: /tmp/rasm_int_test.yJfjJWN6N0im/lambda.o: warning: relocation in read-only section `.text'
[INFO] [stderr] /usr/bin/ld: warning: creating DT_TEXTREL in a PIE
[INFO] [stdout] test test_lambda_2 ... ok
[INFO] [stdout] test test_gameoflife_vec_sdl_compile ... ok
[INFO] [stderr] /usr/bin/ld: /tmp/rasm_int_test.dtOWbiN7XadE/lambda.o: warning: relocation in read-only section `.text'
[INFO] [stderr] /usr/bin/ld: warning: creating DT_TEXTREL in a PIE
[INFO] [stdout] test test_lambda_3 ... ok
[INFO] [stderr] /usr/bin/ld: /tmp/rasm_int_test.MN26zSiwURvv/lambda_as_return_value.o: warning: relocation in read-only section `.text'
[INFO] [stderr] /usr/bin/ld: warning: creating DT_TEXTREL in a PIE
[INFO] [stderr] /usr/bin/ld: /tmp/rasm_int_test.WYUjI3kmSweQ/lambda.o: warning: relocation in read-only section `.text'
[INFO] [stdout] test test_lambda_as_return_value ... ok
[INFO] [stderr] /usr/bin/ld: warning: creating DT_TEXTREL in a PIE
[INFO] [stderr] /usr/bin/ld: /tmp/rasm_int_test.eboa3i5J1RXy/lambda_params.o: warning: relocation in read-only section `.text'
[INFO] [stderr] /usr/bin/ld: warning: creating DT_TEXTREL in a PIE
[INFO] [stdout] test test_lambda_1 ... ok
[INFO] [stdout] test test_lambda_params ... ok
[INFO] [stderr] /usr/bin/ld: /tmp/rasm_int_test.y0xt92mGAVGF/lambda_in_struct.o: warning: relocation in read-only section `.text'
[INFO] [stderr] /usr/bin/ld: warning: creating DT_TEXTREL in a PIE
[INFO] [stdout] test test_lambda_in_struct ... ok
[INFO] [stderr] /usr/bin/ld: /tmp/rasm_int_test.trFV7usulMiO/lambda_in_enum.o: warning: relocation in read-only section `.text'
[INFO] [stderr] /usr/bin/ld: /tmp/rasm_int_test.OFiIKwGmR7LV/libc.o: warning: relocation in read-only section `.text'
[INFO] [stderr] /usr/bin/ld/usr/bin/ld: warning: creating DT_TEXTREL in a PIE
[INFO] [stderr] : warning: creating DT_TEXTREL in a PIE
[INFO] [stdout] test test_lambda_in_enum ... ok
[INFO] [stderr] /usr/bin/ld: /tmp/rasm_int_test.CEzfflIzoIqF/let.o: warning: relocation in read-only section `.text'
[INFO] [stderr] /usr/bin/ld: warning: creating DT_TEXTREL in a PIE
[INFO] [stdout] test test_libc ... ok
[INFO] [stdout] test test_malloc ... ignored
[INFO] [stderr] /usr/bin/ld: /tmp/rasm_int_test.7wpkBIcLpPpg/let1.o: warning: relocation in read-only section `.text'
[INFO] [stderr] /usr/bin/ld: warning: creating DT_TEXTREL in a PIE
[INFO] [stdout] test test_let ... ok
[INFO] [stderr] /usr/bin/ld: /tmp/rasm_int_test.soOhF68iKJBH/gameoflife.o: warning: relocation in read-only section `.text'
[INFO] [stderr] /usr/bin/ld: warning: creating DT_TEXTREL in a PIE
[INFO] [stdout] test test_let1 ... ok
[INFO] [stderr] /usr/bin/ld: /tmp/rasm_int_test.QBBz8m372MiX/lines.o: warning: relocation in read-only section `.text'
[INFO] [stderr] /usr/bin/ld: warning: creating DT_TEXTREL in a PIE
[INFO] [stdout] test test_lines ... ok
[INFO] [stdout] test test_gameoflife_sdl_compile ... ok
[INFO] [stderr] /usr/bin/ld: /tmp/rasm_int_test.1bAnqGvfjSS0/list_append.o: warning: relocation in read-only section `.text'
[INFO] [stderr] /usr/bin/ld: warning: creating DT_TEXTREL in a PIE
[INFO] [stdout] test test_list_append ... ok
[INFO] [stderr] /usr/bin/ld: /tmp/rasm_int_test.sEVs945MYqGr/list_combine.o: warning: relocation in read-only section `.text'
[INFO] [stderr] /usr/bin/ld: warning: creating DT_TEXTREL in a PIE
[INFO] [stdout] test test_list_combine ... ok
[INFO] [stderr] /usr/bin/ld: /tmp/rasm_int_test.JXc6VDaAv9pk/list.o: warning: relocation in read-only section `.text'
[INFO] [stderr] /usr/bin/ld: warning: creating DT_TEXTREL in a PIE
[INFO] [stdout] test test_list ... ok
[INFO] [stderr] /usr/bin/ld: /tmp/rasm_int_test.T3U9aIpoVS2G/list_filter.o: warning: relocation in read-only section `.text'
[INFO] [stderr] /usr/bin/ld: warning: creating DT_TEXTREL in a PIE
[INFO] [stderr] /usr/bin/ld: /tmp/rasm_int_test.esqtLQAfoKfZ/list_flatten.o: warning: relocation in read-only section `.text'
[INFO] [stderr] /usr/bin/ld: warning: creating DT_TEXTREL in a PIE
[INFO] [stderr] /usr/bin/ld: /tmp/rasm_int_test.3yCyX3hNyfPR/mc91.o: warning: relocation in read-only section `.text'
[INFO] [stdout] test test_list_filter ... ok
[INFO] [stderr] /usr/bin/ld: warning: creating DT_TEXTREL in a PIE
[INFO] [stderr] /usr/bin/ld: /tmp/rasm_int_test.SSZiPi1gFs8L/list_map.o: warning: relocation in read-only section `.text'
[INFO] [stdout] test test_list_flatten ... ok
[INFO] [stderr] /usr/bin/ld: /tmp/rasm_int_test.PujApDGDUL8g/list_fmap.o: warning: relocation in read-only section `.text'
[INFO] [stdout] test test_mc91 ... ok
[INFO] [stderr] /usr/bin/ld: warning: creating DT_TEXTREL in a PIE
[INFO] [stderr] /usr/bin/ld: warning: creating DT_TEXTREL in a PIE
[INFO] [stdout] test test_list_map ... ok
[INFO] [stdout] test test_list_fmap ... ok
[INFO] [stderr] /usr/bin/ld: /tmp/rasm_int_test.5tgncpIhzaUU/list_fold.o: warning: relocation in read-only section `.text'
[INFO] [stderr] /usr/bin/ld: warning: creating DT_TEXTREL in a PIE
[INFO] [stdout] test test_list_fold ... ok
[INFO] [stderr] /usr/bin/ld: /tmp/rasm_int_test.CVYJrYy8joBe/list_pop_replace.o: warning: relocation in read-only section `.text'
[INFO] [stderr] /usr/bin/ld: /tmp/rasm_int_test.7JI22V1dgWKV/params_order.o: warning: relocation in read-only section `.text'
[INFO] [stderr] /usr/bin/ld: warning: creating DT_TEXTREL in a PIE
[INFO] [stderr] /usr/bin/ld: warning: creating DT_TEXTREL in a PIE
[INFO] [stdout] test test_list_pop_replace ... ok
[INFO] [stdout] test test_params_order ... ok
[INFO] [stderr] /usr/bin/ld: /tmp/rasm_int_test.x9C9wLNOCQQO/print.o: warning: relocation in read-only section `.text'
[INFO] [stderr] /usr/bin/ld: warning: creating DT_TEXTREL in a PIE
[INFO] [stderr] /usr/bin/ld: /tmp/rasm_int_test.J2ucpKnWJ1i6/namespaces.o: warning: relocation in read-only section `.text'
[INFO] [stderr] /usr/bin/ld: warning: creating DT_TEXTREL in a PIE
[INFO] [stdout] test test_print ... ok
[INFO] [stdout] test test_namespaces ... ok
[INFO] [stderr] /usr/bin/ld: /tmp/rasm_int_test.PLkxHPqPzm5r/printref.o: warning: relocation in read-only section `.text'
[INFO] [stderr] /usr/bin/ld: warning: creating DT_TEXTREL in a PIE
[INFO] [stderr] /usr/bin/ld: /tmp/rasm_int_test.uAQovxyiVfNI/option.o: warning: relocation in read-only section `.text'
[INFO] [stdout] test test_printref ... ok
[INFO] [stderr] /usr/bin/ld: warning: creating DT_TEXTREL in a PIE
[INFO] [stderr] /usr/bin/ld: /tmp/rasm_int_test.f9ceStkDzoBf/read_file.o: warning: relocation in read-only section `.text'
[INFO] [stderr] /usr/bin/ld: warning: creating DT_TEXTREL in a PIE
[INFO] [stdout] test test_option ... ok
[INFO] [stdout] test test_read_file ... ok
[INFO] [stderr] /usr/bin/ld: /tmp/rasm_int_test.Ng1gFMAVynvW/println.o: warning: relocation in read-only section `.text'
[INFO] [stderr] /usr/bin/ld: warning: creating DT_TEXTREL in a PIE
[INFO] [stdout] test test_println ... ok
[INFO] [stdout] test test_showimage ... ok
[INFO] [stderr] /usr/bin/ld: /tmp/rasm_int_test.Ty9o9lXt6GOl/root.o: warning: relocation in read-only section `.text'
[INFO] [stderr] /usr/bin/ld: warning: creating DT_TEXTREL in a PIE
[INFO] [stdout] test test_root ... ok
[INFO] [stderr] /usr/bin/ld: /tmp/rasm_int_test.brcm259e7Avk/recurse.o: warning: relocation in read-only section `.text'
[INFO] [stderr] /usr/bin/ld: warning: creating DT_TEXTREL in a PIE
[INFO] [stdout] test test_recurse ... ok
[INFO] [stderr] /usr/bin/ld: /tmp/rasm_int_test.ru8LTrbN1XH7/result.o: warning: relocation in read-only section `.text'
[INFO] [stderr] /usr/bin/ld: warning: creating DT_TEXTREL in a PIE
[INFO] [stdout] test test_result ... ok
[INFO] [stderr] /usr/bin/ld: /tmp/rasm_int_test.pWrI6Rwb6Zdk/single_match.o: warning: relocation in read-only section `.text'
[INFO] [stderr] /usr/bin/ld: warning: creating DT_TEXTREL in a PIE
[INFO] [stdout] test test_single_match ... ok
[INFO] [stderr] /usr/bin/ld: /tmp/rasm_int_test.bf03Mwut3lm6/structpropertysetter.o: warning: relocation in read-only section `.text'
[INFO] [stderr] /usr/bin/ld: warning: creating DT_TEXTREL in a PIE
[INFO] [stdout] test test_structpropertysetter ... ok
[INFO] [stderr] /usr/bin/ld: /tmp/rasm_int_test.L5570pd73jsj/structs.o: warning: relocation in read-only section `.text'
[INFO] [stderr] /usr/bin/ld: warning: creating DT_TEXTREL in a PIE
[INFO] [stdout] test test_structs ... ok
[INFO] [stderr] /usr/bin/ld: /tmp/rasm_int_test.JWljD45opntJ/val.o: warning: relocation in read-only section `.text'
[INFO] [stderr] /usr/bin/ld: warning: creating DT_TEXTREL in a PIE
[INFO] [stdout] test test_val ... ok
[INFO] [stderr] /usr/bin/ld: /tmp/rasm_int_test.VWFeQ5szXFDT/structpropertysetter1.o: warning: relocation in read-only section `.text'
[INFO] [stderr] /usr/bin/ld: warning: creating DT_TEXTREL in a PIE
[INFO] [stdout] test test_structpropertysetter1 ... ok
[INFO] [stderr] /usr/bin/ld: /tmp/rasm_int_test.rmq01ZmFXvDf/val_in_lambda.o: warning: relocation in read-only section `.text'
[INFO] [stderr] /usr/bin/ld: warning: creating DT_TEXTREL in a PIE
[INFO] [stderr] /usr/bin/ld: /tmp/rasm_int_test.2XNXlT9iVyWt/uniform.o: warning: relocation in read-only section `.text'
[INFO] [stderr] /usr/bin/ld: /tmp/rasm_int_test.1jV5MWcVoQ1Z/str.o: warning: relocation in read-only section `.text'
[INFO] [stderr] /usr/bin/ld: warning: creating DT_TEXTREL in a PIE
[INFO] [stderr] /usr/bin/ld: /tmp/rasm_int_test.cB7KZg5dO4Kz/type_check_1.o: warning: relocation in read-only section `.text'
[INFO] [stderr] /usr/bin/ld: warning: creating DT_TEXTREL in a PIE
[INFO] [stdout] test test_val_in_lambda ... ok
[INFO] [stderr] /usr/bin/ld: warning: creating DT_TEXTREL in a PIE
[INFO] [stdout] test test_uniform ... ok
[INFO] [stdout] test test_str ... ok
[INFO] [stdout] test test_breakout ... ok
[INFO] [stdout] test test_type_check_1 ... ok
[INFO] [stderr] /usr/bin/ld: /tmp/rasm_int_test.PJNpaav4ftuS/vec3.o: warning: relocation in read-only section `.text'
[INFO] [stderr] /usr/bin/ld: warning: creating DT_TEXTREL in a PIE
[INFO] [stdout] test test_vec3 ... ok
[INFO] [stderr] /usr/bin/ld: /tmp/rasm_int_test.ux1xqLS7AvRF/vec2.o: warning: relocation in read-only section `.text'
[INFO] [stderr] /usr/bin/ld: warning: creating DT_TEXTREL in a PIE
[INFO] [stdout] test test_vec2 ... ok
[INFO] [stderr] /usr/bin/ld: /tmp/rasm_int_test.ZGW82kBWwEz4/vec_combine.o: warning: relocation in read-only section `.text'
[INFO] [stderr] /usr/bin/ld: warning: creating DT_TEXTREL in a PIE
[INFO] [stdout] test test_vec_combine ... ok
[INFO] [stderr] /usr/bin/ld: /tmp/rasm_int_test.2xhsFfg6LZ0O/vec1.o: warning: relocation in read-only section `.text'
[INFO] [stderr] /usr/bin/ld: warning: creating DT_TEXTREL in a PIE
[INFO] [stderr] /usr/bin/ld: /tmp/rasm_int_test.kP85ewO9wdxy/write_file.o: warning: relocation in read-only section `.text'
[INFO] [stdout] test test_vec1 ... ok
[INFO] [stderr] /usr/bin/ld: warning: creating DT_TEXTREL in a PIE
[INFO] [stdout] test test_write_file ... FAILED
[INFO] [stderr] /usr/bin/ld: /tmp/rasm_int_test.y0ZtaIW908Cj/vec.o: warning: relocation in read-only section `.text'
[INFO] [stderr] /usr/bin/ld: warning: creating DT_TEXTREL in a PIE
[INFO] [stdout] test test_vec ... ok
[INFO] [stderr] /usr/bin/ld: /tmp/rasm_int_test.LX2uorqEejTK/oop.o: warning: relocation in read-only section `.text'
[INFO] [stderr] /usr/bin/ld: warning: creating DT_TEXTREL in a PIE
[INFO] [stdout] test test_oop ... ok
[INFO] [stdout] test test_gameoflife_runs ... ok
[INFO] [stdout] 
[INFO] [stdout] failures:
[INFO] [stdout] 
[INFO] [stdout] ---- test_error_handling1 stdout ----
[INFO] [stdout] thread 'test_error_handling1' panicked at rasm/tests/run_test.rs:586:9:
[INFO] [stdout] assertion `left == right` failed
[INFO] [stdout]   left: "c\nHello\n"
[INFO] [stdout]  right: "IOError(Error writing to file.)\n"
[INFO] [stdout] stack backtrace:
[INFO] [stdout]    0:     0x55ca60ebd18c - std::backtrace_rs::backtrace::libunwind::trace::ha637c64ce894333a
[INFO] [stdout]                                at /rustc/82e1608dfa6e0b5569232559e3d385fea5a93112/library/std/src/../../backtrace/src/backtrace/libunwind.rs:104:5
[INFO] [stdout]    1:     0x55ca60ebd18c - std::backtrace_rs::backtrace::trace_unsynchronized::h47f62dea28e0c88d
[INFO] [stdout]                                at /rustc/82e1608dfa6e0b5569232559e3d385fea5a93112/library/std/src/../../backtrace/src/backtrace/mod.rs:66:5
[INFO] [stdout]    2:     0x55ca60ebd18c - std::sys_common::backtrace::_print_fmt::h9eef0abe20ede486
[INFO] [stdout]                                at /rustc/82e1608dfa6e0b5569232559e3d385fea5a93112/library/std/src/sys_common/backtrace.rs:67:5
[INFO] [stdout]    3:     0x55ca60ebd18c - <std::sys_common::backtrace::_print::DisplayBacktrace as core::fmt::Display>::fmt::hed7f999df88cc644
[INFO] [stdout]                                at /rustc/82e1608dfa6e0b5569232559e3d385fea5a93112/library/std/src/sys_common/backtrace.rs:44:22
[INFO] [stdout]    4:     0x55ca60ee7810 - core::fmt::rt::Argument::fmt::h1539a9308b8d058d
[INFO] [stdout]                                at /rustc/82e1608dfa6e0b5569232559e3d385fea5a93112/library/core/src/fmt/rt.rs:142:9
[INFO] [stdout]    5:     0x55ca60ee7810 - core::fmt::write::h3a39390d8560d9c9
[INFO] [stdout]                                at /rustc/82e1608dfa6e0b5569232559e3d385fea5a93112/library/core/src/fmt/mod.rs:1120:17
[INFO] [stdout]    6:     0x55ca60eba51f - std::io::Write::write_fmt::h040b369f3a0f9cbc
[INFO] [stdout]                                at /rustc/82e1608dfa6e0b5569232559e3d385fea5a93112/library/std/src/io/mod.rs:1762:15
[INFO] [stdout]    7:     0x55ca60ebcf74 - std::sys_common::backtrace::_print::h894006fb5c6f3d45
[INFO] [stdout]                                at /rustc/82e1608dfa6e0b5569232559e3d385fea5a93112/library/std/src/sys_common/backtrace.rs:47:5
[INFO] [stdout]    8:     0x55ca60ebcf74 - std::sys_common::backtrace::print::h23a2d212c6fff936
[INFO] [stdout]                                at /rustc/82e1608dfa6e0b5569232559e3d385fea5a93112/library/std/src/sys_common/backtrace.rs:34:9
[INFO] [stdout]    9:     0x55ca60ebec37 - std::panicking::default_hook::{{closure}}::h8a1d2ee00185001a
[INFO] [stdout]   10:     0x55ca60ebe923 - std::panicking::default_hook::h6038f2eba384e475
[INFO] [stdout]                                at /rustc/82e1608dfa6e0b5569232559e3d385fea5a93112/library/std/src/panicking.rs:289:9
[INFO] [stdout]   11:     0x55ca60e7bd97 - <alloc::boxed::Box<F,A> as core::ops::function::Fn<Args>>::call::h0ad024c9bdc6d768
[INFO] [stdout]                                at /rustc/82e1608dfa6e0b5569232559e3d385fea5a93112/library/alloc/src/boxed.rs:2021:9
[INFO] [stdout]   12:     0x55ca60e7bd97 - test::test_main::{{closure}}::h7500b54257359db6
[INFO] [stdout]                                at /rustc/82e1608dfa6e0b5569232559e3d385fea5a93112/library/test/src/lib.rs:138:21
[INFO] [stdout]   13:     0x55ca60ebf248 - <alloc::boxed::Box<F,A> as core::ops::function::Fn<Args>>::call::h1f8f335eaa9cfaee
[INFO] [stdout]                                at /rustc/82e1608dfa6e0b5569232559e3d385fea5a93112/library/alloc/src/boxed.rs:2021:9
[INFO] [stdout]   14:     0x55ca60ebf248 - std::panicking::rust_panic_with_hook::h2b5517d590cab22e
[INFO] [stdout]                                at /rustc/82e1608dfa6e0b5569232559e3d385fea5a93112/library/std/src/panicking.rs:783:13
[INFO] [stdout]   15:     0x55ca60ebef9e - std::panicking::begin_panic_handler::{{closure}}::h233112c06e0ef43e
[INFO] [stdout]                                at /rustc/82e1608dfa6e0b5569232559e3d385fea5a93112/library/std/src/panicking.rs:657:13
[INFO] [stdout]   16:     0x55ca60ebd656 - std::sys_common::backtrace::__rust_end_short_backtrace::h6e893f24d7ebbff8
[INFO] [stdout]                                at /rustc/82e1608dfa6e0b5569232559e3d385fea5a93112/library/std/src/sys_common/backtrace.rs:170:18
[INFO] [stdout]   17:     0x55ca60ebed02 - rust_begin_unwind
[INFO] [stdout]                                at /rustc/82e1608dfa6e0b5569232559e3d385fea5a93112/library/std/src/panicking.rs:645:5
[INFO] [stdout]   18:     0x55ca60e3a055 - core::panicking::panic_fmt::hbf0e066aabfa482c
[INFO] [stdout]                                at /rustc/82e1608dfa6e0b5569232559e3d385fea5a93112/library/core/src/panicking.rs:72:14
[INFO] [stdout]   19:     0x55ca60e3a46b - core::panicking::assert_failed_inner::h0bba8b7c26ee4492
[INFO] [stdout]   20:     0x55ca60e3e202 - core::panicking::assert_failed::h8763918a203d04ac
[INFO] [stdout]                                at /rustc/82e1608dfa6e0b5569232559e3d385fea5a93112/library/core/src/panicking.rs:279:5
[INFO] [stdout]   21:     0x55ca60e4410d - run_test::execute::h3947bb972f70faf0
[INFO] [stdout]                                at /opt/rustwide/workdir/rasm/tests/run_test.rs:586:9
[INFO] [stdout]   22:     0x55ca60e429dd - run_test::run_test::h68c3e5b6ddbe4b55
[INFO] [stdout]                                at /opt/rustwide/workdir/rasm/tests/run_test.rs:503:5
[INFO] [stdout]   23:     0x55ca60e46412 - run_test::test_error_handling1::hfd9916804e74759a
[INFO] [stdout]                                at /opt/rustwide/workdir/rasm/tests/run_test.rs:397:5
[INFO] [stdout]   24:     0x55ca60e46387 - run_test::test_error_handling1::{{closure}}::h7610aee241a7459d
[INFO] [stdout]                                at /opt/rustwide/workdir/rasm/tests/run_test.rs:396:26
[INFO] [stdout]   25:     0x55ca60e3ca76 - core::ops::function::FnOnce::call_once::hb37f7649ffa9a44e
[INFO] [stdout]                                at /rustc/82e1608dfa6e0b5569232559e3d385fea5a93112/library/core/src/ops/function.rs:250:5
[INFO] [stdout]   26:     0x55ca60e813ef - core::ops::function::FnOnce::call_once::h2b5d431d5046312d
[INFO] [stdout]                                at /rustc/82e1608dfa6e0b5569232559e3d385fea5a93112/library/core/src/ops/function.rs:250:5
[INFO] [stdout]   27:     0x55ca60e813ef - test::__rust_begin_short_backtrace::h7714669af176e207
[INFO] [stdout]                                at /rustc/82e1608dfa6e0b5569232559e3d385fea5a93112/library/test/src/lib.rs:628:18
[INFO] [stdout]   28:     0x55ca60e80405 - test::run_test_in_process::{{closure}}::h85218797dcbcec12
[INFO] [stdout]                                at /rustc/82e1608dfa6e0b5569232559e3d385fea5a93112/library/test/src/lib.rs:651:60
[INFO] [stdout]   29:     0x55ca60e80405 - <core::panic::unwind_safe::AssertUnwindSafe<F> as core::ops::function::FnOnce<()>>::call_once::h76c106ea31c14d7b
[INFO] [stdout]                                at /rustc/82e1608dfa6e0b5569232559e3d385fea5a93112/library/core/src/panic/unwind_safe.rs:272:9
[INFO] [stdout]   30:     0x55ca60e80405 - std::panicking::try::do_call::h3bd5d0f6620ee946
[INFO] [stdout]                                at /rustc/82e1608dfa6e0b5569232559e3d385fea5a93112/library/std/src/panicking.rs:552:40
[INFO] [stdout]   31:     0x55ca60e80405 - std::panicking::try::h232e535e4744fe31
[INFO] [stdout]                                at /rustc/82e1608dfa6e0b5569232559e3d385fea5a93112/library/std/src/panicking.rs:516:19
[INFO] [stdout]   32:     0x55ca60e80405 - std::panic::catch_unwind::h3ce3bd6ca8dbac68
[INFO] [stdout]                                at /rustc/82e1608dfa6e0b5569232559e3d385fea5a93112/library/std/src/panic.rs:142:14
[INFO] [stdout]   33:     0x55ca60e80405 - test::run_test_in_process::hc97b257c9621286a
[INFO] [stdout]                                at /rustc/82e1608dfa6e0b5569232559e3d385fea5a93112/library/test/src/lib.rs:651:27
[INFO] [stdout]   34:     0x55ca60e80405 - test::run_test::{{closure}}::h2aa798823a438d38
[INFO] [stdout]                                at /rustc/82e1608dfa6e0b5569232559e3d385fea5a93112/library/test/src/lib.rs:574:43
[INFO] [stdout]   35:     0x55ca60e486c6 - test::run_test::{{closure}}::h87d231c78fb59832
[INFO] [stdout]                                at /rustc/82e1608dfa6e0b5569232559e3d385fea5a93112/library/test/src/lib.rs:602:41
[INFO] [stdout]   36:     0x55ca60e486c6 - std::sys_common::backtrace::__rust_begin_short_backtrace::he6df152596625789
[INFO] [stdout]                                at /rustc/82e1608dfa6e0b5569232559e3d385fea5a93112/library/std/src/sys_common/backtrace.rs:154:18
[INFO] [stdout]   37:     0x55ca60e4d777 - std::thread::Builder::spawn_unchecked_::{{closure}}::{{closure}}::ha94be15d1e0acf36
[INFO] [stdout]                                at /rustc/82e1608dfa6e0b5569232559e3d385fea5a93112/library/std/src/thread/mod.rs:529:17
[INFO] [stdout]   38:     0x55ca60e4d777 - <core::panic::unwind_safe::AssertUnwindSafe<F> as core::ops::function::FnOnce<()>>::call_once::h9dc6bd6372f16606
[INFO] [stdout]                                at /rustc/82e1608dfa6e0b5569232559e3d385fea5a93112/library/core/src/panic/unwind_safe.rs:272:9
[INFO] [stdout]   39:     0x55ca60e4d777 - std::panicking::try::do_call::h9057517f80303cd4
[INFO] [stdout]                                at /rustc/82e1608dfa6e0b5569232559e3d385fea5a93112/library/std/src/panicking.rs:552:40
[INFO] [stdout]   40:     0x55ca60e4d777 - std::panicking::try::he3a30b11ee45340c
[INFO] [stdout]                                at /rustc/82e1608dfa6e0b5569232559e3d385fea5a93112/library/std/src/panicking.rs:516:19
[INFO] [stdout]   41:     0x55ca60e4d777 - std::panic::catch_unwind::h410458cfd3528b8b
[INFO] [stdout]                                at /rustc/82e1608dfa6e0b5569232559e3d385fea5a93112/library/std/src/panic.rs:142:14
[INFO] [stdout]   42:     0x55ca60e4d777 - std::thread::Builder::spawn_unchecked_::{{closure}}::h72ac3bdb567b737b
[INFO] [stdout]                                at /rustc/82e1608dfa6e0b5569232559e3d385fea5a93112/library/std/src/thread/mod.rs:528:30
[INFO] [stdout]   43:     0x55ca60e4d777 - core::ops::function::FnOnce::call_once{{vtable.shim}}::h38f34da3654a8344
[INFO] [stdout]                                at /rustc/82e1608dfa6e0b5569232559e3d385fea5a93112/library/core/src/ops/function.rs:250:5
[INFO] [stdout]   44:     0x55ca60ec4765 - <alloc::boxed::Box<F,A> as core::ops::function::FnOnce<Args>>::call_once::hc7eafaff61e32df9
[INFO] [stdout]                                at /rustc/82e1608dfa6e0b5569232559e3d385fea5a93112/library/alloc/src/boxed.rs:2007:9
[INFO] [stdout]   45:     0x55ca60ec4765 - <alloc::boxed::Box<F,A> as core::ops::function::FnOnce<Args>>::call_once::h6ba4a5de48dd2304
[INFO] [stdout]                                at /rustc/82e1608dfa6e0b5569232559e3d385fea5a93112/library/alloc/src/boxed.rs:2007:9
[INFO] [stdout]   46:     0x55ca60ec4765 - std::sys::unix::thread::Thread::new::thread_start::he469335aef763e45
[INFO] [stdout]                                at /rustc/82e1608dfa6e0b5569232559e3d385fea5a93112/library/std/src/sys/unix/thread.rs:108:17
[INFO] [stdout]   47:     0x7ff451e20ac3 - <unknown>
[INFO] [stdout]   48:     0x7ff451eb1bf4 - __clone
[INFO] [stdout]   49:                0x0 - <unknown>
[INFO] [stdout] 
[INFO] [stdout] ---- test_write_file stdout ----
[INFO] [stdout] PANIC: Error writing to file.
[INFO] [stdout] 
[INFO] [stdout] thread 'test_write_file' panicked at rasm/tests/run_test.rs:583:5:
[INFO] [stdout] assertion failed: output.status.success()
[INFO] [stdout] stack backtrace:
[INFO] [stdout]    0:     0x55ca60ebd18c - std::backtrace_rs::backtrace::libunwind::trace::ha637c64ce894333a
[INFO] [stdout]                                at /rustc/82e1608dfa6e0b5569232559e3d385fea5a93112/library/std/src/../../backtrace/src/backtrace/libunwind.rs:104:5
[INFO] [stdout]    1:     0x55ca60ebd18c - std::backtrace_rs::backtrace::trace_unsynchronized::h47f62dea28e0c88d
[INFO] [stdout]                                at /rustc/82e1608dfa6e0b5569232559e3d385fea5a93112/library/std/src/../../backtrace/src/backtrace/mod.rs:66:5
[INFO] [stdout]    2:     0x55ca60ebd18c - std::sys_common::backtrace::_print_fmt::h9eef0abe20ede486
[INFO] [stdout]                                at /rustc/82e1608dfa6e0b5569232559e3d385fea5a93112/library/std/src/sys_common/backtrace.rs:67:5
[INFO] [stdout]    3:     0x55ca60ebd18c - <std::sys_common::backtrace::_print::DisplayBacktrace as core::fmt::Display>::fmt::hed7f999df88cc644
[INFO] [stdout]                                at /rustc/82e1608dfa6e0b5569232559e3d385fea5a93112/library/std/src/sys_common/backtrace.rs:44:22
[INFO] [stdout]    4:     0x55ca60ee7810 - core::fmt::rt::Argument::fmt::h1539a9308b8d058d
[INFO] [stdout]                                at /rustc/82e1608dfa6e0b5569232559e3d385fea5a93112/library/core/src/fmt/rt.rs:142:9
[INFO] [stdout]    5:     0x55ca60ee7810 - core::fmt::write::h3a39390d8560d9c9
[INFO] [stdout]                                at /rustc/82e1608dfa6e0b5569232559e3d385fea5a93112/library/core/src/fmt/mod.rs:1120:17
[INFO] [stdout]    6:     0x55ca60eba51f - std::io::Write::write_fmt::h040b369f3a0f9cbc
[INFO] [stdout]                                at /rustc/82e1608dfa6e0b5569232559e3d385fea5a93112/library/std/src/io/mod.rs:1762:15
[INFO] [stdout]    7:     0x55ca60ebcf74 - std::sys_common::backtrace::_print::h894006fb5c6f3d45
[INFO] [stdout]                                at /rustc/82e1608dfa6e0b5569232559e3d385fea5a93112/library/std/src/sys_common/backtrace.rs:47:5
[INFO] [stdout]    8:     0x55ca60ebcf74 - std::sys_common::backtrace::print::h23a2d212c6fff936
[INFO] [stdout]                                at /rustc/82e1608dfa6e0b5569232559e3d385fea5a93112/library/std/src/sys_common/backtrace.rs:34:9
[INFO] [stdout]    9:     0x55ca60ebec37 - std::panicking::default_hook::{{closure}}::h8a1d2ee00185001a
[INFO] [stdout]   10:     0x55ca60ebe923 - std::panicking::default_hook::h6038f2eba384e475
[INFO] [stdout]                                at /rustc/82e1608dfa6e0b5569232559e3d385fea5a93112/library/std/src/panicking.rs:289:9
[INFO] [stdout]   11:     0x55ca60e7bd97 - <alloc::boxed::Box<F,A> as core::ops::function::Fn<Args>>::call::h0ad024c9bdc6d768
[INFO] [stdout]                                at /rustc/82e1608dfa6e0b5569232559e3d385fea5a93112/library/alloc/src/boxed.rs:2021:9
[INFO] [stdout]   12:     0x55ca60e7bd97 - test::test_main::{{closure}}::h7500b54257359db6
[INFO] [stdout]                                at /rustc/82e1608dfa6e0b5569232559e3d385fea5a93112/library/test/src/lib.rs:138:21
[INFO] [stdout]   13:     0x55ca60ebf248 - <alloc::boxed::Box<F,A> as core::ops::function::Fn<Args>>::call::h1f8f335eaa9cfaee
[INFO] [stdout]                                at /rustc/82e1608dfa6e0b5569232559e3d385fea5a93112/library/alloc/src/boxed.rs:2021:9
[INFO] [stdout]   14:     0x55ca60ebf248 - std::panicking::rust_panic_with_hook::h2b5517d590cab22e
[INFO] [stdout]                                at /rustc/82e1608dfa6e0b5569232559e3d385fea5a93112/library/std/src/panicking.rs:783:13
[INFO] [stdout]   15:     0x55ca60ebef69 - std::panicking::begin_panic_handler::{{closure}}::h233112c06e0ef43e
[INFO] [stdout]                                at /rustc/82e1608dfa6e0b5569232559e3d385fea5a93112/library/std/src/panicking.rs:649:13
[INFO] [stdout]   16:     0x55ca60ebd656 - std::sys_common::backtrace::__rust_end_short_backtrace::h6e893f24d7ebbff8
[INFO] [stdout]                                at /rustc/82e1608dfa6e0b5569232559e3d385fea5a93112/library/std/src/sys_common/backtrace.rs:170:18
[INFO] [stdout]   17:     0x55ca60ebed02 - rust_begin_unwind
[INFO] [stdout]                                at /rustc/82e1608dfa6e0b5569232559e3d385fea5a93112/library/std/src/panicking.rs:645:5
[INFO] [stdout]   18:     0x55ca60e3a055 - core::panicking::panic_fmt::hbf0e066aabfa482c
[INFO] [stdout]                                at /rustc/82e1608dfa6e0b5569232559e3d385fea5a93112/library/core/src/panicking.rs:72:14
[INFO] [stdout]   19:     0x55ca60e3a0f3 - core::panicking::panic::h195fc2a96298d4c3
[INFO] [stdout]                                at /rustc/82e1608dfa6e0b5569232559e3d385fea5a93112/library/core/src/panicking.rs:127:5
[INFO] [stdout]   20:     0x55ca60e43fc1 - run_test::execute::h3947bb972f70faf0
[INFO] [stdout]                                at /opt/rustwide/workdir/rasm/tests/run_test.rs:583:5
[INFO] [stdout]   21:     0x55ca60e429dd - run_test::run_test::h68c3e5b6ddbe4b55
[INFO] [stdout]                                at /opt/rustwide/workdir/rasm/tests/run_test.rs:503:5
[INFO] [stdout]   22:     0x55ca60e45dbd - run_test::test_write_file::h88477233b0217e35
[INFO] [stdout]                                at /opt/rustwide/workdir/rasm/tests/run_test.rs:308:5
[INFO] [stdout]   23:     0x55ca60e45d77 - run_test::test_write_file::{{closure}}::h09a150e713c360a2
[INFO] [stdout]                                at /opt/rustwide/workdir/rasm/tests/run_test.rs:307:21
[INFO] [stdout]   24:     0x55ca60e3bd26 - core::ops::function::FnOnce::call_once::h18474d8781624432
[INFO] [stdout]                                at /rustc/82e1608dfa6e0b5569232559e3d385fea5a93112/library/core/src/ops/function.rs:250:5
[INFO] [stdout]   25:     0x55ca60e813ef - core::ops::function::FnOnce::call_once::h2b5d431d5046312d
[INFO] [stdout]                                at /rustc/82e1608dfa6e0b5569232559e3d385fea5a93112/library/core/src/ops/function.rs:250:5
[INFO] [stdout]   26:     0x55ca60e813ef - test::__rust_begin_short_backtrace::h7714669af176e207
[INFO] [stdout]                                at /rustc/82e1608dfa6e0b5569232559e3d385fea5a93112/library/test/src/lib.rs:628:18
[INFO] [stdout]   27:     0x55ca60e80405 - test::run_test_in_process::{{closure}}::h85218797dcbcec12
[INFO] [stdout]                                at /rustc/82e1608dfa6e0b5569232559e3d385fea5a93112/library/test/src/lib.rs:651:60
[INFO] [stdout]   28:     0x55ca60e80405 - <core::panic::unwind_safe::AssertUnwindSafe<F> as core::ops::function::FnOnce<()>>::call_once::h76c106ea31c14d7b
[INFO] [stdout]                                at /rustc/82e1608dfa6e0b5569232559e3d385fea5a93112/library/core/src/panic/unwind_safe.rs:272:9
[INFO] [stdout]   29:     0x55ca60e80405 - std::panicking::try::do_call::h3bd5d0f6620ee946
[INFO] [stdout]                                at /rustc/82e1608dfa6e0b5569232559e3d385fea5a93112/library/std/src/panicking.rs:552:40
[INFO] [stdout]   30:     0x55ca60e80405 - std::panicking::try::h232e535e4744fe31
[INFO] [stdout]                                at /rustc/82e1608dfa6e0b5569232559e3d385fea5a93112/library/std/src/panicking.rs:516:19
[INFO] [stdout]   31:     0x55ca60e80405 - std::panic::catch_unwind::h3ce3bd6ca8dbac68
[INFO] [stdout]                                at /rustc/82e1608dfa6e0b5569232559e3d385fea5a93112/library/std/src/panic.rs:142:14
[INFO] [stdout]   32:     0x55ca60e80405 - test::run_test_in_process::hc97b257c9621286a
[INFO] [stdout]                                at /rustc/82e1608dfa6e0b5569232559e3d385fea5a93112/library/test/src/lib.rs:651:27
[INFO] [stdout]   33:     0x55ca60e80405 - test::run_test::{{closure}}::h2aa798823a438d38
[INFO] [stdout]                                at /rustc/82e1608dfa6e0b5569232559e3d385fea5a93112/library/test/src/lib.rs:574:43
[INFO] [stdout]   34:     0x55ca60e486c6 - test::run_test::{{closure}}::h87d231c78fb59832
[INFO] [stdout]                                at /rustc/82e1608dfa6e0b5569232559e3d385fea5a93112/library/test/src/lib.rs:602:41
[INFO] [stdout]   35:     0x55ca60e486c6 - std::sys_common::backtrace::__rust_begin_short_backtrace::he6df152596625789
[INFO] [stdout]                                at /rustc/82e1608dfa6e0b5569232559e3d385fea5a93112/library/std/src/sys_common/backtrace.rs:154:18
[INFO] [stdout]   36:     0x55ca60e4d777 - std::thread::Builder::spawn_unchecked_::{{closure}}::{{closure}}::ha94be15d1e0acf36
[INFO] [stdout]                                at /rustc/82e1608dfa6e0b5569232559e3d385fea5a93112/library/std/src/thread/mod.rs:529:17
[INFO] [stdout]   37:     0x55ca60e4d777 - <core::panic::unwind_safe::AssertUnwindSafe<F> as core::ops::function::FnOnce<()>>::call_once::h9dc6bd6372f16606
[INFO] [stdout]                                at /rustc/82e1608dfa6e0b5569232559e3d385fea5a93112/library/core/src/panic/unwind_safe.rs:272:9
[INFO] [stdout]   38:     0x55ca60e4d777 - std::panicking::try::do_call::h9057517f80303cd4
[INFO] [stdout]                                at /rustc/82e1608dfa6e0b5569232559e3d385fea5a93112/library/std/src/panicking.rs:552:40
[INFO] [stdout]   39:     0x55ca60e4d777 - std::panicking::try::he3a30b11ee45340c
[INFO] [stdout]                                at /rustc/82e1608dfa6e0b5569232559e3d385fea5a93112/library/std/src/panicking.rs:516:19
[INFO] [stdout]   40:     0x55ca60e4d777 - std::panic::catch_unwind::h410458cfd3528b8b
[INFO] [stdout]                                at /rustc/82e1608dfa6e0b5569232559e3d385fea5a93112/library/std/src/panic.rs:142:14
[INFO] [stdout]   41:     0x55ca60e4d777 - std::thread::Builder::spawn_unchecked_::{{closure}}::h72ac3bdb567b737b
[INFO] [stdout]                                at /rustc/82e1608dfa6e0b5569232559e3d385fea5a93112/library/std/src/thread/mod.rs:528:30
[INFO] [stdout]   42:     0x55ca60e4d777 - core::ops::function::FnOnce::call_once{{vtable.shim}}::h38f34da3654a8344
[INFO] [stdout]                                at /rustc/82e1608dfa6e0b5569232559e3d385fea5a93112/library/core/src/ops/function.rs:250:5
[INFO] [stdout]   43:     0x55ca60ec4765 - <alloc::boxed::Box<F,A> as core::ops::function::FnOnce<Args>>::call_once::hc7eafaff61e32df9
[INFO] [stdout]                                at /rustc/82e1608dfa6e0b5569232559e3d385fea5a93112/library/alloc/src/boxed.rs:2007:9
[INFO] [stdout]   44:     0x55ca60ec4765 - <alloc::boxed::Box<F,A> as core::ops::function::FnOnce<Args>>::call_once::h6ba4a5de48dd2304
[INFO] [stdout]                                at /rustc/82e1608dfa6e0b5569232559e3d385fea5a93112/library/alloc/src/boxed.rs:2007:9
[INFO] [stdout]   45:     0x55ca60ec4765 - std::sys::unix::thread::Thread::new::thread_start::he469335aef763e45
[INFO] [stdout]                                at /rustc/82e1608dfa6e0b5569232559e3d385fea5a93112/library/std/src/sys/unix/thread.rs:108:17
[INFO] [stdout]   46:     0x7ff451e20ac3 - <unknown>
[INFO] [stdout]   47:     0x7ff451eb1bf4 - __clone
[INFO] [stdout]   48:                0x0 - <unknown>
[INFO] [stdout] 
[INFO] [stdout] 
[INFO] [stdout] failures:
[INFO] [stdout]     test_error_handling1
[INFO] [stdout]     test_write_file
[INFO] [stdout] 
[INFO] [stdout] test result: FAILED. 77 passed; 2 failed; 1 ignored; 0 measured; 0 filtered out; finished in 3.74s
[INFO] [stdout] 
[INFO] [stderr] error: test failed, to rerun pass `-p rasm --test run_test`
[INFO] running `Command { std: "docker" "inspect" "ba2ba2f73cc66bafce4c7931f076daa91b4c9e621461a4807654b22eeaf5a383", kill_on_drop: false }`
[INFO] running `Command { std: "docker" "rm" "-f" "ba2ba2f73cc66bafce4c7931f076daa91b4c9e621461a4807654b22eeaf5a383", kill_on_drop: false }`
[INFO] [stdout] ba2ba2f73cc66bafce4c7931f076daa91b4c9e621461a4807654b22eeaf5a383
[INFO] testing enricobn/rasm against beta-2023-12-22 for beta-1.76-1
[INFO] running `Command { std: "git" "clone" "/workspace/cache/git-repos/https%3A%2F%2Fgithub.com%2Fenricobn%2Frasm" "/workspace/builds/worker-5-tc2/source", kill_on_drop: false }`
[INFO] [stderr] Cloning into '/workspace/builds/worker-5-tc2/source'...
[INFO] [stderr] done.
[INFO] validating manifest of git repo https://github.com/enricobn/rasm on toolchain beta-2023-12-22
[INFO] running `Command { std: CARGO_HOME="/workspace/cargo-home" RUSTUP_HOME="/workspace/rustup-home" "/workspace/cargo-home/bin/cargo" "+beta-2023-12-22" "metadata" "--manifest-path" "Cargo.toml" "--no-deps", kill_on_drop: false }`
[INFO] removed /workspace/builds/worker-5-tc2/source/rust-toolchain.toml
[INFO] started tweaking git repo https://github.com/enricobn/rasm
[INFO] finished tweaking git repo https://github.com/enricobn/rasm
[INFO] tweaked toml for git repo https://github.com/enricobn/rasm written to /workspace/builds/worker-5-tc2/source/Cargo.toml
[INFO] crate git repo https://github.com/enricobn/rasm already has a lockfile, it will not be regenerated
[INFO] running `Command { std: CARGO_HOME="/workspace/cargo-home" RUSTUP_HOME="/workspace/rustup-home" "/workspace/cargo-home/bin/cargo" "+beta-2023-12-22" "fetch" "--manifest-path" "Cargo.toml", kill_on_drop: false }`
[INFO] running `Command { std: "docker" "create" "-v" "/var/lib/crater-agent-workspace/builds/worker-5-tc2/target:/opt/rustwide/target:rw,Z" "-v" "/var/lib/crater-agent-workspace/builds/worker-5-tc2/source:/opt/rustwide/workdir:ro,Z" "-v" "/var/lib/crater-agent-workspace/cargo-home:/opt/rustwide/cargo-home:ro,Z" "-v" "/var/lib/crater-agent-workspace/rustup-home:/opt/rustwide/rustup-home:ro,Z" "-e" "SOURCE_DIR=/opt/rustwide/workdir" "-e" "CARGO_TARGET_DIR=/opt/rustwide/target" "-e" "CARGO_HOME=/opt/rustwide/cargo-home" "-e" "RUSTUP_HOME=/opt/rustwide/rustup-home" "-w" "/opt/rustwide/workdir" "-m" "1610612736" "--user" "0:0" "--network" "none" "ghcr.io/rust-lang/crates-build-env/linux@sha256:2788e3201cd34a07e3172128adcd8b3090168a8e3bcc40d7c032b9dda1df7d1c" "/opt/rustwide/cargo-home/bin/cargo" "+beta-2023-12-22" "metadata" "--no-deps" "--format-version=1", kill_on_drop: false }`
[INFO] [stdout] e52bef16e598638efb11f5ede0234e66c9c6f463dc3ca7d844b16aabf12a80be
[INFO] running `Command { std: "docker" "start" "-a" "e52bef16e598638efb11f5ede0234e66c9c6f463dc3ca7d844b16aabf12a80be", kill_on_drop: false }`
[INFO] running `Command { std: "docker" "inspect" "e52bef16e598638efb11f5ede0234e66c9c6f463dc3ca7d844b16aabf12a80be", kill_on_drop: false }`
[INFO] running `Command { std: "docker" "rm" "-f" "e52bef16e598638efb11f5ede0234e66c9c6f463dc3ca7d844b16aabf12a80be", kill_on_drop: false }`
[INFO] [stdout] e52bef16e598638efb11f5ede0234e66c9c6f463dc3ca7d844b16aabf12a80be
[INFO] running `Command { std: "docker" "create" "-v" "/var/lib/crater-agent-workspace/builds/worker-5-tc2/target:/opt/rustwide/target:rw,Z" "-v" "/var/lib/crater-agent-workspace/builds/worker-5-tc2/source:/opt/rustwide/workdir:ro,Z" "-v" "/var/lib/crater-agent-workspace/cargo-home:/opt/rustwide/cargo-home:ro,Z" "-v" "/var/lib/crater-agent-workspace/rustup-home:/opt/rustwide/rustup-home:ro,Z" "-e" "SOURCE_DIR=/opt/rustwide/workdir" "-e" "CARGO_TARGET_DIR=/opt/rustwide/target" "-e" "CARGO_INCREMENTAL=0" "-e" "RUST_BACKTRACE=full" "-e" "RUSTFLAGS=--cap-lints=warn" "-e" "RUSTDOCFLAGS=--cap-lints=warn" "-e" "CARGO_HOME=/opt/rustwide/cargo-home" "-e" "RUSTUP_HOME=/opt/rustwide/rustup-home" "-w" "/opt/rustwide/workdir" "-m" "1610612736" "--user" "0:0" "--network" "none" "ghcr.io/rust-lang/crates-build-env/linux@sha256:2788e3201cd34a07e3172128adcd8b3090168a8e3bcc40d7c032b9dda1df7d1c" "/opt/rustwide/cargo-home/bin/cargo" "+beta-2023-12-22" "build" "--frozen" "--message-format=json", kill_on_drop: false }`
[INFO] [stdout] cf17b07a0c437d28c4a5698b0413ec8241a4b5fe3fb0ef4a26b936a5d021096a
[INFO] running `Command { std: "docker" "start" "-a" "cf17b07a0c437d28c4a5698b0413ec8241a4b5fe3fb0ef4a26b936a5d021096a", kill_on_drop: false }`
[INFO] [stderr]    Compiling proc-macro2 v1.0.69
[INFO] [stderr]    Compiling version_check v0.9.4
[INFO] [stderr]    Compiling unicode-ident v1.0.12
[INFO] [stderr]    Compiling autocfg v1.1.0
[INFO] [stderr]    Compiling cfg-if v1.0.0
[INFO] [stderr]    Compiling typenum v1.17.0
[INFO] [stderr]    Compiling memchr v2.6.4
[INFO] [stderr]    Compiling libc v0.2.150
[INFO] [stderr]    Compiling syn v1.0.109
[INFO] [stderr]    Compiling crossbeam-utils v0.8.16
[INFO] [stderr]    Compiling serde v1.0.193
[INFO] [stderr]    Compiling scopeguard v1.2.0
[INFO] [stderr]    Compiling same-file v1.0.6
[INFO] [stderr]    Compiling cpufeatures v0.2.11
[INFO] [stderr]    Compiling rustix v0.38.25
[INFO] [stderr]    Compiling bitflags v2.4.1
[INFO] [stderr]    Compiling rustversion v1.0.14
[INFO] [stderr]    Compiling hashbrown v0.14.2
[INFO] [stderr]    Compiling adler v1.0.2
[INFO] [stderr]    Compiling walkdir v2.4.0
[INFO] [stderr]    Compiling utf8parse v0.2.1
[INFO] [stderr]    Compiling equivalent v1.0.1
[INFO] [stderr]    Compiling regex-syntax v0.8.2
[INFO] [stderr]    Compiling gimli v0.28.0
[INFO] [stderr]    Compiling generic-array v0.14.7
[INFO] [stderr]    Compiling proc-macro-error-attr v1.0.4
[INFO] [stderr]    Compiling memoffset v0.9.0
[INFO] [stderr]    Compiling crossbeam-epoch v0.9.15
[INFO] [stderr]    Compiling num-traits v0.2.17
[INFO] [stderr]    Compiling proc-macro-error v1.0.4
[INFO] [stderr]    Compiling aho-corasick v1.1.2
[INFO] [stderr]    Compiling rayon-core v1.12.0
[INFO] [stderr]    Compiling linux-raw-sys v0.4.11
[INFO] [stderr]    Compiling indexmap v2.1.0
[INFO] [stderr]    Compiling object v0.32.1
[INFO] [stderr]    Compiling quote v1.0.33
[INFO] [stderr]    Compiling anstyle-parse v0.2.2
[INFO] [stderr]    Compiling syn v2.0.39
[INFO] [stderr]    Compiling crossbeam-deque v0.8.3
[INFO] [stderr]    Compiling cc v1.0.83
[INFO] [stderr]    Compiling miniz_oxide v0.7.1
[INFO] [stderr]    Compiling anstyle-query v1.0.0
[INFO] [stderr]    Compiling anstyle v1.0.4
[INFO] [stderr]    Compiling winnow v0.5.19
[INFO] [stderr]    Compiling rustc-demangle v0.1.23
[INFO] [stderr]    Compiling colorchoice v1.0.0
[INFO] [stderr]    Compiling anstream v0.6.4
[INFO] [stderr]    Compiling rand v0.4.6
[INFO] [stderr]    Compiling is-terminal v0.4.9
[INFO] [stderr]    Compiling remove_dir_all v0.5.3
[INFO] [stderr]    Compiling unicode-width v0.1.11
[INFO] [stderr]    Compiling humantime v2.1.0
[INFO] [stderr]    Compiling heck v0.4.1
[INFO] [stderr]    Compiling crypto-common v0.1.6
[INFO] [stderr]    Compiling block-buffer v0.10.4
[INFO] [stderr]    Compiling regex-automata v0.4.3
[INFO] [stderr]    Compiling log v0.4.20
[INFO] [stderr]    Compiling iana-time-zone v0.1.58
[INFO] [stderr]    Compiling digest v0.10.7
[INFO] [stderr]    Compiling termcolor v1.4.0
[INFO] [stderr]    Compiling sha2 v0.10.8
[INFO] [stderr]    Compiling clap_lex v0.6.0
[INFO] [stderr]    Compiling either v1.9.0
[INFO] [stderr]    Compiling strsim v0.10.0
[INFO] [stderr]    Compiling backtrace v0.3.69
[INFO] [stderr]    Compiling chrono v0.4.31
[INFO] [stderr]    Compiling rayon v1.8.0
[INFO] [stderr]    Compiling addr2line v0.21.0
[INFO] [stderr]    Compiling rust-embed-utils v8.0.0
[INFO] [stderr]    Compiling clap_builder v4.4.8
[INFO] [stderr]    Compiling tempdir v0.3.7
[INFO] [stderr]    Compiling pad v0.1.6
[INFO] [stderr]    Compiling lazy_static v1.4.0
[INFO] [stderr]    Compiling linked-hash-map v0.5.6
[INFO] [stderr]    Compiling pathdiff v0.2.1
[INFO] [stderr]    Compiling dyn-clone v1.0.16
[INFO] [stderr]    Compiling strum v0.24.1
[INFO] [stderr]    Compiling serde_derive v1.0.193
[INFO] [stderr]    Compiling rust-embed-impl v8.0.0
[INFO] [stderr]    Compiling rust-embed v8.0.0
[INFO] [stderr]    Compiling debug-cell v0.1.1
[INFO] [stderr]    Compiling regex v1.10.2
[INFO] [stderr]    Compiling env_logger v0.10.1
[INFO] [stderr]    Compiling clap v4.4.8
[INFO] [stderr]    Compiling auto_impl v1.1.0
[INFO] [stderr]    Compiling strum_macros v0.24.3
[INFO] [stderr]    Compiling derivative v2.2.0
[INFO] [stderr]    Compiling toml_datetime v0.6.5
[INFO] [stderr]    Compiling serde_spanned v0.6.4
[INFO] [stderr]    Compiling toml_edit v0.19.15
[INFO] [stderr]    Compiling toml v0.7.8
[INFO] [stderr]    Compiling rasm-core v0.1.0-alpha.0 (/opt/rustwide/workdir/core)
[INFO] [stdout] warning: type parameter `FUNCTION_CALL_PARAMETERS` should have an upper camel case name
[INFO] [stdout]    --> core/src/codegen/mod.rs:168:41
[INFO] [stdout]     |
[INFO] [stdout] 168 | pub trait CodeGen<'a, BACKEND: Backend, FUNCTION_CALL_PARAMETERS: FunctionCallParameters> {
[INFO] [stdout]     |                                         ^^^^^^^^^^^^^^^^^^^^^^^^ help: convert the identifier to upper camel case: `FunctionCallParameters`
[INFO] [stdout]     |
[INFO] [stdout]     = note: `#[warn(non_camel_case_types)]` on by default
[INFO] [stdout] 
[INFO] [stdout] 
[INFO] [stdout] warning: unused variable: `index`
[INFO] [stdout]    --> core/src/codegen/enhanced_module.rs:250:13
[INFO] [stdout]     |
[INFO] [stdout] 250 |             index,
[INFO] [stdout]     |             ^^^^^ help: try ignoring the field: `index: _`
[INFO] [stdout]     |
[INFO] [stdout]     = note: `#[warn(unused_variables)]` on by default
[INFO] [stdout] 
[INFO] [stdout] 
[INFO] [stdout] warning: unused variable: `type_o`
[INFO] [stdout]   --> core/src/codegen/text_macro.rs:60:37
[INFO] [stdout]    |
[INFO] [stdout] 60 |             MacroParam::Plain(name, type_o, typed_type_o) => name.clone(),
[INFO] [stdout]    |                                     ^^^^^^ help: if this is intentional, prefix it with an underscore: `_type_o`
[INFO] [stdout] 
[INFO] [stdout] 
[INFO] [stdout] warning: unused variable: `typed_type_o`
[INFO] [stdout]   --> core/src/codegen/text_macro.rs:60:45
[INFO] [stdout]    |
[INFO] [stdout] 60 |             MacroParam::Plain(name, type_o, typed_type_o) => name.clone(),
[INFO] [stdout]    |                                             ^^^^^^^^^^^^ help: if this is intentional, prefix it with an underscore: `_typed_type_o`
[INFO] [stdout] 
[INFO] [stdout] 
[INFO] [stdout] warning: unused variable: `type_o`
[INFO] [stdout]   --> core/src/codegen/text_macro.rs:64:35
[INFO] [stdout]    |
[INFO] [stdout] 64 |             MacroParam::Ref(name, type_o, typed_type_o) => name.clone(),
[INFO] [stdout]    |                                   ^^^^^^ help: if this is intentional, prefix it with an underscore: `_type_o`
[INFO] [stdout] 
[INFO] [stdout] 
[INFO] [stdout] warning: unused variable: `typed_type_o`
[INFO] [stdout]   --> core/src/codegen/text_macro.rs:64:43
[INFO] [stdout]    |
[INFO] [stdout] 64 |             MacroParam::Ref(name, type_o, typed_type_o) => name.clone(),
[INFO] [stdout]    |                                           ^^^^^^^^^^^^ help: if this is intentional, prefix it with an underscore: `_typed_type_o`
[INFO] [stdout] 
[INFO] [stdout] 
[INFO] [stdout] warning: unused variable: `name`
[INFO] [stdout]    --> core/src/parser/ast.rs:179:17
[INFO] [stdout]     |
[INFO] [stdout] 179 |                 name,
[INFO] [stdout]     |                 ^^^^ help: try ignoring the field: `name: _`
[INFO] [stdout] 
[INFO] [stdout] 
[INFO] [stdout] warning: unused variable: `param_types`
[INFO] [stdout]    --> core/src/parser/ast.rs:180:17
[INFO] [stdout]     |
[INFO] [stdout] 180 |                 param_types,
[INFO] [stdout]     |                 ^^^^^^^^^^^ help: try ignoring the field: `param_types: _`
[INFO] [stdout] 
[INFO] [stdout] 
[INFO] [stdout] warning: unused variable: `index`
[INFO] [stdout]    --> core/src/parser/ast.rs:181:17
[INFO] [stdout]     |
[INFO] [stdout] 181 |                 index,
[INFO] [stdout]     |                 ^^^^^ help: try ignoring the field: `index: _`
[INFO] [stdout] 
[INFO] [stdout] 
[INFO] [stdout] warning: unused variable: `index`
[INFO] [stdout]    --> core/src/parser/ast.rs:193:17
[INFO] [stdout]     |
[INFO] [stdout] 193 |                 index,
[INFO] [stdout]     |                 ^^^^^ help: try ignoring the field: `index: _`
[INFO] [stdout] 
[INFO] [stdout] 
[INFO] [stdout] warning: unused variable: `index`
[INFO] [stdout]    --> core/src/parser/ast.rs:199:21
[INFO] [stdout]     |
[INFO] [stdout] 199 |                     index,
[INFO] [stdout]     |                     ^^^^^ help: try ignoring the field: `index: _`
[INFO] [stdout] 
[INFO] [stdout] 
[INFO] [stdout] warning: unused variable: `namespace`
[INFO] [stdout]    --> core/src/parser/tokens_matcher.rs:236:9
[INFO] [stdout]     |
[INFO] [stdout] 236 |         namespace: &ASTNameSpace,
[INFO] [stdout]     |         ^^^^^^^^^ help: if this is intentional, prefix it with an underscore: `_namespace`
[INFO] [stdout] 
[INFO] [stdout] 
[INFO] [stdout] warning: unused variable: `name`
[INFO] [stdout]    --> core/src/transformations/enum_functions_creator.rs:646:9
[INFO] [stdout]     |
[INFO] [stdout] 646 |         name: &str,
[INFO] [stdout]     |         ^^^^ help: if this is intentional, prefix it with an underscore: `_name`
[INFO] [stdout] 
[INFO] [stdout] 
[INFO] [stdout] warning: unused variable: `i`
[INFO] [stdout]    --> core/src/transformations/enum_functions_creator.rs:669:21
[INFO] [stdout]     |
[INFO] [stdout] 669 |             .find(|(i, it)| it == &variant)
[INFO] [stdout]     |                     ^ help: if this is intentional, prefix it with an underscore: `_i`
[INFO] [stdout] 
[INFO] [stdout] 
[INFO] [stdout] warning: unused variable: `property_type`
[INFO] [stdout]    --> core/src/transformations/enum_functions_creator.rs:911:51
[INFO] [stdout]     |
[INFO] [stdout] 911 |     fn struct_setter_lambda_body(&self, i: usize, property_type: &ASTType) -> String {
[INFO] [stdout]     |                                                   ^^^^^^^^^^^^^ help: if this is intentional, prefix it with an underscore: `_property_type`
[INFO] [stdout] 
[INFO] [stdout] 
[INFO] [stdout] warning: unused variable: `struct_def`
[INFO] [stdout]    --> core/src/type_check/typed_ast.rs:687:9
[INFO] [stdout]     |
[INFO] [stdout] 687 |         struct_def: &ASTStructDef,
[INFO] [stdout]     |         ^^^^^^^^^^ help: if this is intentional, prefix it with an underscore: `_struct_def`
[INFO] [stdout] 
[INFO] [stdout] 
[INFO] [stdout] warning: unused variable: `type_def`
[INFO] [stdout]    --> core/src/type_check/typed_ast.rs:759:28
[INFO] [stdout]     |
[INFO] [stdout] 759 |     pub fn get_type(&self, type_def: &ASTTypeDef, type_def_type: &ASTType) -> Option<ASTTypedType> {
[INFO] [stdout]     |                            ^^^^^^^^ help: if this is intentional, prefix it with an underscore: `_type_def`
[INFO] [stdout] 
[INFO] [stdout] 
[INFO] [stdout] warning: unused variable: `index`
[INFO] [stdout]    --> core/src/type_check/typed_ast.rs:801:13
[INFO] [stdout]     |
[INFO] [stdout] 801 |             index,
[INFO] [stdout]     |             ^^^^^ help: try ignoring the field: `index: _`
[INFO] [stdout] 
[INFO] [stdout] 
[INFO] [stdout] warning: unused variable: `index`
[INFO] [stdout]     --> core/src/type_check/typed_ast.rs:1219:79
[INFO] [stdout]      |
[INFO] [stdout] 1219 |                     ASTTypedStatement::LetStatement(name, let_expr, is_const, index) => {
[INFO] [stdout]      |                                                                               ^^^^^ help: if this is intentional, prefix it with an underscore: `_index`
[INFO] [stdout] 
[INFO] [stdout] 
[INFO] [stdout] warning: unused variable: `custom_namespace`
[INFO] [stdout]     --> core/src/type_check/typed_ast.rs:1691:24
[INFO] [stdout]      |
[INFO] [stdout] 1691 |             namespace: custom_namespace,
[INFO] [stdout]      |                        ^^^^^^^^^^^^^^^^ help: if this is intentional, prefix it with an underscore: `_custom_namespace`
[INFO] [stdout] 
[INFO] [stdout] 
[INFO] [stdout] warning: unused variable: `p_namespace`
[INFO] [stdout]    --> core/src/type_check/mod.rs:183:24
[INFO] [stdout]     |
[INFO] [stdout] 183 |             namespace: p_namespace,
[INFO] [stdout]     |                        ^^^^^^^^^^^ help: if this is intentional, prefix it with an underscore: `_p_namespace`
[INFO] [stdout] 
[INFO] [stdout] 
[INFO] [stdout] warning: unused variable: `e_namespace`
[INFO] [stdout]    --> core/src/type_check/mod.rs:189:28
[INFO] [stdout]     |
[INFO] [stdout] 189 |                 namespace: e_namespace,
[INFO] [stdout]     |                            ^^^^^^^^^^^ help: if this is intentional, prefix it with an underscore: `_e_namespace`
[INFO] [stdout] 
[INFO] [stdout] 
[INFO] [stdout] warning: unused variable: `i`
[INFO] [stdout]    --> core/src/new_type_check2/mod.rs:867:31
[INFO] [stdout]     |
[INFO] [stdout] 867 |                     .map(|(m, i)| m.name.clone())
[INFO] [stdout]     |                               ^ help: if this is intentional, prefix it with an underscore: `_i`
[INFO] [stdout] 
[INFO] [stdout] 
[INFO] [stdout] warning: associated function `function_name` is never used
[INFO] [stdout]    --> core/src/codegen/text_macro.rs:920:8
[INFO] [stdout]     |
[INFO] [stdout] 915 | impl AddRefMacro {
[INFO] [stdout]     | ---------------- associated function in this implementation
[INFO] [stdout] ...
[INFO] [stdout] 920 |     fn function_name(function_def: Option<&ASTTypedFunctionDef>) -> String {
[INFO] [stdout]     |        ^^^^^^^^^^^^^
[INFO] [stdout]     |
[INFO] [stdout]     = note: `#[warn(dead_code)]` on by default
[INFO] [stdout] 
[INFO] [stdout] 
[INFO] [stdout] warning: methods `error_msg` and `get_parser_data` are never used
[INFO] [stdout]     --> core/src/parser/mod.rs:997:8
[INFO] [stdout]      |
[INFO] [stdout] 139  | impl Parser {
[INFO] [stdout]      | ----------- methods in this implementation
[INFO] [stdout] ...
[INFO] [stdout] 997  |     fn error_msg(&self, message: &str) -> String {
[INFO] [stdout]      |        ^^^^^^^^^
[INFO] [stdout] ...
[INFO] [stdout] 1193 |     fn get_parser_data(&self, index: usize) -> Option<&ParserData> {
[INFO] [stdout]      |        ^^^^^^^^^^^^^^^
[INFO] [stdout] 
[INFO] [stdout] 
[INFO] [stdout] warning: method `try_parse_enum` is never used
[INFO] [stdout]   --> core/src/parser/enum_parser.rs:61:12
[INFO] [stdout]    |
[INFO] [stdout] 22 | impl EnumParser {
[INFO] [stdout]    | --------------- method in this implementation
[INFO] [stdout] ...
[INFO] [stdout] 61 |     pub fn try_parse_enum(
[INFO] [stdout]    |            ^^^^^^^^^^^^^^
[INFO] [stdout] 
[INFO] [stdout] 
[INFO] [stdout] warning: method `try_parse_struct` is never used
[INFO] [stdout]   --> core/src/parser/struct_parser.rs:52:12
[INFO] [stdout]    |
[INFO] [stdout] 15 | impl StructParser {
[INFO] [stdout]    | ----------------- method in this implementation
[INFO] [stdout] ...
[INFO] [stdout] 52 |     pub fn try_parse_struct(
[INFO] [stdout]    |            ^^^^^^^^^^^^^^^^
[INFO] [stdout] 
[INFO] [stdout] 
[INFO] [stdout] warning: using `.clone()` on a double reference, which returns `&ASTType` instead of cloning the inner type
[INFO] [stdout]    --> core/src/type_check/typed_ast.rs:783:56
[INFO] [stdout]     |
[INFO] [stdout] 783 |                     TypeFilter::Exact(type_def_ast_type.clone().clone())
[INFO] [stdout]     |                                                        ^^^^^^^^
[INFO] [stdout]     |
[INFO] [stdout]     = note: `#[warn(suspicious_double_ref_op)]` on by default
[INFO] [stdout] 
[INFO] [stdout] 
[INFO] [stdout] warning: 28 warnings emitted
[INFO] [stdout] 
[INFO] [stdout] 
[INFO] [stderr]    Compiling rasm v0.1.0-alpha.0 (/opt/rustwide/workdir/rasm)
[INFO] [stderr]     Finished dev [unoptimized + debuginfo] target(s) in 16.28s
[INFO] running `Command { std: "docker" "inspect" "cf17b07a0c437d28c4a5698b0413ec8241a4b5fe3fb0ef4a26b936a5d021096a", kill_on_drop: false }`
[INFO] running `Command { std: "docker" "rm" "-f" "cf17b07a0c437d28c4a5698b0413ec8241a4b5fe3fb0ef4a26b936a5d021096a", kill_on_drop: false }`
[INFO] [stdout] cf17b07a0c437d28c4a5698b0413ec8241a4b5fe3fb0ef4a26b936a5d021096a
[INFO] running `Command { std: "docker" "create" "-v" "/var/lib/crater-agent-workspace/builds/worker-5-tc2/target:/opt/rustwide/target:rw,Z" "-v" "/var/lib/crater-agent-workspace/builds/worker-5-tc2/source:/opt/rustwide/workdir:ro,Z" "-v" "/var/lib/crater-agent-workspace/cargo-home:/opt/rustwide/cargo-home:ro,Z" "-v" "/var/lib/crater-agent-workspace/rustup-home:/opt/rustwide/rustup-home:ro,Z" "-e" "SOURCE_DIR=/opt/rustwide/workdir" "-e" "CARGO_TARGET_DIR=/opt/rustwide/target" "-e" "CARGO_INCREMENTAL=0" "-e" "RUST_BACKTRACE=full" "-e" "RUSTFLAGS=--cap-lints=warn" "-e" "RUSTDOCFLAGS=--cap-lints=warn" "-e" "CARGO_HOME=/opt/rustwide/cargo-home" "-e" "RUSTUP_HOME=/opt/rustwide/rustup-home" "-w" "/opt/rustwide/workdir" "-m" "1610612736" "--user" "0:0" "--network" "none" "ghcr.io/rust-lang/crates-build-env/linux@sha256:2788e3201cd34a07e3172128adcd8b3090168a8e3bcc40d7c032b9dda1df7d1c" "/opt/rustwide/cargo-home/bin/cargo" "+beta-2023-12-22" "test" "--frozen" "--no-run" "--message-format=json", kill_on_drop: false }`
[INFO] [stdout] c984a2b199ded86753b0d44599a89a1cf557fb3f9374f1ddfecadf001f66f476
[INFO] running `Command { std: "docker" "start" "-a" "c984a2b199ded86753b0d44599a89a1cf557fb3f9374f1ddfecadf001f66f476", kill_on_drop: false }`
[INFO] [stderr]    Compiling syn v2.0.39
[INFO] [stderr]    Compiling getrandom v0.2.11
[INFO] [stderr]    Compiling ppv-lite86 v0.2.17
[INFO] [stderr]    Compiling test_bin v0.4.0
[INFO] [stderr]    Compiling rand_core v0.6.4
[INFO] [stderr]    Compiling rand_chacha v0.3.1
[INFO] [stderr]    Compiling rand v0.8.5
[INFO] [stderr]    Compiling serde_derive v1.0.193
[INFO] [stderr]    Compiling rust-embed-impl v8.0.0
[INFO] [stderr]    Compiling test-log v0.2.13
[INFO] [stderr]    Compiling rust-embed v8.0.0
[INFO] [stderr]    Compiling serde v1.0.193
[INFO] [stderr]    Compiling toml_datetime v0.6.5
[INFO] [stderr]    Compiling serde_spanned v0.6.4
[INFO] [stderr]    Compiling toml_edit v0.19.15
[INFO] [stderr]    Compiling toml v0.7.8
[INFO] [stderr]    Compiling rasm-core v0.1.0-alpha.0 (/opt/rustwide/workdir/core)
[INFO] [stdout] warning: type parameter `FUNCTION_CALL_PARAMETERS` should have an upper camel case name
[INFO] [stdout]    --> core/src/codegen/mod.rs:168:41
[INFO] [stdout]     |
[INFO] [stdout] 168 | pub trait CodeGen<'a, BACKEND: Backend, FUNCTION_CALL_PARAMETERS: FunctionCallParameters> {
[INFO] [stdout]     |                                         ^^^^^^^^^^^^^^^^^^^^^^^^ help: convert the identifier to upper camel case: `FunctionCallParameters`
[INFO] [stdout]     |
[INFO] [stdout]     = note: `#[warn(non_camel_case_types)]` on by default
[INFO] [stdout] 
[INFO] [stdout] 
[INFO] [stdout] warning: type parameter `FUNCTION_CALL_PARAMETERS` should have an upper camel case name
[INFO] [stdout]    --> core/src/codegen/mod.rs:168:41
[INFO] [stdout]     |
[INFO] [stdout] 168 | pub trait CodeGen<'a, BACKEND: Backend, FUNCTION_CALL_PARAMETERS: FunctionCallParameters> {
[INFO] [stdout]     |                                         ^^^^^^^^^^^^^^^^^^^^^^^^ help: convert the identifier to upper camel case: `FunctionCallParameters`
[INFO] [stdout]     |
[INFO] [stdout]     = note: `#[warn(non_camel_case_types)]` on by default
[INFO] [stdout] 
[INFO] [stdout] 
[INFO] [stdout] warning: unused variable: `index`
[INFO] [stdout]    --> core/src/codegen/enhanced_module.rs:250:13
[INFO] [stdout]     |
[INFO] [stdout] 250 |             index,
[INFO] [stdout]     |             ^^^^^ help: try ignoring the field: `index: _`
[INFO] [stdout]     |
[INFO] [stdout]     = note: `#[warn(unused_variables)]` on by default
[INFO] [stdout] 
[INFO] [stdout] 
[INFO] [stdout] warning: unused variable: `type_o`
[INFO] [stdout]   --> core/src/codegen/text_macro.rs:60:37
[INFO] [stdout]    |
[INFO] [stdout] 60 |             MacroParam::Plain(name, type_o, typed_type_o) => name.clone(),
[INFO] [stdout]    |                                     ^^^^^^ help: if this is intentional, prefix it with an underscore: `_type_o`
[INFO] [stdout] 
[INFO] [stdout] 
[INFO] [stdout] warning: unused variable: `typed_type_o`
[INFO] [stdout]   --> core/src/codegen/text_macro.rs:60:45
[INFO] [stdout]    |
[INFO] [stdout] 60 |             MacroParam::Plain(name, type_o, typed_type_o) => name.clone(),
[INFO] [stdout]    |                                             ^^^^^^^^^^^^ help: if this is intentional, prefix it with an underscore: `_typed_type_o`
[INFO] [stdout] 
[INFO] [stdout] 
[INFO] [stdout] warning: unused variable: `type_o`
[INFO] [stdout]   --> core/src/codegen/text_macro.rs:64:35
[INFO] [stdout]    |
[INFO] [stdout] 64 |             MacroParam::Ref(name, type_o, typed_type_o) => name.clone(),
[INFO] [stdout]    |                                   ^^^^^^ help: if this is intentional, prefix it with an underscore: `_type_o`
[INFO] [stdout] 
[INFO] [stdout] 
[INFO] [stdout] warning: unused variable: `typed_type_o`
[INFO] [stdout]   --> core/src/codegen/text_macro.rs:64:43
[INFO] [stdout]    |
[INFO] [stdout] 64 |             MacroParam::Ref(name, type_o, typed_type_o) => name.clone(),
[INFO] [stdout]    |                                           ^^^^^^^^^^^^ help: if this is intentional, prefix it with an underscore: `_typed_type_o`
[INFO] [stdout] 
[INFO] [stdout] 
[INFO] [stdout] warning: unused variable: `name`
[INFO] [stdout]    --> core/src/parser/ast.rs:179:17
[INFO] [stdout]     |
[INFO] [stdout] 179 |                 name,
[INFO] [stdout]     |                 ^^^^ help: try ignoring the field: `name: _`
[INFO] [stdout] 
[INFO] [stdout] 
[INFO] [stdout] warning: unused variable: `param_types`
[INFO] [stdout]    --> core/src/parser/ast.rs:180:17
[INFO] [stdout]     |
[INFO] [stdout] 180 |                 param_types,
[INFO] [stdout]     |                 ^^^^^^^^^^^ help: try ignoring the field: `param_types: _`
[INFO] [stdout] 
[INFO] [stdout] 
[INFO] [stdout] warning: unused variable: `index`
[INFO] [stdout]    --> core/src/parser/ast.rs:181:17
[INFO] [stdout]     |
[INFO] [stdout] 181 |                 index,
[INFO] [stdout]     |                 ^^^^^ help: try ignoring the field: `index: _`
[INFO] [stdout] 
[INFO] [stdout] 
[INFO] [stdout] warning: unused variable: `index`
[INFO] [stdout]    --> core/src/parser/ast.rs:193:17
[INFO] [stdout]     |
[INFO] [stdout] 193 |                 index,
[INFO] [stdout]     |                 ^^^^^ help: try ignoring the field: `index: _`
[INFO] [stdout] 
[INFO] [stdout] 
[INFO] [stdout] warning: unused variable: `index`
[INFO] [stdout]    --> core/src/parser/ast.rs:199:21
[INFO] [stdout]     |
[INFO] [stdout] 199 |                     index,
[INFO] [stdout]     |                     ^^^^^ help: try ignoring the field: `index: _`
[INFO] [stdout] 
[INFO] [stdout] 
[INFO] [stdout] warning: unused variable: `namespace`
[INFO] [stdout]    --> core/src/parser/tokens_matcher.rs:236:9
[INFO] [stdout]     |
[INFO] [stdout] 236 |         namespace: &ASTNameSpace,
[INFO] [stdout]     |         ^^^^^^^^^ help: if this is intentional, prefix it with an underscore: `_namespace`
[INFO] [stdout] 
[INFO] [stdout] 
[INFO] [stdout] warning: unused variable: `name`
[INFO] [stdout]    --> core/src/transformations/enum_functions_creator.rs:646:9
[INFO] [stdout]     |
[INFO] [stdout] 646 |         name: &str,
[INFO] [stdout]     |         ^^^^ help: if this is intentional, prefix it with an underscore: `_name`
[INFO] [stdout] 
[INFO] [stdout] 
[INFO] [stdout] warning: unused variable: `i`
[INFO] [stdout]    --> core/src/transformations/enum_functions_creator.rs:669:21
[INFO] [stdout]     |
[INFO] [stdout] 669 |             .find(|(i, it)| it == &variant)
[INFO] [stdout]     |                     ^ help: if this is intentional, prefix it with an underscore: `_i`
[INFO] [stdout] 
[INFO] [stdout] 
[INFO] [stdout] warning: unused variable: `property_type`
[INFO] [stdout]    --> core/src/transformations/enum_functions_creator.rs:911:51
[INFO] [stdout]     |
[INFO] [stdout] 911 |     fn struct_setter_lambda_body(&self, i: usize, property_type: &ASTType) -> String {
[INFO] [stdout]     |                                                   ^^^^^^^^^^^^^ help: if this is intentional, prefix it with an underscore: `_property_type`
[INFO] [stdout] 
[INFO] [stdout] 
[INFO] [stdout] warning: unused variable: `struct_def`
[INFO] [stdout]    --> core/src/type_check/typed_ast.rs:687:9
[INFO] [stdout]     |
[INFO] [stdout] 687 |         struct_def: &ASTStructDef,
[INFO] [stdout]     |         ^^^^^^^^^^ help: if this is intentional, prefix it with an underscore: `_struct_def`
[INFO] [stdout] 
[INFO] [stdout] 
[INFO] [stdout] warning: unused variable: `type_def`
[INFO] [stdout]    --> core/src/type_check/typed_ast.rs:759:28
[INFO] [stdout]     |
[INFO] [stdout] 759 |     pub fn get_type(&self, type_def: &ASTTypeDef, type_def_type: &ASTType) -> Option<ASTTypedType> {
[INFO] [stdout]     |                            ^^^^^^^^ help: if this is intentional, prefix it with an underscore: `_type_def`
[INFO] [stdout] 
[INFO] [stdout] 
[INFO] [stdout] warning: unused variable: `index`
[INFO] [stdout]    --> core/src/type_check/typed_ast.rs:801:13
[INFO] [stdout]     |
[INFO] [stdout] 801 |             index,
[INFO] [stdout]     |             ^^^^^ help: try ignoring the field: `index: _`
[INFO] [stdout] 
[INFO] [stdout] 
[INFO] [stdout] warning: unused variable: `index`
[INFO] [stdout]     --> core/src/type_check/typed_ast.rs:1219:79
[INFO] [stdout]      |
[INFO] [stdout] 1219 |                     ASTTypedStatement::LetStatement(name, let_expr, is_const, index) => {
[INFO] [stdout]      |                                                                               ^^^^^ help: if this is intentional, prefix it with an underscore: `_index`
[INFO] [stdout] 
[INFO] [stdout] 
[INFO] [stdout] warning: unused variable: `custom_namespace`
[INFO] [stdout]     --> core/src/type_check/typed_ast.rs:1691:24
[INFO] [stdout]      |
[INFO] [stdout] 1691 |             namespace: custom_namespace,
[INFO] [stdout]      |                        ^^^^^^^^^^^^^^^^ help: if this is intentional, prefix it with an underscore: `_custom_namespace`
[INFO] [stdout] 
[INFO] [stdout] 
[INFO] [stdout] warning: unused variable: `p_namespace`
[INFO] [stdout]    --> core/src/type_check/mod.rs:183:24
[INFO] [stdout]     |
[INFO] [stdout] 183 |             namespace: p_namespace,
[INFO] [stdout]     |                        ^^^^^^^^^^^ help: if this is intentional, prefix it with an underscore: `_p_namespace`
[INFO] [stdout] 
[INFO] [stdout] 
[INFO] [stdout] warning: unused variable: `e_namespace`
[INFO] [stdout]    --> core/src/type_check/mod.rs:189:28
[INFO] [stdout]     |
[INFO] [stdout] 189 |                 namespace: e_namespace,
[INFO] [stdout]     |                            ^^^^^^^^^^^ help: if this is intentional, prefix it with an underscore: `_e_namespace`
[INFO] [stdout] 
[INFO] [stdout] 
[INFO] [stdout] warning: unused variable: `i`
[INFO] [stdout]    --> core/src/new_type_check2/mod.rs:867:31
[INFO] [stdout]     |
[INFO] [stdout] 867 |                     .map(|(m, i)| m.name.clone())
[INFO] [stdout]     |                               ^ help: if this is intentional, prefix it with an underscore: `_i`
[INFO] [stdout] 
[INFO] [stdout] 
[INFO] [stdout] warning: associated function `function_name` is never used
[INFO] [stdout]    --> core/src/codegen/text_macro.rs:920:8
[INFO] [stdout]     |
[INFO] [stdout] 915 | impl AddRefMacro {
[INFO] [stdout]     | ---------------- associated function in this implementation
[INFO] [stdout] ...
[INFO] [stdout] 920 |     fn function_name(function_def: Option<&ASTTypedFunctionDef>) -> String {
[INFO] [stdout]     |        ^^^^^^^^^^^^^
[INFO] [stdout]     |
[INFO] [stdout]     = note: `#[warn(dead_code)]` on by default
[INFO] [stdout] 
[INFO] [stdout] 
[INFO] [stdout] warning: methods `error_msg` and `get_parser_data` are never used
[INFO] [stdout]     --> core/src/parser/mod.rs:997:8
[INFO] [stdout]      |
[INFO] [stdout] 139  | impl Parser {
[INFO] [stdout]      | ----------- methods in this implementation
[INFO] [stdout] ...
[INFO] [stdout] 997  |     fn error_msg(&self, message: &str) -> String {
[INFO] [stdout]      |        ^^^^^^^^^
[INFO] [stdout] ...
[INFO] [stdout] 1193 |     fn get_parser_data(&self, index: usize) -> Option<&ParserData> {
[INFO] [stdout]      |        ^^^^^^^^^^^^^^^
[INFO] [stdout] 
[INFO] [stdout] 
[INFO] [stdout] warning: method `try_parse_enum` is never used
[INFO] [stdout]   --> core/src/parser/enum_parser.rs:61:12
[INFO] [stdout]    |
[INFO] [stdout] 22 | impl EnumParser {
[INFO] [stdout]    | --------------- method in this implementation
[INFO] [stdout] ...
[INFO] [stdout] 61 |     pub fn try_parse_enum(
[INFO] [stdout]    |            ^^^^^^^^^^^^^^
[INFO] [stdout] 
[INFO] [stdout] 
[INFO] [stdout] warning: method `try_parse_struct` is never used
[INFO] [stdout]   --> core/src/parser/struct_parser.rs:52:12
[INFO] [stdout]    |
[INFO] [stdout] 15 | impl StructParser {
[INFO] [stdout]    | ----------------- method in this implementation
[INFO] [stdout] ...
[INFO] [stdout] 52 |     pub fn try_parse_struct(
[INFO] [stdout]    |            ^^^^^^^^^^^^^^^^
[INFO] [stdout] 
[INFO] [stdout] 
[INFO] [stdout] warning: using `.clone()` on a double reference, which returns `&ASTType` instead of cloning the inner type
[INFO] [stdout]    --> core/src/type_check/typed_ast.rs:783:56
[INFO] [stdout]     |
[INFO] [stdout] 783 |                     TypeFilter::Exact(type_def_ast_type.clone().clone())
[INFO] [stdout]     |                                                        ^^^^^^^^
[INFO] [stdout]     |
[INFO] [stdout]     = note: `#[warn(suspicious_double_ref_op)]` on by default
[INFO] [stdout] 
[INFO] [stdout] 
[INFO] [stdout] warning: unused variable: `index`
[INFO] [stdout]    --> core/src/codegen/enhanced_module.rs:250:13
[INFO] [stdout]     |
[INFO] [stdout] 250 |             index,
[INFO] [stdout]     |             ^^^^^ help: try ignoring the field: `index: _`
[INFO] [stdout]     |
[INFO] [stdout]     = note: `#[warn(unused_variables)]` on by default
[INFO] [stdout] 
[INFO] [stdout] 
[INFO] [stdout] warning: unused variable: `type_o`
[INFO] [stdout]   --> core/src/codegen/text_macro.rs:60:37
[INFO] [stdout]    |
[INFO] [stdout] 60 |             MacroParam::Plain(name, type_o, typed_type_o) => name.clone(),
[INFO] [stdout]    |                                     ^^^^^^ help: if this is intentional, prefix it with an underscore: `_type_o`
[INFO] [stdout] 
[INFO] [stdout] 
[INFO] [stdout] warning: unused variable: `typed_type_o`
[INFO] [stdout]   --> core/src/codegen/text_macro.rs:60:45
[INFO] [stdout]    |
[INFO] [stdout] 60 |             MacroParam::Plain(name, type_o, typed_type_o) => name.clone(),
[INFO] [stdout]    |                                             ^^^^^^^^^^^^ help: if this is intentional, prefix it with an underscore: `_typed_type_o`
[INFO] [stdout] 
[INFO] [stdout] 
[INFO] [stdout] warning: unused variable: `type_o`
[INFO] [stdout]   --> core/src/codegen/text_macro.rs:64:35
[INFO] [stdout]    |
[INFO] [stdout] 64 |             MacroParam::Ref(name, type_o, typed_type_o) => name.clone(),
[INFO] [stdout]    |                                   ^^^^^^ help: if this is intentional, prefix it with an underscore: `_type_o`
[INFO] [stdout] 
[INFO] [stdout] 
[INFO] [stdout] warning: unused variable: `typed_type_o`
[INFO] [stdout]   --> core/src/codegen/text_macro.rs:64:43
[INFO] [stdout]    |
[INFO] [stdout] 64 |             MacroParam::Ref(name, type_o, typed_type_o) => name.clone(),
[INFO] [stdout]    |                                           ^^^^^^^^^^^^ help: if this is intentional, prefix it with an underscore: `_typed_type_o`
[INFO] [stdout] 
[INFO] [stdout] 
[INFO] [stdout] warning: unused variable: `name`
[INFO] [stdout]    --> core/src/parser/ast.rs:179:17
[INFO] [stdout]     |
[INFO] [stdout] 179 |                 name,
[INFO] [stdout]     |                 ^^^^ help: try ignoring the field: `name: _`
[INFO] [stdout] 
[INFO] [stdout] 
[INFO] [stdout] warning: unused variable: `param_types`
[INFO] [stdout]    --> core/src/parser/ast.rs:180:17
[INFO] [stdout]     |
[INFO] [stdout] 180 |                 param_types,
[INFO] [stdout]     |                 ^^^^^^^^^^^ help: try ignoring the field: `param_types: _`
[INFO] [stdout] 
[INFO] [stdout] 
[INFO] [stdout] warning: unused variable: `index`
[INFO] [stdout]    --> core/src/parser/ast.rs:181:17
[INFO] [stdout]     |
[INFO] [stdout] 181 |                 index,
[INFO] [stdout]     |                 ^^^^^ help: try ignoring the field: `index: _`
[INFO] [stdout] 
[INFO] [stdout] 
[INFO] [stdout] warning: unused variable: `index`
[INFO] [stdout]    --> core/src/parser/ast.rs:193:17
[INFO] [stdout]     |
[INFO] [stdout] 193 |                 index,
[INFO] [stdout]     |                 ^^^^^ help: try ignoring the field: `index: _`
[INFO] [stdout] 
[INFO] [stdout] 
[INFO] [stdout] warning: unused variable: `index`
[INFO] [stdout]    --> core/src/parser/ast.rs:199:21
[INFO] [stdout]     |
[INFO] [stdout] 199 |                     index,
[INFO] [stdout]     |                     ^^^^^ help: try ignoring the field: `index: _`
[INFO] [stdout] 
[INFO] [stdout] 
[INFO] [stdout] warning: unused variable: `namespace`
[INFO] [stdout]    --> core/src/parser/tokens_matcher.rs:236:9
[INFO] [stdout]     |
[INFO] [stdout] 236 |         namespace: &ASTNameSpace,
[INFO] [stdout]     |         ^^^^^^^^^ help: if this is intentional, prefix it with an underscore: `_namespace`
[INFO] [stdout] 
[INFO] [stdout] 
[INFO] [stdout] warning: unused variable: `name`
[INFO] [stdout]    --> core/src/transformations/enum_functions_creator.rs:646:9
[INFO] [stdout]     |
[INFO] [stdout] 646 |         name: &str,
[INFO] [stdout]     |         ^^^^ help: if this is intentional, prefix it with an underscore: `_name`
[INFO] [stdout] 
[INFO] [stdout] 
[INFO] [stdout] warning: unused variable: `i`
[INFO] [stdout]    --> core/src/transformations/enum_functions_creator.rs:669:21
[INFO] [stdout]     |
[INFO] [stdout] 669 |             .find(|(i, it)| it == &variant)
[INFO] [stdout]     |                     ^ help: if this is intentional, prefix it with an underscore: `_i`
[INFO] [stdout] 
[INFO] [stdout] 
[INFO] [stdout] warning: unused variable: `property_type`
[INFO] [stdout]    --> core/src/transformations/enum_functions_creator.rs:911:51
[INFO] [stdout]     |
[INFO] [stdout] 911 |     fn struct_setter_lambda_body(&self, i: usize, property_type: &ASTType) -> String {
[INFO] [stdout]     |                                                   ^^^^^^^^^^^^^ help: if this is intentional, prefix it with an underscore: `_property_type`
[INFO] [stdout] 
[INFO] [stdout] 
[INFO] [stdout] warning: unused variable: `struct_def`
[INFO] [stdout]    --> core/src/type_check/typed_ast.rs:687:9
[INFO] [stdout]     |
[INFO] [stdout] 687 |         struct_def: &ASTStructDef,
[INFO] [stdout]     |         ^^^^^^^^^^ help: if this is intentional, prefix it with an underscore: `_struct_def`
[INFO] [stdout] 
[INFO] [stdout] 
[INFO] [stdout] warning: unused variable: `type_def`
[INFO] [stdout]    --> core/src/type_check/typed_ast.rs:759:28
[INFO] [stdout]     |
[INFO] [stdout] 759 |     pub fn get_type(&self, type_def: &ASTTypeDef, type_def_type: &ASTType) -> Option<ASTTypedType> {
[INFO] [stdout]     |                            ^^^^^^^^ help: if this is intentional, prefix it with an underscore: `_type_def`
[INFO] [stdout] 
[INFO] [stdout] 
[INFO] [stdout] warning: unused variable: `index`
[INFO] [stdout]    --> core/src/type_check/typed_ast.rs:801:13
[INFO] [stdout]     |
[INFO] [stdout] 801 |             index,
[INFO] [stdout]     |             ^^^^^ help: try ignoring the field: `index: _`
[INFO] [stdout] 
[INFO] [stdout] 
[INFO] [stdout] warning: unused variable: `index`
[INFO] [stdout]     --> core/src/type_check/typed_ast.rs:1219:79
[INFO] [stdout]      |
[INFO] [stdout] 1219 |                     ASTTypedStatement::LetStatement(name, let_expr, is_const, index) => {
[INFO] [stdout]      |                                                                               ^^^^^ help: if this is intentional, prefix it with an underscore: `_index`
[INFO] [stdout] 
[INFO] [stdout] 
[INFO] [stdout] warning: unused variable: `custom_namespace`
[INFO] [stdout]     --> core/src/type_check/typed_ast.rs:1691:24
[INFO] [stdout]      |
[INFO] [stdout] 1691 |             namespace: custom_namespace,
[INFO] [stdout]      |                        ^^^^^^^^^^^^^^^^ help: if this is intentional, prefix it with an underscore: `_custom_namespace`
[INFO] [stdout] 
[INFO] [stdout] 
[INFO] [stdout] warning: unused variable: `p_namespace`
[INFO] [stdout]    --> core/src/type_check/mod.rs:183:24
[INFO] [stdout]     |
[INFO] [stdout] 183 |             namespace: p_namespace,
[INFO] [stdout]     |                        ^^^^^^^^^^^ help: if this is intentional, prefix it with an underscore: `_p_namespace`
[INFO] [stdout] 
[INFO] [stdout] 
[INFO] [stdout] warning: unused variable: `e_namespace`
[INFO] [stdout]    --> core/src/type_check/mod.rs:189:28
[INFO] [stdout]     |
[INFO] [stdout] 189 |                 namespace: e_namespace,
[INFO] [stdout]     |                            ^^^^^^^^^^^ help: if this is intentional, prefix it with an underscore: `_e_namespace`
[INFO] [stdout] 
[INFO] [stdout] 
[INFO] [stdout] warning: unused variable: `i`
[INFO] [stdout]    --> core/src/new_type_check2/mod.rs:867:31
[INFO] [stdout]     |
[INFO] [stdout] 867 |                     .map(|(m, i)| m.name.clone())
[INFO] [stdout]     |                               ^ help: if this is intentional, prefix it with an underscore: `_i`
[INFO] [stdout] 
[INFO] [stdout] 
[INFO] [stdout] warning: associated function `function_name` is never used
[INFO] [stdout]    --> core/src/codegen/text_macro.rs:920:8
[INFO] [stdout]     |
[INFO] [stdout] 915 | impl AddRefMacro {
[INFO] [stdout]     | ---------------- associated function in this implementation
[INFO] [stdout] ...
[INFO] [stdout] 920 |     fn function_name(function_def: Option<&ASTTypedFunctionDef>) -> String {
[INFO] [stdout]     |        ^^^^^^^^^^^^^
[INFO] [stdout]     |
[INFO] [stdout]     = note: `#[warn(dead_code)]` on by default
[INFO] [stdout] 
[INFO] [stdout] 
[INFO] [stdout] warning: methods `error_msg` and `get_parser_data` are never used
[INFO] [stdout]     --> core/src/parser/mod.rs:997:8
[INFO] [stdout]      |
[INFO] [stdout] 139  | impl Parser {
[INFO] [stdout]      | ----------- methods in this implementation
[INFO] [stdout] ...
[INFO] [stdout] 997  |     fn error_msg(&self, message: &str) -> String {
[INFO] [stdout]      |        ^^^^^^^^^
[INFO] [stdout] ...
[INFO] [stdout] 1193 |     fn get_parser_data(&self, index: usize) -> Option<&ParserData> {
[INFO] [stdout]      |        ^^^^^^^^^^^^^^^
[INFO] [stdout] 
[INFO] [stdout] 
[INFO] [stdout] warning: function `init` is never used
[INFO] [stdout]    --> core/src/type_check/mod.rs:365:8
[INFO] [stdout]     |
[INFO] [stdout] 365 |     fn init() {
[INFO] [stdout]     |        ^^^^
[INFO] [stdout] 
[INFO] [stdout] 
[INFO] [stdout] warning: using `.clone()` on a double reference, which returns `&ast::ASTType` instead of cloning the inner type
[INFO] [stdout]    --> core/src/type_check/typed_ast.rs:783:56
[INFO] [stdout]     |
[INFO] [stdout] 783 |                     TypeFilter::Exact(type_def_ast_type.clone().clone())
[INFO] [stdout]     |                                                        ^^^^^^^^
[INFO] [stdout]     |
[INFO] [stdout]     = note: `#[warn(suspicious_double_ref_op)]` on by default
[INFO] [stdout] 
[INFO] [stdout] 
[INFO] [stdout] warning: 28 warnings emitted
[INFO] [stdout] 
[INFO] [stdout] 
[INFO] [stderr]    Compiling rasm v0.1.0-alpha.0 (/opt/rustwide/workdir/rasm)
[INFO] [stdout] warning: 27 warnings emitted
[INFO] [stdout] 
[INFO] [stdout] 
[INFO] [stderr]     Finished test [unoptimized + debuginfo] target(s) in 14.77s
[INFO] running `Command { std: "docker" "inspect" "c984a2b199ded86753b0d44599a89a1cf557fb3f9374f1ddfecadf001f66f476", kill_on_drop: false }`
[INFO] running `Command { std: "docker" "rm" "-f" "c984a2b199ded86753b0d44599a89a1cf557fb3f9374f1ddfecadf001f66f476", kill_on_drop: false }`
[INFO] [stdout] c984a2b199ded86753b0d44599a89a1cf557fb3f9374f1ddfecadf001f66f476
[INFO] running `Command { std: "docker" "create" "-v" "/var/lib/crater-agent-workspace/builds/worker-5-tc2/target:/opt/rustwide/target:rw,Z" "-v" "/var/lib/crater-agent-workspace/builds/worker-5-tc2/source:/opt/rustwide/workdir:ro,Z" "-v" "/var/lib/crater-agent-workspace/cargo-home:/opt/rustwide/cargo-home:ro,Z" "-v" "/var/lib/crater-agent-workspace/rustup-home:/opt/rustwide/rustup-home:ro,Z" "-e" "SOURCE_DIR=/opt/rustwide/workdir" "-e" "CARGO_TARGET_DIR=/opt/rustwide/target" "-e" "CARGO_INCREMENTAL=0" "-e" "RUST_BACKTRACE=full" "-e" "RUSTFLAGS=--cap-lints=warn" "-e" "RUSTDOCFLAGS=--cap-lints=warn" "-e" "CARGO_HOME=/opt/rustwide/cargo-home" "-e" "RUSTUP_HOME=/opt/rustwide/rustup-home" "-w" "/opt/rustwide/workdir" "-m" "1610612736" "--user" "0:0" "--network" "none" "ghcr.io/rust-lang/crates-build-env/linux@sha256:2788e3201cd34a07e3172128adcd8b3090168a8e3bcc40d7c032b9dda1df7d1c" "/opt/rustwide/cargo-home/bin/cargo" "+beta-2023-12-22" "test" "--frozen", kill_on_drop: false }`
[INFO] [stdout] 4226110f71bac974d0c15c689c5d650f0f74fb72ce09ccddff046211efe576a7
[INFO] running `Command { std: "docker" "start" "-a" "4226110f71bac974d0c15c689c5d650f0f74fb72ce09ccddff046211efe576a7", kill_on_drop: false }`
[INFO] [stderr] warning: type parameter `FUNCTION_CALL_PARAMETERS` should have an upper camel case name
[INFO] [stderr]    --> core/src/codegen/mod.rs:168:41
[INFO] [stderr]     |
[INFO] [stderr] 168 | pub trait CodeGen<'a, BACKEND: Backend, FUNCTION_CALL_PARAMETERS: FunctionCallParameters> {
[INFO] [stderr]     |                                         ^^^^^^^^^^^^^^^^^^^^^^^^ help: convert the identifier to upper camel case: `FunctionCallParameters`
[INFO] [stderr]     |
[INFO] [stderr]     = note: `#[warn(non_camel_case_types)]` on by default
[INFO] [stderr] 
[INFO] [stderr] warning: unused variable: `index`
[INFO] [stderr]    --> core/src/codegen/enhanced_module.rs:250:13
[INFO] [stderr]     |
[INFO] [stderr] 250 |             index,
[INFO] [stderr]     |             ^^^^^ help: try ignoring the field: `index: _`
[INFO] [stderr]     |
[INFO] [stderr]     = note: `#[warn(unused_variables)]` on by default
[INFO] [stderr] 
[INFO] [stderr] warning: unused variable: `type_o`
[INFO] [stderr]   --> core/src/codegen/text_macro.rs:60:37
[INFO] [stderr]    |
[INFO] [stderr] 60 |             MacroParam::Plain(name, type_o, typed_type_o) => name.clone(),
[INFO] [stderr]    |                                     ^^^^^^ help: if this is intentional, prefix it with an underscore: `_type_o`
[INFO] [stderr] 
[INFO] [stderr] warning: unused variable: `typed_type_o`
[INFO] [stderr]   --> core/src/codegen/text_macro.rs:60:45
[INFO] [stderr]    |
[INFO] [stderr] 60 |             MacroParam::Plain(name, type_o, typed_type_o) => name.clone(),
[INFO] [stderr]    |                                             ^^^^^^^^^^^^ help: if this is intentional, prefix it with an underscore: `_typed_type_o`
[INFO] [stderr] 
[INFO] [stderr] warning: unused variable: `type_o`
[INFO] [stderr]   --> core/src/codegen/text_macro.rs:64:35
[INFO] [stderr]    |
[INFO] [stderr] 64 |             MacroParam::Ref(name, type_o, typed_type_o) => name.clone(),
[INFO] [stderr]    |                                   ^^^^^^ help: if this is intentional, prefix it with an underscore: `_type_o`
[INFO] [stderr] 
[INFO] [stderr] warning: unused variable: `typed_type_o`
[INFO] [stderr]   --> core/src/codegen/text_macro.rs:64:43
[INFO] [stderr]    |
[INFO] [stderr] 64 |             MacroParam::Ref(name, type_o, typed_type_o) => name.clone(),
[INFO] [stderr]    |                                           ^^^^^^^^^^^^ help: if this is intentional, prefix it with an underscore: `_typed_type_o`
[INFO] [stderr] 
[INFO] [stderr] warning: unused variable: `name`
[INFO] [stderr]    --> core/src/parser/ast.rs:179:17
[INFO] [stderr]     |
[INFO] [stderr] 179 |                 name,
[INFO] [stderr]     |                 ^^^^ help: try ignoring the field: `name: _`
[INFO] [stderr] 
[INFO] [stderr] warning: unused variable: `param_types`
[INFO] [stderr]    --> core/src/parser/ast.rs:180:17
[INFO] [stderr]     |
[INFO] [stderr] 180 |                 param_types,
[INFO] [stderr]     |                 ^^^^^^^^^^^ help: try ignoring the field: `param_types: _`
[INFO] [stderr] 
[INFO] [stderr] warning: unused variable: `index`
[INFO] [stderr]    --> core/src/parser/ast.rs:181:17
[INFO] [stderr]     |
[INFO] [stderr] 181 |                 index,
[INFO] [stderr]     |                 ^^^^^ help: try ignoring the field: `index: _`
[INFO] [stderr] 
[INFO] [stderr] warning: unused variable: `index`
[INFO] [stderr]    --> core/src/parser/ast.rs:193:17
[INFO] [stderr]     |
[INFO] [stderr] 193 |                 index,
[INFO] [stderr]     |                 ^^^^^ help: try ignoring the field: `index: _`
[INFO] [stderr] 
[INFO] [stderr] warning: unused variable: `index`
[INFO] [stderr]    --> core/src/parser/ast.rs:199:21
[INFO] [stderr]     |
[INFO] [stderr] 199 |                     index,
[INFO] [stderr]     |                     ^^^^^ help: try ignoring the field: `index: _`
[INFO] [stderr] 
[INFO] [stderr] warning: unused variable: `namespace`
[INFO] [stderr]    --> core/src/parser/tokens_matcher.rs:236:9
[INFO] [stderr]     |
[INFO] [stderr] 236 |         namespace: &ASTNameSpace,
[INFO] [stderr]     |         ^^^^^^^^^ help: if this is intentional, prefix it with an underscore: `_namespace`
[INFO] [stderr] 
[INFO] [stderr] warning: unused variable: `name`
[INFO] [stderr]    --> core/src/transformations/enum_functions_creator.rs:646:9
[INFO] [stderr]     |
[INFO] [stderr] 646 |         name: &str,
[INFO] [stderr]     |         ^^^^ help: if this is intentional, prefix it with an underscore: `_name`
[INFO] [stderr] 
[INFO] [stderr] warning: unused variable: `i`
[INFO] [stderr]    --> core/src/transformations/enum_functions_creator.rs:669:21
[INFO] [stderr]     |
[INFO] [stderr] 669 |             .find(|(i, it)| it == &variant)
[INFO] [stderr]     |                     ^ help: if this is intentional, prefix it with an underscore: `_i`
[INFO] [stderr] 
[INFO] [stderr] warning: unused variable: `property_type`
[INFO] [stderr]    --> core/src/transformations/enum_functions_creator.rs:911:51
[INFO] [stderr]     |
[INFO] [stderr] 911 |     fn struct_setter_lambda_body(&self, i: usize, property_type: &ASTType) -> String {
[INFO] [stderr]     |                                                   ^^^^^^^^^^^^^ help: if this is intentional, prefix it with an underscore: `_property_type`
[INFO] [stderr] 
[INFO] [stderr] warning: unused variable: `struct_def`
[INFO] [stderr]    --> core/src/type_check/typed_ast.rs:687:9
[INFO] [stderr]     |
[INFO] [stderr] 687 |         struct_def: &ASTStructDef,
[INFO] [stderr]     |         ^^^^^^^^^^ help: if this is intentional, prefix it with an underscore: `_struct_def`
[INFO] [stderr] 
[INFO] [stderr] warning: unused variable: `type_def`
[INFO] [stderr]    --> core/src/type_check/typed_ast.rs:759:28
[INFO] [stderr]     |
[INFO] [stderr] 759 |     pub fn get_type(&self, type_def: &ASTTypeDef, type_def_type: &ASTType) -> Option<ASTTypedType> {
[INFO] [stderr]     |                            ^^^^^^^^ help: if this is intentional, prefix it with an underscore: `_type_def`
[INFO] [stderr] 
[INFO] [stderr] warning: unused variable: `index`
[INFO] [stderr]    --> core/src/type_check/typed_ast.rs:801:13
[INFO] [stderr]     |
[INFO] [stderr] 801 |             index,
[INFO] [stderr]     |             ^^^^^ help: try ignoring the field: `index: _`
[INFO] [stderr] 
[INFO] [stderr] warning: unused variable: `index`
[INFO] [stderr]     --> core/src/type_check/typed_ast.rs:1219:79
[INFO] [stderr]      |
[INFO] [stderr] 1219 |                     ASTTypedStatement::LetStatement(name, let_expr, is_const, index) => {
[INFO] [stderr]      |                                                                               ^^^^^ help: if this is intentional, prefix it with an underscore: `_index`
[INFO] [stderr] 
[INFO] [stderr] warning: unused variable: `custom_namespace`
[INFO] [stderr]     --> core/src/type_check/typed_ast.rs:1691:24
[INFO] [stderr]      |
[INFO] [stderr] 1691 |             namespace: custom_namespace,
[INFO] [stderr]      |                        ^^^^^^^^^^^^^^^^ help: if this is intentional, prefix it with an underscore: `_custom_namespace`
[INFO] [stderr] 
[INFO] [stderr] warning: unused variable: `p_namespace`
[INFO] [stderr]    --> core/src/type_check/mod.rs:183:24
[INFO] [stderr]     |
[INFO] [stderr] 183 |             namespace: p_namespace,
[INFO] [stderr]     |                        ^^^^^^^^^^^ help: if this is intentional, prefix it with an underscore: `_p_namespace`
[INFO] [stderr] 
[INFO] [stderr] warning: unused variable: `e_namespace`
[INFO] [stderr]    --> core/src/type_check/mod.rs:189:28
[INFO] [stderr]     |
[INFO] [stderr] 189 |                 namespace: e_namespace,
[INFO] [stderr]     |                            ^^^^^^^^^^^ help: if this is intentional, prefix it with an underscore: `_e_namespace`
[INFO] [stderr] 
[INFO] [stderr] warning: unused variable: `i`
[INFO] [stderr]    --> core/src/new_type_check2/mod.rs:867:31
[INFO] [stderr]     |
[INFO] [stderr] 867 |                     .map(|(m, i)| m.name.clone())
[INFO] [stderr]     |                               ^ help: if this is intentional, prefix it with an underscore: `_i`
[INFO] [stderr] 
[INFO] [stderr] warning: associated function `function_name` is never used
[INFO] [stderr]    --> core/src/codegen/text_macro.rs:920:8
[INFO] [stderr]     |
[INFO] [stderr] 915 | impl AddRefMacro {
[INFO] [stderr]     | ---------------- associated function in this implementation
[INFO] [stderr] ...
[INFO] [stderr] 920 |     fn function_name(function_def: Option<&ASTTypedFunctionDef>) -> String {
[INFO] [stderr]     |        ^^^^^^^^^^^^^
[INFO] [stderr]     |
[INFO] [stderr]     = note: `#[warn(dead_code)]` on by default
[INFO] [stderr] 
[INFO] [stderr] warning: methods `error_msg` and `get_parser_data` are never used
[INFO] [stderr]     --> core/src/parser/mod.rs:997:8
[INFO] [stderr]      |
[INFO] [stderr] 139  | impl Parser {
[INFO] [stderr]      | ----------- methods in this implementation
[INFO] [stderr] ...
[INFO] [stderr] 997  |     fn error_msg(&self, message: &str) -> String {
[INFO] [stderr]      |        ^^^^^^^^^
[INFO] [stderr] ...
[INFO] [stderr] 1193 |     fn get_parser_data(&self, index: usize) -> Option<&ParserData> {
[INFO] [stderr]      |        ^^^^^^^^^^^^^^^
[INFO] [stderr] 
[INFO] [stderr] warning: method `try_parse_enum` is never used
[INFO] [stderr]   --> core/src/parser/enum_parser.rs:61:12
[INFO] [stderr]    |
[INFO] [stderr] 22 | impl EnumParser {
[INFO] [stderr]    | --------------- method in this implementation
[INFO] [stderr] ...
[INFO] [stderr] 61 |     pub fn try_parse_enum(
[INFO] [stderr]    |            ^^^^^^^^^^^^^^
[INFO] [stderr] 
[INFO] [stderr] warning: method `try_parse_struct` is never used
[INFO] [stderr]   --> core/src/parser/struct_parser.rs:52:12
[INFO] [stderr]    |
[INFO] [stderr] 15 | impl StructParser {
[INFO] [stderr]    | ----------------- method in this implementation
[INFO] [stderr] ...
[INFO] [stderr] 52 |     pub fn try_parse_struct(
[INFO] [stderr]    |            ^^^^^^^^^^^^^^^^
[INFO] [stderr] 
[INFO] [stderr] warning: using `.clone()` on a double reference, which returns `&ASTType` instead of cloning the inner type
[INFO] [stderr]    --> core/src/type_check/typed_ast.rs:783:56
[INFO] [stderr]     |
[INFO] [stderr] 783 |                     TypeFilter::Exact(type_def_ast_type.clone().clone())
[INFO] [stderr]     |                                                        ^^^^^^^^
[INFO] [stderr]     |
[INFO] [stderr]     = note: `#[warn(suspicious_double_ref_op)]` on by default
[INFO] [stderr] 
[INFO] [stderr] warning: function `init` is never used
[INFO] [stderr]    --> core/src/type_check/mod.rs:365:8
[INFO] [stderr]     |
[INFO] [stderr] 365 |     fn init() {
[INFO] [stderr]     |        ^^^^
[INFO] [stderr] 
[INFO] [stderr] warning: using `.clone()` on a double reference, which returns `&ast::ASTType` instead of cloning the inner type
[INFO] [stderr]    --> core/src/type_check/typed_ast.rs:783:56
[INFO] [stderr]     |
[INFO] [stderr] 783 |                     TypeFilter::Exact(type_def_ast_type.clone().clone())
[INFO] [stderr]     |                                                        ^^^^^^^^
[INFO] [stderr]     |
[INFO] [stderr]     = note: `#[warn(suspicious_double_ref_op)]` on by default
[INFO] [stderr] 
[INFO] [stderr] warning: `rasm-core` (lib) generated 28 warnings (run `cargo fix --lib -p rasm-core` to apply 22 suggestions)
[INFO] [stderr] warning: `rasm-core` (lib test) generated 27 warnings (25 duplicates)
[INFO] [stderr]     Finished test [unoptimized + debuginfo] target(s) in 0.08s
[INFO] [stderr]      Running unittests src/main.rs (/opt/rustwide/target/debug/deps/rasm-74ce9f8a662e1347)
[INFO] [stdout] 
[INFO] [stdout] running 0 tests
[INFO] [stdout] 
[INFO] [stdout] test result: ok. 0 passed; 0 failed; 0 ignored; 0 measured; 0 filtered out; finished in 0.00s
[INFO] [stdout] 
[INFO] [stderr]      Running tests/f32_test.rs (/opt/rustwide/target/debug/deps/f32_test-6f337abc8a210878)
[INFO] [stdout] 
[INFO] [stdout] running 1 test
[INFO] [stdout] test test_f32 ... ok
[INFO] [stdout] 
[INFO] [stdout] test result: ok. 1 passed; 0 failed; 0 ignored; 0 measured; 0 filtered out; finished in 0.00s
[INFO] [stdout] 
[INFO] [stderr]      Running tests/run_test.rs (/opt/rustwide/target/debug/deps/run_test-f0f036c84a5859b9)
[INFO] [stdout] 
[INFO] [stdout] running 80 tests
[INFO] [stderr] /usr/bin/ld: /tmp/rasm_int_test.nLPjjmg0EqAT/call_with_generics.o: warning: relocation in read-only section `.text'
[INFO] [stderr] /usr/bin/ld: /tmp/rasm_int_test.Ed8jDvwzHxHN/dereference.o: warning: relocation in read-only section `.text'
[INFO] [stderr] /usr/bin/ld: /tmp/rasm_int_test.piKwF3tbFvow/cmdlineargs.o: warning: relocation in read-only section `.text'
[INFO] [stderr] /usr/bin/ld: warning: creating DT_TEXTREL in a PIE
[INFO] [stderr] /usr/bin/ld: warning: creating DT_TEXTREL in a PIE
[INFO] [stderr] /usr/bin/ld: /tmp/rasm_int_test.wjdE1OImUEpH/const.o: warning: relocation in read-only section `.text'
[INFO] [stderr] /usr/bin/ld: warning: creating DT_TEXTREL in a PIE
[INFO] [stderr] /usr/bin/ld: /tmp/rasm_int_test.EjCBVa13eUGQ/allocation.o: warning: relocation in read-only section `.text'
[INFO] [stderr] /usr/bin/ld: warning: creating DT_TEXTREL in a PIE
[INFO] [stderr] /usr/bin/ld: warning: creating DT_TEXTREL in a PIE
[INFO] [stderr] /usr/bin/ld: /tmp/rasm_int_test.OZfIVLkIz0Pt/curry.o: warning: relocation in read-only section `.text'
[INFO] [stderr] /usr/bin/ld: warning: creating DT_TEXTREL in a PIE
[INFO] [stdout] test test_dereference ... ok
[INFO] [stdout] test test_const ... ok
[INFO] [stdout] test test_cmdlineargs ... ok
[INFO] [stdout] test test_call_with_generics ... ok
[INFO] [stderr] /usr/bin/ld: /tmp/rasm_int_test.6vsFXSmhL9NC/enum.o: warning: relocation in read-only section `.text'
[INFO] [stderr] /usr/bin/ld: /tmp/rasm_int_test.BrKEROriasyU/assertions.o: warning: relocation in read-only section `.text'
[INFO] [stderr] /usr/bin/ld: warning: creating DT_TEXTREL in a PIE
[INFO] [stderr] /usr/bin/ld: warning: creating DT_TEXTREL in a PIE
[INFO] [stderr] /usr/bin/ld: /tmp/rasm_int_test.fibGgoniHRnw/conditionals2.o: warning: relocation in read-only section `.text'
[INFO] [stdout] test test_allocation ... ok
[INFO] [stderr] /usr/bin/ld: /tmp/rasm_int_test.TMTDfwPOBCYT/atoi.o: warning: relocation in read-only section `.text/usr/bin/ld'
[INFO] [stderr] : warning: creating DT_TEXTREL in a PIE
[INFO] [stderr] /usr/bin/ld: warning: creating DT_TEXTREL in a PIE
[INFO] [stdout] test test_enum ... ok
[INFO] [stdout] test test_curry ... ok
[INFO] [stdout] test test_assertions ... ok
[INFO] [stdout] test test_conditionals2 ... ok
[INFO] [stdout] test test_atoi ... ok
[INFO] [stderr] /usr/bin/ld: /tmp/rasm_int_test.Lh2A5i4sxQKI/chars.o: warning: relocation in read-only section `.text'
[INFO] [stderr] /usr/bin/ld: warning: creating DT_TEXTREL in a PIE
[INFO] [stderr] /usr/bin/ld: /tmp/rasm_int_test.dG6iFXxNnhmQ/error_handling.o: warning: relocation in read-only section `.text'
[INFO] [stderr] /usr/bin/ld: warning: creating DT_TEXTREL in a PIE
[INFO] [stdout] test test_chars ... ok
[INFO] [stdout] test test_error_handling ... ok
[INFO] [stderr] /usr/bin/ld: /tmp/rasm_int_test.OzeOdTc2WeWj/error_handling.o: warning: relocation in read-only section `.text'
[INFO] [stderr] /usr/bin/ld: warning: creating DT_TEXTREL in a PIE
[INFO] [stdout] test test_error_handling1 ... FAILED
[INFO] [stderr] /usr/bin/ld: /tmp/rasm_int_test.wAqHiiEaha2B/conditionals.o: warning: relocation in read-only section `.text'
[INFO] [stderr] /usr/bin/ld: warning: creating DT_TEXTREL in a PIE
[INFO] [stdout] test test_conditionals ... ok
[INFO] [stderr] /usr/bin/ld: /tmp/rasm_int_test.QGhOPOif7BSo/fibonacci.o: warning: relocation in read-only section `.text'
[INFO] [stderr] /usr/bin/ld: warning: creating DT_TEXTREL in a PIE
[INFO] [stdout] test test_fibonacci ... ok
[INFO] [stderr] /usr/bin/ld: /tmp/rasm_int_test.9xm4Ke3bzKoW/function_as_arg.o: warning: relocation in read-only section `.text'
[INFO] [stderr] /usr/bin/ld: /tmp/rasm_int_test.UZJfG9rlnc0P/helloworld.o: warning: relocation in read-only section `.text'
[INFO] [stderr] /usr/bin/ld/usr/bin/ld: warning: creating DT_TEXTREL in a PIE
[INFO] [stderr] : warning: creating DT_TEXTREL in a PIE
[INFO] [stdout] test test_helloworld ... ok
[INFO] [stdout] test test_function_as_arg ... ok
[INFO] [stdout] test test_bouncing_quads ... ok
[INFO] [stderr] /usr/bin/ld: /tmp/rasm_int_test.S1QGfHEKwD78/function_overloading.o: warning: relocation in read-only section `.text'
[INFO] [stderr] /usr/bin/ld: warning: creating DT_TEXTREL in a PIE
[INFO] [stdout] test test_function_overloading ... ok
[INFO] [stderr] /usr/bin/ld: /tmp/rasm_int_test.nUFN7xvLIPad/inline.o: warning: relocation in read-only section `.text'
[INFO] [stderr] /usr/bin/ld: warning: creating DT_TEXTREL in a PIE
[INFO] [stdout] test test_inline ... ok
[INFO] [stderr] /usr/bin/ld: /tmp/rasm_int_test.RdkLSJHPybUL/if.o: warning: relocation in read-only section `.text'
[INFO] [stderr] /usr/bin/ld: warning: creating DT_TEXTREL in a PIE
[INFO] [stdout] test test_if ... ok
[INFO] [stderr] /usr/bin/ld: /tmp/rasm_int_test.CsNkhfZwIeRU/f32.o: warning: relocation in read-only section `.text'
[INFO] [stderr] /usr/bin/ld: warning: creating DT_TEXTREL in a PIE
[INFO] [stderr] /usr/bin/ld: /tmp/rasm_int_test.qREGPfsg0HN7/inner_context.o: warning: relocation in read-only section `.text'
[INFO] [stderr] /usr/bin/ld: warning: creating DT_TEXTREL in a PIE
[INFO] [stdout] test test_f32 ... ok
[INFO] [stdout] test test_inner_context ... ok
[INFO] [stderr] /usr/bin/ld: /tmp/rasm_int_test.HlotIb4tEWmb/lambda1.o: warning: relocation in read-only section `.text'
[INFO] [stderr] /usr/bin/ld: warning: creating DT_TEXTREL in a PIE
[INFO] [stdout] test test_lambda1 ... ok
[INFO] [stderr] /usr/bin/ld: /tmp/rasm_int_test.BTE956nmpaCc/lambda2.o: warning: relocation in read-only section `.text'
[INFO] [stderr] /usr/bin/ld: warning: creating DT_TEXTREL in a PIE
[INFO] [stdout] test test_lambda2 ... ok
[INFO] [stderr] /usr/bin/ld: /tmp/rasm_int_test.5X4Jgv501nWg/lambda.o: warning: relocation in read-only section `.text'
[INFO] [stderr] /usr/bin/ld: /tmp/rasm_int_test.THHrFSZT4Uxs/lambda.o: warning: relocation in read-only section `.text'
[INFO] [stderr] /usr/bin/ld: warning: creating DT_TEXTREL in a PIE
[INFO] [stderr] /usr/bin/ld: warning: creating DT_TEXTREL in a PIE
[INFO] [stdout] test test_lambda_3 ... ok
[INFO] [stdout] test test_lambda_2 ... ok
[INFO] [stderr] /usr/bin/ld: /tmp/rasm_int_test.v8A0UEXrsJjG/lambda.o: warning: relocation in read-only section `.text'
[INFO] [stderr] /usr/bin/ld: warning: creating DT_TEXTREL in a PIE
[INFO] [stderr] /usr/bin/ld: /tmp/rasm_int_test.6A4ZIqmHEJi6/lambda.o: warning: relocation in read-only section `.text'
[INFO] [stderr] /usr/bin/ld: warning: creating DT_TEXTREL in a PIE
[INFO] [stdout] test test_lambda_1 ... ok
[INFO] [stdout] test test_lambda_0 ... ok
[INFO] [stderr] /usr/bin/ld: /tmp/rasm_int_test.yEjNb5ce26jh/lambda_in_enum.o: warning: relocation in read-only section `.text'
[INFO] [stderr] /usr/bin/ld: warning: creating DT_TEXTREL in a PIE
[INFO] [stdout] test test_lambda_in_enum ... ok
[INFO] [stdout] test test_gameoflife_vec_compile ... ok
[INFO] [stderr] /usr/bin/ld: /tmp/rasm_int_test.eo9WJ74zc24m/lambda_params.o: warning: relocation in read-only section `.text'
[INFO] [stderr] /usr/bin/ld: warning: creating DT_TEXTREL in a PIE
[INFO] [stderr] /usr/bin/ld: /tmp/rasm_int_test.Pim2PWTuZsAA/lambda_in_struct.o: warning: relocation in read-only section `.text'
[INFO] [stderr] /usr/bin/ld: warning: creating DT_TEXTREL in a PIE
[INFO] [stderr] /usr/bin/ld: /tmp/rasm_int_test.IdPukYv23LSE/lambda_as_return_value.o: warning: relocation in read-only section `.text'
[INFO] [stderr] /usr/bin/ld: warning: creating DT_TEXTREL in a PIE
[INFO] [stdout] test test_lambda_params ... ok
[INFO] [stdout] test test_lambda_in_struct ... ok
[INFO] [stdout] test test_lambda_as_return_value ... ok
[INFO] [stdout] test test_gameoflife_sdl_compile ... ok
[INFO] [stderr] /usr/bin/ld: /tmp/rasm_int_test.xz0KhGDCI8HF/let.o: warning: relocation in read-only section `.text'
[INFO] [stderr] /usr/bin/ld: warning: creating DT_TEXTREL in a PIE
[INFO] [stdout] test test_gameoflife_vec_sdl_compile ... ok
[INFO] [stdout] test test_malloc ... ignored
[INFO] [stderr] /usr/bin/ld: /tmp/rasm_int_test.4t15oaQsVBAc/libc.o: warning: relocation in read-only section `.text'
[INFO] [stderr] /usr/bin/ld: warning: creating DT_TEXTREL in a PIE
[INFO] [stderr] /usr/bin/ld: /tmp/rasm_int_test.nuRLB2B78ocD/gameoflife.o: warning: relocation in read-only section `.text'
[INFO] [stderr] /usr/bin/ld: warning: creating DT_TEXTREL in a PIE
[INFO] [stdout] test test_let ... ok
[INFO] [stdout] test test_libc ... ok
[INFO] [stderr] /usr/bin/ld: /tmp/rasm_int_test.8FiPh5Ovcy7Q/let1.o: warning: relocation in read-only section `.text'
[INFO] [stderr] /usr/bin/ld: warning: creating DT_TEXTREL in a PIE
[INFO] [stdout] test test_let1 ... ok
[INFO] [stderr] /usr/bin/ld: /tmp/rasm_int_test.lviqaIu9WIAO/lines.o: warning: relocation in read-only section `.text'
[INFO] [stderr] /usr/bin/ld: warning: creating DT_TEXTREL in a PIE
[INFO] [stdout] test test_lines ... ok
[INFO] [stderr] /usr/bin/ld: /tmp/rasm_int_test.TdWTTB8kQTLr/list_append.o: warning: relocation in read-only section `.text'
[INFO] [stderr] /usr/bin/ld: warning: creating DT_TEXTREL in a PIE
[INFO] [stdout] test test_list_append ... ok
[INFO] [stderr] /usr/bin/ld: /tmp/rasm_int_test.pggA4XNBYf4w/mc91.o: warning: relocation in read-only section `.text'
[INFO] [stderr] /usr/bin/ld: warning: creating DT_TEXTREL in a PIE
[INFO] [stdout] test test_mc91 ... ok
[INFO] [stderr] /usr/bin/ld: /tmp/rasm_int_test.wnlcsSgwZ6i1/list_flatten.o: warning: relocation in read-only section `.text'
[INFO] [stderr] /usr/bin/ld: /tmp/rasm_int_test.YEpUrqI9ISXD/list.o: warning: relocation in read-only section `.text'
[INFO] [stderr] /usr/bin/ld: /tmp/rasm_int_test.soTvzTm2yY9i/list_filter.o: warning: relocation in read-only section `.text'
[INFO] [stderr] /usr/bin/ld: warning: creating DT_TEXTREL in a PIE
[INFO] [stderr] /usr/bin/ld: warning: creating DT_TEXTREL in a PIE
[INFO] [stderr] /usr/bin/ld: warning: creating DT_TEXTREL in a PIE
[INFO] [stdout] test test_list_flatten ... ok
[INFO] [stdout] test test_list_filter ... ok
[INFO] [stdout] test test_list ... ok
[INFO] [stderr] /usr/bin/ld: /tmp/rasm_int_test.DpbnMTVvi4eG/list_combine.o: warning: relocation in read-only section `.text'
[INFO] [stderr] /usr/bin/ld: warning: creating DT_TEXTREL in a PIE
[INFO] [stdout] test test_list_combine ... ok
[INFO] [stderr] /usr/bin/ld: /tmp/rasm_int_test.uH1wZdBialJ2/list_map.o: warning: relocation in read-only section `.text'
[INFO] [stderr] /usr/bin/ld: warning: creating DT_TEXTREL in a PIE
[INFO] [stderr] /usr/bin/ld: /tmp/rasm_int_test.Cz3vKjoWcGkc/list_fmap.o: warning: relocation in read-only section `.text'
[INFO] [stderr] /usr/bin/ld: warning: creating DT_TEXTREL in a PIE
[INFO] [stdout] test test_list_fmap ... ok
[INFO] [stdout] test test_list_map ... ok
[INFO] [stderr] /usr/bin/ld: /tmp/rasm_int_test.A26dy9MFcqI4/list_fold.o: warning: relocation in read-only section `.text'
[INFO] [stderr] /usr/bin/ld: warning: creating DT_TEXTREL in a PIE
[INFO] [stderr] /usr/bin/ld: /tmp/rasm_int_test.iDp8QI9IqxO1/list_pop_replace.o: warning: relocation in read-only section `.text'
[INFO] [stdout] test test_list_fold ... ok
[INFO] [stderr] /usr/bin/ld: warning: creating DT_TEXTREL in a PIE
[INFO] [stdout] test test_list_pop_replace ... ok
[INFO] [stderr] /usr/bin/ld: /tmp/rasm_int_test.HlGGOfw1XCAu/namespaces.o: warning: relocation in read-only section `.text'
[INFO] [stderr] /usr/bin/ld: /tmp/rasm_int_test.MuXphHrG0rtW/params_order.o: warning: relocation in read-only section `.text'
[INFO] [stderr] /usr/bin/ld: warning: creating DT_TEXTREL in a PIE
[INFO] [stderr] /usr/bin/ld: warning: creating DT_TEXTREL in a PIE
[INFO] [stdout] test test_namespaces ... ok
[INFO] [stdout] test test_params_order ... ok
[INFO] [stderr] /usr/bin/ld: /tmp/rasm_int_test.d9VWEo6lX1kk/print.o: warning: relocation in read-only section `.text'
[INFO] [stderr] /usr/bin/ld: warning: creating DT_TEXTREL in a PIE
[INFO] [stderr] /usr/bin/ld: /tmp/rasm_int_test.nkv04PX0ZegY/println.o: warning: relocation in read-only section `.text'
[INFO] [stdout] test test_print ... ok
[INFO] [stderr] /usr/bin/ld: warning: creating DT_TEXTREL in a PIE
[INFO] [stderr] /usr/bin/ld: /tmp/rasm_int_test.4OX5oDtzWurY/read_file.o: warning: relocation in read-only section `.text'
[INFO] [stderr] /usr/bin/ld: warning: creating DT_TEXTREL in a PIE
[INFO] [stdout] test test_println ... ok
[INFO] [stdout] test test_read_file ... ok
[INFO] [stderr] /usr/bin/ld: /tmp/rasm_int_test.hN9PJUjZNNgv/printref.o: warning: relocation in read-only section `.text'
[INFO] [stderr] /usr/bin/ld: warning: creating DT_TEXTREL in a PIE
[INFO] [stdout] test test_printref ... ok
[INFO] [stderr] /usr/bin/ld: /tmp/rasm_int_test.bKMU1MgVGWQM/root.o: warning: relocation in read-only section `.text'
[INFO] [stderr] /usr/bin/ld: warning: creating DT_TEXTREL in a PIE
[INFO] [stderr] /usr/bin/ld: /tmp/rasm_int_test.GRJYcF9mTP8u/option.o: warning: relocation in read-only section `.text'
[INFO] [stdout] test test_root ... ok
[INFO] [stderr] /usr/bin/ld: warning: creating DT_TEXTREL in a PIE
[INFO] [stdout] test test_showimage ... ok
[INFO] [stderr] /usr/bin/ld: /tmp/rasm_int_test.S8ixMDYFViiX/recurse.o: warning: relocation in read-only section `.text'
[INFO] [stderr] /usr/bin/ld: warning: creating DT_TEXTREL in a PIE
[INFO] [stdout] test test_option ... ok
[INFO] [stderr] /usr/bin/ld: /tmp/rasm_int_test.ISecQyg97JZM/result.o: warning: relocation in read-only section `.text'
[INFO] [stdout] test test_recurse ... ok
[INFO] [stderr] /usr/bin/ld: warning: creating DT_TEXTREL in a PIE
[INFO] [stdout] test test_result ... ok
[INFO] [stderr] /usr/bin/ld: /tmp/rasm_int_test.rmCfV2hflTal/single_match.o: warning: relocation in read-only section `.text'
[INFO] [stderr] /usr/bin/ld: warning: creating DT_TEXTREL in a PIE
[INFO] [stdout] test test_single_match ... ok
[INFO] [stderr] /usr/bin/ld: /tmp/rasm_int_test.80X2mCKGGmTZ/structpropertysetter.o: warning: relocation in read-only section `.text'
[INFO] [stderr] /usr/bin/ld: warning: creating DT_TEXTREL in a PIE
[INFO] [stdout] test test_structpropertysetter ... ok
[INFO] [stderr] /usr/bin/ld: /tmp/rasm_int_test.o3fBceNQx7Zf/structpropertysetter1.o: warning: relocation in read-only section `.text'
[INFO] [stderr] /usr/bin/ld: warning: creating DT_TEXTREL in a PIE
[INFO] [stdout] test test_structpropertysetter1 ... ok
[INFO] [stderr] /usr/bin/ld: /tmp/rasm_int_test.QGir7c8QCs6v/uniform.o: warning: relocation in read-only section `.text'
[INFO] [stderr] /usr/bin/ld: warning: creating DT_TEXTREL in a PIE
[INFO] [stdout] test test_uniform ... ok
[INFO] [stderr] /usr/bin/ld: /tmp/rasm_int_test.CJ57O67QFU6C/structs.o: warning: relocation in read-only section `.text'
[INFO] [stderr] /usr/bin/ld: warning: creating DT_TEXTREL in a PIE
[INFO] [stderr] /usr/bin/ld: /tmp/rasm_int_test.pq3aiXuna2dF/type_check_1.o: warning: relocation in read-only section `.text'
[INFO] [stdout] test test_structs ... ok
[INFO] [stderr] /usr/bin/ld: /tmp/rasm_int_test.yCqNMjUYu30e/val_in_lambda.o: warning: relocation in read-only section `.text'
[INFO] [stderr] /usr/bin/ld/usr/bin/ld: warning: creating DT_TEXTREL in a PIE
[INFO] [stderr] : warning: creating DT_TEXTREL in a PIE
[INFO] [stderr] /usr/bin/ld: /tmp/rasm_int_test.aS3EWKnn4zLg/str.o: warning: relocation in read-only section `.text'
[INFO] [stderr] /usr/bin/ld/usr/bin/ld: warning: creating DT_TEXTREL in a PIE
[INFO] [stderr] : /tmp/rasm_int_test.yr7RRQTCP73w/val.o: warning: relocation in read-only section `.text'
[INFO] [stderr] /usr/bin/ld: warning: creating DT_TEXTREL in a PIE
[INFO] [stdout] test test_str ... ok
[INFO] [stdout] test test_val_in_lambda ... ok
[INFO] [stdout] test test_type_check_1 ... ok
[INFO] [stdout] test test_val ... ok
[INFO] [stderr] /usr/bin/ld: /tmp/rasm_int_test.3TQdqX1RZlPx/vec3.o: warning: relocation in read-only section `.text'
[INFO] [stderr] /usr/bin/ld: warning: creating DT_TEXTREL in a PIE
[INFO] [stdout] test test_vec3 ... ok
[INFO] [stderr] /usr/bin/ld: /tmp/rasm_int_test.BlGJwCt5CX9z/vec2.o: warning: relocation in read-only section `.text'
[INFO] [stderr] /usr/bin/ld: warning: creating DT_TEXTREL in a PIE
[INFO] [stdout] test test_breakout ... ok
[INFO] [stdout] test test_vec2 ... ok
[INFO] [stderr] /usr/bin/ld: /tmp/rasm_int_test.bwlyyi3jHQEN/vec_combine.o: warning: relocation in read-only section `.text'
[INFO] [stderr] /usr/bin/ld: warning: creating DT_TEXTREL in a PIE
[INFO] [stdout] test test_vec_combine ... ok
[INFO] [stderr] /usr/bin/ld: /tmp/rasm_int_test.t18X33XE3Hlv/vec.o: warning: relocation in read-only section `.text'
[INFO] [stderr] /usr/bin/ld: warning: creating DT_TEXTREL in a PIE
[INFO] [stdout] test test_vec ... ok
[INFO] [stderr] /usr/bin/ld: /tmp/rasm_int_test.AL5MA3PrFpzr/write_file.o: warning: relocation in read-only section `.text'
[INFO] [stderr] /usr/bin/ld: warning: creating DT_TEXTREL in a PIE
[INFO] [stdout] test test_write_file ... FAILED
[INFO] [stderr] /usr/bin/ld: /tmp/rasm_int_test.5cBk1vIEtbcW/vec1.o: warning: relocation in read-only section `.text'
[INFO] [stderr] /usr/bin/ld: warning: creating DT_TEXTREL in a PIE
[INFO] [stdout] test test_vec1 ... ok
[INFO] [stderr] /usr/bin/ld: /tmp/rasm_int_test.7Uixyz8qsuGQ/oop.o: warning: relocation in read-only section `.text'
[INFO] [stderr] /usr/bin/ld: warning: creating DT_TEXTREL in a PIE
[INFO] [stdout] test test_oop ... ok
[INFO] [stdout] test test_gameoflife_runs ... ok
[INFO] [stdout] 
[INFO] [stdout] failures:
[INFO] [stdout] 
[INFO] [stdout] ---- test_error_handling1 stdout ----
[INFO] [stdout] thread 'test_error_handling1' panicked at rasm/tests/run_test.rs:586:9:
[INFO] [stdout] assertion `left == right` failed
[INFO] [stdout]   left: "c\nHello\n"
[INFO] [stdout]  right: "IOError(Error writing to file.)\n"
[INFO] [stdout] stack backtrace:
[INFO] [stdout]    0:     0x55ad49ad57a6 - std::backtrace_rs::backtrace::libunwind::trace::h261606ad26a499c1
[INFO] [stdout]                                at /rustc/0e09125c6c3c2fd70d7de961bcf0e51575235fad/library/std/src/../../backtrace/src/backtrace/libunwind.rs:104:5
[INFO] [stdout]    1:     0x55ad49ad57a6 - std::backtrace_rs::backtrace::trace_unsynchronized::hd183f0625477fb28
[INFO] [stdout]                                at /rustc/0e09125c6c3c2fd70d7de961bcf0e51575235fad/library/std/src/../../backtrace/src/backtrace/mod.rs:66:5
[INFO] [stdout]    2:     0x55ad49ad57a6 - std::sys_common::backtrace::_print_fmt::hd7f8fef21b4eda67
[INFO] [stdout]                                at /rustc/0e09125c6c3c2fd70d7de961bcf0e51575235fad/library/std/src/sys_common/backtrace.rs:68:5
[INFO] [stdout]    3:     0x55ad49ad57a6 - <std::sys_common::backtrace::_print::DisplayBacktrace as core::fmt::Display>::fmt::h623d9b51f2f453f1
[INFO] [stdout]                                at /rustc/0e09125c6c3c2fd70d7de961bcf0e51575235fad/library/std/src/sys_common/backtrace.rs:44:22
[INFO] [stdout]    4:     0x55ad49aff120 - core::fmt::rt::Argument::fmt::h9f417ac76a86f368
[INFO] [stdout]                                at /rustc/0e09125c6c3c2fd70d7de961bcf0e51575235fad/library/core/src/fmt/rt.rs:142:9
[INFO] [stdout]    5:     0x55ad49aff120 - core::fmt::write::hc9b6faf4ac2aeff7
[INFO] [stdout]                                at /rustc/0e09125c6c3c2fd70d7de961bcf0e51575235fad/library/core/src/fmt/mod.rs:1120:17
[INFO] [stdout]    6:     0x55ad49ad2c7f - std::io::Write::write_fmt::he04625a3a989fec3
[INFO] [stdout]                                at /rustc/0e09125c6c3c2fd70d7de961bcf0e51575235fad/library/std/src/io/mod.rs:1810:15
[INFO] [stdout]    7:     0x55ad49ad5584 - std::sys_common::backtrace::_print::hd5d66399c7df88a2
[INFO] [stdout]                                at /rustc/0e09125c6c3c2fd70d7de961bcf0e51575235fad/library/std/src/sys_common/backtrace.rs:47:5
[INFO] [stdout]    8:     0x55ad49ad5584 - std::sys_common::backtrace::print::he81ed2da642d37e5
[INFO] [stdout]                                at /rustc/0e09125c6c3c2fd70d7de961bcf0e51575235fad/library/std/src/sys_common/backtrace.rs:34:9
[INFO] [stdout]    9:     0x55ad49ad72f7 - std::panicking::default_hook::{{closure}}::h85773f4fa117163d
[INFO] [stdout]   10:     0x55ad49ad6fdd - std::panicking::default_hook::h6a1694a91d09b278
[INFO] [stdout]                                at /rustc/0e09125c6c3c2fd70d7de961bcf0e51575235fad/library/std/src/panicking.rs:289:9
[INFO] [stdout]   11:     0x55ad49a93e97 - <alloc::boxed::Box<F,A> as core::ops::function::Fn<Args>>::call::h616ac37fa3cd6c8f
[INFO] [stdout]                                at /rustc/0e09125c6c3c2fd70d7de961bcf0e51575235fad/library/alloc/src/boxed.rs:2029:9
[INFO] [stdout]   12:     0x55ad49a93e97 - test::test_main::{{closure}}::h00d84697cefdcbb6
[INFO] [stdout]                                at /rustc/0e09125c6c3c2fd70d7de961bcf0e51575235fad/library/test/src/lib.rs:138:21
[INFO] [stdout]   13:     0x55ad49ad7916 - <alloc::boxed::Box<F,A> as core::ops::function::Fn<Args>>::call::hcb3fe3b9bb537ba8
[INFO] [stdout]                                at /rustc/0e09125c6c3c2fd70d7de961bcf0e51575235fad/library/alloc/src/boxed.rs:2029:9
[INFO] [stdout]   14:     0x55ad49ad7916 - std::panicking::rust_panic_with_hook::h0a7ad96e90f7145b
[INFO] [stdout]                                at /rustc/0e09125c6c3c2fd70d7de961bcf0e51575235fad/library/std/src/panicking.rs:783:13
[INFO] [stdout]   15:     0x55ad49ad7662 - std::panicking::begin_panic_handler::{{closure}}::h7919090525c6485e
[INFO] [stdout]                                at /rustc/0e09125c6c3c2fd70d7de961bcf0e51575235fad/library/std/src/panicking.rs:657:13
[INFO] [stdout]   16:     0x55ad49ad5ca6 - std::sys_common::backtrace::__rust_end_short_backtrace::hf3289479464f7dfe
[INFO] [stdout]                                at /rustc/0e09125c6c3c2fd70d7de961bcf0e51575235fad/library/std/src/sys_common/backtrace.rs:171:18
[INFO] [stdout]   17:     0x55ad49ad73c0 - rust_begin_unwind
[INFO] [stdout]                                at /rustc/0e09125c6c3c2fd70d7de961bcf0e51575235fad/library/std/src/panicking.rs:645:5
[INFO] [stdout]   18:     0x55ad49a51055 - core::panicking::panic_fmt::hcc9f77c5c132af55
[INFO] [stdout]                                at /rustc/0e09125c6c3c2fd70d7de961bcf0e51575235fad/library/core/src/panicking.rs:72:14
[INFO] [stdout]   19:     0x55ad49a5148b - core::panicking::assert_failed_inner::h9f13e27dd63c3a08
[INFO] [stdout]                                at /rustc/0e09125c6c3c2fd70d7de961bcf0e51575235fad/library/core/src/panicking.rs:342:17
[INFO] [stdout]   20:     0x55ad49a584a2 - core::panicking::assert_failed::h60704e5a89d17a33
[INFO] [stdout]                                at /rustc/0e09125c6c3c2fd70d7de961bcf0e51575235fad/library/core/src/panicking.rs:297:5
[INFO] [stdout]   21:     0x55ad49a5b2ab - run_test::execute::ha0dbf84661b9e449
[INFO] [stdout]                                at /opt/rustwide/workdir/rasm/tests/run_test.rs:586:9
[INFO] [stdout]   22:     0x55ad49a59b88 - run_test::run_test::h1256d0998a0d479e
[INFO] [stdout]                                at /opt/rustwide/workdir/rasm/tests/run_test.rs:503:5
[INFO] [stdout]   23:     0x55ad49a5d5b2 - run_test::test_error_handling1::h7a5c8a76556f4ab6
[INFO] [stdout]                                at /opt/rustwide/workdir/rasm/tests/run_test.rs:397:5
[INFO] [stdout]   24:     0x55ad49a5d527 - run_test::test_error_handling1::{{closure}}::h83607ae8f454c38d
[INFO] [stdout]                                at /opt/rustwide/workdir/rasm/tests/run_test.rs:396:26
[INFO] [stdout]   25:     0x55ad49a53f66 - core::ops::function::FnOnce::call_once::hf7d45fdbb339d39c
[INFO] [stdout]                                at /rustc/0e09125c6c3c2fd70d7de961bcf0e51575235fad/library/core/src/ops/function.rs:250:5
[INFO] [stdout]   26:     0x55ad49a9976f - core::ops::function::FnOnce::call_once::hd64d26f405258157
[INFO] [stdout]                                at /rustc/0e09125c6c3c2fd70d7de961bcf0e51575235fad/library/core/src/ops/function.rs:250:5
[INFO] [stdout]   27:     0x55ad49a9976f - test::__rust_begin_short_backtrace::he21b0b7a6d731bf9
[INFO] [stdout]                                at /rustc/0e09125c6c3c2fd70d7de961bcf0e51575235fad/library/test/src/lib.rs:627:18
[INFO] [stdout]   28:     0x55ad49a984f1 - test::run_test_in_process::{{closure}}::hf5c73986d7bdfde2
[INFO] [stdout]                                at /rustc/0e09125c6c3c2fd70d7de961bcf0e51575235fad/library/test/src/lib.rs:650:60
[INFO] [stdout]   29:     0x55ad49a984f1 - <core::panic::unwind_safe::AssertUnwindSafe<F> as core::ops::function::FnOnce<()>>::call_once::h330011ad032aadc0
[INFO] [stdout]                                at /rustc/0e09125c6c3c2fd70d7de961bcf0e51575235fad/library/core/src/panic/unwind_safe.rs:272:9
[INFO] [stdout]   30:     0x55ad49a984f1 - std::panicking::try::do_call::he61b0a958b795a41
[INFO] [stdout]                                at /rustc/0e09125c6c3c2fd70d7de961bcf0e51575235fad/library/std/src/panicking.rs:552:40
[INFO] [stdout]   31:     0x55ad49a984f1 - std::panicking::try::h7309da130f906eb7
[INFO] [stdout]                                at /rustc/0e09125c6c3c2fd70d7de961bcf0e51575235fad/library/std/src/panicking.rs:516:19
[INFO] [stdout]   32:     0x55ad49a984f1 - std::panic::catch_unwind::hc5c3a06fdaf0a92a
[INFO] [stdout]                                at /rustc/0e09125c6c3c2fd70d7de961bcf0e51575235fad/library/std/src/panic.rs:142:14
[INFO] [stdout]   33:     0x55ad49a984f1 - test::run_test_in_process::h7e7b7c71c3324e0f
[INFO] [stdout]                                at /rustc/0e09125c6c3c2fd70d7de961bcf0e51575235fad/library/test/src/lib.rs:650:27
[INFO] [stdout]   34:     0x55ad49a984f1 - test::run_test::{{closure}}::h1f509f28f5cf20b1
[INFO] [stdout]                                at /rustc/0e09125c6c3c2fd70d7de961bcf0e51575235fad/library/test/src/lib.rs:573:43
[INFO] [stdout]   35:     0x55ad49a5f826 - test::run_test::{{closure}}::h1754218abf443f6d
[INFO] [stdout]                                at /rustc/0e09125c6c3c2fd70d7de961bcf0e51575235fad/library/test/src/lib.rs:601:41
[INFO] [stdout]   36:     0x55ad49a5f826 - std::sys_common::backtrace::__rust_begin_short_backtrace::h2ee174b9d5954948
[INFO] [stdout]                                at /rustc/0e09125c6c3c2fd70d7de961bcf0e51575235fad/library/std/src/sys_common/backtrace.rs:155:18
[INFO] [stdout]   37:     0x55ad49a64887 - std::thread::Builder::spawn_unchecked_::{{closure}}::{{closure}}::hf60bee9c1a17ef09
[INFO] [stdout]                                at /rustc/0e09125c6c3c2fd70d7de961bcf0e51575235fad/library/std/src/thread/mod.rs:529:17
[INFO] [stdout]   38:     0x55ad49a64887 - <core::panic::unwind_safe::AssertUnwindSafe<F> as core::ops::function::FnOnce<()>>::call_once::h33d0dddec5216160
[INFO] [stdout]                                at /rustc/0e09125c6c3c2fd70d7de961bcf0e51575235fad/library/core/src/panic/unwind_safe.rs:272:9
[INFO] [stdout]   39:     0x55ad49a64887 - std::panicking::try::do_call::h144b3048b546f835
[INFO] [stdout]                                at /rustc/0e09125c6c3c2fd70d7de961bcf0e51575235fad/library/std/src/panicking.rs:552:40
[INFO] [stdout]   40:     0x55ad49a64887 - std::panicking::try::h978244d04646189f
[INFO] [stdout]                                at /rustc/0e09125c6c3c2fd70d7de961bcf0e51575235fad/library/std/src/panicking.rs:516:19
[INFO] [stdout]   41:     0x55ad49a64887 - std::panic::catch_unwind::hdf436369d188fe86
[INFO] [stdout]                                at /rustc/0e09125c6c3c2fd70d7de961bcf0e51575235fad/library/std/src/panic.rs:142:14
[INFO] [stdout]   42:     0x55ad49a64887 - std::thread::Builder::spawn_unchecked_::{{closure}}::h87329cbdd33c79ec
[INFO] [stdout]                                at /rustc/0e09125c6c3c2fd70d7de961bcf0e51575235fad/library/std/src/thread/mod.rs:528:30
[INFO] [stdout]   43:     0x55ad49a64887 - core::ops::function::FnOnce::call_once{{vtable.shim}}::h401abbe67897d450
[INFO] [stdout]                                at /rustc/0e09125c6c3c2fd70d7de961bcf0e51575235fad/library/core/src/ops/function.rs:250:5
[INFO] [stdout]   44:     0x55ad49adce45 - <alloc::boxed::Box<F,A> as core::ops::function::FnOnce<Args>>::call_once::h5d7c8f150ab9c84c
[INFO] [stdout]                                at /rustc/0e09125c6c3c2fd70d7de961bcf0e51575235fad/library/alloc/src/boxed.rs:2015:9
[INFO] [stdout]   45:     0x55ad49adce45 - <alloc::boxed::Box<F,A> as core::ops::function::FnOnce<Args>>::call_once::h570d5b005c242c15
[INFO] [stdout]                                at /rustc/0e09125c6c3c2fd70d7de961bcf0e51575235fad/library/alloc/src/boxed.rs:2015:9
[INFO] [stdout]   46:     0x55ad49adce45 - std::sys::unix::thread::Thread::new::thread_start::h36b0a20c0b2361ad
[INFO] [stdout]                                at /rustc/0e09125c6c3c2fd70d7de961bcf0e51575235fad/library/std/src/sys/unix/thread.rs:108:17
[INFO] [stdout]   47:     0x7f4326ce6ac3 - <unknown>
[INFO] [stdout]   48:     0x7f4326d77bf4 - __clone
[INFO] [stdout]   49:                0x0 - <unknown>
[INFO] [stdout] 
[INFO] [stdout] ---- test_write_file stdout ----
[INFO] [stdout] PANIC: Error writing to file.
[INFO] [stdout] 
[INFO] [stdout] thread 'test_write_file' panicked at rasm/tests/run_test.rs:583:5:
[INFO] [stdout] assertion failed: output.status.success()
[INFO] [stdout] stack backtrace:
[INFO] [stdout]    0:     0x55ad49ad57a6 - std::backtrace_rs::backtrace::libunwind::trace::h261606ad26a499c1
[INFO] [stdout]                                at /rustc/0e09125c6c3c2fd70d7de961bcf0e51575235fad/library/std/src/../../backtrace/src/backtrace/libunwind.rs:104:5
[INFO] [stdout]    1:     0x55ad49ad57a6 - std::backtrace_rs::backtrace::trace_unsynchronized::hd183f0625477fb28
[INFO] [stdout]                                at /rustc/0e09125c6c3c2fd70d7de961bcf0e51575235fad/library/std/src/../../backtrace/src/backtrace/mod.rs:66:5
[INFO] [stdout]    2:     0x55ad49ad57a6 - std::sys_common::backtrace::_print_fmt::hd7f8fef21b4eda67
[INFO] [stdout]                                at /rustc/0e09125c6c3c2fd70d7de961bcf0e51575235fad/library/std/src/sys_common/backtrace.rs:68:5
[INFO] [stdout]    3:     0x55ad49ad57a6 - <std::sys_common::backtrace::_print::DisplayBacktrace as core::fmt::Display>::fmt::h623d9b51f2f453f1
[INFO] [stdout]                                at /rustc/0e09125c6c3c2fd70d7de961bcf0e51575235fad/library/std/src/sys_common/backtrace.rs:44:22
[INFO] [stdout]    4:     0x55ad49aff120 - core::fmt::rt::Argument::fmt::h9f417ac76a86f368
[INFO] [stdout]                                at /rustc/0e09125c6c3c2fd70d7de961bcf0e51575235fad/library/core/src/fmt/rt.rs:142:9
[INFO] [stdout]    5:     0x55ad49aff120 - core::fmt::write::hc9b6faf4ac2aeff7
[INFO] [stdout]                                at /rustc/0e09125c6c3c2fd70d7de961bcf0e51575235fad/library/core/src/fmt/mod.rs:1120:17
[INFO] [stdout]    6:     0x55ad49ad2c7f - std::io::Write::write_fmt::he04625a3a989fec3
[INFO] [stdout]                                at /rustc/0e09125c6c3c2fd70d7de961bcf0e51575235fad/library/std/src/io/mod.rs:1810:15
[INFO] [stdout]    7:     0x55ad49ad5584 - std::sys_common::backtrace::_print::hd5d66399c7df88a2
[INFO] [stdout]                                at /rustc/0e09125c6c3c2fd70d7de961bcf0e51575235fad/library/std/src/sys_common/backtrace.rs:47:5
[INFO] [stdout]    8:     0x55ad49ad5584 - std::sys_common::backtrace::print::he81ed2da642d37e5
[INFO] [stdout]                                at /rustc/0e09125c6c3c2fd70d7de961bcf0e51575235fad/library/std/src/sys_common/backtrace.rs:34:9
[INFO] [stdout]    9:     0x55ad49ad72f7 - std::panicking::default_hook::{{closure}}::h85773f4fa117163d
[INFO] [stdout]   10:     0x55ad49ad6fdd - std::panicking::default_hook::h6a1694a91d09b278
[INFO] [stdout]                                at /rustc/0e09125c6c3c2fd70d7de961bcf0e51575235fad/library/std/src/panicking.rs:289:9
[INFO] [stdout]   11:     0x55ad49a93e97 - <alloc::boxed::Box<F,A> as core::ops::function::Fn<Args>>::call::h616ac37fa3cd6c8f
[INFO] [stdout]                                at /rustc/0e09125c6c3c2fd70d7de961bcf0e51575235fad/library/alloc/src/boxed.rs:2029:9
[INFO] [stdout]   12:     0x55ad49a93e97 - test::test_main::{{closure}}::h00d84697cefdcbb6
[INFO] [stdout]                                at /rustc/0e09125c6c3c2fd70d7de961bcf0e51575235fad/library/test/src/lib.rs:138:21
[INFO] [stdout]   13:     0x55ad49ad7916 - <alloc::boxed::Box<F,A> as core::ops::function::Fn<Args>>::call::hcb3fe3b9bb537ba8
[INFO] [stdout]                                at /rustc/0e09125c6c3c2fd70d7de961bcf0e51575235fad/library/alloc/src/boxed.rs:2029:9
[INFO] [stdout]   14:     0x55ad49ad7916 - std::panicking::rust_panic_with_hook::h0a7ad96e90f7145b
[INFO] [stdout]                                at /rustc/0e09125c6c3c2fd70d7de961bcf0e51575235fad/library/std/src/panicking.rs:783:13
[INFO] [stdout]   15:     0x55ad49ad7629 - std::panicking::begin_panic_handler::{{closure}}::h7919090525c6485e
[INFO] [stdout]                                at /rustc/0e09125c6c3c2fd70d7de961bcf0e51575235fad/library/std/src/panicking.rs:649:13
[INFO] [stdout]   16:     0x55ad49ad5ca6 - std::sys_common::backtrace::__rust_end_short_backtrace::hf3289479464f7dfe
[INFO] [stdout]                                at /rustc/0e09125c6c3c2fd70d7de961bcf0e51575235fad/library/std/src/sys_common/backtrace.rs:171:18
[INFO] [stdout]   17:     0x55ad49ad73c0 - rust_begin_unwind
[INFO] [stdout]                                at /rustc/0e09125c6c3c2fd70d7de961bcf0e51575235fad/library/std/src/panicking.rs:645:5
[INFO] [stdout]   18:     0x55ad49a51055 - core::panicking::panic_fmt::hcc9f77c5c132af55
[INFO] [stdout]                                at /rustc/0e09125c6c3c2fd70d7de961bcf0e51575235fad/library/core/src/panicking.rs:72:14
[INFO] [stdout]   19:     0x55ad49a51113 - core::panicking::panic::h5a1259c1164bd480
[INFO] [stdout]                                at /rustc/0e09125c6c3c2fd70d7de961bcf0e51575235fad/library/core/src/panicking.rs:144:5
[INFO] [stdout]   20:     0x55ad49a5b15f - run_test::execute::ha0dbf84661b9e449
[INFO] [stdout]                                at /opt/rustwide/workdir/rasm/tests/run_test.rs:583:5
[INFO] [stdout]   21:     0x55ad49a59b88 - run_test::run_test::h1256d0998a0d479e
[INFO] [stdout]                                at /opt/rustwide/workdir/rasm/tests/run_test.rs:503:5
[INFO] [stdout]   22:     0x55ad49a5cf5d - run_test::test_write_file::h2182e29d0be0b801
[INFO] [stdout]                                at /opt/rustwide/workdir/rasm/tests/run_test.rs:308:5
[INFO] [stdout]   23:     0x55ad49a5cf17 - run_test::test_write_file::{{closure}}::h3db4f06889e66edb
[INFO] [stdout]                                at /opt/rustwide/workdir/rasm/tests/run_test.rs:307:21
[INFO] [stdout]   24:     0x55ad49a53bd6 - core::ops::function::FnOnce::call_once::hc15c58babfd46b9f
[INFO] [stdout]                                at /rustc/0e09125c6c3c2fd70d7de961bcf0e51575235fad/library/core/src/ops/function.rs:250:5
[INFO] [stdout]   25:     0x55ad49a9976f - core::ops::function::FnOnce::call_once::hd64d26f405258157
[INFO] [stdout]                                at /rustc/0e09125c6c3c2fd70d7de961bcf0e51575235fad/library/core/src/ops/function.rs:250:5
[INFO] [stdout]   26:     0x55ad49a9976f - test::__rust_begin_short_backtrace::he21b0b7a6d731bf9
[INFO] [stdout]                                at /rustc/0e09125c6c3c2fd70d7de961bcf0e51575235fad/library/test/src/lib.rs:627:18
[INFO] [stdout]   27:     0x55ad49a984f1 - test::run_test_in_process::{{closure}}::hf5c73986d7bdfde2
[INFO] [stdout]                                at /rustc/0e09125c6c3c2fd70d7de961bcf0e51575235fad/library/test/src/lib.rs:650:60
[INFO] [stdout]   28:     0x55ad49a984f1 - <core::panic::unwind_safe::AssertUnwindSafe<F> as core::ops::function::FnOnce<()>>::call_once::h330011ad032aadc0
[INFO] [stdout]                                at /rustc/0e09125c6c3c2fd70d7de961bcf0e51575235fad/library/core/src/panic/unwind_safe.rs:272:9
[INFO] [stdout]   29:     0x55ad49a984f1 - std::panicking::try::do_call::he61b0a958b795a41
[INFO] [stdout]                                at /rustc/0e09125c6c3c2fd70d7de961bcf0e51575235fad/library/std/src/panicking.rs:552:40
[INFO] [stdout]   30:     0x55ad49a984f1 - std::panicking::try::h7309da130f906eb7
[INFO] [stdout]                                at /rustc/0e09125c6c3c2fd70d7de961bcf0e51575235fad/library/std/src/panicking.rs:516:19
[INFO] [stdout]   31:     0x55ad49a984f1 - std::panic::catch_unwind::hc5c3a06fdaf0a92a
[INFO] [stdout]                                at /rustc/0e09125c6c3c2fd70d7de961bcf0e51575235fad/library/std/src/panic.rs:142:14
[INFO] [stdout]   32:     0x55ad49a984f1 - test::run_test_in_process::h7e7b7c71c3324e0f
[INFO] [stdout]                                at /rustc/0e09125c6c3c2fd70d7de961bcf0e51575235fad/library/test/src/lib.rs:650:27
[INFO] [stdout]   33:     0x55ad49a984f1 - test::run_test::{{closure}}::h1f509f28f5cf20b1
[INFO] [stdout]                                at /rustc/0e09125c6c3c2fd70d7de961bcf0e51575235fad/library/test/src/lib.rs:573:43
[INFO] [stdout]   34:     0x55ad49a5f826 - test::run_test::{{closure}}::h1754218abf443f6d
[INFO] [stdout]                                at /rustc/0e09125c6c3c2fd70d7de961bcf0e51575235fad/library/test/src/lib.rs:601:41
[INFO] [stdout]   35:     0x55ad49a5f826 - std::sys_common::backtrace::__rust_begin_short_backtrace::h2ee174b9d5954948
[INFO] [stdout]                                at /rustc/0e09125c6c3c2fd70d7de961bcf0e51575235fad/library/std/src/sys_common/backtrace.rs:155:18
[INFO] [stdout]   36:     0x55ad49a64887 - std::thread::Builder::spawn_unchecked_::{{closure}}::{{closure}}::hf60bee9c1a17ef09
[INFO] [stdout]                                at /rustc/0e09125c6c3c2fd70d7de961bcf0e51575235fad/library/std/src/thread/mod.rs:529:17
[INFO] [stdout]   37:     0x55ad49a64887 - <core::panic::unwind_safe::AssertUnwindSafe<F> as core::ops::function::FnOnce<()>>::call_once::h33d0dddec5216160
[INFO] [stdout]                                at /rustc/0e09125c6c3c2fd70d7de961bcf0e51575235fad/library/core/src/panic/unwind_safe.rs:272:9
[INFO] [stdout]   38:     0x55ad49a64887 - std::panicking::try::do_call::h144b3048b546f835
[INFO] [stdout]                                at /rustc/0e09125c6c3c2fd70d7de961bcf0e51575235fad/library/std/src/panicking.rs:552:40
[INFO] [stdout]   39:     0x55ad49a64887 - std::panicking::try::h978244d04646189f
[INFO] [stdout]                                at /rustc/0e09125c6c3c2fd70d7de961bcf0e51575235fad/library/std/src/panicking.rs:516:19
[INFO] [stdout]   40:     0x55ad49a64887 - std::panic::catch_unwind::hdf436369d188fe86
[INFO] [stdout]                                at /rustc/0e09125c6c3c2fd70d7de961bcf0e51575235fad/library/std/src/panic.rs:142:14
[INFO] [stdout]   41:     0x55ad49a64887 - std::thread::Builder::spawn_unchecked_::{{closure}}::h87329cbdd33c79ec
[INFO] [stdout]                                at /rustc/0e09125c6c3c2fd70d7de961bcf0e51575235fad/library/std/src/thread/mod.rs:528:30
[INFO] [stdout]   42:     0x55ad49a64887 - core::ops::function::FnOnce::call_once{{vtable.shim}}::h401abbe67897d450
[INFO] [stdout]                                at /rustc/0e09125c6c3c2fd70d7de961bcf0e51575235fad/library/core/src/ops/function.rs:250:5
[INFO] [stdout]   43:     0x55ad49adce45 - <alloc::boxed::Box<F,A> as core::ops::function::FnOnce<Args>>::call_once::h5d7c8f150ab9c84c
[INFO] [stdout]                                at /rustc/0e09125c6c3c2fd70d7de961bcf0e51575235fad/library/alloc/src/boxed.rs:2015:9
[INFO] [stdout]   44:     0x55ad49adce45 - <alloc::boxed::Box<F,A> as core::ops::function::FnOnce<Args>>::call_once::h570d5b005c242c15
[INFO] [stdout]                                at /rustc/0e09125c6c3c2fd70d7de961bcf0e51575235fad/library/alloc/src/boxed.rs:2015:9
[INFO] [stdout]   45:     0x55ad49adce45 - std::sys::unix::thread::Thread::new::thread_start::h36b0a20c0b2361ad
[INFO] [stdout]                                at /rustc/0e09125c6c3c2fd70d7de961bcf0e51575235fad/library/std/src/sys/unix/thread.rs:108:17
[INFO] [stdout]   46:     0x7f4326ce6ac3 - <unknown>
[INFO] [stdout]   47:     0x7f4326d77bf4 - __clone
[INFO] [stdout]   48:                0x0 - <unknown>
[INFO] [stdout] 
[INFO] [stdout] 
[INFO] [stdout] failures:
[INFO] [stdout]     test_error_handling1
[INFO] [stdout]     test_write_file
[INFO] [stdout] 
[INFO] [stdout] test result: FAILED. 77 passed; 2 failed; 1 ignored; 0 measured; 0 filtered out; finished in 3.37s
[INFO] [stdout] 
[INFO] [stderr] error: test failed, to rerun pass `-p rasm --test run_test`
[INFO] running `Command { std: "docker" "inspect" "4226110f71bac974d0c15c689c5d650f0f74fb72ce09ccddff046211efe576a7", kill_on_drop: false }`
[INFO] running `Command { std: "docker" "rm" "-f" "4226110f71bac974d0c15c689c5d650f0f74fb72ce09ccddff046211efe576a7", kill_on_drop: false }`
[INFO] [stdout] 4226110f71bac974d0c15c689c5d650f0f74fb72ce09ccddff046211efe576a7
