[INFO] cloning repository https://github.com/encryptogroup/dp-KRE
[INFO] running `Command { std: "git" "-c" "credential.helper=" "-c" "credential.helper=/workspace/cargo-home/bin/git-credential-null" "clone" "--bare" "https://github.com/encryptogroup/dp-KRE" "/workspace/cache/git-repos/https%3A%2F%2Fgithub.com%2Fencryptogroup%2Fdp-KRE", kill_on_drop: false }`
[INFO] [stderr] Cloning into bare repository '/workspace/cache/git-repos/https%3A%2F%2Fgithub.com%2Fencryptogroup%2Fdp-KRE'...
[INFO] running `Command { std: "git" "rev-parse" "HEAD", kill_on_drop: false }`
[INFO] [stdout] 6d48aeb1c0b7eca8d9d53945936c8f67d67bd933
[INFO] testing encryptogroup/dp-KRE against 1.75.0 for beta-1.76-1
[INFO] running `Command { std: "git" "clone" "/workspace/cache/git-repos/https%3A%2F%2Fgithub.com%2Fencryptogroup%2Fdp-KRE" "/workspace/builds/worker-0-tc1/source", kill_on_drop: false }`
[INFO] [stderr] Cloning into '/workspace/builds/worker-0-tc1/source'...
[INFO] [stderr] done.
[INFO] [stderr] Updating files:  37% (1918/5183)
Updating files:  38% (1970/5183)
Updating files:  39% (2022/5183)
Updating files:  40% (2074/5183)
Updating files:  41% (2126/5183)
Updating files:  42% (2177/5183)
Updating files:  43% (2229/5183)
Updating files:  44% (2281/5183)
Updating files:  44% (2287/5183)
Updating files:  45% (2333/5183)
Updating files:  46% (2385/5183)
Updating files:  46% (2387/5183)
Updating files:  47% (2437/5183)
Updating files:  47% (2468/5183)
Updating files:  48% (2488/5183)
Updating files:  49% (2540/5183)
Updating files:  49% (2548/5183)
Updating files:  49% (2571/5183)
Updating files:  50% (2592/5183)
Updating files:  50% (2617/5183)
Updating files:  51% (2644/5183)
Updating files:  52% (2696/5183)
Updating files:  53% (2747/5183)
Updating files:  54% (2799/5183)
Updating files:  55% (2851/5183)
Updating files:  56% (2903/5183)
Updating files:  57% (2955/5183)
Updating files:  57% (2963/5183)
Updating files:  58% (3007/5183)
Updating files:  59% (3058/5183)
Updating files:  60% (3110/5183)
Updating files:  61% (3162/5183)
Updating files:  62% (3214/5183)
Updating files:  63% (3266/5183)
Updating files:  64% (3318/5183)
Updating files:  65% (3369/5183)
Updating files:  66% (3421/5183)
Updating files:  67% (3473/5183)
Updating files:  68% (3525/5183)
Updating files:  69% (3577/5183)
Updating files:  70% (3629/5183)
Updating files:  71% (3680/5183)
Updating files:  72% (3732/5183)
Updating files:  73% (3784/5183)
Updating files:  74% (3836/5183)
Updating files:  75% (3888/5183)
Updating files:  76% (3940/5183)
Updating files:  77% (3991/5183)
Updating files:  78% (4043/5183)
Updating files:  79% (4095/5183)
Updating files:  80% (4147/5183)
Updating files:  81% (4199/5183)
Updating files:  82% (4251/5183)
Updating files:  83% (4302/5183)
Updating files:  83% (4341/5183)
Updating files:  84% (4354/5183)
Updating files:  85% (4406/5183)
Updating files:  86% (4458/5183)
Updating files:  87% (4510/5183)
Updating files:  88% (4562/5183)
Updating files:  88% (4585/5183)
Updating files:  89% (4613/5183)
Updating files:  90% (4665/5183)
Updating files:  91% (4717/5183)
Updating files:  92% (4769/5183)
Updating files:  92% (4806/5183)
Updating files:  93% (4821/5183)
Updating files:  94% (4873/5183)
Updating files:  94% (4880/5183)
Updating files:  95% (4924/5183)
Updating files:  95% (4929/5183)
Updating files:  96% (4976/5183)
Updating files:  96% (4993/5183)
Updating files:  97% (5028/5183)
Updating files:  98% (5080/5183)
Updating files:  98% (5120/5183)
Updating files:  99% (5132/5183)
Updating files: 100% (5183/5183)
Updating files: 100% (5183/5183), done.
[INFO] validating manifest of git repo https://github.com/encryptogroup/dp-KRE on toolchain 1.75.0
[INFO] running `Command { std: CARGO_HOME="/workspace/cargo-home" RUSTUP_HOME="/workspace/rustup-home" "/workspace/cargo-home/bin/cargo" "+1.75.0" "metadata" "--manifest-path" "Cargo.toml" "--no-deps", kill_on_drop: false }`
[INFO] started tweaking git repo https://github.com/encryptogroup/dp-KRE
[INFO] finished tweaking git repo https://github.com/encryptogroup/dp-KRE
[INFO] tweaked toml for git repo https://github.com/encryptogroup/dp-KRE written to /workspace/builds/worker-0-tc1/source/Cargo.toml
[INFO] crate git repo https://github.com/encryptogroup/dp-KRE already has a lockfile, it will not be regenerated
[INFO] running `Command { std: CARGO_HOME="/workspace/cargo-home" RUSTUP_HOME="/workspace/rustup-home" "/workspace/cargo-home/bin/cargo" "+1.75.0" "fetch" "--manifest-path" "Cargo.toml", kill_on_drop: false }`
[INFO] [stderr]     Updating crates.io index
[INFO] [stderr]     Updating git repository `https://github.com/robinhundt/pht-crypto`
[INFO] [stderr]  Downloading crates ...
[INFO] [stderr]   Downloaded statrs v0.13.0
[INFO] [stderr]   Downloaded rug v1.20.1
[INFO] [stderr]   Downloaded gmp-mpfr-sys v1.6.0
[INFO] [stderr]   Downloaded opendp v0.6.2
[INFO] [stderr]   Downloaded opendp_derive v0.6.2
[INFO] running `Command { std: "docker" "create" "-v" "/var/lib/crater-agent-workspace/builds/worker-0-tc1/target:/opt/rustwide/target:rw,Z" "-v" "/var/lib/crater-agent-workspace/builds/worker-0-tc1/source:/opt/rustwide/workdir:ro,Z" "-v" "/var/lib/crater-agent-workspace/cargo-home:/opt/rustwide/cargo-home:ro,Z" "-v" "/var/lib/crater-agent-workspace/rustup-home:/opt/rustwide/rustup-home:ro,Z" "-e" "SOURCE_DIR=/opt/rustwide/workdir" "-e" "CARGO_TARGET_DIR=/opt/rustwide/target" "-e" "CARGO_HOME=/opt/rustwide/cargo-home" "-e" "RUSTUP_HOME=/opt/rustwide/rustup-home" "-w" "/opt/rustwide/workdir" "-m" "1610612736" "--user" "0:0" "--network" "none" "ghcr.io/rust-lang/crates-build-env/linux@sha256:2788e3201cd34a07e3172128adcd8b3090168a8e3bcc40d7c032b9dda1df7d1c" "/opt/rustwide/cargo-home/bin/cargo" "+1.75.0" "metadata" "--no-deps" "--format-version=1", kill_on_drop: false }`
[INFO] [stdout] 83d65e1248e6036bb3d533ceea372b0571ada9886b9da32dd8d2a121fc4358ba
[INFO] running `Command { std: "docker" "start" "-a" "83d65e1248e6036bb3d533ceea372b0571ada9886b9da32dd8d2a121fc4358ba", kill_on_drop: false }`
[INFO] running `Command { std: "docker" "inspect" "83d65e1248e6036bb3d533ceea372b0571ada9886b9da32dd8d2a121fc4358ba", kill_on_drop: false }`
[INFO] running `Command { std: "docker" "rm" "-f" "83d65e1248e6036bb3d533ceea372b0571ada9886b9da32dd8d2a121fc4358ba", kill_on_drop: false }`
[INFO] [stdout] 83d65e1248e6036bb3d533ceea372b0571ada9886b9da32dd8d2a121fc4358ba
[INFO] running `Command { std: "docker" "create" "-v" "/var/lib/crater-agent-workspace/builds/worker-0-tc1/target:/opt/rustwide/target:rw,Z" "-v" "/var/lib/crater-agent-workspace/builds/worker-0-tc1/source:/opt/rustwide/workdir:ro,Z" "-v" "/var/lib/crater-agent-workspace/cargo-home:/opt/rustwide/cargo-home:ro,Z" "-v" "/var/lib/crater-agent-workspace/rustup-home:/opt/rustwide/rustup-home:ro,Z" "-e" "SOURCE_DIR=/opt/rustwide/workdir" "-e" "CARGO_TARGET_DIR=/opt/rustwide/target" "-e" "CARGO_INCREMENTAL=0" "-e" "RUST_BACKTRACE=full" "-e" "RUSTFLAGS=--cap-lints=warn" "-e" "RUSTDOCFLAGS=--cap-lints=warn" "-e" "CARGO_HOME=/opt/rustwide/cargo-home" "-e" "RUSTUP_HOME=/opt/rustwide/rustup-home" "-w" "/opt/rustwide/workdir" "-m" "1610612736" "--user" "0:0" "--network" "none" "ghcr.io/rust-lang/crates-build-env/linux@sha256:2788e3201cd34a07e3172128adcd8b3090168a8e3bcc40d7c032b9dda1df7d1c" "/opt/rustwide/cargo-home/bin/cargo" "+1.75.0" "build" "--frozen" "--message-format=json", kill_on_drop: false }`
[INFO] [stdout] 37452e84e5c06b09a31189f7f15b4208437913014acaafde96f53574ddbd7bf5
[INFO] running `Command { std: "docker" "start" "-a" "37452e84e5c06b09a31189f7f15b4208437913014acaafde96f53574ddbd7bf5", kill_on_drop: false }`
[INFO] [stderr]    Compiling libc v0.2.147
[INFO] [stderr]    Compiling proc-macro2 v1.0.66
[INFO] [stderr]    Compiling unicode-ident v1.0.11
[INFO] [stderr]    Compiling libm v0.2.7
[INFO] [stderr]    Compiling num-traits v0.2.16
[INFO] [stderr]    Compiling num-integer v0.1.45
[INFO] [stderr]    Compiling pkg-config v0.3.27
[INFO] [stderr]    Compiling thiserror v1.0.44
[INFO] [stderr]    Compiling once_cell v1.17.2
[INFO] [stderr]    Compiling ppv-lite86 v0.2.17
[INFO] [stderr]    Compiling futures-core v0.3.28
[INFO] [stderr]    Compiling ucd-trie v0.1.6
[INFO] [stderr]    Compiling pin-project-lite v0.2.12
[INFO] [stderr]    Compiling crossbeam-utils v0.8.16
[INFO] [stderr]    Compiling log v0.4.19
[INFO] [stderr]    Compiling slab v0.4.8
[INFO] [stderr]    Compiling serde v1.0.183
[INFO] [stderr]    Compiling simd-adler32 v0.3.7
[INFO] [stderr]    Compiling futures-sink v0.3.28
[INFO] [stderr]    Compiling getrandom v0.1.16
[INFO] [stderr]    Compiling scopeguard v1.2.0
[INFO] [stderr]    Compiling futures-task v0.3.28
[INFO] [stderr]    Compiling serde_derive v1.0.183
[INFO] [stderr]    Compiling adler v1.0.2
[INFO] [stderr]    Compiling futures-channel v0.3.28
[INFO] [stderr]    Compiling tracing-core v0.1.31
[INFO] [stderr]    Compiling miniz_oxide v0.7.1
[INFO] [stderr]    Compiling num-bigint v0.4.3
[INFO] [stderr]    Compiling vcpkg v0.2.15
[INFO] [stderr]    Compiling gmp-mpfr-sys v1.6.0
[INFO] [stderr]    Compiling futures-util v0.3.28
[INFO] [stderr]    Compiling crc32fast v1.3.2
[INFO] [stderr]    Compiling num-complex v0.2.4
[INFO] [stderr]    Compiling memoffset v0.9.0
[INFO] [stderr]    Compiling quote v1.0.32
[INFO] [stderr]    Compiling cc v1.0.82
[INFO] [stderr]    Compiling syn v2.0.28
[INFO] [stderr]    Compiling getrandom v0.2.10
[INFO] [stderr]    Compiling num-rational v0.4.1
[INFO] [stderr]    Compiling lock_api v0.4.11
[INFO] [stderr]    Compiling futures-io v0.3.28
[INFO] [stderr]    Compiling rand_core v0.6.4
[INFO] [stderr]    Compiling rand_core v0.5.1
[INFO] [stderr]    Compiling parking_lot_core v0.9.9
[INFO] [stderr]    Compiling openssl-src v111.27.0+1.1.1v
[INFO] [stderr]    Compiling cmake v0.1.50
[INFO] [stderr]    Compiling smallvec v1.11.0
[INFO] [stderr]    Compiling syn v1.0.109
[INFO] [stderr]    Compiling rand_chacha v0.3.1
[INFO] [stderr]    Compiling typenum v1.16.0
[INFO] [stderr]    Compiling rand_chacha v0.2.2
[INFO] [stderr]    Compiling rand v0.8.5
[INFO] [stderr]    Compiling crossbeam-channel v0.5.8
[INFO] [stderr]    Compiling num_cpus v1.16.0
[INFO] [stderr]    Compiling yeslogic-fontconfig-sys v3.2.0
[INFO] [stderr]    Compiling num-bigint v0.3.3
[INFO] [stderr]    Compiling num-rational v0.2.4
[INFO] [stderr]    Compiling num-iter v0.1.43
[INFO] [stderr]    Compiling openssl-sys v0.9.91
[INFO] [stderr]    Compiling freetype-sys v0.13.1
[INFO] [stderr]    Compiling crossbeam-epoch v0.9.15
[INFO] [stderr]    Compiling async-trait v0.1.72
[INFO] [stderr]    Compiling az v1.2.1
[INFO] [stderr]    Compiling approx v0.3.2
[INFO] [stderr]    Compiling flate2 v1.0.26
[INFO] [stderr]    Compiling rand v0.7.3
[INFO] [stderr]    Compiling sharded-slab v0.1.4
[INFO] [stderr]    Compiling fdeflate v0.3.0
[INFO] [stderr]    Compiling thread_local v1.1.7
[INFO] [stderr]    Compiling libloading v0.8.0
[INFO] [stderr]    Compiling num-rational v0.3.2
[INFO] [stderr]    Compiling anyhow v1.0.72
[INFO] [stderr]    Compiling bytes v1.4.0
[INFO] [stderr]    Compiling color_quant v1.1.0
[INFO] [stderr]    Compiling rug v1.20.1
[INFO] [stderr]    Compiling serde_json v1.0.104
[INFO] [stderr]    Compiling byteorder v1.4.3
[INFO] [stderr]    Compiling rawpointer v0.2.1
[INFO] [stderr]    Compiling openssl v0.10.56
[INFO] [stderr]    Compiling matrixmultiply v0.2.4
[INFO] [stderr]    Compiling rand_distr v0.2.2
[INFO] [stderr]    Compiling png v0.17.9
[INFO] [stderr]    Compiling generic-array v0.13.3
[INFO] [stderr]    Compiling dlib v0.5.2
[INFO] [stderr]    Compiling parking_lot v0.12.1
[INFO] [stderr]    Compiling alga v0.9.3
[INFO] [stderr]    Compiling backtrace v0.3.68
[INFO] [stderr]    Compiling dirs-sys-next v0.1.2
[INFO] [stderr]    Compiling socket2 v0.5.3
[INFO] [stderr]    Compiling mio v0.8.8
[INFO] [stderr]    Compiling signal-hook-registry v1.4.1
[INFO] [stderr]    Compiling rayon-core v1.11.0
[INFO] [stderr]    Compiling const-cstr v0.3.0
[INFO] [stderr]    Compiling gimli v0.27.3
[INFO] [stderr]    Compiling font-kit v0.11.0
[INFO] [stderr]    Compiling itoa v1.0.9
[INFO] [stderr]    Compiling bytemuck v1.13.1
[INFO] [stderr]    Compiling jpeg-decoder v0.3.0
[INFO] [stderr]    Compiling percent-encoding v2.3.0
[INFO] [stderr]    Compiling same-file v1.0.6
[INFO] [stderr]    Compiling weezl v0.1.7
[INFO] [stderr]    Compiling plotters-backend v0.3.5
[INFO] [stderr]    Compiling ryu v1.0.15
[INFO] [stderr]    Compiling walkdir v2.3.3
[INFO] [stderr]    Compiling dirs-next v2.0.0
[INFO] [stderr]    Compiling nalgebra v0.19.0
[INFO] [stderr]    Compiling freetype v0.7.0
[INFO] [stderr]    Compiling gif v0.12.0
[INFO] [stderr]    Compiling crossbeam-deque v0.8.3
[INFO] [stderr]    Compiling bincode v1.3.3
[INFO] [stderr]    Compiling image v0.24.5
[INFO] [stderr]    Compiling tracing-subscriber v0.2.25
[INFO] [stderr]    Compiling num-complex v0.3.1
[INFO] [stderr]    Compiling time v0.1.45
[INFO] [stderr]    Compiling object v0.31.1
[INFO] [stderr]    Compiling iana-time-zone v0.1.57
[INFO] [stderr]    Compiling rustc-demangle v0.1.23
[INFO] [stderr]    Compiling opendp v0.6.2
[INFO] [stderr]    Compiling float-ord v0.2.0
[INFO] [stderr]    Compiling overload v0.1.1
[INFO] [stderr]    Compiling chrono v0.4.26
[INFO] [stderr]    Compiling num v0.3.1
[INFO] [stderr]    Compiling nu-ansi-term v0.46.0
[INFO] [stderr]    Compiling plotters-svg v0.3.5
[INFO] [stderr]    Compiling num-complex v0.4.3
[INFO] [stderr]    Compiling tracing-log v0.1.3
[INFO] [stderr]    Compiling either v1.9.0
[INFO] [stderr]    Compiling addr2line v0.20.0
[INFO] [stderr]    Compiling opendp_derive v0.6.2
[INFO] [stderr]    Compiling ttf-parser v0.15.2
[INFO] [stderr]    Compiling humantime v2.1.0
[INFO] [stderr]    Compiling static_assertions v1.1.0
[INFO] [stderr]    Compiling num v0.4.1
[INFO] [stderr]    Compiling rayon v1.7.0
[INFO] [stderr]    Compiling tracing-subscriber v0.3.17
[INFO] [stderr]    Compiling rand_distr v0.4.3
[INFO] [stderr]    Compiling thiserror-impl v1.0.44
[INFO] [stderr]    Compiling futures-macro v0.3.28
[INFO] [stderr]    Compiling pin-project-internal v1.1.3
[INFO] [stderr]    Compiling tracing-attributes v0.1.26
[INFO] [stderr]    Compiling tokio-macros v2.1.0
[INFO] [stderr]    Compiling openssl-macros v0.1.1
[INFO] [stderr]    Compiling enum-ordinalize v3.1.13
[INFO] [stderr]    Compiling tarpc-plugins v0.12.0
[INFO] [stderr]    Compiling tokio v1.30.0
[INFO] [stderr]    Compiling educe v0.4.22
[INFO] [stderr]    Compiling pin-project v1.1.3
[INFO] [stderr]    Compiling plotters-bitmap v0.3.3
[INFO] [stderr]    Compiling pest v2.5.7
[INFO] [stderr]    Compiling tracing v0.1.37
[INFO] [stderr]    Compiling tracing-futures v0.2.5
[INFO] [stderr]    Compiling tokio-serde v0.8.0
[INFO] [stderr]    Compiling semver-parser v0.10.2
[INFO] [stderr]    Compiling semver v0.11.0
[INFO] [stderr]    Compiling futures-executor v0.3.28
[INFO] [stderr]    Compiling futures v0.3.28
[INFO] [stderr]    Compiling rustc_version v0.3.3
[INFO] [stderr]    Compiling opentelemetry v0.16.0
[INFO] [stderr]    Compiling pathfinder_simd v0.5.1
[INFO] [stderr]    Compiling tracing-opentelemetry v0.15.0
[INFO] [stderr]    Compiling statrs v0.13.0
[INFO] [stderr]    Compiling pathfinder_geometry v0.5.1
[INFO] [stderr]    Compiling tokio-util v0.6.10
[INFO] [stderr]    Compiling tarpc v0.27.2
[INFO] [stderr]    Compiling plotters v0.3.4
[INFO] [stderr]    Compiling pht-crypto v0.1.0-alpha (https://github.com/robinhundt/pht-crypto?rev=79502ebb8060345d90b33fd6b7532d954a580853#79502ebb)
[INFO] [stderr]    Compiling privdev-dp-comp v0.1.0 (/opt/rustwide/workdir)
[INFO] [stdout] warning: unused import: `crate::test::init_logging`
[INFO] [stdout]   --> src/net/benchmarks.rs:15:5
[INFO] [stdout]    |
[INFO] [stdout] 15 | use crate::test::init_logging;
[INFO] [stdout]    |     ^^^^^^^^^^^^^^^^^^^^^^^^^
[INFO] [stdout]    |
[INFO] [stdout]    = note: `#[warn(unused_imports)]` on by default
[INFO] [stdout] 
[INFO] [stdout] 
[INFO] [stdout] warning: unreachable expression
[INFO] [stdout]   --> src/net/netclient.rs:92:9
[INFO] [stdout]    |
[INFO] [stdout] 47 | /         loop {
[INFO] [stdout] 48 | |             let [lt, gt] = self.client.local_computation();
[INFO] [stdout] 49 | |             let msg = ClientMessage::MsgCiphertext(lt, gt);
[INFO] [stdout] 50 | |             let msg_bytes = bincode::serialize(&msg).unwrap();
[INFO] [stdout] ...  |
[INFO] [stdout] 89 | |             tracing::debug!("Next iteration");
[INFO] [stdout] 90 | |         }
[INFO] [stdout]    | |_________- any code following this expression is unreachable
[INFO] [stdout] 91 |           // Return an error:
[INFO] [stdout] 92 |           Err(Box::new(std::io::Error::new(std::io::ErrorKind::Other, "Protocol failed")))
[INFO] [stdout]    |           ^^^^^^^^^^^^^^^^^^^^^^^^^^^^^^^^^^^^^^^^^^^^^^^^^^^^^^^^^^^^^^^^^^^^^^^^^^^^^^^^ unreachable expression
[INFO] [stdout]    |
[INFO] [stdout]    = note: `#[warn(unreachable_code)]` on by default
[INFO] [stdout] 
[INFO] [stdout] 
[INFO] [stdout] warning: unused variable: `id`
[INFO] [stdout]    --> src/net/netserver.rs:164:30
[INFO] [stdout]     |
[INFO] [stdout] 164 |                 if let Some((id, decryption1, decryption2)) = rx.recv().await {
[INFO] [stdout]     |                              ^^ help: if this is intentional, prefix it with an underscore: `_id`
[INFO] [stdout]     |
[INFO] [stdout]     = note: `#[warn(unused_variables)]` on by default
[INFO] [stdout] 
[INFO] [stdout] 
[INFO] [stdout] warning: fields `idx` and `n` are never read
[INFO] [stdout]   --> src/party/party_client.rs:27:16
[INFO] [stdout]    |
[INFO] [stdout] 23 | pub struct PartyClient<T> where T: TypeTrait {
[INFO] [stdout]    |            ----------- fields in this struct
[INFO] [stdout] ...
[INFO] [stdout] 27 |     pub(crate) idx: u32,
[INFO] [stdout]    |                ^^^
[INFO] [stdout] 28 |     // number of parties
[INFO] [stdout] 29 |     pub(crate) n: usize,
[INFO] [stdout]    |                ^
[INFO] [stdout]    |
[INFO] [stdout]    = note: `PartyClient` has derived impls for the traits `Debug` and `Clone`, but these are intentionally ignored during dead code analysis
[INFO] [stdout]    = note: `#[warn(dead_code)]` on by default
[INFO] [stdout] 
[INFO] [stdout] 
[INFO] [stdout] warning: field `n` is never read
[INFO] [stdout]   --> src/party/party_server.rs:24:16
[INFO] [stdout]    |
[INFO] [stdout] 22 | pub struct PartyServer {
[INFO] [stdout]    |            ----------- field in this struct
[INFO] [stdout] 23 |     // number of parties
[INFO] [stdout] 24 |     pub(crate) n: usize,
[INFO] [stdout]    |                ^
[INFO] [stdout] 
[INFO] [stdout] 
[INFO] [stdout] warning: function `get_noise_range` is never used
[INFO] [stdout]    --> src/party/dp_client.rs:152:4
[INFO] [stdout]     |
[INFO] [stdout] 152 | fn get_noise_range(result: usize) -> (f64, f64) {
[INFO] [stdout]     |    ^^^^^^^^^^^^^^^
[INFO] [stdout] 
[INFO] [stdout] 
[INFO] [stdout] warning: static `INIT` is never used
[INFO] [stdout]  --> src/test.rs:5:8
[INFO] [stdout]   |
[INFO] [stdout] 5 | static INIT: Once = Once::new();
[INFO] [stdout]   |        ^^^^
[INFO] [stdout] 
[INFO] [stdout] 
[INFO] [stdout] warning: constant `LOG_LEVEL` is never used
[INFO] [stdout]  --> src/test.rs:6:7
[INFO] [stdout]   |
[INFO] [stdout] 6 | const LOG_LEVEL: Level = Level::INFO;
[INFO] [stdout]   |       ^^^^^^^^^
[INFO] [stdout] 
[INFO] [stdout] 
[INFO] [stdout] warning: function `init_logging` is never used
[INFO] [stdout]  --> src/test.rs:9:16
[INFO] [stdout]   |
[INFO] [stdout] 9 | pub (crate) fn init_logging() {
[INFO] [stdout]   |                ^^^^^^^^^^^^
[INFO] [stdout] 
[INFO] [stdout] 
[INFO] [stdout] warning: struct `NetworkServer` is never constructed
[INFO] [stdout]  --> src/protocol.rs:5:8
[INFO] [stdout]   |
[INFO] [stdout] 5 | struct NetworkServer {
[INFO] [stdout]   |        ^^^^^^^^^^^^^
[INFO] [stdout] 
[INFO] [stdout] 
[INFO] [stdout] warning: struct `NetworkClient` is never constructed
[INFO] [stdout]   --> src/protocol.rs:10:8
[INFO] [stdout]    |
[INFO] [stdout] 10 | struct NetworkClient<T> where T: TypeTrait {
[INFO] [stdout]    |        ^^^^^^^^^^^^^
[INFO] [stdout] 
[INFO] [stdout] 
[INFO] [stdout] warning: function `create_single_party` is never used
[INFO] [stdout]   --> src/utils/protocol.rs:47:15
[INFO] [stdout]    |
[INFO] [stdout] 47 | pub(crate) fn create_single_party(db: Vec<i32>) -> (PartyServer, PartyClient<i32>) {
[INFO] [stdout]    |               ^^^^^^^^^^^^^^^^^^^
[INFO] [stdout] 
[INFO] [stdout] 
[INFO] [stdout] warning: function `sample_db_sizes` is never used
[INFO] [stdout]    --> src/utils/protocol.rs:173:15
[INFO] [stdout]     |
[INFO] [stdout] 173 | pub(crate) fn sample_db_sizes(total_size: usize, num_parties: usize) -> Vec<usize> {
[INFO] [stdout]     |               ^^^^^^^^^^^^^^^
[INFO] [stdout] 
[INFO] [stdout] 
[INFO] [stdout] warning: function `get_kth_element` is never used
[INFO] [stdout]    --> src/utils/protocol.rs:199:15
[INFO] [stdout]     |
[INFO] [stdout] 199 | pub(crate) fn get_kth_element<T: TypeTrait>(db: &Vec<Vec<T>>, k: usize) -> T {
[INFO] [stdout]     |               ^^^^^^^^^^^^^^^
[INFO] [stdout] 
[INFO] [stdout] 
[INFO] [stdout] warning: constant `NUM_PARTIES` is never used
[INFO] [stdout]   --> src/net/benchmarks.rs:21:7
[INFO] [stdout]    |
[INFO] [stdout] 21 | const NUM_PARTIES: usize = 100;
[INFO] [stdout]    |       ^^^^^^^^^^^
[INFO] [stdout] 
[INFO] [stdout] 
[INFO] [stdout] warning: constant `DB_SIZE` is never used
[INFO] [stdout]   --> src/net/benchmarks.rs:22:7
[INFO] [stdout]    |
[INFO] [stdout] 22 | const DB_SIZE: usize = 100;
[INFO] [stdout]    |       ^^^^^^^
[INFO] [stdout] 
[INFO] [stdout] 
[INFO] [stdout] warning: constant `k` is never used
[INFO] [stdout]   --> src/net/benchmarks.rs:23:7
[INFO] [stdout]    |
[INFO] [stdout] 23 | const k: KValue = KValue::Median;
[INFO] [stdout]    |       ^
[INFO] [stdout] 
[INFO] [stdout] 
[INFO] [stdout] warning: function `test_multi_party` is never used
[INFO] [stdout]   --> src/net/benchmarks.rs:80:10
[INFO] [stdout]    |
[INFO] [stdout] 80 | async fn test_multi_party(durations: &mut Vec<Duration>) {
[INFO] [stdout]    |          ^^^^^^^^^^^^^^^^
[INFO] [stdout] 
[INFO] [stdout] 
[INFO] [stdout] warning: call to `.clone()` on a reference in this situation does nothing
[INFO] [stdout]   --> src/utils/plot.rs:56:34
[INFO] [stdout]    |
[INFO] [stdout] 56 |     if Path::new(results_filename.clone()).exists() {
[INFO] [stdout]    |                                  ^^^^^^^^ help: remove this redundant call
[INFO] [stdout]    |
[INFO] [stdout]    = note: the type `str` does not implement `Clone`, so calling `clone` on `&str` copies the reference, which does not do anything and can be removed
[INFO] [stdout]    = note: `#[warn(noop_method_call)]` on by default
[INFO] [stdout] 
[INFO] [stdout] 
[INFO] [stdout] warning: constant `k` should have an upper case name
[INFO] [stdout]   --> src/net/benchmarks.rs:23:7
[INFO] [stdout]    |
[INFO] [stdout] 23 | const k: KValue = KValue::Median;
[INFO] [stdout]    |       ^ help: convert the identifier to upper case (notice the capitalization): `K`
[INFO] [stdout]    |
[INFO] [stdout]    = note: `#[warn(non_upper_case_globals)]` on by default
[INFO] [stdout] 
[INFO] [stdout] 
[INFO] [stdout] warning: 20 warnings emitted
[INFO] [stdout] 
[INFO] [stdout] 
[INFO] [stderr]     Finished dev [unoptimized + debuginfo] target(s) in 2m 54s
[INFO] running `Command { std: "docker" "inspect" "37452e84e5c06b09a31189f7f15b4208437913014acaafde96f53574ddbd7bf5", kill_on_drop: false }`
[INFO] running `Command { std: "docker" "rm" "-f" "37452e84e5c06b09a31189f7f15b4208437913014acaafde96f53574ddbd7bf5", kill_on_drop: false }`
[INFO] [stdout] 37452e84e5c06b09a31189f7f15b4208437913014acaafde96f53574ddbd7bf5
[INFO] running `Command { std: "docker" "create" "-v" "/var/lib/crater-agent-workspace/builds/worker-0-tc1/target:/opt/rustwide/target:rw,Z" "-v" "/var/lib/crater-agent-workspace/builds/worker-0-tc1/source:/opt/rustwide/workdir:ro,Z" "-v" "/var/lib/crater-agent-workspace/cargo-home:/opt/rustwide/cargo-home:ro,Z" "-v" "/var/lib/crater-agent-workspace/rustup-home:/opt/rustwide/rustup-home:ro,Z" "-e" "SOURCE_DIR=/opt/rustwide/workdir" "-e" "CARGO_TARGET_DIR=/opt/rustwide/target" "-e" "CARGO_INCREMENTAL=0" "-e" "RUST_BACKTRACE=full" "-e" "RUSTFLAGS=--cap-lints=warn" "-e" "RUSTDOCFLAGS=--cap-lints=warn" "-e" "CARGO_HOME=/opt/rustwide/cargo-home" "-e" "RUSTUP_HOME=/opt/rustwide/rustup-home" "-w" "/opt/rustwide/workdir" "-m" "1610612736" "--user" "0:0" "--network" "none" "ghcr.io/rust-lang/crates-build-env/linux@sha256:2788e3201cd34a07e3172128adcd8b3090168a8e3bcc40d7c032b9dda1df7d1c" "/opt/rustwide/cargo-home/bin/cargo" "+1.75.0" "test" "--frozen" "--no-run" "--message-format=json", kill_on_drop: false }`
[INFO] [stdout] d3fbe8a19c6875a5b9b7359f1ac77b0d0e7d3f8b1b866cdb4ee837d70e2ffe5d
[INFO] running `Command { std: "docker" "start" "-a" "d3fbe8a19c6875a5b9b7359f1ac77b0d0e7d3f8b1b866cdb4ee837d70e2ffe5d", kill_on_drop: false }`
[INFO] [stderr]    Compiling serde v1.0.183
[INFO] [stderr]    Compiling either v1.9.0
[INFO] [stderr]    Compiling indexmap v1.9.3
[INFO] [stderr]    Compiling ciborium-io v0.2.1
[INFO] [stderr]    Compiling half v1.8.2
[INFO] [stderr]    Compiling os_str_bytes v6.5.1
[INFO] [stderr]    Compiling textwrap v0.16.0
[INFO] [stderr]    Compiling cast v0.3.0
[INFO] [stderr]    Compiling regex-syntax v0.7.2
[INFO] [stderr]    Compiling atty v0.2.14
[INFO] [stderr]    Compiling anes v0.1.6
[INFO] [stderr]    Compiling oorandom v11.1.3
[INFO] [stderr]    Compiling itertools v0.10.5
[INFO] [stderr]    Compiling rayon v1.7.0
[INFO] [stderr]    Compiling clap_lex v0.2.4
[INFO] [stderr]    Compiling ciborium-ll v0.2.1
[INFO] [stderr]    Compiling clap v3.2.25
[INFO] [stderr]    Compiling regex v1.8.4
[INFO] [stderr]    Compiling criterion-plot v0.5.0
[INFO] [stderr]    Compiling serde_json v1.0.104
[INFO] [stderr]    Compiling rug v1.20.1
[INFO] [stderr]    Compiling bincode v1.3.3
[INFO] [stderr]    Compiling ciborium v0.2.1
[INFO] [stderr]    Compiling tokio-serde v0.8.0
[INFO] [stderr]    Compiling tinytemplate v1.2.1
[INFO] [stderr]    Compiling tarpc v0.27.2
[INFO] [stderr]    Compiling criterion v0.4.0
[INFO] [stderr]    Compiling pht-crypto v0.1.0-alpha (https://github.com/robinhundt/pht-crypto?rev=79502ebb8060345d90b33fd6b7532d954a580853#79502ebb)
[INFO] [stderr]    Compiling opendp v0.6.2
[INFO] [stderr]    Compiling privdev-dp-comp v0.1.0 (/opt/rustwide/workdir)
[INFO] [stdout] warning: unused import: `crate::test::init_logging`
[INFO] [stdout]   --> src/net/benchmarks.rs:15:5
[INFO] [stdout]    |
[INFO] [stdout] 15 | use crate::test::init_logging;
[INFO] [stdout]    |     ^^^^^^^^^^^^^^^^^^^^^^^^^
[INFO] [stdout]    |
[INFO] [stdout]    = note: `#[warn(unused_imports)]` on by default
[INFO] [stdout] 
[INFO] [stdout] 
[INFO] [stdout] warning: unreachable expression
[INFO] [stdout]   --> src/net/netclient.rs:92:9
[INFO] [stdout]    |
[INFO] [stdout] 47 | /         loop {
[INFO] [stdout] 48 | |             let [lt, gt] = self.client.local_computation();
[INFO] [stdout] 49 | |             let msg = ClientMessage::MsgCiphertext(lt, gt);
[INFO] [stdout] 50 | |             let msg_bytes = bincode::serialize(&msg).unwrap();
[INFO] [stdout] ...  |
[INFO] [stdout] 89 | |             tracing::debug!("Next iteration");
[INFO] [stdout] 90 | |         }
[INFO] [stdout]    | |_________- any code following this expression is unreachable
[INFO] [stdout] 91 |           // Return an error:
[INFO] [stdout] 92 |           Err(Box::new(std::io::Error::new(std::io::ErrorKind::Other, "Protocol failed")))
[INFO] [stdout]    |           ^^^^^^^^^^^^^^^^^^^^^^^^^^^^^^^^^^^^^^^^^^^^^^^^^^^^^^^^^^^^^^^^^^^^^^^^^^^^^^^^ unreachable expression
[INFO] [stdout]    |
[INFO] [stdout]    = note: `#[warn(unreachable_code)]` on by default
[INFO] [stdout] 
[INFO] [stdout] 
[INFO] [stdout] warning: unused import: `get_scale_fixed`
[INFO] [stdout]  --> src/dp_test.rs:4:35
[INFO] [stdout]   |
[INFO] [stdout] 4 |     use crate::party::dp_client::{get_scale_fixed, get_scale_sigmoid, GetScaleFn, NoiseLevel};
[INFO] [stdout]   |                                   ^^^^^^^^^^^^^^^
[INFO] [stdout]   |
[INFO] [stdout]   = note: `#[warn(unused_imports)]` on by default
[INFO] [stdout] 
[INFO] [stdout] 
[INFO] [stdout] warning: unused variable: `id`
[INFO] [stdout]    --> src/net/netserver.rs:164:30
[INFO] [stdout]     |
[INFO] [stdout] 164 |                 if let Some((id, decryption1, decryption2)) = rx.recv().await {
[INFO] [stdout]     |                              ^^ help: if this is intentional, prefix it with an underscore: `_id`
[INFO] [stdout]     |
[INFO] [stdout]     = note: `#[warn(unused_variables)]` on by default
[INFO] [stdout] 
[INFO] [stdout] 
[INFO] [stdout] warning: unreachable expression
[INFO] [stdout]   --> src/net/netclient.rs:92:9
[INFO] [stdout]    |
[INFO] [stdout] 47 | /         loop {
[INFO] [stdout] 48 | |             let [lt, gt] = self.client.local_computation();
[INFO] [stdout] 49 | |             let msg = ClientMessage::MsgCiphertext(lt, gt);
[INFO] [stdout] 50 | |             let msg_bytes = bincode::serialize(&msg).unwrap();
[INFO] [stdout] ...  |
[INFO] [stdout] 89 | |             tracing::debug!("Next iteration");
[INFO] [stdout] 90 | |         }
[INFO] [stdout]    | |_________- any code following this expression is unreachable
[INFO] [stdout] 91 |           // Return an error:
[INFO] [stdout] 92 |           Err(Box::new(std::io::Error::new(std::io::ErrorKind::Other, "Protocol failed")))
[INFO] [stdout]    |           ^^^^^^^^^^^^^^^^^^^^^^^^^^^^^^^^^^^^^^^^^^^^^^^^^^^^^^^^^^^^^^^^^^^^^^^^^^^^^^^^ unreachable expression
[INFO] [stdout]    |
[INFO] [stdout]    = note: `#[warn(unreachable_code)]` on by default
[INFO] [stdout] 
[INFO] [stdout] 
[INFO] [stdout] warning: unused variable: `id`
[INFO] [stdout]    --> src/net/netserver.rs:164:30
[INFO] [stdout]     |
[INFO] [stdout] 164 |                 if let Some((id, decryption1, decryption2)) = rx.recv().await {
[INFO] [stdout]     |                              ^^ help: if this is intentional, prefix it with an underscore: `_id`
[INFO] [stdout]     |
[INFO] [stdout]     = note: `#[warn(unused_variables)]` on by default
[INFO] [stdout] 
[INFO] [stdout] 
[INFO] [stdout] warning: fields `idx` and `n` are never read
[INFO] [stdout]   --> src/party/party_client.rs:27:16
[INFO] [stdout]    |
[INFO] [stdout] 23 | pub struct PartyClient<T> where T: TypeTrait {
[INFO] [stdout]    |            ----------- fields in this struct
[INFO] [stdout] ...
[INFO] [stdout] 27 |     pub(crate) idx: u32,
[INFO] [stdout]    |                ^^^
[INFO] [stdout] 28 |     // number of parties
[INFO] [stdout] 29 |     pub(crate) n: usize,
[INFO] [stdout]    |                ^
[INFO] [stdout]    |
[INFO] [stdout]    = note: `PartyClient` has derived impls for the traits `Debug` and `Clone`, but these are intentionally ignored during dead code analysis
[INFO] [stdout]    = note: `#[warn(dead_code)]` on by default
[INFO] [stdout] 
[INFO] [stdout] 
[INFO] [stdout] warning: field `n` is never read
[INFO] [stdout]   --> src/party/party_server.rs:24:16
[INFO] [stdout]    |
[INFO] [stdout] 22 | pub struct PartyServer {
[INFO] [stdout]    |            ----------- field in this struct
[INFO] [stdout] 23 |     // number of parties
[INFO] [stdout] 24 |     pub(crate) n: usize,
[INFO] [stdout]    |                ^
[INFO] [stdout] 
[INFO] [stdout] 
[INFO] [stdout] warning: function `get_noise_range` is never used
[INFO] [stdout]    --> src/party/dp_client.rs:152:4
[INFO] [stdout]     |
[INFO] [stdout] 152 | fn get_noise_range(result: usize) -> (f64, f64) {
[INFO] [stdout]     |    ^^^^^^^^^^^^^^^
[INFO] [stdout] 
[INFO] [stdout] 
[INFO] [stdout] warning: static `INIT` is never used
[INFO] [stdout]  --> src/test.rs:5:8
[INFO] [stdout]   |
[INFO] [stdout] 5 | static INIT: Once = Once::new();
[INFO] [stdout]   |        ^^^^
[INFO] [stdout] 
[INFO] [stdout] 
[INFO] [stdout] warning: constant `LOG_LEVEL` is never used
[INFO] [stdout]  --> src/test.rs:6:7
[INFO] [stdout]   |
[INFO] [stdout] 6 | const LOG_LEVEL: Level = Level::INFO;
[INFO] [stdout]   |       ^^^^^^^^^
[INFO] [stdout] 
[INFO] [stdout] 
[INFO] [stdout] warning: function `init_logging` is never used
[INFO] [stdout]  --> src/test.rs:9:16
[INFO] [stdout]   |
[INFO] [stdout] 9 | pub (crate) fn init_logging() {
[INFO] [stdout]   |                ^^^^^^^^^^^^
[INFO] [stdout] 
[INFO] [stdout] 
[INFO] [stdout] warning: struct `NetworkServer` is never constructed
[INFO] [stdout]  --> src/protocol.rs:5:8
[INFO] [stdout]   |
[INFO] [stdout] 5 | struct NetworkServer {
[INFO] [stdout]   |        ^^^^^^^^^^^^^
[INFO] [stdout] 
[INFO] [stdout] 
[INFO] [stdout] warning: struct `NetworkClient` is never constructed
[INFO] [stdout]   --> src/protocol.rs:10:8
[INFO] [stdout]    |
[INFO] [stdout] 10 | struct NetworkClient<T> where T: TypeTrait {
[INFO] [stdout]    |        ^^^^^^^^^^^^^
[INFO] [stdout] 
[INFO] [stdout] 
[INFO] [stdout] warning: function `create_single_party` is never used
[INFO] [stdout]   --> src/utils/protocol.rs:47:15
[INFO] [stdout]    |
[INFO] [stdout] 47 | pub(crate) fn create_single_party(db: Vec<i32>) -> (PartyServer, PartyClient<i32>) {
[INFO] [stdout]    |               ^^^^^^^^^^^^^^^^^^^
[INFO] [stdout] 
[INFO] [stdout] 
[INFO] [stdout] warning: function `sample_db_sizes` is never used
[INFO] [stdout]    --> src/utils/protocol.rs:173:15
[INFO] [stdout]     |
[INFO] [stdout] 173 | pub(crate) fn sample_db_sizes(total_size: usize, num_parties: usize) -> Vec<usize> {
[INFO] [stdout]     |               ^^^^^^^^^^^^^^^
[INFO] [stdout] 
[INFO] [stdout] 
[INFO] [stdout] warning: function `get_kth_element` is never used
[INFO] [stdout]    --> src/utils/protocol.rs:199:15
[INFO] [stdout]     |
[INFO] [stdout] 199 | pub(crate) fn get_kth_element<T: TypeTrait>(db: &Vec<Vec<T>>, k: usize) -> T {
[INFO] [stdout]     |               ^^^^^^^^^^^^^^^
[INFO] [stdout] 
[INFO] [stdout] 
[INFO] [stdout] warning: constant `NUM_PARTIES` is never used
[INFO] [stdout]   --> src/net/benchmarks.rs:21:7
[INFO] [stdout]    |
[INFO] [stdout] 21 | const NUM_PARTIES: usize = 100;
[INFO] [stdout]    |       ^^^^^^^^^^^
[INFO] [stdout] 
[INFO] [stdout] 
[INFO] [stdout] warning: constant `DB_SIZE` is never used
[INFO] [stdout]   --> src/net/benchmarks.rs:22:7
[INFO] [stdout]    |
[INFO] [stdout] 22 | const DB_SIZE: usize = 100;
[INFO] [stdout]    |       ^^^^^^^
[INFO] [stdout] 
[INFO] [stdout] 
[INFO] [stdout] warning: constant `k` is never used
[INFO] [stdout]   --> src/net/benchmarks.rs:23:7
[INFO] [stdout]    |
[INFO] [stdout] 23 | const k: KValue = KValue::Median;
[INFO] [stdout]    |       ^
[INFO] [stdout] 
[INFO] [stdout] 
[INFO] [stdout] warning: function `test_multi_party` is never used
[INFO] [stdout]   --> src/net/benchmarks.rs:80:10
[INFO] [stdout]    |
[INFO] [stdout] 80 | async fn test_multi_party(durations: &mut Vec<Duration>) {
[INFO] [stdout]    |          ^^^^^^^^^^^^^^^^
[INFO] [stdout] 
[INFO] [stdout] 
[INFO] [stdout] warning: call to `.clone()` on a reference in this situation does nothing
[INFO] [stdout]   --> src/utils/plot.rs:56:34
[INFO] [stdout]    |
[INFO] [stdout] 56 |     if Path::new(results_filename.clone()).exists() {
[INFO] [stdout]    |                                  ^^^^^^^^ help: remove this redundant call
[INFO] [stdout]    |
[INFO] [stdout]    = note: the type `str` does not implement `Clone`, so calling `clone` on `&str` copies the reference, which does not do anything and can be removed
[INFO] [stdout]    = note: `#[warn(noop_method_call)]` on by default
[INFO] [stdout] 
[INFO] [stdout] 
[INFO] [stdout] warning: constant `k` should have an upper case name
[INFO] [stdout]   --> src/net/benchmarks.rs:23:7
[INFO] [stdout]    |
[INFO] [stdout] 23 | const k: KValue = KValue::Median;
[INFO] [stdout]    |       ^ help: convert the identifier to upper case (notice the capitalization): `K`
[INFO] [stdout]    |
[INFO] [stdout]    = note: `#[warn(non_upper_case_globals)]` on by default
[INFO] [stdout] 
[INFO] [stdout] 
[INFO] [stdout] warning: fields `idx` and `n` are never read
[INFO] [stdout]   --> src/party/party_client.rs:27:16
[INFO] [stdout]    |
[INFO] [stdout] 23 | pub struct PartyClient<T> where T: TypeTrait {
[INFO] [stdout]    |            ----------- fields in this struct
[INFO] [stdout] ...
[INFO] [stdout] 27 |     pub(crate) idx: u32,
[INFO] [stdout]    |                ^^^
[INFO] [stdout] 28 |     // number of parties
[INFO] [stdout] 29 |     pub(crate) n: usize,
[INFO] [stdout]    |                ^
[INFO] [stdout]    |
[INFO] [stdout]    = note: `PartyClient` has derived impls for the traits `Debug` and `Clone`, but these are intentionally ignored during dead code analysis
[INFO] [stdout]    = note: `#[warn(dead_code)]` on by default
[INFO] [stdout] 
[INFO] [stdout] 
[INFO] [stdout] warning: field `n` is never read
[INFO] [stdout]   --> src/party/party_server.rs:24:16
[INFO] [stdout]    |
[INFO] [stdout] 22 | pub struct PartyServer {
[INFO] [stdout]    |            ----------- field in this struct
[INFO] [stdout] 23 |     // number of parties
[INFO] [stdout] 24 |     pub(crate) n: usize,
[INFO] [stdout]    |                ^
[INFO] [stdout] 
[INFO] [stdout] 
[INFO] [stdout] warning: function `get_noise_range` is never used
[INFO] [stdout]    --> src/party/dp_client.rs:152:4
[INFO] [stdout]     |
[INFO] [stdout] 152 | fn get_noise_range(result: usize) -> (f64, f64) {
[INFO] [stdout]     |    ^^^^^^^^^^^^^^^
[INFO] [stdout] 
[INFO] [stdout] 
[INFO] [stdout] warning: struct `NetworkServer` is never constructed
[INFO] [stdout]  --> src/protocol.rs:5:8
[INFO] [stdout]   |
[INFO] [stdout] 5 | struct NetworkServer {
[INFO] [stdout]   |        ^^^^^^^^^^^^^
[INFO] [stdout] 
[INFO] [stdout] 
[INFO] [stdout] warning: struct `NetworkClient` is never constructed
[INFO] [stdout]   --> src/protocol.rs:10:8
[INFO] [stdout]    |
[INFO] [stdout] 10 | struct NetworkClient<T> where T: TypeTrait {
[INFO] [stdout]    |        ^^^^^^^^^^^^^
[INFO] [stdout] 
[INFO] [stdout] 
[INFO] [stdout] warning: function `sample_db_sizes` is never used
[INFO] [stdout]    --> src/utils/protocol.rs:173:15
[INFO] [stdout]     |
[INFO] [stdout] 173 | pub(crate) fn sample_db_sizes(total_size: usize, num_parties: usize) -> Vec<usize> {
[INFO] [stdout]     |               ^^^^^^^^^^^^^^^
[INFO] [stdout] 
[INFO] [stdout] 
[INFO] [stdout] warning: call to `.clone()` on a reference in this situation does nothing
[INFO] [stdout]   --> src/utils/plot.rs:56:34
[INFO] [stdout]    |
[INFO] [stdout] 56 |     if Path::new(results_filename.clone()).exists() {
[INFO] [stdout]    |                                  ^^^^^^^^ help: remove this redundant call
[INFO] [stdout]    |
[INFO] [stdout]    = note: the type `str` does not implement `Clone`, so calling `clone` on `&str` copies the reference, which does not do anything and can be removed
[INFO] [stdout]    = note: `#[warn(noop_method_call)]` on by default
[INFO] [stdout] 
[INFO] [stdout] 
[INFO] [stdout] warning: constant `k` should have an upper case name
[INFO] [stdout]   --> src/net/benchmarks.rs:23:7
[INFO] [stdout]    |
[INFO] [stdout] 23 | const k: KValue = KValue::Median;
[INFO] [stdout]    |       ^ help: convert the identifier to upper case (notice the capitalization): `K`
[INFO] [stdout]    |
[INFO] [stdout]    = note: `#[warn(non_upper_case_globals)]` on by default
[INFO] [stdout] 
[INFO] [stdout] 
[INFO] [stdout] warning: 20 warnings emitted
[INFO] [stdout] 
[INFO] [stdout] 
[INFO] [stdout] warning: 11 warnings emitted
[INFO] [stdout] 
[INFO] [stdout] 
[INFO] [stderr]     Finished test [unoptimized + debuginfo] target(s) in 14.45s
[INFO] running `Command { std: "docker" "inspect" "d3fbe8a19c6875a5b9b7359f1ac77b0d0e7d3f8b1b866cdb4ee837d70e2ffe5d", kill_on_drop: false }`
[INFO] running `Command { std: "docker" "rm" "-f" "d3fbe8a19c6875a5b9b7359f1ac77b0d0e7d3f8b1b866cdb4ee837d70e2ffe5d", kill_on_drop: false }`
[INFO] [stdout] d3fbe8a19c6875a5b9b7359f1ac77b0d0e7d3f8b1b866cdb4ee837d70e2ffe5d
[INFO] running `Command { std: "docker" "create" "-v" "/var/lib/crater-agent-workspace/builds/worker-0-tc1/target:/opt/rustwide/target:rw,Z" "-v" "/var/lib/crater-agent-workspace/builds/worker-0-tc1/source:/opt/rustwide/workdir:ro,Z" "-v" "/var/lib/crater-agent-workspace/cargo-home:/opt/rustwide/cargo-home:ro,Z" "-v" "/var/lib/crater-agent-workspace/rustup-home:/opt/rustwide/rustup-home:ro,Z" "-e" "SOURCE_DIR=/opt/rustwide/workdir" "-e" "CARGO_TARGET_DIR=/opt/rustwide/target" "-e" "CARGO_INCREMENTAL=0" "-e" "RUST_BACKTRACE=full" "-e" "RUSTFLAGS=--cap-lints=warn" "-e" "RUSTDOCFLAGS=--cap-lints=warn" "-e" "CARGO_HOME=/opt/rustwide/cargo-home" "-e" "RUSTUP_HOME=/opt/rustwide/rustup-home" "-w" "/opt/rustwide/workdir" "-m" "1610612736" "--user" "0:0" "--network" "none" "ghcr.io/rust-lang/crates-build-env/linux@sha256:2788e3201cd34a07e3172128adcd8b3090168a8e3bcc40d7c032b9dda1df7d1c" "/opt/rustwide/cargo-home/bin/cargo" "+1.75.0" "test" "--frozen", kill_on_drop: false }`
[INFO] [stdout] b2838353e68188b30eab80647055371e451509c84fa065f7c95f855dc308970c
[INFO] running `Command { std: "docker" "start" "-a" "b2838353e68188b30eab80647055371e451509c84fa065f7c95f855dc308970c", kill_on_drop: false }`
[INFO] [stderr] warning: unused import: `crate::test::init_logging`
[INFO] [stderr]   --> src/net/benchmarks.rs:15:5
[INFO] [stderr]    |
[INFO] [stderr] 15 | use crate::test::init_logging;
[INFO] [stderr]    |     ^^^^^^^^^^^^^^^^^^^^^^^^^
[INFO] [stderr]    |
[INFO] [stderr]    = note: `#[warn(unused_imports)]` on by default
[INFO] [stderr] 
[INFO] [stderr] warning: unreachable expression
[INFO] [stderr]   --> src/net/netclient.rs:92:9
[INFO] [stderr]    |
[INFO] [stderr] 47 | /         loop {
[INFO] [stderr] 48 | |             let [lt, gt] = self.client.local_computation();
[INFO] [stderr] 49 | |             let msg = ClientMessage::MsgCiphertext(lt, gt);
[INFO] [stderr] 50 | |             let msg_bytes = bincode::serialize(&msg).unwrap();
[INFO] [stderr] ...  |
[INFO] [stderr] 89 | |             tracing::debug!("Next iteration");
[INFO] [stderr] 90 | |         }
[INFO] [stderr]    | |_________- any code following this expression is unreachable
[INFO] [stderr] 91 |           // Return an error:
[INFO] [stderr] 92 |           Err(Box::new(std::io::Error::new(std::io::ErrorKind::Other, "Protocol failed")))
[INFO] [stderr]    |           ^^^^^^^^^^^^^^^^^^^^^^^^^^^^^^^^^^^^^^^^^^^^^^^^^^^^^^^^^^^^^^^^^^^^^^^^^^^^^^^^ unreachable expression
[INFO] [stderr]    |
[INFO] [stderr]    = note: `#[warn(unreachable_code)]` on by default
[INFO] [stderr] 
[INFO] [stderr] warning: unused variable: `id`
[INFO] [stderr]    --> src/net/netserver.rs:164:30
[INFO] [stderr]     |
[INFO] [stderr] 164 |                 if let Some((id, decryption1, decryption2)) = rx.recv().await {
[INFO] [stderr]     |                              ^^ help: if this is intentional, prefix it with an underscore: `_id`
[INFO] [stderr]     |
[INFO] [stderr]     = note: `#[warn(unused_variables)]` on by default
[INFO] [stderr] 
[INFO] [stderr] warning: fields `idx` and `n` are never read
[INFO] [stderr]   --> src/party/party_client.rs:27:16
[INFO] [stderr]    |
[INFO] [stderr] 23 | pub struct PartyClient<T> where T: TypeTrait {
[INFO] [stderr]    |            ----------- fields in this struct
[INFO] [stderr] ...
[INFO] [stderr] 27 |     pub(crate) idx: u32,
[INFO] [stderr]    |                ^^^
[INFO] [stderr] 28 |     // number of parties
[INFO] [stderr] 29 |     pub(crate) n: usize,
[INFO] [stderr]    |                ^
[INFO] [stderr]    |
[INFO] [stderr]    = note: `PartyClient` has derived impls for the traits `Debug` and `Clone`, but these are intentionally ignored during dead code analysis
[INFO] [stderr]    = note: `#[warn(dead_code)]` on by default
[INFO] [stderr] 
[INFO] [stderr] warning: field `n` is never read
[INFO] [stderr]   --> src/party/party_server.rs:24:16
[INFO] [stderr]    |
[INFO] [stderr] 22 | pub struct PartyServer {
[INFO] [stderr]    |            ----------- field in this struct
[INFO] [stderr] 23 |     // number of parties
[INFO] [stderr] 24 |     pub(crate) n: usize,
[INFO] [stderr]    |                ^
[INFO] [stderr] 
[INFO] [stderr] warning: function `get_noise_range` is never used
[INFO] [stderr]    --> src/party/dp_client.rs:152:4
[INFO] [stderr]     |
[INFO] [stderr] 152 | fn get_noise_range(result: usize) -> (f64, f64) {
[INFO] [stderr]     |    ^^^^^^^^^^^^^^^
[INFO] [stderr] 
[INFO] [stderr] warning: static `INIT` is never used
[INFO] [stderr]  --> src/test.rs:5:8
[INFO] [stderr]   |
[INFO] [stderr] 5 | static INIT: Once = Once::new();
[INFO] [stderr]   |        ^^^^
[INFO] [stderr] 
[INFO] [stderr] warning: constant `LOG_LEVEL` is never used
[INFO] [stderr]  --> src/test.rs:6:7
[INFO] [stderr]   |
[INFO] [stderr] 6 | const LOG_LEVEL: Level = Level::INFO;
[INFO] [stderr]   |       ^^^^^^^^^
[INFO] [stderr] 
[INFO] [stderr] warning: function `init_logging` is never used
[INFO] [stderr]  --> src/test.rs:9:16
[INFO] [stderr]   |
[INFO] [stderr] 9 | pub (crate) fn init_logging() {
[INFO] [stderr]   |                ^^^^^^^^^^^^
[INFO] [stderr] 
[INFO] [stderr] warning: struct `NetworkServer` is never constructed
[INFO] [stderr]  --> src/protocol.rs:5:8
[INFO] [stderr]   |
[INFO] [stderr] 5 | struct NetworkServer {
[INFO] [stderr]   |        ^^^^^^^^^^^^^
[INFO] [stderr] 
[INFO] [stderr] warning: struct `NetworkClient` is never constructed
[INFO] [stderr]   --> src/protocol.rs:10:8
[INFO] [stderr]    |
[INFO] [stderr] 10 | struct NetworkClient<T> where T: TypeTrait {
[INFO] [stderr]    |        ^^^^^^^^^^^^^
[INFO] [stderr] 
[INFO] [stderr] warning: function `create_single_party` is never used
[INFO] [stderr]   --> src/utils/protocol.rs:47:15
[INFO] [stderr]    |
[INFO] [stderr] 47 | pub(crate) fn create_single_party(db: Vec<i32>) -> (PartyServer, PartyClient<i32>) {
[INFO] [stderr]    |               ^^^^^^^^^^^^^^^^^^^
[INFO] [stderr] 
[INFO] [stderr] warning: function `sample_db_sizes` is never used
[INFO] [stderr]    --> src/utils/protocol.rs:173:15
[INFO] [stderr]     |
[INFO] [stderr] 173 | pub(crate) fn sample_db_sizes(total_size: usize, num_parties: usize) -> Vec<usize> {
[INFO] [stderr]     |               ^^^^^^^^^^^^^^^
[INFO] [stderr] 
[INFO] [stderr] warning: function `get_kth_element` is never used
[INFO] [stderr]    --> src/utils/protocol.rs:199:15
[INFO] [stderr]     |
[INFO] [stderr] 199 | pub(crate) fn get_kth_element<T: TypeTrait>(db: &Vec<Vec<T>>, k: usize) -> T {
[INFO] [stderr]     |               ^^^^^^^^^^^^^^^
[INFO] [stderr] 
[INFO] [stderr] warning: constant `NUM_PARTIES` is never used
[INFO] [stderr]   --> src/net/benchmarks.rs:21:7
[INFO] [stderr]    |
[INFO] [stderr] 21 | const NUM_PARTIES: usize = 100;
[INFO] [stderr]    |       ^^^^^^^^^^^
[INFO] [stderr] 
[INFO] [stderr] warning: constant `DB_SIZE` is never used
[INFO] [stderr]   --> src/net/benchmarks.rs:22:7
[INFO] [stderr]    |
[INFO] [stderr] 22 | const DB_SIZE: usize = 100;
[INFO] [stderr]    |       ^^^^^^^
[INFO] [stderr] 
[INFO] [stderr] warning: constant `k` is never used
[INFO] [stderr]   --> src/net/benchmarks.rs:23:7
[INFO] [stderr]    |
[INFO] [stderr] 23 | const k: KValue = KValue::Median;
[INFO] [stderr]    |       ^
[INFO] [stderr] 
[INFO] [stderr] warning: function `test_multi_party` is never used
[INFO] [stderr]   --> src/net/benchmarks.rs:80:10
[INFO] [stderr]    |
[INFO] [stderr] 80 | async fn test_multi_party(durations: &mut Vec<Duration>) {
[INFO] [stderr]    |          ^^^^^^^^^^^^^^^^
[INFO] [stderr] 
[INFO] [stderr] warning: call to `.clone()` on a reference in this situation does nothing
[INFO] [stderr]   --> src/utils/plot.rs:56:34
[INFO] [stderr]    |
[INFO] [stderr] 56 |     if Path::new(results_filename.clone()).exists() {
[INFO] [stderr]    |                                  ^^^^^^^^ help: remove this redundant call
[INFO] [stderr]    |
[INFO] [stderr]    = note: the type `str` does not implement `Clone`, so calling `clone` on `&str` copies the reference, which does not do anything and can be removed
[INFO] [stderr]    = note: `#[warn(noop_method_call)]` on by default
[INFO] [stderr] 
[INFO] [stderr] warning: constant `k` should have an upper case name
[INFO] [stderr]   --> src/net/benchmarks.rs:23:7
[INFO] [stderr]    |
[INFO] [stderr] 23 | const k: KValue = KValue::Median;
[INFO] [stderr]    |       ^ help: convert the identifier to upper case (notice the capitalization): `K`
[INFO] [stderr]    |
[INFO] [stderr]    = note: `#[warn(non_upper_case_globals)]` on by default
[INFO] [stderr] 
[INFO] [stderr] warning: `privdev-dp-comp` (lib) generated 20 warnings (run `cargo fix --lib -p privdev-dp-comp` to apply 3 suggestions)
[INFO] [stderr] warning: unused import: `get_scale_fixed`
[INFO] [stderr]  --> src/dp_test.rs:4:35
[INFO] [stderr]   |
[INFO] [stderr] 4 |     use crate::party::dp_client::{get_scale_fixed, get_scale_sigmoid, GetScaleFn, NoiseLevel};
[INFO] [stderr]   |                                   ^^^^^^^^^^^^^^^
[INFO] [stderr]   |
[INFO] [stderr]   = note: `#[warn(unused_imports)]` on by default
[INFO] [stderr] 
[INFO] [stderr] warning: `privdev-dp-comp` (lib test) generated 11 warnings (10 duplicates) (run `cargo fix --lib -p privdev-dp-comp --tests` to apply 1 suggestion)
[INFO] [stderr]     Finished test [unoptimized + debuginfo] target(s) in 0.13s
[INFO] [stderr]      Running unittests src/lib.rs (/opt/rustwide/target/debug/deps/privdev_dp_comp-d20683202e5ddf9a)
[INFO] [stdout] 
[INFO] [stdout] running 5 tests
[INFO] [stdout] test test::tests::test_single_party ... ok
[INFO] [stdout] test party::dp_client::test_laplace_points ... ok
[INFO] [stdout] test dp_test::dp_test::test_dp ... FAILED
[INFO] [stdout] [2m2024-01-06T01:00:10.743300Z[0m [32m INFO[0m [2mprivdev_dp_comp::test::tests[0m[2m:[0m Time elapsed for test_multi_party: 455.51363ms
[INFO] [stdout] test test::tests::test_multi_party ... ok
[INFO] [stdout] [2m2024-01-06T01:00:10.838676Z[0m [32m INFO[0m [2mprivdev_dp_comp::net::benchmarks[0m[2m:[0m Run: 540.685473ms
[INFO] [stdout] [2m2024-01-06T01:00:11.285051Z[0m [32m INFO[0m [2mprivdev_dp_comp::net::benchmarks[0m[2m:[0m Run: 439.283262ms
[INFO] [stdout] [2m2024-01-06T01:00:11.664497Z[0m [32m INFO[0m [2mprivdev_dp_comp::net::benchmarks[0m[2m:[0m Run: 371.911086ms
[INFO] [stdout] [2m2024-01-06T01:00:12.129256Z[0m [32m INFO[0m [2mprivdev_dp_comp::net::benchmarks[0m[2m:[0m Run: 457.132139ms
[INFO] [stdout] [2m2024-01-06T01:00:12.521176Z[0m [32m INFO[0m [2mprivdev_dp_comp::net::benchmarks[0m[2m:[0m Run: 387.266373ms
[INFO] [stdout] [2m2024-01-06T01:00:12.915042Z[0m [32m INFO[0m [2mprivdev_dp_comp::net::benchmarks[0m[2m:[0m Run: 389.509442ms
[INFO] [stdout] [2m2024-01-06T01:00:13.286808Z[0m [32m INFO[0m [2mprivdev_dp_comp::net::benchmarks[0m[2m:[0m Run: 367.283937ms
[INFO] [stdout] [2m2024-01-06T01:00:13.639581Z[0m [32m INFO[0m [2mprivdev_dp_comp::net::benchmarks[0m[2m:[0m Run: 348.432851ms
[INFO] [stdout] [2m2024-01-06T01:00:13.992393Z[0m [32m INFO[0m [2mprivdev_dp_comp::net::benchmarks[0m[2m:[0m Run: 348.46758ms
[INFO] [stdout] [2m2024-01-06T01:00:14.300087Z[0m [32m INFO[0m [2mprivdev_dp_comp::net::benchmarks[0m[2m:[0m Run: 302.63999ms
[INFO] [stdout] [2m2024-01-06T01:00:14.300127Z[0m [32m INFO[0m [2mprivdev_dp_comp::net::benchmarks[0m[2m:[0m Average time for 10 correct runs: 395.261213ms
[INFO] [stdout] test net::benchmarks::average_test_multi_party ... ok
[INFO] [stdout] 
[INFO] [stdout] failures:
[INFO] [stdout] 
[INFO] [stdout] ---- dp_test::dp_test::test_dp stdout ----
[INFO] [stdout] thread 'dp_test::dp_test::test_dp' panicked at src/dp_test.rs:51:19:
[INFO] [stdout] Failed to plot bar results: Os { code: 30, kind: ReadOnlyFilesystem, message: "Read-only file system" }
[INFO] [stdout] stack backtrace:
[INFO] [stdout]    0:     0x55606e84ac0c - std::backtrace_rs::backtrace::libunwind::trace::ha637c64ce894333a
[INFO] [stdout]                                at /rustc/82e1608dfa6e0b5569232559e3d385fea5a93112/library/std/src/../../backtrace/src/backtrace/libunwind.rs:104:5
[INFO] [stdout]    1:     0x55606e84ac0c - std::backtrace_rs::backtrace::trace_unsynchronized::h47f62dea28e0c88d
[INFO] [stdout]                                at /rustc/82e1608dfa6e0b5569232559e3d385fea5a93112/library/std/src/../../backtrace/src/backtrace/mod.rs:66:5
[INFO] [stdout]    2:     0x55606e84ac0c - std::sys_common::backtrace::_print_fmt::h9eef0abe20ede486
[INFO] [stdout]                                at /rustc/82e1608dfa6e0b5569232559e3d385fea5a93112/library/std/src/sys_common/backtrace.rs:67:5
[INFO] [stdout]    3:     0x55606e84ac0c - <std::sys_common::backtrace::_print::DisplayBacktrace as core::fmt::Display>::fmt::hed7f999df88cc644
[INFO] [stdout]                                at /rustc/82e1608dfa6e0b5569232559e3d385fea5a93112/library/std/src/sys_common/backtrace.rs:44:22
[INFO] [stdout]    4:     0x55606e8767d0 - core::fmt::rt::Argument::fmt::h1539a9308b8d058d
[INFO] [stdout]                                at /rustc/82e1608dfa6e0b5569232559e3d385fea5a93112/library/core/src/fmt/rt.rs:142:9
[INFO] [stdout]    5:     0x55606e8767d0 - core::fmt::write::h3a39390d8560d9c9
[INFO] [stdout]                                at /rustc/82e1608dfa6e0b5569232559e3d385fea5a93112/library/core/src/fmt/mod.rs:1120:17
[INFO] [stdout]    6:     0x55606e847d9f - std::io::Write::write_fmt::h040b369f3a0f9cbc
[INFO] [stdout]                                at /rustc/82e1608dfa6e0b5569232559e3d385fea5a93112/library/std/src/io/mod.rs:1762:15
[INFO] [stdout]    7:     0x55606e84a9f4 - std::sys_common::backtrace::_print::h894006fb5c6f3d45
[INFO] [stdout]                                at /rustc/82e1608dfa6e0b5569232559e3d385fea5a93112/library/std/src/sys_common/backtrace.rs:47:5
[INFO] [stdout]    8:     0x55606e84a9f4 - std::sys_common::backtrace::print::h23a2d212c6fff936
[INFO] [stdout]                                at /rustc/82e1608dfa6e0b5569232559e3d385fea5a93112/library/std/src/sys_common/backtrace.rs:34:9
[INFO] [stdout]    9:     0x55606e84c6b7 - std::panicking::default_hook::{{closure}}::h8a1d2ee00185001a
[INFO] [stdout]   10:     0x55606e84c3a3 - std::panicking::default_hook::h6038f2eba384e475
[INFO] [stdout]                                at /rustc/82e1608dfa6e0b5569232559e3d385fea5a93112/library/std/src/panicking.rs:289:9
[INFO] [stdout]   11:     0x55606e570867 - <alloc::boxed::Box<F,A> as core::ops::function::Fn<Args>>::call::h0ad024c9bdc6d768
[INFO] [stdout]                                at /rustc/82e1608dfa6e0b5569232559e3d385fea5a93112/library/alloc/src/boxed.rs:2021:9
[INFO] [stdout]   12:     0x55606e570867 - test::test_main::{{closure}}::h7500b54257359db6
[INFO] [stdout]                                at /rustc/82e1608dfa6e0b5569232559e3d385fea5a93112/library/test/src/lib.rs:138:21
[INFO] [stdout]   13:     0x55606e84ccc8 - <alloc::boxed::Box<F,A> as core::ops::function::Fn<Args>>::call::h1f8f335eaa9cfaee
[INFO] [stdout]                                at /rustc/82e1608dfa6e0b5569232559e3d385fea5a93112/library/alloc/src/boxed.rs:2021:9
[INFO] [stdout]   14:     0x55606e84ccc8 - std::panicking::rust_panic_with_hook::h2b5517d590cab22e
[INFO] [stdout]                                at /rustc/82e1608dfa6e0b5569232559e3d385fea5a93112/library/std/src/panicking.rs:783:13
[INFO] [stdout]   15:     0x55606e84ca1e - std::panicking::begin_panic_handler::{{closure}}::h233112c06e0ef43e
[INFO] [stdout]                                at /rustc/82e1608dfa6e0b5569232559e3d385fea5a93112/library/std/src/panicking.rs:657:13
[INFO] [stdout]   16:     0x55606e84b0d6 - std::sys_common::backtrace::__rust_end_short_backtrace::h6e893f24d7ebbff8
[INFO] [stdout]                                at /rustc/82e1608dfa6e0b5569232559e3d385fea5a93112/library/std/src/sys_common/backtrace.rs:170:18
[INFO] [stdout]   17:     0x55606e84c782 - rust_begin_unwind
[INFO] [stdout]                                at /rustc/82e1608dfa6e0b5569232559e3d385fea5a93112/library/std/src/panicking.rs:645:5
[INFO] [stdout]   18:     0x55606e384405 - core::panicking::panic_fmt::hbf0e066aabfa482c
[INFO] [stdout]                                at /rustc/82e1608dfa6e0b5569232559e3d385fea5a93112/library/core/src/panicking.rs:72:14
[INFO] [stdout]   19:     0x55606e3849f3 - core::result::unwrap_failed::hddb4fea594200c52
[INFO] [stdout]                                at /rustc/82e1608dfa6e0b5569232559e3d385fea5a93112/library/core/src/result.rs:1653:5
[INFO] [stdout]   20:     0x55606e3b67ee - core::result::Result<T,E>::expect::hd41872783df47f39
[INFO] [stdout]                                at /rustc/82e1608dfa6e0b5569232559e3d385fea5a93112/library/core/src/result.rs:1034:23
[INFO] [stdout]   21:     0x55606e44e5a8 - privdev_dp_comp::dp_test::dp_test::deviation_histogram::hf478d8fb8efd13aa
[INFO] [stdout]                                at /opt/rustwide/workdir/src/dp_test.rs:44:17
[INFO] [stdout]   22:     0x55606e4590db - privdev_dp_comp::dp_test::dp_test::test_dp::hbcc674f004ad17a6
[INFO] [stdout]                                at /opt/rustwide/workdir/src/dp_test.rs:28:9
[INFO] [stdout]   23:     0x55606e4590b7 - privdev_dp_comp::dp_test::dp_test::test_dp::{{closure}}::h690753d4639338b5
[INFO] [stdout]                                at /opt/rustwide/workdir/src/dp_test.rs:26:17
[INFO] [stdout]   24:     0x55606e39cff6 - core::ops::function::FnOnce::call_once::h15eb5228b20ca35c
[INFO] [stdout]                                at /rustc/82e1608dfa6e0b5569232559e3d385fea5a93112/library/core/src/ops/function.rs:250:5
[INFO] [stdout]   25:     0x55606e575ebf - core::ops::function::FnOnce::call_once::h2b5d431d5046312d
[INFO] [stdout]                                at /rustc/82e1608dfa6e0b5569232559e3d385fea5a93112/library/core/src/ops/function.rs:250:5
[INFO] [stdout]   26:     0x55606e575ebf - test::__rust_begin_short_backtrace::h7714669af176e207
[INFO] [stdout]                                at /rustc/82e1608dfa6e0b5569232559e3d385fea5a93112/library/test/src/lib.rs:628:18
[INFO] [stdout]   27:     0x55606e574ed5 - test::run_test_in_process::{{closure}}::h85218797dcbcec12
[INFO] [stdout]                                at /rustc/82e1608dfa6e0b5569232559e3d385fea5a93112/library/test/src/lib.rs:651:60
[INFO] [stdout]   28:     0x55606e574ed5 - <core::panic::unwind_safe::AssertUnwindSafe<F> as core::ops::function::FnOnce<()>>::call_once::h76c106ea31c14d7b
[INFO] [stdout]                                at /rustc/82e1608dfa6e0b5569232559e3d385fea5a93112/library/core/src/panic/unwind_safe.rs:272:9
[INFO] [stdout]   29:     0x55606e574ed5 - std::panicking::try::do_call::h3bd5d0f6620ee946
[INFO] [stdout]                                at /rustc/82e1608dfa6e0b5569232559e3d385fea5a93112/library/std/src/panicking.rs:552:40
[INFO] [stdout]   30:     0x55606e574ed5 - std::panicking::try::h232e535e4744fe31
[INFO] [stdout]                                at /rustc/82e1608dfa6e0b5569232559e3d385fea5a93112/library/std/src/panicking.rs:516:19
[INFO] [stdout]   31:     0x55606e574ed5 - std::panic::catch_unwind::h3ce3bd6ca8dbac68
[INFO] [stdout]                                at /rustc/82e1608dfa6e0b5569232559e3d385fea5a93112/library/std/src/panic.rs:142:14
[INFO] [stdout]   32:     0x55606e574ed5 - test::run_test_in_process::hc97b257c9621286a
[INFO] [stdout]                                at /rustc/82e1608dfa6e0b5569232559e3d385fea5a93112/library/test/src/lib.rs:651:27
[INFO] [stdout]   33:     0x55606e574ed5 - test::run_test::{{closure}}::h2aa798823a438d38
[INFO] [stdout]                                at /rustc/82e1608dfa6e0b5569232559e3d385fea5a93112/library/test/src/lib.rs:574:43
[INFO] [stdout]   34:     0x55606e53d196 - test::run_test::{{closure}}::h87d231c78fb59832
[INFO] [stdout]                                at /rustc/82e1608dfa6e0b5569232559e3d385fea5a93112/library/test/src/lib.rs:602:41
[INFO] [stdout]   35:     0x55606e53d196 - std::sys_common::backtrace::__rust_begin_short_backtrace::he6df152596625789
[INFO] [stdout]                                at /rustc/82e1608dfa6e0b5569232559e3d385fea5a93112/library/std/src/sys_common/backtrace.rs:154:18
[INFO] [stdout]   36:     0x55606e542247 - std::thread::Builder::spawn_unchecked_::{{closure}}::{{closure}}::ha94be15d1e0acf36
[INFO] [stdout]                                at /rustc/82e1608dfa6e0b5569232559e3d385fea5a93112/library/std/src/thread/mod.rs:529:17
[INFO] [stdout]   37:     0x55606e542247 - <core::panic::unwind_safe::AssertUnwindSafe<F> as core::ops::function::FnOnce<()>>::call_once::h9dc6bd6372f16606
[INFO] [stdout]                                at /rustc/82e1608dfa6e0b5569232559e3d385fea5a93112/library/core/src/panic/unwind_safe.rs:272:9
[INFO] [stdout]   38:     0x55606e542247 - std::panicking::try::do_call::h9057517f80303cd4
[INFO] [stdout]                                at /rustc/82e1608dfa6e0b5569232559e3d385fea5a93112/library/std/src/panicking.rs:552:40
[INFO] [stdout]   39:     0x55606e542247 - std::panicking::try::he3a30b11ee45340c
[INFO] [stdout]                                at /rustc/82e1608dfa6e0b5569232559e3d385fea5a93112/library/std/src/panicking.rs:516:19
[INFO] [stdout]   40:     0x55606e542247 - std::panic::catch_unwind::h410458cfd3528b8b
[INFO] [stdout]                                at /rustc/82e1608dfa6e0b5569232559e3d385fea5a93112/library/std/src/panic.rs:142:14
[INFO] [stdout]   41:     0x55606e542247 - std::thread::Builder::spawn_unchecked_::{{closure}}::h72ac3bdb567b737b
[INFO] [stdout]                                at /rustc/82e1608dfa6e0b5569232559e3d385fea5a93112/library/std/src/thread/mod.rs:528:30
[INFO] [stdout]   42:     0x55606e542247 - core::ops::function::FnOnce::call_once{{vtable.shim}}::h38f34da3654a8344
[INFO] [stdout]                                at /rustc/82e1608dfa6e0b5569232559e3d385fea5a93112/library/core/src/ops/function.rs:250:5
[INFO] [stdout]   43:     0x55606e851a75 - <alloc::boxed::Box<F,A> as core::ops::function::FnOnce<Args>>::call_once::hc7eafaff61e32df9
[INFO] [stdout]                                at /rustc/82e1608dfa6e0b5569232559e3d385fea5a93112/library/alloc/src/boxed.rs:2007:9
[INFO] [stdout]   44:     0x55606e851a75 - <alloc::boxed::Box<F,A> as core::ops::function::FnOnce<Args>>::call_once::h6ba4a5de48dd2304
[INFO] [stdout]                                at /rustc/82e1608dfa6e0b5569232559e3d385fea5a93112/library/alloc/src/boxed.rs:2007:9
[INFO] [stdout]   45:     0x55606e851a75 - std::sys::unix::thread::Thread::new::thread_start::he469335aef763e45
[INFO] [stdout]                                at /rustc/82e1608dfa6e0b5569232559e3d385fea5a93112/library/std/src/sys/unix/thread.rs:108:17
[INFO] [stdout]   46:     0x7fed71ab3ac3 - <unknown>
[INFO] [stdout]   47:     0x7fed71b44bf4 - __clone
[INFO] [stdout]   48:                0x0 - <unknown>
[INFO] [stdout] 
[INFO] [stdout] 
[INFO] [stdout] failures:
[INFO] [stdout]     dp_test::dp_test::test_dp
[INFO] [stdout] 
[INFO] [stdout] test result: FAILED. 4 passed; 1 failed; 0 ignored; 0 measured; 0 filtered out; finished in 4.02s
[INFO] [stdout] 
[INFO] [stderr] error: test failed, to rerun pass `--lib`
[INFO] running `Command { std: "docker" "inspect" "b2838353e68188b30eab80647055371e451509c84fa065f7c95f855dc308970c", kill_on_drop: false }`
[INFO] running `Command { std: "docker" "rm" "-f" "b2838353e68188b30eab80647055371e451509c84fa065f7c95f855dc308970c", kill_on_drop: false }`
[INFO] [stdout] b2838353e68188b30eab80647055371e451509c84fa065f7c95f855dc308970c
[INFO] testing encryptogroup/dp-KRE against beta-2023-12-22 for beta-1.76-1
[INFO] running `Command { std: "git" "clone" "/workspace/cache/git-repos/https%3A%2F%2Fgithub.com%2Fencryptogroup%2Fdp-KRE" "/workspace/builds/worker-0-tc2/source", kill_on_drop: false }`
[INFO] [stderr] Cloning into '/workspace/builds/worker-0-tc2/source'...
[INFO] [stderr] done.
[INFO] [stderr] Updating files:  40% (2091/5183)
Updating files:  41% (2126/5183)
Updating files:  42% (2177/5183)
Updating files:  43% (2229/5183)
Updating files:  44% (2281/5183)
Updating files:  45% (2333/5183)
Updating files:  45% (2377/5183)
Updating files:  46% (2385/5183)
Updating files:  47% (2437/5183)
Updating files:  47% (2473/5183)
Updating files:  48% (2488/5183)
Updating files:  49% (2540/5183)
Updating files:  49% (2551/5183)
Updating files:  50% (2592/5183)
Updating files:  51% (2644/5183)
Updating files:  52% (2696/5183)
Updating files:  52% (2703/5183)
Updating files:  53% (2747/5183)
Updating files:  54% (2799/5183)
Updating files:  55% (2851/5183)
Updating files:  56% (2903/5183)
Updating files:  57% (2955/5183)
Updating files:  58% (3007/5183)
Updating files:  59% (3058/5183)
Updating files:  60% (3110/5183)
Updating files:  61% (3162/5183)
Updating files:  62% (3214/5183)
Updating files:  63% (3266/5183)
Updating files:  64% (3318/5183)
Updating files:  65% (3369/5183)
Updating files:  66% (3421/5183)
Updating files:  67% (3473/5183)
Updating files:  68% (3525/5183)
Updating files:  69% (3577/5183)
Updating files:  70% (3629/5183)
Updating files:  71% (3680/5183)
Updating files:  72% (3732/5183)
Updating files:  73% (3784/5183)
Updating files:  74% (3836/5183)
Updating files:  75% (3888/5183)
Updating files:  76% (3940/5183)
Updating files:  77% (3991/5183)
Updating files:  78% (4043/5183)
Updating files:  79% (4095/5183)
Updating files:  80% (4147/5183)
Updating files:  81% (4199/5183)
Updating files:  82% (4251/5183)
Updating files:  83% (4302/5183)
Updating files:  84% (4354/5183)
Updating files:  85% (4406/5183)
Updating files:  86% (4458/5183)
Updating files:  86% (4507/5183)
Updating files:  87% (4510/5183)
Updating files:  88% (4562/5183)
Updating files:  89% (4613/5183)
Updating files:  90% (4665/5183)
Updating files:  91% (4717/5183)
Updating files:  92% (4769/5183)
Updating files:  93% (4821/5183)
Updating files:  93% (4842/5183)
Updating files:  94% (4873/5183)
Updating files:  95% (4924/5183)
Updating files:  95% (4975/5183)
Updating files:  96% (4976/5183)
Updating files:  97% (5028/5183)
Updating files:  98% (5080/5183)
Updating files:  99% (5132/5183)
Updating files: 100% (5183/5183)
Updating files: 100% (5183/5183), done.
[INFO] validating manifest of git repo https://github.com/encryptogroup/dp-KRE on toolchain beta-2023-12-22
[INFO] running `Command { std: CARGO_HOME="/workspace/cargo-home" RUSTUP_HOME="/workspace/rustup-home" "/workspace/cargo-home/bin/cargo" "+beta-2023-12-22" "metadata" "--manifest-path" "Cargo.toml" "--no-deps", kill_on_drop: false }`
[INFO] started tweaking git repo https://github.com/encryptogroup/dp-KRE
[INFO] finished tweaking git repo https://github.com/encryptogroup/dp-KRE
[INFO] tweaked toml for git repo https://github.com/encryptogroup/dp-KRE written to /workspace/builds/worker-0-tc2/source/Cargo.toml
[INFO] crate git repo https://github.com/encryptogroup/dp-KRE already has a lockfile, it will not be regenerated
[INFO] running `Command { std: CARGO_HOME="/workspace/cargo-home" RUSTUP_HOME="/workspace/rustup-home" "/workspace/cargo-home/bin/cargo" "+beta-2023-12-22" "fetch" "--manifest-path" "Cargo.toml", kill_on_drop: false }`
[INFO] running `Command { std: "docker" "create" "-v" "/var/lib/crater-agent-workspace/builds/worker-0-tc2/target:/opt/rustwide/target:rw,Z" "-v" "/var/lib/crater-agent-workspace/builds/worker-0-tc2/source:/opt/rustwide/workdir:ro,Z" "-v" "/var/lib/crater-agent-workspace/cargo-home:/opt/rustwide/cargo-home:ro,Z" "-v" "/var/lib/crater-agent-workspace/rustup-home:/opt/rustwide/rustup-home:ro,Z" "-e" "SOURCE_DIR=/opt/rustwide/workdir" "-e" "CARGO_TARGET_DIR=/opt/rustwide/target" "-e" "CARGO_HOME=/opt/rustwide/cargo-home" "-e" "RUSTUP_HOME=/opt/rustwide/rustup-home" "-w" "/opt/rustwide/workdir" "-m" "1610612736" "--user" "0:0" "--network" "none" "ghcr.io/rust-lang/crates-build-env/linux@sha256:2788e3201cd34a07e3172128adcd8b3090168a8e3bcc40d7c032b9dda1df7d1c" "/opt/rustwide/cargo-home/bin/cargo" "+beta-2023-12-22" "metadata" "--no-deps" "--format-version=1", kill_on_drop: false }`
[INFO] [stdout] 280330543a800933d3bfc42c28cadde82d34bcb2b8b39769160d77f547cf7d35
[INFO] running `Command { std: "docker" "start" "-a" "280330543a800933d3bfc42c28cadde82d34bcb2b8b39769160d77f547cf7d35", kill_on_drop: false }`
[INFO] running `Command { std: "docker" "inspect" "280330543a800933d3bfc42c28cadde82d34bcb2b8b39769160d77f547cf7d35", kill_on_drop: false }`
[INFO] running `Command { std: "docker" "rm" "-f" "280330543a800933d3bfc42c28cadde82d34bcb2b8b39769160d77f547cf7d35", kill_on_drop: false }`
[INFO] [stdout] 280330543a800933d3bfc42c28cadde82d34bcb2b8b39769160d77f547cf7d35
[INFO] running `Command { std: "docker" "create" "-v" "/var/lib/crater-agent-workspace/builds/worker-0-tc2/target:/opt/rustwide/target:rw,Z" "-v" "/var/lib/crater-agent-workspace/builds/worker-0-tc2/source:/opt/rustwide/workdir:ro,Z" "-v" "/var/lib/crater-agent-workspace/cargo-home:/opt/rustwide/cargo-home:ro,Z" "-v" "/var/lib/crater-agent-workspace/rustup-home:/opt/rustwide/rustup-home:ro,Z" "-e" "SOURCE_DIR=/opt/rustwide/workdir" "-e" "CARGO_TARGET_DIR=/opt/rustwide/target" "-e" "CARGO_INCREMENTAL=0" "-e" "RUST_BACKTRACE=full" "-e" "RUSTFLAGS=--cap-lints=warn" "-e" "RUSTDOCFLAGS=--cap-lints=warn" "-e" "CARGO_HOME=/opt/rustwide/cargo-home" "-e" "RUSTUP_HOME=/opt/rustwide/rustup-home" "-w" "/opt/rustwide/workdir" "-m" "1610612736" "--user" "0:0" "--network" "none" "ghcr.io/rust-lang/crates-build-env/linux@sha256:2788e3201cd34a07e3172128adcd8b3090168a8e3bcc40d7c032b9dda1df7d1c" "/opt/rustwide/cargo-home/bin/cargo" "+beta-2023-12-22" "build" "--frozen" "--message-format=json", kill_on_drop: false }`
[INFO] [stdout] e7efd7aea5defc94846b022d146e2834d3dd7750b399e41ca90af2e61e4aa126
[INFO] running `Command { std: "docker" "start" "-a" "e7efd7aea5defc94846b022d146e2834d3dd7750b399e41ca90af2e61e4aa126", kill_on_drop: false }`
[INFO] [stderr]    Compiling libc v0.2.147
[INFO] [stderr]    Compiling proc-macro2 v1.0.66
[INFO] [stderr]    Compiling unicode-ident v1.0.11
[INFO] [stderr]    Compiling libm v0.2.7
[INFO] [stderr]    Compiling num-traits v0.2.16
[INFO] [stderr]    Compiling num-integer v0.1.45
[INFO] [stderr]    Compiling pkg-config v0.3.27
[INFO] [stderr]    Compiling thiserror v1.0.44
[INFO] [stderr]    Compiling once_cell v1.17.2
[INFO] [stderr]    Compiling ppv-lite86 v0.2.17
[INFO] [stderr]    Compiling futures-core v0.3.28
[INFO] [stderr]    Compiling log v0.4.19
[INFO] [stderr]    Compiling crossbeam-utils v0.8.16
[INFO] [stderr]    Compiling pin-project-lite v0.2.12
[INFO] [stderr]    Compiling ucd-trie v0.1.6
[INFO] [stderr]    Compiling slab v0.4.8
[INFO] [stderr]    Compiling serde v1.0.183
[INFO] [stderr]    Compiling getrandom v0.1.16
[INFO] [stderr]    Compiling futures-sink v0.3.28
[INFO] [stderr]    Compiling scopeguard v1.2.0
[INFO] [stderr]    Compiling simd-adler32 v0.3.7
[INFO] [stderr]    Compiling serde_derive v1.0.183
[INFO] [stderr]    Compiling futures-task v0.3.28
[INFO] [stderr]    Compiling adler v1.0.2
[INFO] [stderr]    Compiling futures-channel v0.3.28
[INFO] [stderr]    Compiling tracing-core v0.1.31
[INFO] [stderr]    Compiling miniz_oxide v0.7.1
[INFO] [stderr]    Compiling num-bigint v0.4.3
[INFO] [stderr]    Compiling vcpkg v0.2.15
[INFO] [stderr]    Compiling gmp-mpfr-sys v1.6.0
[INFO] [stderr]    Compiling futures-util v0.3.28
[INFO] [stderr]    Compiling crc32fast v1.3.2
[INFO] [stderr]    Compiling lock_api v0.4.11
[INFO] [stderr]    Compiling num-complex v0.2.4
[INFO] [stderr]    Compiling quote v1.0.32
[INFO] [stderr]    Compiling num-rational v0.4.1
[INFO] [stderr]    Compiling memoffset v0.9.0
[INFO] [stderr]    Compiling syn v2.0.28
[INFO] [stderr]    Compiling futures-io v0.3.28
[INFO] [stderr]    Compiling cc v1.0.82
[INFO] [stderr]    Compiling getrandom v0.2.10
[INFO] [stderr]    Compiling syn v1.0.109
[INFO] [stderr]    Compiling typenum v1.16.0
[INFO] [stderr]    Compiling parking_lot_core v0.9.9
[INFO] [stderr]    Compiling smallvec v1.11.0
[INFO] [stderr]    Compiling rand_core v0.6.4
[INFO] [stderr]    Compiling rand_core v0.5.1
[INFO] [stderr]    Compiling num_cpus v1.16.0
[INFO] [stderr]    Compiling rand_chacha v0.3.1
[INFO] [stderr]    Compiling rand_chacha v0.2.2
[INFO] [stderr]    Compiling crossbeam-channel v0.5.8
[INFO] [stderr]    Compiling yeslogic-fontconfig-sys v3.2.0
[INFO] [stderr]    Compiling num-iter v0.1.43
[INFO] [stderr]    Compiling num-bigint v0.3.3
[INFO] [stderr]    Compiling num-rational v0.2.4
[INFO] [stderr]    Compiling openssl-src v111.27.0+1.1.1v
[INFO] [stderr]    Compiling cmake v0.1.50
[INFO] [stderr]    Compiling rand v0.8.5
[INFO] [stderr]    Compiling crossbeam-epoch v0.9.15
[INFO] [stderr]    Compiling async-trait v0.1.72
[INFO] [stderr]    Compiling az v1.2.1
[INFO] [stderr]    Compiling approx v0.3.2
[INFO] [stderr]    Compiling rand v0.7.3
[INFO] [stderr]    Compiling flate2 v1.0.26
[INFO] [stderr]    Compiling fdeflate v0.3.0
[INFO] [stderr]    Compiling sharded-slab v0.1.4
[INFO] [stderr]    Compiling thread_local v1.1.7
[INFO] [stderr]    Compiling openssl-sys v0.9.91
[INFO] [stderr]    Compiling freetype-sys v0.13.1
[INFO] [stderr]    Compiling libloading v0.8.0
[INFO] [stderr]    Compiling num-rational v0.3.2
[INFO] [stderr]    Compiling rawpointer v0.2.1
[INFO] [stderr]    Compiling anyhow v1.0.72
[INFO] [stderr]    Compiling rug v1.20.1
[INFO] [stderr]    Compiling byteorder v1.4.3
[INFO] [stderr]    Compiling bytes v1.4.0
[INFO] [stderr]    Compiling serde_json v1.0.104
[INFO] [stderr]    Compiling color_quant v1.1.0
[INFO] [stderr]    Compiling openssl v0.10.56
[INFO] [stderr]    Compiling rand_distr v0.2.2
[INFO] [stderr]    Compiling dlib v0.5.2
[INFO] [stderr]    Compiling matrixmultiply v0.2.4
[INFO] [stderr]    Compiling png v0.17.9
[INFO] [stderr]    Compiling alga v0.9.3
[INFO] [stderr]    Compiling generic-array v0.13.3
[INFO] [stderr]    Compiling backtrace v0.3.68
[INFO] [stderr]    Compiling parking_lot v0.12.1
[INFO] [stderr]    Compiling mio v0.8.8
[INFO] [stderr]    Compiling signal-hook-registry v1.4.1
[INFO] [stderr]    Compiling dirs-sys-next v0.1.2
[INFO] [stderr]    Compiling socket2 v0.5.3
[INFO] [stderr]    Compiling rayon-core v1.11.0
[INFO] [stderr]    Compiling gimli v0.27.3
[INFO] [stderr]    Compiling bytemuck v1.13.1
[INFO] [stderr]    Compiling weezl v0.1.7
[INFO] [stderr]    Compiling ryu v1.0.15
[INFO] [stderr]    Compiling percent-encoding v2.3.0
[INFO] [stderr]    Compiling const-cstr v0.3.0
[INFO] [stderr]    Compiling same-file v1.0.6
[INFO] [stderr]    Compiling plotters-backend v0.3.5
[INFO] [stderr]    Compiling font-kit v0.11.0
[INFO] [stderr]    Compiling jpeg-decoder v0.3.0
[INFO] [stderr]    Compiling itoa v1.0.9
[INFO] [stderr]    Compiling walkdir v2.3.3
[INFO] [stderr]    Compiling gif v0.12.0
[INFO] [stderr]    Compiling bincode v1.3.3
[INFO] [stderr]    Compiling dirs-next v2.0.0
[INFO] [stderr]    Compiling nalgebra v0.19.0
[INFO] [stderr]    Compiling crossbeam-deque v0.8.3
[INFO] [stderr]    Compiling freetype v0.7.0
[INFO] [stderr]    Compiling tracing-subscriber v0.2.25
[INFO] [stderr]    Compiling num-complex v0.3.1
[INFO] [stderr]    Compiling time v0.1.45
[INFO] [stderr]    Compiling image v0.24.5
[INFO] [stderr]    Compiling object v0.31.1
[INFO] [stderr]    Compiling iana-time-zone v0.1.57
[INFO] [stderr]    Compiling overload v0.1.1
[INFO] [stderr]    Compiling opendp v0.6.2
[INFO] [stderr]    Compiling float-ord v0.2.0
[INFO] [stderr]    Compiling rustc-demangle v0.1.23
[INFO] [stderr]    Compiling nu-ansi-term v0.46.0
[INFO] [stderr]    Compiling chrono v0.4.26
[INFO] [stderr]    Compiling num v0.3.1
[INFO] [stderr]    Compiling plotters-svg v0.3.5
[INFO] [stderr]    Compiling num-complex v0.4.3
[INFO] [stderr]    Compiling tracing-log v0.1.3
[INFO] [stderr]    Compiling static_assertions v1.1.0
[INFO] [stderr]    Compiling opendp_derive v0.6.2
[INFO] [stderr]    Compiling either v1.9.0
[INFO] [stderr]    Compiling ttf-parser v0.15.2
[INFO] [stderr]    Compiling addr2line v0.20.0
[INFO] [stderr]    Compiling humantime v2.1.0
[INFO] [stderr]    Compiling rayon v1.7.0
[INFO] [stderr]    Compiling num v0.4.1
[INFO] [stderr]    Compiling tracing-subscriber v0.3.17
[INFO] [stderr]    Compiling rand_distr v0.4.3
[INFO] [stderr]    Compiling plotters-bitmap v0.3.3
[INFO] [stderr]    Compiling thiserror-impl v1.0.44
[INFO] [stderr]    Compiling pin-project-internal v1.1.3
[INFO] [stderr]    Compiling futures-macro v0.3.28
[INFO] [stderr]    Compiling tracing-attributes v0.1.26
[INFO] [stderr]    Compiling enum-ordinalize v3.1.13
[INFO] [stderr]    Compiling tokio-macros v2.1.0
[INFO] [stderr]    Compiling openssl-macros v0.1.1
[INFO] [stderr]    Compiling tarpc-plugins v0.12.0
[INFO] [stderr]    Compiling pin-project v1.1.3
[INFO] [stderr]    Compiling pest v2.5.7
[INFO] [stderr]    Compiling educe v0.4.22
[INFO] [stderr]    Compiling tokio v1.30.0
[INFO] [stderr]    Compiling tracing v0.1.37
[INFO] [stderr]    Compiling tracing-futures v0.2.5
[INFO] [stderr]    Compiling semver-parser v0.10.2
[INFO] [stderr]    Compiling tokio-serde v0.8.0
[INFO] [stderr]    Compiling semver v0.11.0
[INFO] [stderr]    Compiling rustc_version v0.3.3
[INFO] [stderr]    Compiling pathfinder_simd v0.5.1
[INFO] [stderr]    Compiling futures-executor v0.3.28
[INFO] [stderr]    Compiling futures v0.3.28
[INFO] [stderr]    Compiling opentelemetry v0.16.0
[INFO] [stderr]    Compiling statrs v0.13.0
[INFO] [stderr]    Compiling pathfinder_geometry v0.5.1
[INFO] [stderr]    Compiling tracing-opentelemetry v0.15.0
[INFO] [stderr]    Compiling plotters v0.3.4
[INFO] [stderr]    Compiling tokio-util v0.6.10
[INFO] [stderr]    Compiling tarpc v0.27.2
[INFO] [stderr]    Compiling pht-crypto v0.1.0-alpha (https://github.com/robinhundt/pht-crypto?rev=79502ebb8060345d90b33fd6b7532d954a580853#79502ebb)
[INFO] [stderr]    Compiling privdev-dp-comp v0.1.0 (/opt/rustwide/workdir)
[INFO] [stdout] warning: unused import: `crate::test::init_logging`
[INFO] [stdout]   --> src/net/benchmarks.rs:15:5
[INFO] [stdout]    |
[INFO] [stdout] 15 | use crate::test::init_logging;
[INFO] [stdout]    |     ^^^^^^^^^^^^^^^^^^^^^^^^^
[INFO] [stdout]    |
[INFO] [stdout]    = note: `#[warn(unused_imports)]` on by default
[INFO] [stdout] 
[INFO] [stdout] 
[INFO] [stdout] warning: unreachable expression
[INFO] [stdout]   --> src/net/netclient.rs:92:9
[INFO] [stdout]    |
[INFO] [stdout] 47 | /         loop {
[INFO] [stdout] 48 | |             let [lt, gt] = self.client.local_computation();
[INFO] [stdout] 49 | |             let msg = ClientMessage::MsgCiphertext(lt, gt);
[INFO] [stdout] 50 | |             let msg_bytes = bincode::serialize(&msg).unwrap();
[INFO] [stdout] ...  |
[INFO] [stdout] 89 | |             tracing::debug!("Next iteration");
[INFO] [stdout] 90 | |         }
[INFO] [stdout]    | |_________- any code following this expression is unreachable
[INFO] [stdout] 91 |           // Return an error:
[INFO] [stdout] 92 |           Err(Box::new(std::io::Error::new(std::io::ErrorKind::Other, "Protocol failed")))
[INFO] [stdout]    |           ^^^^^^^^^^^^^^^^^^^^^^^^^^^^^^^^^^^^^^^^^^^^^^^^^^^^^^^^^^^^^^^^^^^^^^^^^^^^^^^^ unreachable expression
[INFO] [stdout]    |
[INFO] [stdout]    = note: `#[warn(unreachable_code)]` on by default
[INFO] [stdout] 
[INFO] [stdout] 
[INFO] [stdout] warning: unused variable: `id`
[INFO] [stdout]    --> src/net/netserver.rs:164:30
[INFO] [stdout]     |
[INFO] [stdout] 164 |                 if let Some((id, decryption1, decryption2)) = rx.recv().await {
[INFO] [stdout]     |                              ^^ help: if this is intentional, prefix it with an underscore: `_id`
[INFO] [stdout]     |
[INFO] [stdout]     = note: `#[warn(unused_variables)]` on by default
[INFO] [stdout] 
[INFO] [stdout] 
[INFO] [stdout] warning: fields `idx` and `n` are never read
[INFO] [stdout]   --> src/party/party_client.rs:27:16
[INFO] [stdout]    |
[INFO] [stdout] 23 | pub struct PartyClient<T> where T: TypeTrait {
[INFO] [stdout]    |            ----------- fields in this struct
[INFO] [stdout] ...
[INFO] [stdout] 27 |     pub(crate) idx: u32,
[INFO] [stdout]    |                ^^^
[INFO] [stdout] 28 |     // number of parties
[INFO] [stdout] 29 |     pub(crate) n: usize,
[INFO] [stdout]    |                ^
[INFO] [stdout]    |
[INFO] [stdout]    = note: `PartyClient` has derived impls for the traits `Debug` and `Clone`, but these are intentionally ignored during dead code analysis
[INFO] [stdout]    = note: `#[warn(dead_code)]` on by default
[INFO] [stdout] 
[INFO] [stdout] 
[INFO] [stdout] warning: field `n` is never read
[INFO] [stdout]   --> src/party/party_server.rs:24:16
[INFO] [stdout]    |
[INFO] [stdout] 22 | pub struct PartyServer {
[INFO] [stdout]    |            ----------- field in this struct
[INFO] [stdout] 23 |     // number of parties
[INFO] [stdout] 24 |     pub(crate) n: usize,
[INFO] [stdout]    |                ^
[INFO] [stdout] 
[INFO] [stdout] 
[INFO] [stdout] warning: function `get_noise_range` is never used
[INFO] [stdout]    --> src/party/dp_client.rs:152:4
[INFO] [stdout]     |
[INFO] [stdout] 152 | fn get_noise_range(result: usize) -> (f64, f64) {
[INFO] [stdout]     |    ^^^^^^^^^^^^^^^
[INFO] [stdout] 
[INFO] [stdout] 
[INFO] [stdout] warning: static `INIT` is never used
[INFO] [stdout]  --> src/test.rs:5:8
[INFO] [stdout]   |
[INFO] [stdout] 5 | static INIT: Once = Once::new();
[INFO] [stdout]   |        ^^^^
[INFO] [stdout] 
[INFO] [stdout] 
[INFO] [stdout] warning: constant `LOG_LEVEL` is never used
[INFO] [stdout]  --> src/test.rs:6:7
[INFO] [stdout]   |
[INFO] [stdout] 6 | const LOG_LEVEL: Level = Level::INFO;
[INFO] [stdout]   |       ^^^^^^^^^
[INFO] [stdout] 
[INFO] [stdout] 
[INFO] [stdout] warning: function `init_logging` is never used
[INFO] [stdout]  --> src/test.rs:9:16
[INFO] [stdout]   |
[INFO] [stdout] 9 | pub (crate) fn init_logging() {
[INFO] [stdout]   |                ^^^^^^^^^^^^
[INFO] [stdout] 
[INFO] [stdout] 
[INFO] [stdout] warning: struct `NetworkServer` is never constructed
[INFO] [stdout]  --> src/protocol.rs:5:8
[INFO] [stdout]   |
[INFO] [stdout] 5 | struct NetworkServer {
[INFO] [stdout]   |        ^^^^^^^^^^^^^
[INFO] [stdout] 
[INFO] [stdout] 
[INFO] [stdout] warning: struct `NetworkClient` is never constructed
[INFO] [stdout]   --> src/protocol.rs:10:8
[INFO] [stdout]    |
[INFO] [stdout] 10 | struct NetworkClient<T> where T: TypeTrait {
[INFO] [stdout]    |        ^^^^^^^^^^^^^
[INFO] [stdout] 
[INFO] [stdout] 
[INFO] [stdout] warning: function `create_single_party` is never used
[INFO] [stdout]   --> src/utils/protocol.rs:47:15
[INFO] [stdout]    |
[INFO] [stdout] 47 | pub(crate) fn create_single_party(db: Vec<i32>) -> (PartyServer, PartyClient<i32>) {
[INFO] [stdout]    |               ^^^^^^^^^^^^^^^^^^^
[INFO] [stdout] 
[INFO] [stdout] 
[INFO] [stdout] warning: function `sample_db_sizes` is never used
[INFO] [stdout]    --> src/utils/protocol.rs:173:15
[INFO] [stdout]     |
[INFO] [stdout] 173 | pub(crate) fn sample_db_sizes(total_size: usize, num_parties: usize) -> Vec<usize> {
[INFO] [stdout]     |               ^^^^^^^^^^^^^^^
[INFO] [stdout] 
[INFO] [stdout] 
[INFO] [stdout] warning: function `get_kth_element` is never used
[INFO] [stdout]    --> src/utils/protocol.rs:199:15
[INFO] [stdout]     |
[INFO] [stdout] 199 | pub(crate) fn get_kth_element<T: TypeTrait>(db: &Vec<Vec<T>>, k: usize) -> T {
[INFO] [stdout]     |               ^^^^^^^^^^^^^^^
[INFO] [stdout] 
[INFO] [stdout] 
[INFO] [stdout] warning: constant `NUM_PARTIES` is never used
[INFO] [stdout]   --> src/net/benchmarks.rs:21:7
[INFO] [stdout]    |
[INFO] [stdout] 21 | const NUM_PARTIES: usize = 100;
[INFO] [stdout]    |       ^^^^^^^^^^^
[INFO] [stdout] 
[INFO] [stdout] 
[INFO] [stdout] warning: constant `DB_SIZE` is never used
[INFO] [stdout]   --> src/net/benchmarks.rs:22:7
[INFO] [stdout]    |
[INFO] [stdout] 22 | const DB_SIZE: usize = 100;
[INFO] [stdout]    |       ^^^^^^^
[INFO] [stdout] 
[INFO] [stdout] 
[INFO] [stdout] warning: constant `k` is never used
[INFO] [stdout]   --> src/net/benchmarks.rs:23:7
[INFO] [stdout]    |
[INFO] [stdout] 23 | const k: KValue = KValue::Median;
[INFO] [stdout]    |       ^
[INFO] [stdout] 
[INFO] [stdout] 
[INFO] [stdout] warning: function `test_multi_party` is never used
[INFO] [stdout]   --> src/net/benchmarks.rs:80:10
[INFO] [stdout]    |
[INFO] [stdout] 80 | async fn test_multi_party(durations: &mut Vec<Duration>) {
[INFO] [stdout]    |          ^^^^^^^^^^^^^^^^
[INFO] [stdout] 
[INFO] [stdout] 
[INFO] [stdout] warning: call to `.clone()` on a reference in this situation does nothing
[INFO] [stdout]   --> src/utils/plot.rs:56:34
[INFO] [stdout]    |
[INFO] [stdout] 56 |     if Path::new(results_filename.clone()).exists() {
[INFO] [stdout]    |                                  ^^^^^^^^ help: remove this redundant call
[INFO] [stdout]    |
[INFO] [stdout]    = note: the type `str` does not implement `Clone`, so calling `clone` on `&str` copies the reference, which does not do anything and can be removed
[INFO] [stdout]    = note: `#[warn(noop_method_call)]` on by default
[INFO] [stdout] 
[INFO] [stdout] 
[INFO] [stdout] warning: constant `k` should have an upper case name
[INFO] [stdout]   --> src/net/benchmarks.rs:23:7
[INFO] [stdout]    |
[INFO] [stdout] 23 | const k: KValue = KValue::Median;
[INFO] [stdout]    |       ^ help: convert the identifier to upper case (notice the capitalization): `K`
[INFO] [stdout]    |
[INFO] [stdout]    = note: `#[warn(non_upper_case_globals)]` on by default
[INFO] [stdout] 
[INFO] [stdout] 
[INFO] [stdout] warning: 20 warnings emitted
[INFO] [stdout] 
[INFO] [stdout] 
[INFO] [stderr]     Finished dev [unoptimized + debuginfo] target(s) in 1m 50s
[INFO] running `Command { std: "docker" "inspect" "e7efd7aea5defc94846b022d146e2834d3dd7750b399e41ca90af2e61e4aa126", kill_on_drop: false }`
[INFO] running `Command { std: "docker" "rm" "-f" "e7efd7aea5defc94846b022d146e2834d3dd7750b399e41ca90af2e61e4aa126", kill_on_drop: false }`
[INFO] [stdout] e7efd7aea5defc94846b022d146e2834d3dd7750b399e41ca90af2e61e4aa126
[INFO] running `Command { std: "docker" "create" "-v" "/var/lib/crater-agent-workspace/builds/worker-0-tc2/target:/opt/rustwide/target:rw,Z" "-v" "/var/lib/crater-agent-workspace/builds/worker-0-tc2/source:/opt/rustwide/workdir:ro,Z" "-v" "/var/lib/crater-agent-workspace/cargo-home:/opt/rustwide/cargo-home:ro,Z" "-v" "/var/lib/crater-agent-workspace/rustup-home:/opt/rustwide/rustup-home:ro,Z" "-e" "SOURCE_DIR=/opt/rustwide/workdir" "-e" "CARGO_TARGET_DIR=/opt/rustwide/target" "-e" "CARGO_INCREMENTAL=0" "-e" "RUST_BACKTRACE=full" "-e" "RUSTFLAGS=--cap-lints=warn" "-e" "RUSTDOCFLAGS=--cap-lints=warn" "-e" "CARGO_HOME=/opt/rustwide/cargo-home" "-e" "RUSTUP_HOME=/opt/rustwide/rustup-home" "-w" "/opt/rustwide/workdir" "-m" "1610612736" "--user" "0:0" "--network" "none" "ghcr.io/rust-lang/crates-build-env/linux@sha256:2788e3201cd34a07e3172128adcd8b3090168a8e3bcc40d7c032b9dda1df7d1c" "/opt/rustwide/cargo-home/bin/cargo" "+beta-2023-12-22" "test" "--frozen" "--no-run" "--message-format=json", kill_on_drop: false }`
[INFO] [stdout] 7926fa97a533a437da3ee258ef0d94b0b0a6f0e4f72625cf78bc435f1c85a582
[INFO] running `Command { std: "docker" "start" "-a" "7926fa97a533a437da3ee258ef0d94b0b0a6f0e4f72625cf78bc435f1c85a582", kill_on_drop: false }`
[INFO] [stderr]    Compiling serde v1.0.183
[INFO] [stderr]    Compiling either v1.9.0
[INFO] [stderr]    Compiling indexmap v1.9.3
[INFO] [stderr]    Compiling half v1.8.2
[INFO] [stderr]    Compiling ciborium-io v0.2.1
[INFO] [stderr]    Compiling os_str_bytes v6.5.1
[INFO] [stderr]    Compiling regex-syntax v0.7.2
[INFO] [stderr]    Compiling textwrap v0.16.0
[INFO] [stderr]    Compiling cast v0.3.0
[INFO] [stderr]    Compiling atty v0.2.14
[INFO] [stderr]    Compiling oorandom v11.1.3
[INFO] [stderr]    Compiling anes v0.1.6
[INFO] [stderr]    Compiling itertools v0.10.5
[INFO] [stderr]    Compiling rayon v1.7.0
[INFO] [stderr]    Compiling clap_lex v0.2.4
[INFO] [stderr]    Compiling ciborium-ll v0.2.1
[INFO] [stderr]    Compiling clap v3.2.25
[INFO] [stderr]    Compiling regex v1.8.4
[INFO] [stderr]    Compiling criterion-plot v0.5.0
[INFO] [stderr]    Compiling serde_json v1.0.104
[INFO] [stderr]    Compiling bincode v1.3.3
[INFO] [stderr]    Compiling rug v1.20.1
[INFO] [stderr]    Compiling ciborium v0.2.1
[INFO] [stderr]    Compiling tokio-serde v0.8.0
[INFO] [stderr]    Compiling tinytemplate v1.2.1
[INFO] [stderr]    Compiling tarpc v0.27.2
[INFO] [stderr]    Compiling criterion v0.4.0
[INFO] [stderr]    Compiling pht-crypto v0.1.0-alpha (https://github.com/robinhundt/pht-crypto?rev=79502ebb8060345d90b33fd6b7532d954a580853#79502ebb)
[INFO] [stderr]    Compiling opendp v0.6.2
[INFO] [stderr]    Compiling privdev-dp-comp v0.1.0 (/opt/rustwide/workdir)
[INFO] [stdout] warning: unused import: `crate::test::init_logging`
[INFO] [stdout]   --> src/net/benchmarks.rs:15:5
[INFO] [stdout]    |
[INFO] [stdout] 15 | use crate::test::init_logging;
[INFO] [stdout]    |     ^^^^^^^^^^^^^^^^^^^^^^^^^
[INFO] [stdout]    |
[INFO] [stdout]    = note: `#[warn(unused_imports)]` on by default
[INFO] [stdout] 
[INFO] [stdout] 
[INFO] [stdout] warning: unreachable expression
[INFO] [stdout]   --> src/net/netclient.rs:92:9
[INFO] [stdout]    |
[INFO] [stdout] 47 | /         loop {
[INFO] [stdout] 48 | |             let [lt, gt] = self.client.local_computation();
[INFO] [stdout] 49 | |             let msg = ClientMessage::MsgCiphertext(lt, gt);
[INFO] [stdout] 50 | |             let msg_bytes = bincode::serialize(&msg).unwrap();
[INFO] [stdout] ...  |
[INFO] [stdout] 89 | |             tracing::debug!("Next iteration");
[INFO] [stdout] 90 | |         }
[INFO] [stdout]    | |_________- any code following this expression is unreachable
[INFO] [stdout] 91 |           // Return an error:
[INFO] [stdout] 92 |           Err(Box::new(std::io::Error::new(std::io::ErrorKind::Other, "Protocol failed")))
[INFO] [stdout]    |           ^^^^^^^^^^^^^^^^^^^^^^^^^^^^^^^^^^^^^^^^^^^^^^^^^^^^^^^^^^^^^^^^^^^^^^^^^^^^^^^^ unreachable expression
[INFO] [stdout]    |
[INFO] [stdout]    = note: `#[warn(unreachable_code)]` on by default
[INFO] [stdout] 
[INFO] [stdout] 
[INFO] [stdout] warning: unused import: `get_scale_fixed`
[INFO] [stdout]  --> src/dp_test.rs:4:35
[INFO] [stdout]   |
[INFO] [stdout] 4 |     use crate::party::dp_client::{get_scale_fixed, get_scale_sigmoid, GetScaleFn, NoiseLevel};
[INFO] [stdout]   |                                   ^^^^^^^^^^^^^^^
[INFO] [stdout]   |
[INFO] [stdout]   = note: `#[warn(unused_imports)]` on by default
[INFO] [stdout] 
[INFO] [stdout] 
[INFO] [stdout] warning: unused variable: `id`
[INFO] [stdout]    --> src/net/netserver.rs:164:30
[INFO] [stdout]     |
[INFO] [stdout] 164 |                 if let Some((id, decryption1, decryption2)) = rx.recv().await {
[INFO] [stdout]     |                              ^^ help: if this is intentional, prefix it with an underscore: `_id`
[INFO] [stdout]     |
[INFO] [stdout]     = note: `#[warn(unused_variables)]` on by default
[INFO] [stdout] 
[INFO] [stdout] 
[INFO] [stdout] warning: unreachable expression
[INFO] [stdout]   --> src/net/netclient.rs:92:9
[INFO] [stdout]    |
[INFO] [stdout] 47 | /         loop {
[INFO] [stdout] 48 | |             let [lt, gt] = self.client.local_computation();
[INFO] [stdout] 49 | |             let msg = ClientMessage::MsgCiphertext(lt, gt);
[INFO] [stdout] 50 | |             let msg_bytes = bincode::serialize(&msg).unwrap();
[INFO] [stdout] ...  |
[INFO] [stdout] 89 | |             tracing::debug!("Next iteration");
[INFO] [stdout] 90 | |         }
[INFO] [stdout]    | |_________- any code following this expression is unreachable
[INFO] [stdout] 91 |           // Return an error:
[INFO] [stdout] 92 |           Err(Box::new(std::io::Error::new(std::io::ErrorKind::Other, "Protocol failed")))
[INFO] [stdout]    |           ^^^^^^^^^^^^^^^^^^^^^^^^^^^^^^^^^^^^^^^^^^^^^^^^^^^^^^^^^^^^^^^^^^^^^^^^^^^^^^^^ unreachable expression
[INFO] [stdout]    |
[INFO] [stdout]    = note: `#[warn(unreachable_code)]` on by default
[INFO] [stdout] 
[INFO] [stdout] 
[INFO] [stdout] warning: unused variable: `id`
[INFO] [stdout]    --> src/net/netserver.rs:164:30
[INFO] [stdout]     |
[INFO] [stdout] 164 |                 if let Some((id, decryption1, decryption2)) = rx.recv().await {
[INFO] [stdout]     |                              ^^ help: if this is intentional, prefix it with an underscore: `_id`
[INFO] [stdout]     |
[INFO] [stdout]     = note: `#[warn(unused_variables)]` on by default
[INFO] [stdout] 
[INFO] [stdout] 
[INFO] [stdout] warning: fields `idx` and `n` are never read
[INFO] [stdout]   --> src/party/party_client.rs:27:16
[INFO] [stdout]    |
[INFO] [stdout] 23 | pub struct PartyClient<T> where T: TypeTrait {
[INFO] [stdout]    |            ----------- fields in this struct
[INFO] [stdout] ...
[INFO] [stdout] 27 |     pub(crate) idx: u32,
[INFO] [stdout]    |                ^^^
[INFO] [stdout] 28 |     // number of parties
[INFO] [stdout] 29 |     pub(crate) n: usize,
[INFO] [stdout]    |                ^
[INFO] [stdout]    |
[INFO] [stdout]    = note: `PartyClient` has derived impls for the traits `Debug` and `Clone`, but these are intentionally ignored during dead code analysis
[INFO] [stdout]    = note: `#[warn(dead_code)]` on by default
[INFO] [stdout] 
[INFO] [stdout] 
[INFO] [stdout] warning: field `n` is never read
[INFO] [stdout]   --> src/party/party_server.rs:24:16
[INFO] [stdout]    |
[INFO] [stdout] 22 | pub struct PartyServer {
[INFO] [stdout]    |            ----------- field in this struct
[INFO] [stdout] 23 |     // number of parties
[INFO] [stdout] 24 |     pub(crate) n: usize,
[INFO] [stdout]    |                ^
[INFO] [stdout] 
[INFO] [stdout] 
[INFO] [stdout] warning: function `get_noise_range` is never used
[INFO] [stdout]    --> src/party/dp_client.rs:152:4
[INFO] [stdout]     |
[INFO] [stdout] 152 | fn get_noise_range(result: usize) -> (f64, f64) {
[INFO] [stdout]     |    ^^^^^^^^^^^^^^^
[INFO] [stdout] 
[INFO] [stdout] 
[INFO] [stdout] warning: static `INIT` is never used
[INFO] [stdout]  --> src/test.rs:5:8
[INFO] [stdout]   |
[INFO] [stdout] 5 | static INIT: Once = Once::new();
[INFO] [stdout]   |        ^^^^
[INFO] [stdout] 
[INFO] [stdout] 
[INFO] [stdout] warning: constant `LOG_LEVEL` is never used
[INFO] [stdout]  --> src/test.rs:6:7
[INFO] [stdout]   |
[INFO] [stdout] 6 | const LOG_LEVEL: Level = Level::INFO;
[INFO] [stdout]   |       ^^^^^^^^^
[INFO] [stdout] 
[INFO] [stdout] 
[INFO] [stdout] warning: function `init_logging` is never used
[INFO] [stdout]  --> src/test.rs:9:16
[INFO] [stdout]   |
[INFO] [stdout] 9 | pub (crate) fn init_logging() {
[INFO] [stdout]   |                ^^^^^^^^^^^^
[INFO] [stdout] 
[INFO] [stdout] 
[INFO] [stdout] warning: struct `NetworkServer` is never constructed
[INFO] [stdout]  --> src/protocol.rs:5:8
[INFO] [stdout]   |
[INFO] [stdout] 5 | struct NetworkServer {
[INFO] [stdout]   |        ^^^^^^^^^^^^^
[INFO] [stdout] 
[INFO] [stdout] 
[INFO] [stdout] warning: struct `NetworkClient` is never constructed
[INFO] [stdout]   --> src/protocol.rs:10:8
[INFO] [stdout]    |
[INFO] [stdout] 10 | struct NetworkClient<T> where T: TypeTrait {
[INFO] [stdout]    |        ^^^^^^^^^^^^^
[INFO] [stdout] 
[INFO] [stdout] 
[INFO] [stdout] warning: function `create_single_party` is never used
[INFO] [stdout]   --> src/utils/protocol.rs:47:15
[INFO] [stdout]    |
[INFO] [stdout] 47 | pub(crate) fn create_single_party(db: Vec<i32>) -> (PartyServer, PartyClient<i32>) {
[INFO] [stdout]    |               ^^^^^^^^^^^^^^^^^^^
[INFO] [stdout] 
[INFO] [stdout] 
[INFO] [stdout] warning: function `sample_db_sizes` is never used
[INFO] [stdout]    --> src/utils/protocol.rs:173:15
[INFO] [stdout]     |
[INFO] [stdout] 173 | pub(crate) fn sample_db_sizes(total_size: usize, num_parties: usize) -> Vec<usize> {
[INFO] [stdout]     |               ^^^^^^^^^^^^^^^
[INFO] [stdout] 
[INFO] [stdout] 
[INFO] [stdout] warning: function `get_kth_element` is never used
[INFO] [stdout]    --> src/utils/protocol.rs:199:15
[INFO] [stdout]     |
[INFO] [stdout] 199 | pub(crate) fn get_kth_element<T: TypeTrait>(db: &Vec<Vec<T>>, k: usize) -> T {
[INFO] [stdout]     |               ^^^^^^^^^^^^^^^
[INFO] [stdout] 
[INFO] [stdout] 
[INFO] [stdout] warning: constant `NUM_PARTIES` is never used
[INFO] [stdout]   --> src/net/benchmarks.rs:21:7
[INFO] [stdout]    |
[INFO] [stdout] 21 | const NUM_PARTIES: usize = 100;
[INFO] [stdout]    |       ^^^^^^^^^^^
[INFO] [stdout] 
[INFO] [stdout] 
[INFO] [stdout] warning: constant `DB_SIZE` is never used
[INFO] [stdout]   --> src/net/benchmarks.rs:22:7
[INFO] [stdout]    |
[INFO] [stdout] 22 | const DB_SIZE: usize = 100;
[INFO] [stdout]    |       ^^^^^^^
[INFO] [stdout] 
[INFO] [stdout] 
[INFO] [stdout] warning: constant `k` is never used
[INFO] [stdout]   --> src/net/benchmarks.rs:23:7
[INFO] [stdout]    |
[INFO] [stdout] 23 | const k: KValue = KValue::Median;
[INFO] [stdout]    |       ^
[INFO] [stdout] 
[INFO] [stdout] 
[INFO] [stdout] warning: function `test_multi_party` is never used
[INFO] [stdout]   --> src/net/benchmarks.rs:80:10
[INFO] [stdout]    |
[INFO] [stdout] 80 | async fn test_multi_party(durations: &mut Vec<Duration>) {
[INFO] [stdout]    |          ^^^^^^^^^^^^^^^^
[INFO] [stdout] 
[INFO] [stdout] 
[INFO] [stdout] warning: call to `.clone()` on a reference in this situation does nothing
[INFO] [stdout]   --> src/utils/plot.rs:56:34
[INFO] [stdout]    |
[INFO] [stdout] 56 |     if Path::new(results_filename.clone()).exists() {
[INFO] [stdout]    |                                  ^^^^^^^^ help: remove this redundant call
[INFO] [stdout]    |
[INFO] [stdout]    = note: the type `str` does not implement `Clone`, so calling `clone` on `&str` copies the reference, which does not do anything and can be removed
[INFO] [stdout]    = note: `#[warn(noop_method_call)]` on by default
[INFO] [stdout] 
[INFO] [stdout] 
[INFO] [stdout] warning: constant `k` should have an upper case name
[INFO] [stdout]   --> src/net/benchmarks.rs:23:7
[INFO] [stdout]    |
[INFO] [stdout] 23 | const k: KValue = KValue::Median;
[INFO] [stdout]    |       ^ help: convert the identifier to upper case (notice the capitalization): `K`
[INFO] [stdout]    |
[INFO] [stdout]    = note: `#[warn(non_upper_case_globals)]` on by default
[INFO] [stdout] 
[INFO] [stdout] 
[INFO] [stdout] warning: fields `idx` and `n` are never read
[INFO] [stdout]   --> src/party/party_client.rs:27:16
[INFO] [stdout]    |
[INFO] [stdout] 23 | pub struct PartyClient<T> where T: TypeTrait {
[INFO] [stdout]    |            ----------- fields in this struct
[INFO] [stdout] ...
[INFO] [stdout] 27 |     pub(crate) idx: u32,
[INFO] [stdout]    |                ^^^
[INFO] [stdout] 28 |     // number of parties
[INFO] [stdout] 29 |     pub(crate) n: usize,
[INFO] [stdout]    |                ^
[INFO] [stdout]    |
[INFO] [stdout]    = note: `PartyClient` has derived impls for the traits `Debug` and `Clone`, but these are intentionally ignored during dead code analysis
[INFO] [stdout]    = note: `#[warn(dead_code)]` on by default
[INFO] [stdout] 
[INFO] [stdout] 
[INFO] [stdout] warning: field `n` is never read
[INFO] [stdout]   --> src/party/party_server.rs:24:16
[INFO] [stdout]    |
[INFO] [stdout] 22 | pub struct PartyServer {
[INFO] [stdout]    |            ----------- field in this struct
[INFO] [stdout] 23 |     // number of parties
[INFO] [stdout] 24 |     pub(crate) n: usize,
[INFO] [stdout]    |                ^
[INFO] [stdout] 
[INFO] [stdout] 
[INFO] [stdout] warning: function `get_noise_range` is never used
[INFO] [stdout]    --> src/party/dp_client.rs:152:4
[INFO] [stdout]     |
[INFO] [stdout] 152 | fn get_noise_range(result: usize) -> (f64, f64) {
[INFO] [stdout]     |    ^^^^^^^^^^^^^^^
[INFO] [stdout] 
[INFO] [stdout] 
[INFO] [stdout] warning: struct `NetworkServer` is never constructed
[INFO] [stdout]  --> src/protocol.rs:5:8
[INFO] [stdout]   |
[INFO] [stdout] 5 | struct NetworkServer {
[INFO] [stdout]   |        ^^^^^^^^^^^^^
[INFO] [stdout] 
[INFO] [stdout] 
[INFO] [stdout] warning: struct `NetworkClient` is never constructed
[INFO] [stdout]   --> src/protocol.rs:10:8
[INFO] [stdout]    |
[INFO] [stdout] 10 | struct NetworkClient<T> where T: TypeTrait {
[INFO] [stdout]    |        ^^^^^^^^^^^^^
[INFO] [stdout] 
[INFO] [stdout] 
[INFO] [stdout] warning: function `sample_db_sizes` is never used
[INFO] [stdout]    --> src/utils/protocol.rs:173:15
[INFO] [stdout]     |
[INFO] [stdout] 173 | pub(crate) fn sample_db_sizes(total_size: usize, num_parties: usize) -> Vec<usize> {
[INFO] [stdout]     |               ^^^^^^^^^^^^^^^
[INFO] [stdout] 
[INFO] [stdout] 
[INFO] [stdout] warning: call to `.clone()` on a reference in this situation does nothing
[INFO] [stdout]   --> src/utils/plot.rs:56:34
[INFO] [stdout]    |
[INFO] [stdout] 56 |     if Path::new(results_filename.clone()).exists() {
[INFO] [stdout]    |                                  ^^^^^^^^ help: remove this redundant call
[INFO] [stdout]    |
[INFO] [stdout]    = note: the type `str` does not implement `Clone`, so calling `clone` on `&str` copies the reference, which does not do anything and can be removed
[INFO] [stdout]    = note: `#[warn(noop_method_call)]` on by default
[INFO] [stdout] 
[INFO] [stdout] 
[INFO] [stdout] warning: constant `k` should have an upper case name
[INFO] [stdout]   --> src/net/benchmarks.rs:23:7
[INFO] [stdout]    |
[INFO] [stdout] 23 | const k: KValue = KValue::Median;
[INFO] [stdout]    |       ^ help: convert the identifier to upper case (notice the capitalization): `K`
[INFO] [stdout]    |
[INFO] [stdout]    = note: `#[warn(non_upper_case_globals)]` on by default
[INFO] [stdout] 
[INFO] [stdout] 
[INFO] [stdout] warning: 20 warnings emitted
[INFO] [stdout] 
[INFO] [stdout] 
[INFO] [stdout] warning: 11 warnings emitted
[INFO] [stdout] 
[INFO] [stdout] 
[INFO] [stderr]     Finished test [unoptimized + debuginfo] target(s) in 14.45s
[INFO] running `Command { std: "docker" "inspect" "7926fa97a533a437da3ee258ef0d94b0b0a6f0e4f72625cf78bc435f1c85a582", kill_on_drop: false }`
[INFO] running `Command { std: "docker" "rm" "-f" "7926fa97a533a437da3ee258ef0d94b0b0a6f0e4f72625cf78bc435f1c85a582", kill_on_drop: false }`
[INFO] [stdout] 7926fa97a533a437da3ee258ef0d94b0b0a6f0e4f72625cf78bc435f1c85a582
[INFO] running `Command { std: "docker" "create" "-v" "/var/lib/crater-agent-workspace/builds/worker-0-tc2/target:/opt/rustwide/target:rw,Z" "-v" "/var/lib/crater-agent-workspace/builds/worker-0-tc2/source:/opt/rustwide/workdir:ro,Z" "-v" "/var/lib/crater-agent-workspace/cargo-home:/opt/rustwide/cargo-home:ro,Z" "-v" "/var/lib/crater-agent-workspace/rustup-home:/opt/rustwide/rustup-home:ro,Z" "-e" "SOURCE_DIR=/opt/rustwide/workdir" "-e" "CARGO_TARGET_DIR=/opt/rustwide/target" "-e" "CARGO_INCREMENTAL=0" "-e" "RUST_BACKTRACE=full" "-e" "RUSTFLAGS=--cap-lints=warn" "-e" "RUSTDOCFLAGS=--cap-lints=warn" "-e" "CARGO_HOME=/opt/rustwide/cargo-home" "-e" "RUSTUP_HOME=/opt/rustwide/rustup-home" "-w" "/opt/rustwide/workdir" "-m" "1610612736" "--user" "0:0" "--network" "none" "ghcr.io/rust-lang/crates-build-env/linux@sha256:2788e3201cd34a07e3172128adcd8b3090168a8e3bcc40d7c032b9dda1df7d1c" "/opt/rustwide/cargo-home/bin/cargo" "+beta-2023-12-22" "test" "--frozen", kill_on_drop: false }`
[INFO] [stdout] ce313cbece5d4d5161484020d094d85bc0eb05579b5bad342bc69bf62d0a90ba
[INFO] running `Command { std: "docker" "start" "-a" "ce313cbece5d4d5161484020d094d85bc0eb05579b5bad342bc69bf62d0a90ba", kill_on_drop: false }`
[INFO] [stderr] warning: unused import: `crate::test::init_logging`
[INFO] [stderr]   --> src/net/benchmarks.rs:15:5
[INFO] [stderr]    |
[INFO] [stderr] 15 | use crate::test::init_logging;
[INFO] [stderr]    |     ^^^^^^^^^^^^^^^^^^^^^^^^^
[INFO] [stderr]    |
[INFO] [stderr]    = note: `#[warn(unused_imports)]` on by default
[INFO] [stderr] 
[INFO] [stderr] warning: unreachable expression
[INFO] [stderr]   --> src/net/netclient.rs:92:9
[INFO] [stderr]    |
[INFO] [stderr] 47 | /         loop {
[INFO] [stderr] 48 | |             let [lt, gt] = self.client.local_computation();
[INFO] [stderr] 49 | |             let msg = ClientMessage::MsgCiphertext(lt, gt);
[INFO] [stderr] 50 | |             let msg_bytes = bincode::serialize(&msg).unwrap();
[INFO] [stderr] ...  |
[INFO] [stderr] 89 | |             tracing::debug!("Next iteration");
[INFO] [stderr] 90 | |         }
[INFO] [stderr]    | |_________- any code following this expression is unreachable
[INFO] [stderr] 91 |           // Return an error:
[INFO] [stderr] 92 |           Err(Box::new(std::io::Error::new(std::io::ErrorKind::Other, "Protocol failed")))
[INFO] [stderr]    |           ^^^^^^^^^^^^^^^^^^^^^^^^^^^^^^^^^^^^^^^^^^^^^^^^^^^^^^^^^^^^^^^^^^^^^^^^^^^^^^^^ unreachable expression
[INFO] [stderr]    |
[INFO] [stderr]    = note: `#[warn(unreachable_code)]` on by default
[INFO] [stderr] 
[INFO] [stderr] warning: unused variable: `id`
[INFO] [stderr]    --> src/net/netserver.rs:164:30
[INFO] [stderr]     |
[INFO] [stderr] 164 |                 if let Some((id, decryption1, decryption2)) = rx.recv().await {
[INFO] [stderr]     |                              ^^ help: if this is intentional, prefix it with an underscore: `_id`
[INFO] [stderr]     |
[INFO] [stderr]     = note: `#[warn(unused_variables)]` on by default
[INFO] [stderr] 
[INFO] [stderr] warning: fields `idx` and `n` are never read
[INFO] [stderr]   --> src/party/party_client.rs:27:16
[INFO] [stderr]    |
[INFO] [stderr] 23 | pub struct PartyClient<T> where T: TypeTrait {
[INFO] [stderr]    |            ----------- fields in this struct
[INFO] [stderr] ...
[INFO] [stderr] 27 |     pub(crate) idx: u32,
[INFO] [stderr]    |                ^^^
[INFO] [stderr] 28 |     // number of parties
[INFO] [stderr] 29 |     pub(crate) n: usize,
[INFO] [stderr]    |                ^
[INFO] [stderr]    |
[INFO] [stderr]    = note: `PartyClient` has derived impls for the traits `Debug` and `Clone`, but these are intentionally ignored during dead code analysis
[INFO] [stderr]    = note: `#[warn(dead_code)]` on by default
[INFO] [stderr] 
[INFO] [stderr] warning: field `n` is never read
[INFO] [stderr]   --> src/party/party_server.rs:24:16
[INFO] [stderr]    |
[INFO] [stderr] 22 | pub struct PartyServer {
[INFO] [stderr]    |            ----------- field in this struct
[INFO] [stderr] 23 |     // number of parties
[INFO] [stderr] 24 |     pub(crate) n: usize,
[INFO] [stderr]    |                ^
[INFO] [stderr] 
[INFO] [stderr] warning: function `get_noise_range` is never used
[INFO] [stderr]    --> src/party/dp_client.rs:152:4
[INFO] [stderr]     |
[INFO] [stderr] 152 | fn get_noise_range(result: usize) -> (f64, f64) {
[INFO] [stderr]     |    ^^^^^^^^^^^^^^^
[INFO] [stderr] 
[INFO] [stderr] warning: static `INIT` is never used
[INFO] [stderr]  --> src/test.rs:5:8
[INFO] [stderr]   |
[INFO] [stderr] 5 | static INIT: Once = Once::new();
[INFO] [stderr]   |        ^^^^
[INFO] [stderr] 
[INFO] [stderr] warning: constant `LOG_LEVEL` is never used
[INFO] [stderr]  --> src/test.rs:6:7
[INFO] [stderr]   |
[INFO] [stderr] 6 | const LOG_LEVEL: Level = Level::INFO;
[INFO] [stderr]   |       ^^^^^^^^^
[INFO] [stderr] 
[INFO] [stderr] warning: function `init_logging` is never used
[INFO] [stderr]  --> src/test.rs:9:16
[INFO] [stderr]   |
[INFO] [stderr] 9 | pub (crate) fn init_logging() {
[INFO] [stderr]   |                ^^^^^^^^^^^^
[INFO] [stderr] 
[INFO] [stderr] warning: struct `NetworkServer` is never constructed
[INFO] [stderr]  --> src/protocol.rs:5:8
[INFO] [stderr]   |
[INFO] [stderr] 5 | struct NetworkServer {
[INFO] [stderr]   |        ^^^^^^^^^^^^^
[INFO] [stderr] 
[INFO] [stderr] warning: struct `NetworkClient` is never constructed
[INFO] [stderr]   --> src/protocol.rs:10:8
[INFO] [stderr]    |
[INFO] [stderr] 10 | struct NetworkClient<T> where T: TypeTrait {
[INFO] [stderr]    |        ^^^^^^^^^^^^^
[INFO] [stderr] 
[INFO] [stderr] warning: function `create_single_party` is never used
[INFO] [stderr]   --> src/utils/protocol.rs:47:15
[INFO] [stderr]    |
[INFO] [stderr] 47 | pub(crate) fn create_single_party(db: Vec<i32>) -> (PartyServer, PartyClient<i32>) {
[INFO] [stderr]    |               ^^^^^^^^^^^^^^^^^^^
[INFO] [stderr] 
[INFO] [stderr] warning: function `sample_db_sizes` is never used
[INFO] [stderr]    --> src/utils/protocol.rs:173:15
[INFO] [stderr]     |
[INFO] [stderr] 173 | pub(crate) fn sample_db_sizes(total_size: usize, num_parties: usize) -> Vec<usize> {
[INFO] [stderr]     |               ^^^^^^^^^^^^^^^
[INFO] [stderr] 
[INFO] [stderr] warning: function `get_kth_element` is never used
[INFO] [stderr]    --> src/utils/protocol.rs:199:15
[INFO] [stderr]     |
[INFO] [stderr] 199 | pub(crate) fn get_kth_element<T: TypeTrait>(db: &Vec<Vec<T>>, k: usize) -> T {
[INFO] [stderr]     |               ^^^^^^^^^^^^^^^
[INFO] [stderr] 
[INFO] [stderr] warning: constant `NUM_PARTIES` is never used
[INFO] [stderr]   --> src/net/benchmarks.rs:21:7
[INFO] [stderr]    |
[INFO] [stderr] 21 | const NUM_PARTIES: usize = 100;
[INFO] [stderr]    |       ^^^^^^^^^^^
[INFO] [stderr] 
[INFO] [stderr] warning: constant `DB_SIZE` is never used
[INFO] [stderr]   --> src/net/benchmarks.rs:22:7
[INFO] [stderr]    |
[INFO] [stderr] 22 | const DB_SIZE: usize = 100;
[INFO] [stderr]    |       ^^^^^^^
[INFO] [stderr] 
[INFO] [stderr] warning: constant `k` is never used
[INFO] [stderr]   --> src/net/benchmarks.rs:23:7
[INFO] [stderr]    |
[INFO] [stderr] 23 | const k: KValue = KValue::Median;
[INFO] [stderr]    |       ^
[INFO] [stderr] 
[INFO] [stderr] warning: function `test_multi_party` is never used
[INFO] [stderr]   --> src/net/benchmarks.rs:80:10
[INFO] [stderr]    |
[INFO] [stderr] 80 | async fn test_multi_party(durations: &mut Vec<Duration>) {
[INFO] [stderr]    |          ^^^^^^^^^^^^^^^^
[INFO] [stderr] 
[INFO] [stderr] warning: call to `.clone()` on a reference in this situation does nothing
[INFO] [stderr]   --> src/utils/plot.rs:56:34
[INFO] [stderr]    |
[INFO] [stderr] 56 |     if Path::new(results_filename.clone()).exists() {
[INFO] [stderr]    |                                  ^^^^^^^^ help: remove this redundant call
[INFO] [stderr]    |
[INFO] [stderr]    = note: the type `str` does not implement `Clone`, so calling `clone` on `&str` copies the reference, which does not do anything and can be removed
[INFO] [stderr]    = note: `#[warn(noop_method_call)]` on by default
[INFO] [stderr] 
[INFO] [stderr] warning: constant `k` should have an upper case name
[INFO] [stderr]   --> src/net/benchmarks.rs:23:7
[INFO] [stderr]    |
[INFO] [stderr] 23 | const k: KValue = KValue::Median;
[INFO] [stderr]    |       ^ help: convert the identifier to upper case (notice the capitalization): `K`
[INFO] [stderr]    |
[INFO] [stderr]    = note: `#[warn(non_upper_case_globals)]` on by default
[INFO] [stderr] 
[INFO] [stderr] warning: `privdev-dp-comp` (lib) generated 20 warnings (run `cargo fix --lib -p privdev-dp-comp` to apply 3 suggestions)
[INFO] [stderr] warning: unused import: `get_scale_fixed`
[INFO] [stderr]  --> src/dp_test.rs:4:35
[INFO] [stderr]   |
[INFO] [stderr] 4 |     use crate::party::dp_client::{get_scale_fixed, get_scale_sigmoid, GetScaleFn, NoiseLevel};
[INFO] [stderr]   |                                   ^^^^^^^^^^^^^^^
[INFO] [stderr]   |
[INFO] [stderr]   = note: `#[warn(unused_imports)]` on by default
[INFO] [stderr] 
[INFO] [stderr] warning: `privdev-dp-comp` (lib test) generated 11 warnings (10 duplicates) (run `cargo fix --lib -p privdev-dp-comp --tests` to apply 1 suggestion)
[INFO] [stderr]     Finished test [unoptimized + debuginfo] target(s) in 0.15s
[INFO] [stderr]      Running unittests src/lib.rs (/opt/rustwide/target/debug/deps/privdev_dp_comp-ff5bee8d2207da63)
[INFO] [stdout] 
[INFO] [stdout] running 5 tests
[INFO] [stdout] test party::dp_client::test_laplace_points ... ok
[INFO] [stdout] test test::tests::test_single_party ... ok
[INFO] [stdout] test dp_test::dp_test::test_dp ... FAILED
[INFO] [stdout] [2m2024-01-06T01:02:38.367933Z[0m [32m INFO[0m [2mprivdev_dp_comp::net::benchmarks[0m[2m:[0m Run: 388.042983ms
[INFO] [stdout] [2m2024-01-06T01:02:38.397597Z[0m [32m INFO[0m [2mprivdev_dp_comp::test::tests[0m[2m:[0m Time elapsed for test_multi_party: 424.630825ms
[INFO] [stdout] test test::tests::test_multi_party ... ok
[INFO] [stdout] [2m2024-01-06T01:02:38.876439Z[0m [32m INFO[0m [2mprivdev_dp_comp::net::benchmarks[0m[2m:[0m Run: 503.58544ms
[INFO] [stdout] [2m2024-01-06T01:02:39.572997Z[0m [32m INFO[0m [2mprivdev_dp_comp::net::benchmarks[0m[2m:[0m Run: 687.267063ms
[INFO] [stdout] [2m2024-01-06T01:02:40.061746Z[0m [32m INFO[0m [2mprivdev_dp_comp::net::benchmarks[0m[2m:[0m Run: 480.788685ms
[INFO] [stdout] [2m2024-01-06T01:02:40.516919Z[0m [32m INFO[0m [2mprivdev_dp_comp::net::benchmarks[0m[2m:[0m Run: 450.48043ms
[INFO] [stdout] [2m2024-01-06T01:02:41.164380Z[0m [32m INFO[0m [2mprivdev_dp_comp::net::benchmarks[0m[2m:[0m Run: 639.275603ms
[INFO] [stdout] [2m2024-01-06T01:02:41.827242Z[0m [32m INFO[0m [2mprivdev_dp_comp::net::benchmarks[0m[2m:[0m Run: 656.00298ms
[INFO] [stdout] [2m2024-01-06T01:02:42.392955Z[0m [32m INFO[0m [2mprivdev_dp_comp::net::benchmarks[0m[2m:[0m Run: 559.370769ms
[INFO] [stdout] [2m2024-01-06T01:02:43.036448Z[0m [32m INFO[0m [2mprivdev_dp_comp::net::benchmarks[0m[2m:[0m Run: 634.015364ms
[INFO] [stdout] [2m2024-01-06T01:02:43.577291Z[0m [32m INFO[0m [2mprivdev_dp_comp::net::benchmarks[0m[2m:[0m Run: 532.226514ms
[INFO] [stdout] [2m2024-01-06T01:02:43.577373Z[0m [32m INFO[0m [2mprivdev_dp_comp::net::benchmarks[0m[2m:[0m Average time for 10 correct runs: 553.105583ms
[INFO] [stdout] test net::benchmarks::average_test_multi_party ... ok
[INFO] [stdout] 
[INFO] [stdout] failures:
[INFO] [stdout] 
[INFO] [stdout] ---- dp_test::dp_test::test_dp stdout ----
[INFO] [stdout] thread 'dp_test::dp_test::test_dp' panicked at src/dp_test.rs:51:19:
[INFO] [stdout] Failed to plot bar results: Os { code: 30, kind: ReadOnlyFilesystem, message: "Read-only file system" }
[INFO] [stdout] stack backtrace:
[INFO] [stdout]    0:     0x55c04370e206 - std::backtrace_rs::backtrace::libunwind::trace::h261606ad26a499c1
[INFO] [stdout]                                at /rustc/0e09125c6c3c2fd70d7de961bcf0e51575235fad/library/std/src/../../backtrace/src/backtrace/libunwind.rs:104:5
[INFO] [stdout]    1:     0x55c04370e206 - std::backtrace_rs::backtrace::trace_unsynchronized::hd183f0625477fb28
[INFO] [stdout]                                at /rustc/0e09125c6c3c2fd70d7de961bcf0e51575235fad/library/std/src/../../backtrace/src/backtrace/mod.rs:66:5
[INFO] [stdout]    2:     0x55c04370e206 - std::sys_common::backtrace::_print_fmt::hd7f8fef21b4eda67
[INFO] [stdout]                                at /rustc/0e09125c6c3c2fd70d7de961bcf0e51575235fad/library/std/src/sys_common/backtrace.rs:68:5
[INFO] [stdout]    3:     0x55c04370e206 - <std::sys_common::backtrace::_print::DisplayBacktrace as core::fmt::Display>::fmt::h623d9b51f2f453f1
[INFO] [stdout]                                at /rustc/0e09125c6c3c2fd70d7de961bcf0e51575235fad/library/std/src/sys_common/backtrace.rs:44:22
[INFO] [stdout]    4:     0x55c0437390a0 - core::fmt::rt::Argument::fmt::h9f417ac76a86f368
[INFO] [stdout]                                at /rustc/0e09125c6c3c2fd70d7de961bcf0e51575235fad/library/core/src/fmt/rt.rs:142:9
[INFO] [stdout]    5:     0x55c0437390a0 - core::fmt::write::hc9b6faf4ac2aeff7
[INFO] [stdout]                                at /rustc/0e09125c6c3c2fd70d7de961bcf0e51575235fad/library/core/src/fmt/mod.rs:1120:17
[INFO] [stdout]    6:     0x55c04370b34f - std::io::Write::write_fmt::he04625a3a989fec3
[INFO] [stdout]                                at /rustc/0e09125c6c3c2fd70d7de961bcf0e51575235fad/library/std/src/io/mod.rs:1810:15
[INFO] [stdout]    7:     0x55c04370dfe4 - std::sys_common::backtrace::_print::hd5d66399c7df88a2
[INFO] [stdout]                                at /rustc/0e09125c6c3c2fd70d7de961bcf0e51575235fad/library/std/src/sys_common/backtrace.rs:47:5
[INFO] [stdout]    8:     0x55c04370dfe4 - std::sys_common::backtrace::print::he81ed2da642d37e5
[INFO] [stdout]                                at /rustc/0e09125c6c3c2fd70d7de961bcf0e51575235fad/library/std/src/sys_common/backtrace.rs:34:9
[INFO] [stdout]    9:     0x55c04370fd57 - std::panicking::default_hook::{{closure}}::h85773f4fa117163d
[INFO] [stdout]   10:     0x55c04370fa3d - std::panicking::default_hook::h6a1694a91d09b278
[INFO] [stdout]                                at /rustc/0e09125c6c3c2fd70d7de961bcf0e51575235fad/library/std/src/panicking.rs:289:9
[INFO] [stdout]   11:     0x55c043434f97 - <alloc::boxed::Box<F,A> as core::ops::function::Fn<Args>>::call::h616ac37fa3cd6c8f
[INFO] [stdout]                                at /rustc/0e09125c6c3c2fd70d7de961bcf0e51575235fad/library/alloc/src/boxed.rs:2029:9
[INFO] [stdout]   12:     0x55c043434f97 - test::test_main::{{closure}}::h00d84697cefdcbb6
[INFO] [stdout]                                at /rustc/0e09125c6c3c2fd70d7de961bcf0e51575235fad/library/test/src/lib.rs:138:21
[INFO] [stdout]   13:     0x55c043710376 - <alloc::boxed::Box<F,A> as core::ops::function::Fn<Args>>::call::hcb3fe3b9bb537ba8
[INFO] [stdout]                                at /rustc/0e09125c6c3c2fd70d7de961bcf0e51575235fad/library/alloc/src/boxed.rs:2029:9
[INFO] [stdout]   14:     0x55c043710376 - std::panicking::rust_panic_with_hook::h0a7ad96e90f7145b
[INFO] [stdout]                                at /rustc/0e09125c6c3c2fd70d7de961bcf0e51575235fad/library/std/src/panicking.rs:783:13
[INFO] [stdout]   15:     0x55c0437100c2 - std::panicking::begin_panic_handler::{{closure}}::h7919090525c6485e
[INFO] [stdout]                                at /rustc/0e09125c6c3c2fd70d7de961bcf0e51575235fad/library/std/src/panicking.rs:657:13
[INFO] [stdout]   16:     0x55c04370e706 - std::sys_common::backtrace::__rust_end_short_backtrace::hf3289479464f7dfe
[INFO] [stdout]                                at /rustc/0e09125c6c3c2fd70d7de961bcf0e51575235fad/library/std/src/sys_common/backtrace.rs:171:18
[INFO] [stdout]   17:     0x55c04370fe20 - rust_begin_unwind
[INFO] [stdout]                                at /rustc/0e09125c6c3c2fd70d7de961bcf0e51575235fad/library/std/src/panicking.rs:645:5
[INFO] [stdout]   18:     0x55c0432483e5 - core::panicking::panic_fmt::hcc9f77c5c132af55
[INFO] [stdout]                                at /rustc/0e09125c6c3c2fd70d7de961bcf0e51575235fad/library/core/src/panicking.rs:72:14
[INFO] [stdout]   19:     0x55c0432489e3 - core::result::unwrap_failed::hbe14f498be1452f9
[INFO] [stdout]                                at /rustc/0e09125c6c3c2fd70d7de961bcf0e51575235fad/library/core/src/result.rs:1649:5
[INFO] [stdout]   20:     0x55c0432ed6de - core::result::Result<T,E>::expect::h39ba06baf47589c6
[INFO] [stdout]                                at /rustc/0e09125c6c3c2fd70d7de961bcf0e51575235fad/library/core/src/result.rs:1030:23
[INFO] [stdout]   21:     0x55c0432911c4 - privdev_dp_comp::dp_test::dp_test::deviation_histogram::h7f69bd2de9bdf51b
[INFO] [stdout]                                at /opt/rustwide/workdir/src/dp_test.rs:44:17
[INFO] [stdout]   22:     0x55c04329bcfb - privdev_dp_comp::dp_test::dp_test::test_dp::h4598518fb48aa755
[INFO] [stdout]                                at /opt/rustwide/workdir/src/dp_test.rs:28:9
[INFO] [stdout]   23:     0x55c04329bcd7 - privdev_dp_comp::dp_test::dp_test::test_dp::{{closure}}::h3ac228c36b5722bf
[INFO] [stdout]                                at /opt/rustwide/workdir/src/dp_test.rs:26:17
[INFO] [stdout]   24:     0x55c04326b436 - core::ops::function::FnOnce::call_once::h58ffd2e6470b5581
[INFO] [stdout]                                at /rustc/0e09125c6c3c2fd70d7de961bcf0e51575235fad/library/core/src/ops/function.rs:250:5
[INFO] [stdout]   25:     0x55c04343a86f - core::ops::function::FnOnce::call_once::hd64d26f405258157
[INFO] [stdout]                                at /rustc/0e09125c6c3c2fd70d7de961bcf0e51575235fad/library/core/src/ops/function.rs:250:5
[INFO] [stdout]   26:     0x55c04343a86f - test::__rust_begin_short_backtrace::he21b0b7a6d731bf9
[INFO] [stdout]                                at /rustc/0e09125c6c3c2fd70d7de961bcf0e51575235fad/library/test/src/lib.rs:627:18
[INFO] [stdout]   27:     0x55c0434395f1 - test::run_test_in_process::{{closure}}::hf5c73986d7bdfde2
[INFO] [stdout]                                at /rustc/0e09125c6c3c2fd70d7de961bcf0e51575235fad/library/test/src/lib.rs:650:60
[INFO] [stdout]   28:     0x55c0434395f1 - <core::panic::unwind_safe::AssertUnwindSafe<F> as core::ops::function::FnOnce<()>>::call_once::h330011ad032aadc0
[INFO] [stdout]                                at /rustc/0e09125c6c3c2fd70d7de961bcf0e51575235fad/library/core/src/panic/unwind_safe.rs:272:9
[INFO] [stdout]   29:     0x55c0434395f1 - std::panicking::try::do_call::he61b0a958b795a41
[INFO] [stdout]                                at /rustc/0e09125c6c3c2fd70d7de961bcf0e51575235fad/library/std/src/panicking.rs:552:40
[INFO] [stdout]   30:     0x55c0434395f1 - std::panicking::try::h7309da130f906eb7
[INFO] [stdout]                                at /rustc/0e09125c6c3c2fd70d7de961bcf0e51575235fad/library/std/src/panicking.rs:516:19
[INFO] [stdout]   31:     0x55c0434395f1 - std::panic::catch_unwind::hc5c3a06fdaf0a92a
[INFO] [stdout]                                at /rustc/0e09125c6c3c2fd70d7de961bcf0e51575235fad/library/std/src/panic.rs:142:14
[INFO] [stdout]   32:     0x55c0434395f1 - test::run_test_in_process::h7e7b7c71c3324e0f
[INFO] [stdout]                                at /rustc/0e09125c6c3c2fd70d7de961bcf0e51575235fad/library/test/src/lib.rs:650:27
[INFO] [stdout]   33:     0x55c0434395f1 - test::run_test::{{closure}}::h1f509f28f5cf20b1
[INFO] [stdout]                                at /rustc/0e09125c6c3c2fd70d7de961bcf0e51575235fad/library/test/src/lib.rs:573:43
[INFO] [stdout]   34:     0x55c043400926 - test::run_test::{{closure}}::h1754218abf443f6d
[INFO] [stdout]                                at /rustc/0e09125c6c3c2fd70d7de961bcf0e51575235fad/library/test/src/lib.rs:601:41
[INFO] [stdout]   35:     0x55c043400926 - std::sys_common::backtrace::__rust_begin_short_backtrace::h2ee174b9d5954948
[INFO] [stdout]                                at /rustc/0e09125c6c3c2fd70d7de961bcf0e51575235fad/library/std/src/sys_common/backtrace.rs:155:18
[INFO] [stdout]   36:     0x55c043405987 - std::thread::Builder::spawn_unchecked_::{{closure}}::{{closure}}::hf60bee9c1a17ef09
[INFO] [stdout]                                at /rustc/0e09125c6c3c2fd70d7de961bcf0e51575235fad/library/std/src/thread/mod.rs:529:17
[INFO] [stdout]   37:     0x55c043405987 - <core::panic::unwind_safe::AssertUnwindSafe<F> as core::ops::function::FnOnce<()>>::call_once::h33d0dddec5216160
[INFO] [stdout]                                at /rustc/0e09125c6c3c2fd70d7de961bcf0e51575235fad/library/core/src/panic/unwind_safe.rs:272:9
[INFO] [stdout]   38:     0x55c043405987 - std::panicking::try::do_call::h144b3048b546f835
[INFO] [stdout]                                at /rustc/0e09125c6c3c2fd70d7de961bcf0e51575235fad/library/std/src/panicking.rs:552:40
[INFO] [stdout]   39:     0x55c043405987 - std::panicking::try::h978244d04646189f
[INFO] [stdout]                                at /rustc/0e09125c6c3c2fd70d7de961bcf0e51575235fad/library/std/src/panicking.rs:516:19
[INFO] [stdout]   40:     0x55c043405987 - std::panic::catch_unwind::hdf436369d188fe86
[INFO] [stdout]                                at /rustc/0e09125c6c3c2fd70d7de961bcf0e51575235fad/library/std/src/panic.rs:142:14
[INFO] [stdout]   41:     0x55c043405987 - std::thread::Builder::spawn_unchecked_::{{closure}}::h87329cbdd33c79ec
[INFO] [stdout]                                at /rustc/0e09125c6c3c2fd70d7de961bcf0e51575235fad/library/std/src/thread/mod.rs:528:30
[INFO] [stdout]   42:     0x55c043405987 - core::ops::function::FnOnce::call_once{{vtable.shim}}::h401abbe67897d450
[INFO] [stdout]                                at /rustc/0e09125c6c3c2fd70d7de961bcf0e51575235fad/library/core/src/ops/function.rs:250:5
[INFO] [stdout]   43:     0x55c043715135 - <alloc::boxed::Box<F,A> as core::ops::function::FnOnce<Args>>::call_once::h5d7c8f150ab9c84c
[INFO] [stdout]                                at /rustc/0e09125c6c3c2fd70d7de961bcf0e51575235fad/library/alloc/src/boxed.rs:2015:9
[INFO] [stdout]   44:     0x55c043715135 - <alloc::boxed::Box<F,A> as core::ops::function::FnOnce<Args>>::call_once::h570d5b005c242c15
[INFO] [stdout]                                at /rustc/0e09125c6c3c2fd70d7de961bcf0e51575235fad/library/alloc/src/boxed.rs:2015:9
[INFO] [stdout]   45:     0x55c043715135 - std::sys::unix::thread::Thread::new::thread_start::h36b0a20c0b2361ad
[INFO] [stdout]                                at /rustc/0e09125c6c3c2fd70d7de961bcf0e51575235fad/library/std/src/sys/unix/thread.rs:108:17
[INFO] [stdout]   46:     0x7fd9e681dac3 - <unknown>
[INFO] [stdout]   47:     0x7fd9e68aebf4 - __clone
[INFO] [stdout]   48:                0x0 - <unknown>
[INFO] [stdout] 
[INFO] [stdout] 
[INFO] [stdout] failures:
[INFO] [stdout]     dp_test::dp_test::test_dp
[INFO] [stdout] 
[INFO] [stdout] test result: FAILED. 4 passed; 1 failed; 0 ignored; 0 measured; 0 filtered out; finished in 5.62s
[INFO] [stdout] 
[INFO] [stderr] error: test failed, to rerun pass `--lib`
[INFO] running `Command { std: "docker" "inspect" "ce313cbece5d4d5161484020d094d85bc0eb05579b5bad342bc69bf62d0a90ba", kill_on_drop: false }`
[INFO] running `Command { std: "docker" "rm" "-f" "ce313cbece5d4d5161484020d094d85bc0eb05579b5bad342bc69bf62d0a90ba", kill_on_drop: false }`
[INFO] [stdout] ce313cbece5d4d5161484020d094d85bc0eb05579b5bad342bc69bf62d0a90ba
