[INFO] cloning repository https://github.com/emcrates-rs/atsam3xxx-hal-rs
[INFO] running `Command { std: "git" "-c" "credential.helper=" "-c" "credential.helper=/workspace/cargo-home/bin/git-credential-null" "clone" "--bare" "https://github.com/emcrates-rs/atsam3xxx-hal-rs" "/workspace/cache/git-repos/https%3A%2F%2Fgithub.com%2Femcrates-rs%2Fatsam3xxx-hal-rs", kill_on_drop: false }`
[INFO] [stderr] Cloning into bare repository '/workspace/cache/git-repos/https%3A%2F%2Fgithub.com%2Femcrates-rs%2Fatsam3xxx-hal-rs'...
[INFO] running `Command { std: "git" "rev-parse" "HEAD", kill_on_drop: false }`
[INFO] [stdout] 5ae8c3df5d05ab757a98fd899b9aa84d34fa6e72
[INFO] testing emcrates-rs/atsam3xxx-hal-rs against 1.75.0 for beta-1.76-1
[INFO] running `Command { std: "git" "clone" "/workspace/cache/git-repos/https%3A%2F%2Fgithub.com%2Femcrates-rs%2Fatsam3xxx-hal-rs" "/workspace/builds/worker-0-tc1/source", kill_on_drop: false }`
[INFO] [stderr] Cloning into '/workspace/builds/worker-0-tc1/source'...
[INFO] [stderr] done.
[INFO] validating manifest of git repo https://github.com/emcrates-rs/atsam3xxx-hal-rs on toolchain 1.75.0
[INFO] running `Command { std: CARGO_HOME="/workspace/cargo-home" RUSTUP_HOME="/workspace/rustup-home" "/workspace/cargo-home/bin/cargo" "+1.75.0" "metadata" "--manifest-path" "Cargo.toml" "--no-deps", kill_on_drop: false }`
[INFO] started tweaking git repo https://github.com/emcrates-rs/atsam3xxx-hal-rs
[INFO] finished tweaking git repo https://github.com/emcrates-rs/atsam3xxx-hal-rs
[INFO] tweaked toml for git repo https://github.com/emcrates-rs/atsam3xxx-hal-rs written to /workspace/builds/worker-0-tc1/source/Cargo.toml
[INFO] crate git repo https://github.com/emcrates-rs/atsam3xxx-hal-rs already has a lockfile, it will not be regenerated
[INFO] running `Command { std: CARGO_HOME="/workspace/cargo-home" RUSTUP_HOME="/workspace/rustup-home" "/workspace/cargo-home/bin/cargo" "+1.75.0" "fetch" "--manifest-path" "Cargo.toml", kill_on_drop: false }`
[INFO] [stderr]     Updating crates.io index
[INFO] [stderr]  Downloading crates ...
[INFO] [stderr]   Downloaded atsam3x v0.1.0
[INFO] running `Command { std: "docker" "create" "-v" "/var/lib/crater-agent-workspace/builds/worker-0-tc1/target:/opt/rustwide/target:rw,Z" "-v" "/var/lib/crater-agent-workspace/builds/worker-0-tc1/source:/opt/rustwide/workdir:ro,Z" "-v" "/var/lib/crater-agent-workspace/cargo-home:/opt/rustwide/cargo-home:ro,Z" "-v" "/var/lib/crater-agent-workspace/rustup-home:/opt/rustwide/rustup-home:ro,Z" "-e" "SOURCE_DIR=/opt/rustwide/workdir" "-e" "CARGO_TARGET_DIR=/opt/rustwide/target" "-e" "CARGO_HOME=/opt/rustwide/cargo-home" "-e" "RUSTUP_HOME=/opt/rustwide/rustup-home" "-w" "/opt/rustwide/workdir" "-m" "1610612736" "--user" "0:0" "--network" "none" "ghcr.io/rust-lang/crates-build-env/linux@sha256:2788e3201cd34a07e3172128adcd8b3090168a8e3bcc40d7c032b9dda1df7d1c" "/opt/rustwide/cargo-home/bin/cargo" "+1.75.0" "metadata" "--no-deps" "--format-version=1", kill_on_drop: false }`
[INFO] [stdout] 7d6474418664c03ab57f06967dec804ec9666184bcd2a8f06ed766e18c167a37
[INFO] running `Command { std: "docker" "start" "-a" "7d6474418664c03ab57f06967dec804ec9666184bcd2a8f06ed766e18c167a37", kill_on_drop: false }`
[INFO] running `Command { std: "docker" "inspect" "7d6474418664c03ab57f06967dec804ec9666184bcd2a8f06ed766e18c167a37", kill_on_drop: false }`
[INFO] running `Command { std: "docker" "rm" "-f" "7d6474418664c03ab57f06967dec804ec9666184bcd2a8f06ed766e18c167a37", kill_on_drop: false }`
[INFO] [stdout] 7d6474418664c03ab57f06967dec804ec9666184bcd2a8f06ed766e18c167a37
[INFO] running `Command { std: "docker" "create" "-v" "/var/lib/crater-agent-workspace/builds/worker-0-tc1/target:/opt/rustwide/target:rw,Z" "-v" "/var/lib/crater-agent-workspace/builds/worker-0-tc1/source:/opt/rustwide/workdir:ro,Z" "-v" "/var/lib/crater-agent-workspace/cargo-home:/opt/rustwide/cargo-home:ro,Z" "-v" "/var/lib/crater-agent-workspace/rustup-home:/opt/rustwide/rustup-home:ro,Z" "-e" "SOURCE_DIR=/opt/rustwide/workdir" "-e" "CARGO_TARGET_DIR=/opt/rustwide/target" "-e" "CARGO_INCREMENTAL=0" "-e" "RUST_BACKTRACE=full" "-e" "RUSTFLAGS=--cap-lints=warn" "-e" "RUSTDOCFLAGS=--cap-lints=warn" "-e" "CARGO_HOME=/opt/rustwide/cargo-home" "-e" "RUSTUP_HOME=/opt/rustwide/rustup-home" "-w" "/opt/rustwide/workdir" "-m" "1610612736" "--user" "0:0" "--network" "none" "ghcr.io/rust-lang/crates-build-env/linux@sha256:2788e3201cd34a07e3172128adcd8b3090168a8e3bcc40d7c032b9dda1df7d1c" "/opt/rustwide/cargo-home/bin/cargo" "+1.75.0" "build" "--frozen" "--message-format=json", kill_on_drop: false }`
[INFO] [stdout] 76225f3c4b97ae7e729b8dea04952aef7cd0677791f11d3a6632df9ebdb6fb4d
[INFO] running `Command { std: "docker" "start" "-a" "76225f3c4b97ae7e729b8dea04952aef7cd0677791f11d3a6632df9ebdb6fb4d", kill_on_drop: false }`
[INFO] [stderr]    Compiling semver-parser v0.7.0
[INFO] [stderr]    Compiling proc-macro2 v1.0.46
[INFO] [stderr]    Compiling unicode-ident v1.0.4
[INFO] [stderr]    Compiling syn v1.0.101
[INFO] [stderr]    Compiling cortex-m-rt v0.7.1
[INFO] [stderr]    Compiling nb v1.0.0
[INFO] [stderr]    Compiling cortex-m v0.7.6
[INFO] [stderr]    Compiling void v1.0.2
[INFO] [stderr]    Compiling vcell v0.1.3
[INFO] [stderr]    Compiling bitfield v0.13.2
[INFO] [stderr]    Compiling atsam3x v0.1.0
[INFO] [stderr]    Compiling bare-metal v1.0.0
[INFO] [stderr]    Compiling volatile-register v0.2.1
[INFO] [stderr]    Compiling nb v0.1.3
[INFO] [stderr]    Compiling embedded-hal v0.2.7
[INFO] [stderr]    Compiling semver v0.9.0
[INFO] [stderr]    Compiling rustc_version v0.2.3
[INFO] [stderr]    Compiling bare-metal v0.2.5
[INFO] [stderr]    Compiling quote v1.0.21
[INFO] [stderr]    Compiling cortex-m-rt-macros v0.7.0
[INFO] [stderr]    Compiling atsam3xxx-hal-rs v0.1.0 (/opt/rustwide/workdir)
[INFO] [stdout] warning: unused import: `embedded_hal as hal`
[INFO] [stdout]    --> src/lib.rs:101:5
[INFO] [stdout]     |
[INFO] [stdout] 101 | use embedded_hal as hal;
[INFO] [stdout]     |     ^^^^^^^^^^^^^^^^^^^
[INFO] [stdout]     |
[INFO] [stdout]     = note: `#[warn(unused_imports)]` on by default
[INFO] [stdout] 
[INFO] [stdout] 
[INFO] [stdout] warning: unused import: `EFC1`
[INFO] [stdout]  --> src/eefc.rs:3:24
[INFO] [stdout]   |
[INFO] [stdout] 3 | use crate::pac::{EFC0, EFC1, efc0};
[INFO] [stdout]   |                        ^^^^
[INFO] [stdout] 
[INFO] [stdout] 
[INFO] [stdout] warning: unused import: `sealed::Sealed`
[INFO] [stdout]    --> src/lib.rs:127:5
[INFO] [stdout]     |
[INFO] [stdout] 127 | use sealed::Sealed;
[INFO] [stdout]     |     ^^^^^^^^^^^^^^
[INFO] [stdout] 
[INFO] [stdout] 
[INFO] [stdout] warning: 3 warnings emitted
[INFO] [stdout] 
[INFO] [stdout] 
[INFO] [stderr]     Finished dev [unoptimized + debuginfo] target(s) in 13.60s
[INFO] running `Command { std: "docker" "inspect" "76225f3c4b97ae7e729b8dea04952aef7cd0677791f11d3a6632df9ebdb6fb4d", kill_on_drop: false }`
[INFO] running `Command { std: "docker" "rm" "-f" "76225f3c4b97ae7e729b8dea04952aef7cd0677791f11d3a6632df9ebdb6fb4d", kill_on_drop: false }`
[INFO] [stdout] 76225f3c4b97ae7e729b8dea04952aef7cd0677791f11d3a6632df9ebdb6fb4d
[INFO] running `Command { std: "docker" "create" "-v" "/var/lib/crater-agent-workspace/builds/worker-0-tc1/target:/opt/rustwide/target:rw,Z" "-v" "/var/lib/crater-agent-workspace/builds/worker-0-tc1/source:/opt/rustwide/workdir:ro,Z" "-v" "/var/lib/crater-agent-workspace/cargo-home:/opt/rustwide/cargo-home:ro,Z" "-v" "/var/lib/crater-agent-workspace/rustup-home:/opt/rustwide/rustup-home:ro,Z" "-e" "SOURCE_DIR=/opt/rustwide/workdir" "-e" "CARGO_TARGET_DIR=/opt/rustwide/target" "-e" "CARGO_INCREMENTAL=0" "-e" "RUST_BACKTRACE=full" "-e" "RUSTFLAGS=--cap-lints=warn" "-e" "RUSTDOCFLAGS=--cap-lints=warn" "-e" "CARGO_HOME=/opt/rustwide/cargo-home" "-e" "RUSTUP_HOME=/opt/rustwide/rustup-home" "-w" "/opt/rustwide/workdir" "-m" "1610612736" "--user" "0:0" "--network" "none" "ghcr.io/rust-lang/crates-build-env/linux@sha256:2788e3201cd34a07e3172128adcd8b3090168a8e3bcc40d7c032b9dda1df7d1c" "/opt/rustwide/cargo-home/bin/cargo" "+1.75.0" "test" "--frozen" "--no-run" "--message-format=json", kill_on_drop: false }`
[INFO] [stdout] 3d259a62fc991b8f9e13c78ff6906e4abe6179b6a970068819420e488e6c0c62
[INFO] running `Command { std: "docker" "start" "-a" "3d259a62fc991b8f9e13c78ff6906e4abe6179b6a970068819420e488e6c0c62", kill_on_drop: false }`
[INFO] [stdout] warning: unused import: `embedded_hal as hal`
[INFO] [stdout]    --> src/lib.rs:101:5
[INFO] [stdout]     |
[INFO] [stdout] 101 | use embedded_hal as hal;
[INFO] [stdout]     |     ^^^^^^^^^^^^^^^^^^^
[INFO] [stdout]     |
[INFO] [stdout]     = note: `#[warn(unused_imports)]` on by default
[INFO] [stdout] 
[INFO] [stdout] 
[INFO] [stdout] warning: unused import: `EFC1`
[INFO] [stdout]  --> src/eefc.rs:3:24
[INFO] [stdout]   |
[INFO] [stdout] 3 | use crate::pac::{EFC0, EFC1, efc0};
[INFO] [stdout]   |                        ^^^^
[INFO] [stdout] 
[INFO] [stdout] 
[INFO] [stdout] warning: unused import: `sealed::Sealed`
[INFO] [stdout]    --> src/lib.rs:127:5
[INFO] [stdout]     |
[INFO] [stdout] 127 | use sealed::Sealed;
[INFO] [stdout]     |     ^^^^^^^^^^^^^^
[INFO] [stdout] 
[INFO] [stdout] 
[INFO] [stdout] warning: 3 warnings emitted
[INFO] [stdout] 
[INFO] [stdout] 
[INFO] [stderr]    Compiling atsam3xxx-hal-rs v0.1.0 (/opt/rustwide/workdir)
[INFO] [stdout] warning: unused import: `embedded_hal as hal`
[INFO] [stdout]    --> src/lib.rs:101:5
[INFO] [stdout]     |
[INFO] [stdout] 101 | use embedded_hal as hal;
[INFO] [stdout]     |     ^^^^^^^^^^^^^^^^^^^
[INFO] [stdout]     |
[INFO] [stdout]     = note: `#[warn(unused_imports)]` on by default
[INFO] [stdout] 
[INFO] [stdout] 
[INFO] [stdout] warning: unused import: `EFC1`
[INFO] [stdout]  --> src/eefc.rs:3:24
[INFO] [stdout]   |
[INFO] [stdout] 3 | use crate::pac::{EFC0, EFC1, efc0};
[INFO] [stdout]   |                        ^^^^
[INFO] [stdout] 
[INFO] [stdout] 
[INFO] [stdout] warning: unused import: `sealed::Sealed`
[INFO] [stdout]    --> src/lib.rs:127:5
[INFO] [stdout]     |
[INFO] [stdout] 127 | use sealed::Sealed;
[INFO] [stdout]     |     ^^^^^^^^^^^^^^
[INFO] [stdout] 
[INFO] [stdout] 
[INFO] [stdout] warning: 3 warnings emitted
[INFO] [stdout] 
[INFO] [stdout] 
[INFO] [stderr]     Finished test [unoptimized + debuginfo] target(s) in 0.26s
[INFO] running `Command { std: "docker" "inspect" "3d259a62fc991b8f9e13c78ff6906e4abe6179b6a970068819420e488e6c0c62", kill_on_drop: false }`
[INFO] running `Command { std: "docker" "rm" "-f" "3d259a62fc991b8f9e13c78ff6906e4abe6179b6a970068819420e488e6c0c62", kill_on_drop: false }`
[INFO] [stdout] 3d259a62fc991b8f9e13c78ff6906e4abe6179b6a970068819420e488e6c0c62
[INFO] running `Command { std: "docker" "create" "-v" "/var/lib/crater-agent-workspace/builds/worker-0-tc1/target:/opt/rustwide/target:rw,Z" "-v" "/var/lib/crater-agent-workspace/builds/worker-0-tc1/source:/opt/rustwide/workdir:ro,Z" "-v" "/var/lib/crater-agent-workspace/cargo-home:/opt/rustwide/cargo-home:ro,Z" "-v" "/var/lib/crater-agent-workspace/rustup-home:/opt/rustwide/rustup-home:ro,Z" "-e" "SOURCE_DIR=/opt/rustwide/workdir" "-e" "CARGO_TARGET_DIR=/opt/rustwide/target" "-e" "CARGO_INCREMENTAL=0" "-e" "RUST_BACKTRACE=full" "-e" "RUSTFLAGS=--cap-lints=warn" "-e" "RUSTDOCFLAGS=--cap-lints=warn" "-e" "CARGO_HOME=/opt/rustwide/cargo-home" "-e" "RUSTUP_HOME=/opt/rustwide/rustup-home" "-w" "/opt/rustwide/workdir" "-m" "1610612736" "--user" "0:0" "--network" "none" "ghcr.io/rust-lang/crates-build-env/linux@sha256:2788e3201cd34a07e3172128adcd8b3090168a8e3bcc40d7c032b9dda1df7d1c" "/opt/rustwide/cargo-home/bin/cargo" "+1.75.0" "test" "--frozen", kill_on_drop: false }`
[INFO] [stdout] 2612dbeb81f48e10df9e5502d5f88bc87aa6d9ad92c81d3da7cb94c20fa9557f
[INFO] running `Command { std: "docker" "start" "-a" "2612dbeb81f48e10df9e5502d5f88bc87aa6d9ad92c81d3da7cb94c20fa9557f", kill_on_drop: false }`
[INFO] [stderr] warning: unused import: `embedded_hal as hal`
[INFO] [stderr]    --> src/lib.rs:101:5
[INFO] [stderr]     |
[INFO] [stderr] 101 | use embedded_hal as hal;
[INFO] [stderr]     |     ^^^^^^^^^^^^^^^^^^^
[INFO] [stderr]     |
[INFO] [stderr]     = note: `#[warn(unused_imports)]` on by default
[INFO] [stderr] 
[INFO] [stderr] warning: unused import: `EFC1`
[INFO] [stderr]  --> src/eefc.rs:3:24
[INFO] [stderr]   |
[INFO] [stderr] 3 | use crate::pac::{EFC0, EFC1, efc0};
[INFO] [stderr]   |                        ^^^^
[INFO] [stderr] 
[INFO] [stderr] warning: unused import: `sealed::Sealed`
[INFO] [stderr]    --> src/lib.rs:127:5
[INFO] [stderr]     |
[INFO] [stderr] 127 | use sealed::Sealed;
[INFO] [stderr]     |     ^^^^^^^^^^^^^^
[INFO] [stderr] 
[INFO] [stderr] warning: `atsam3xxx-hal-rs` (lib) generated 3 warnings (run `cargo fix --lib -p atsam3xxx-hal-rs` to apply 3 suggestions)
[INFO] [stderr] warning: `atsam3xxx-hal-rs` (lib test) generated 3 warnings (3 duplicates)
[INFO] [stderr]     Finished test [unoptimized + debuginfo] target(s) in 0.01s
[INFO] [stderr]      Running unittests src/lib.rs (/opt/rustwide/target/debug/deps/atsam3xxx_hal_rs-88c599b0f93ee760)
[INFO] [stdout] 
[INFO] [stdout] running 0 tests
[INFO] [stdout] 
[INFO] [stdout] test result: ok. 0 passed; 0 failed; 0 ignored; 0 measured; 0 filtered out; finished in 0.00s
[INFO] [stdout] 
[INFO] [stderr]    Doc-tests atsam3xxx-hal-rs
[INFO] [stdout] 
[INFO] [stdout] running 1 test
[INFO] [stdout] test src/lib.rs - (line 40) ... FAILED
[INFO] [stdout] 
[INFO] [stdout] failures:
[INFO] [stdout] 
[INFO] [stdout] ---- src/lib.rs - (line 40) stdout ----
[INFO] [stdout] error[E0433]: failed to resolve: use of undeclared crate or module `pac`
[INFO] [stdout]  --> src/lib.rs:42:10
[INFO] [stdout]   |
[INFO] [stdout] 4 | let dp = pac::Peripherals::take().unwrap();
[INFO] [stdout]   |          ^^^ use of undeclared crate or module `pac`
[INFO] [stdout]   |
[INFO] [stdout] help: consider importing one of these items
[INFO] [stdout]   |
[INFO] [stdout] 3 + use atsam3x::atsam3x8e::Peripherals;
[INFO] [stdout]   |
[INFO] [stdout] 3 + use atsam3xxx_hal_rs::pac::Peripherals;
[INFO] [stdout]   |
[INFO] [stdout] help: if you import `Peripherals`, refer to it directly
[INFO] [stdout]   |
[INFO] [stdout] 4 - let dp = pac::Peripherals::take().unwrap();
[INFO] [stdout] 4 + let dp = Peripherals::take().unwrap();
[INFO] [stdout]   |
[INFO] [stdout] 
[INFO] [stdout] error[E0425]: cannot find value `rcc` in this scope
[INFO] [stdout]   --> src/lib.rs:51:14
[INFO] [stdout]    |
[INFO] [stdout] 13 | let clocks = rcc.cfgr.freeze(&mut flash.acr);
[INFO] [stdout]    |              ^^^ not found in this scope
[INFO] [stdout] 
[INFO] [stdout] error: aborting due to 2 previous errors
[INFO] [stdout] 
[INFO] [stdout] Some errors have detailed explanations: E0425, E0433.
[INFO] [stdout] For more information about an error, try `rustc --explain E0425`.
[INFO] [stdout] Couldn't compile the test.
[INFO] [stdout] 
[INFO] [stdout] failures:
[INFO] [stdout]     src/lib.rs - (line 40)
[INFO] [stdout] 
[INFO] [stdout] test result: FAILED. 0 passed; 1 failed; 0 ignored; 0 measured; 0 filtered out; finished in 0.06s
[INFO] [stdout] 
[INFO] [stderr] error: doctest failed, to rerun pass `--doc`
[INFO] running `Command { std: "docker" "inspect" "2612dbeb81f48e10df9e5502d5f88bc87aa6d9ad92c81d3da7cb94c20fa9557f", kill_on_drop: false }`
[INFO] running `Command { std: "docker" "rm" "-f" "2612dbeb81f48e10df9e5502d5f88bc87aa6d9ad92c81d3da7cb94c20fa9557f", kill_on_drop: false }`
[INFO] [stdout] 2612dbeb81f48e10df9e5502d5f88bc87aa6d9ad92c81d3da7cb94c20fa9557f
[INFO] testing emcrates-rs/atsam3xxx-hal-rs against beta-2023-12-22 for beta-1.76-1
[INFO] running `Command { std: "git" "clone" "/workspace/cache/git-repos/https%3A%2F%2Fgithub.com%2Femcrates-rs%2Fatsam3xxx-hal-rs" "/workspace/builds/worker-0-tc2/source", kill_on_drop: false }`
[INFO] [stderr] Cloning into '/workspace/builds/worker-0-tc2/source'...
[INFO] [stderr] done.
[INFO] validating manifest of git repo https://github.com/emcrates-rs/atsam3xxx-hal-rs on toolchain beta-2023-12-22
[INFO] running `Command { std: CARGO_HOME="/workspace/cargo-home" RUSTUP_HOME="/workspace/rustup-home" "/workspace/cargo-home/bin/cargo" "+beta-2023-12-22" "metadata" "--manifest-path" "Cargo.toml" "--no-deps", kill_on_drop: false }`
[INFO] started tweaking git repo https://github.com/emcrates-rs/atsam3xxx-hal-rs
[INFO] finished tweaking git repo https://github.com/emcrates-rs/atsam3xxx-hal-rs
[INFO] tweaked toml for git repo https://github.com/emcrates-rs/atsam3xxx-hal-rs written to /workspace/builds/worker-0-tc2/source/Cargo.toml
[INFO] crate git repo https://github.com/emcrates-rs/atsam3xxx-hal-rs already has a lockfile, it will not be regenerated
[INFO] running `Command { std: CARGO_HOME="/workspace/cargo-home" RUSTUP_HOME="/workspace/rustup-home" "/workspace/cargo-home/bin/cargo" "+beta-2023-12-22" "fetch" "--manifest-path" "Cargo.toml", kill_on_drop: false }`
[INFO] running `Command { std: "docker" "create" "-v" "/var/lib/crater-agent-workspace/builds/worker-0-tc2/target:/opt/rustwide/target:rw,Z" "-v" "/var/lib/crater-agent-workspace/builds/worker-0-tc2/source:/opt/rustwide/workdir:ro,Z" "-v" "/var/lib/crater-agent-workspace/cargo-home:/opt/rustwide/cargo-home:ro,Z" "-v" "/var/lib/crater-agent-workspace/rustup-home:/opt/rustwide/rustup-home:ro,Z" "-e" "SOURCE_DIR=/opt/rustwide/workdir" "-e" "CARGO_TARGET_DIR=/opt/rustwide/target" "-e" "CARGO_HOME=/opt/rustwide/cargo-home" "-e" "RUSTUP_HOME=/opt/rustwide/rustup-home" "-w" "/opt/rustwide/workdir" "-m" "1610612736" "--user" "0:0" "--network" "none" "ghcr.io/rust-lang/crates-build-env/linux@sha256:2788e3201cd34a07e3172128adcd8b3090168a8e3bcc40d7c032b9dda1df7d1c" "/opt/rustwide/cargo-home/bin/cargo" "+beta-2023-12-22" "metadata" "--no-deps" "--format-version=1", kill_on_drop: false }`
[INFO] [stdout] ed4b6b8737c2a0d5c6bef8dc1bdcc1b99a88ad2aa0b6464ec24773b08ef5de43
[INFO] running `Command { std: "docker" "start" "-a" "ed4b6b8737c2a0d5c6bef8dc1bdcc1b99a88ad2aa0b6464ec24773b08ef5de43", kill_on_drop: false }`
[INFO] running `Command { std: "docker" "inspect" "ed4b6b8737c2a0d5c6bef8dc1bdcc1b99a88ad2aa0b6464ec24773b08ef5de43", kill_on_drop: false }`
[INFO] running `Command { std: "docker" "rm" "-f" "ed4b6b8737c2a0d5c6bef8dc1bdcc1b99a88ad2aa0b6464ec24773b08ef5de43", kill_on_drop: false }`
[INFO] [stdout] ed4b6b8737c2a0d5c6bef8dc1bdcc1b99a88ad2aa0b6464ec24773b08ef5de43
[INFO] running `Command { std: "docker" "create" "-v" "/var/lib/crater-agent-workspace/builds/worker-0-tc2/target:/opt/rustwide/target:rw,Z" "-v" "/var/lib/crater-agent-workspace/builds/worker-0-tc2/source:/opt/rustwide/workdir:ro,Z" "-v" "/var/lib/crater-agent-workspace/cargo-home:/opt/rustwide/cargo-home:ro,Z" "-v" "/var/lib/crater-agent-workspace/rustup-home:/opt/rustwide/rustup-home:ro,Z" "-e" "SOURCE_DIR=/opt/rustwide/workdir" "-e" "CARGO_TARGET_DIR=/opt/rustwide/target" "-e" "CARGO_INCREMENTAL=0" "-e" "RUST_BACKTRACE=full" "-e" "RUSTFLAGS=--cap-lints=warn" "-e" "RUSTDOCFLAGS=--cap-lints=warn" "-e" "CARGO_HOME=/opt/rustwide/cargo-home" "-e" "RUSTUP_HOME=/opt/rustwide/rustup-home" "-w" "/opt/rustwide/workdir" "-m" "1610612736" "--user" "0:0" "--network" "none" "ghcr.io/rust-lang/crates-build-env/linux@sha256:2788e3201cd34a07e3172128adcd8b3090168a8e3bcc40d7c032b9dda1df7d1c" "/opt/rustwide/cargo-home/bin/cargo" "+beta-2023-12-22" "build" "--frozen" "--message-format=json", kill_on_drop: false }`
[INFO] [stdout] f7aa14dacd32a188d171478f4bad5639a2d252073c6c15c61b738c6b1e14d9a4
[INFO] running `Command { std: "docker" "start" "-a" "f7aa14dacd32a188d171478f4bad5639a2d252073c6c15c61b738c6b1e14d9a4", kill_on_drop: false }`
[INFO] [stderr]    Compiling semver-parser v0.7.0
[INFO] [stderr]    Compiling proc-macro2 v1.0.46
[INFO] [stderr]    Compiling unicode-ident v1.0.4
[INFO] [stderr]    Compiling syn v1.0.101
[INFO] [stderr]    Compiling cortex-m-rt v0.7.1
[INFO] [stderr]    Compiling cortex-m v0.7.6
[INFO] [stderr]    Compiling nb v1.0.0
[INFO] [stderr]    Compiling vcell v0.1.3
[INFO] [stderr]    Compiling void v1.0.2
[INFO] [stderr]    Compiling bitfield v0.13.2
[INFO] [stderr]    Compiling atsam3x v0.1.0
[INFO] [stderr]    Compiling bare-metal v1.0.0
[INFO] [stderr]    Compiling volatile-register v0.2.1
[INFO] [stderr]    Compiling nb v0.1.3
[INFO] [stderr]    Compiling embedded-hal v0.2.7
[INFO] [stderr]    Compiling semver v0.9.0
[INFO] [stderr]    Compiling rustc_version v0.2.3
[INFO] [stderr]    Compiling bare-metal v0.2.5
[INFO] [stderr]    Compiling quote v1.0.21
[INFO] [stderr]    Compiling cortex-m-rt-macros v0.7.0
[INFO] [stderr]    Compiling atsam3xxx-hal-rs v0.1.0 (/opt/rustwide/workdir)
[INFO] [stdout] warning: unused import: `embedded_hal as hal`
[INFO] [stdout]    --> src/lib.rs:101:5
[INFO] [stdout]     |
[INFO] [stdout] 101 | use embedded_hal as hal;
[INFO] [stdout]     |     ^^^^^^^^^^^^^^^^^^^
[INFO] [stdout]     |
[INFO] [stdout]     = note: `#[warn(unused_imports)]` on by default
[INFO] [stdout] 
[INFO] [stdout] 
[INFO] [stdout] warning: unused import: `EFC1`
[INFO] [stdout]  --> src/eefc.rs:3:24
[INFO] [stdout]   |
[INFO] [stdout] 3 | use crate::pac::{EFC0, EFC1, efc0};
[INFO] [stdout]   |                        ^^^^
[INFO] [stdout] 
[INFO] [stdout] 
[INFO] [stdout] warning: unused import: `sealed::Sealed`
[INFO] [stdout]    --> src/lib.rs:127:5
[INFO] [stdout]     |
[INFO] [stdout] 127 | use sealed::Sealed;
[INFO] [stdout]     |     ^^^^^^^^^^^^^^
[INFO] [stdout] 
[INFO] [stdout] 
[INFO] [stdout] warning: 3 warnings emitted
[INFO] [stdout] 
[INFO] [stdout] 
[INFO] [stderr]     Finished dev [unoptimized + debuginfo] target(s) in 15.64s
[INFO] running `Command { std: "docker" "inspect" "f7aa14dacd32a188d171478f4bad5639a2d252073c6c15c61b738c6b1e14d9a4", kill_on_drop: false }`
[INFO] running `Command { std: "docker" "rm" "-f" "f7aa14dacd32a188d171478f4bad5639a2d252073c6c15c61b738c6b1e14d9a4", kill_on_drop: false }`
[INFO] [stdout] f7aa14dacd32a188d171478f4bad5639a2d252073c6c15c61b738c6b1e14d9a4
[INFO] running `Command { std: "docker" "create" "-v" "/var/lib/crater-agent-workspace/builds/worker-0-tc2/target:/opt/rustwide/target:rw,Z" "-v" "/var/lib/crater-agent-workspace/builds/worker-0-tc2/source:/opt/rustwide/workdir:ro,Z" "-v" "/var/lib/crater-agent-workspace/cargo-home:/opt/rustwide/cargo-home:ro,Z" "-v" "/var/lib/crater-agent-workspace/rustup-home:/opt/rustwide/rustup-home:ro,Z" "-e" "SOURCE_DIR=/opt/rustwide/workdir" "-e" "CARGO_TARGET_DIR=/opt/rustwide/target" "-e" "CARGO_INCREMENTAL=0" "-e" "RUST_BACKTRACE=full" "-e" "RUSTFLAGS=--cap-lints=warn" "-e" "RUSTDOCFLAGS=--cap-lints=warn" "-e" "CARGO_HOME=/opt/rustwide/cargo-home" "-e" "RUSTUP_HOME=/opt/rustwide/rustup-home" "-w" "/opt/rustwide/workdir" "-m" "1610612736" "--user" "0:0" "--network" "none" "ghcr.io/rust-lang/crates-build-env/linux@sha256:2788e3201cd34a07e3172128adcd8b3090168a8e3bcc40d7c032b9dda1df7d1c" "/opt/rustwide/cargo-home/bin/cargo" "+beta-2023-12-22" "test" "--frozen" "--no-run" "--message-format=json", kill_on_drop: false }`
[INFO] [stdout] 28760b72ed7d9302697cdbf1b8882c5f33757f520a21a839d1264f177e78612d
[INFO] running `Command { std: "docker" "start" "-a" "28760b72ed7d9302697cdbf1b8882c5f33757f520a21a839d1264f177e78612d", kill_on_drop: false }`
[INFO] [stdout] warning: unused import: `embedded_hal as hal`
[INFO] [stdout]    --> src/lib.rs:101:5
[INFO] [stdout]     |
[INFO] [stdout] 101 | use embedded_hal as hal;
[INFO] [stdout]     |     ^^^^^^^^^^^^^^^^^^^
[INFO] [stdout]     |
[INFO] [stdout]     = note: `#[warn(unused_imports)]` on by default
[INFO] [stdout] 
[INFO] [stdout] 
[INFO] [stderr]    Compiling atsam3xxx-hal-rs v0.1.0 (/opt/rustwide/workdir)
[INFO] [stdout] warning: unused import: `EFC1`
[INFO] [stdout]  --> src/eefc.rs:3:24
[INFO] [stdout]   |
[INFO] [stdout] 3 | use crate::pac::{EFC0, EFC1, efc0};
[INFO] [stdout]   |                        ^^^^
[INFO] [stdout] 
[INFO] [stdout] 
[INFO] [stdout] warning: unused import: `sealed::Sealed`
[INFO] [stdout]    --> src/lib.rs:127:5
[INFO] [stdout]     |
[INFO] [stdout] 127 | use sealed::Sealed;
[INFO] [stdout]     |     ^^^^^^^^^^^^^^
[INFO] [stdout] 
[INFO] [stdout] 
[INFO] [stdout] warning: 3 warnings emitted
[INFO] [stdout] 
[INFO] [stdout] 
[INFO] [stdout] warning: unused import: `embedded_hal as hal`
[INFO] [stdout]    --> src/lib.rs:101:5
[INFO] [stdout]     |
[INFO] [stdout] 101 | use embedded_hal as hal;
[INFO] [stdout]     |     ^^^^^^^^^^^^^^^^^^^
[INFO] [stdout]     |
[INFO] [stdout]     = note: `#[warn(unused_imports)]` on by default
[INFO] [stdout] 
[INFO] [stdout] 
[INFO] [stdout] warning: unused import: `EFC1`
[INFO] [stdout]  --> src/eefc.rs:3:24
[INFO] [stdout]   |
[INFO] [stdout] 3 | use crate::pac::{EFC0, EFC1, efc0};
[INFO] [stdout]   |                        ^^^^
[INFO] [stdout] 
[INFO] [stdout] 
[INFO] [stdout] warning: unused import: `sealed::Sealed`
[INFO] [stdout]    --> src/lib.rs:127:5
[INFO] [stdout]     |
[INFO] [stdout] 127 | use sealed::Sealed;
[INFO] [stdout]     |     ^^^^^^^^^^^^^^
[INFO] [stdout] 
[INFO] [stdout] 
[INFO] [stdout] warning: 3 warnings emitted
[INFO] [stdout] 
[INFO] [stdout] 
[INFO] [stderr]     Finished test [unoptimized + debuginfo] target(s) in 0.19s
[INFO] running `Command { std: "docker" "inspect" "28760b72ed7d9302697cdbf1b8882c5f33757f520a21a839d1264f177e78612d", kill_on_drop: false }`
[INFO] running `Command { std: "docker" "rm" "-f" "28760b72ed7d9302697cdbf1b8882c5f33757f520a21a839d1264f177e78612d", kill_on_drop: false }`
[INFO] [stdout] 28760b72ed7d9302697cdbf1b8882c5f33757f520a21a839d1264f177e78612d
[INFO] running `Command { std: "docker" "create" "-v" "/var/lib/crater-agent-workspace/builds/worker-0-tc2/target:/opt/rustwide/target:rw,Z" "-v" "/var/lib/crater-agent-workspace/builds/worker-0-tc2/source:/opt/rustwide/workdir:ro,Z" "-v" "/var/lib/crater-agent-workspace/cargo-home:/opt/rustwide/cargo-home:ro,Z" "-v" "/var/lib/crater-agent-workspace/rustup-home:/opt/rustwide/rustup-home:ro,Z" "-e" "SOURCE_DIR=/opt/rustwide/workdir" "-e" "CARGO_TARGET_DIR=/opt/rustwide/target" "-e" "CARGO_INCREMENTAL=0" "-e" "RUST_BACKTRACE=full" "-e" "RUSTFLAGS=--cap-lints=warn" "-e" "RUSTDOCFLAGS=--cap-lints=warn" "-e" "CARGO_HOME=/opt/rustwide/cargo-home" "-e" "RUSTUP_HOME=/opt/rustwide/rustup-home" "-w" "/opt/rustwide/workdir" "-m" "1610612736" "--user" "0:0" "--network" "none" "ghcr.io/rust-lang/crates-build-env/linux@sha256:2788e3201cd34a07e3172128adcd8b3090168a8e3bcc40d7c032b9dda1df7d1c" "/opt/rustwide/cargo-home/bin/cargo" "+beta-2023-12-22" "test" "--frozen", kill_on_drop: false }`
[INFO] [stdout] 06bf574d7edc6113af852917c933c4601d83fb2d644e06c60063d7690d269678
[INFO] running `Command { std: "docker" "start" "-a" "06bf574d7edc6113af852917c933c4601d83fb2d644e06c60063d7690d269678", kill_on_drop: false }`
[INFO] [stderr] warning: unused import: `embedded_hal as hal`
[INFO] [stderr]    --> src/lib.rs:101:5
[INFO] [stderr]     |
[INFO] [stderr] 101 | use embedded_hal as hal;
[INFO] [stderr]     |     ^^^^^^^^^^^^^^^^^^^
[INFO] [stderr]     |
[INFO] [stderr]     = note: `#[warn(unused_imports)]` on by default
[INFO] [stderr] 
[INFO] [stderr] warning: unused import: `EFC1`
[INFO] [stderr]  --> src/eefc.rs:3:24
[INFO] [stderr]   |
[INFO] [stderr] 3 | use crate::pac::{EFC0, EFC1, efc0};
[INFO] [stderr]   |                        ^^^^
[INFO] [stderr] 
[INFO] [stderr] warning: unused import: `sealed::Sealed`
[INFO] [stderr]    --> src/lib.rs:127:5
[INFO] [stderr]     |
[INFO] [stderr] 127 | use sealed::Sealed;
[INFO] [stderr]     |     ^^^^^^^^^^^^^^
[INFO] [stderr] 
[INFO] [stderr] warning: `atsam3xxx-hal-rs` (lib) generated 3 warnings (run `cargo fix --lib -p atsam3xxx-hal-rs` to apply 3 suggestions)
[INFO] [stderr] warning: `atsam3xxx-hal-rs` (lib test) generated 3 warnings (3 duplicates)
[INFO] [stderr]     Finished test [unoptimized + debuginfo] target(s) in 0.01s
[INFO] [stderr]      Running unittests src/lib.rs (/opt/rustwide/target/debug/deps/atsam3xxx_hal_rs-e8e555bd92419d07)
[INFO] [stdout] 
[INFO] [stdout] running 0 tests
[INFO] [stdout] 
[INFO] [stdout] test result: ok. 0 passed; 0 failed; 0 ignored; 0 measured; 0 filtered out; finished in 0.00s
[INFO] [stdout] 
[INFO] [stderr]    Doc-tests atsam3xxx-hal-rs
[INFO] [stdout] 
[INFO] [stdout] running 1 test
[INFO] [stdout] test src/lib.rs - (line 40) ... FAILED
[INFO] [stdout] 
[INFO] [stdout] failures:
[INFO] [stdout] 
[INFO] [stdout] ---- src/lib.rs - (line 40) stdout ----
[INFO] [stdout] error[E0433]: failed to resolve: use of undeclared crate or module `pac`
[INFO] [stdout]  --> src/lib.rs:42:10
[INFO] [stdout]   |
[INFO] [stdout] 4 | let dp = pac::Peripherals::take().unwrap();
[INFO] [stdout]   |          ^^^ use of undeclared crate or module `pac`
[INFO] [stdout]   |
[INFO] [stdout] help: consider importing one of these items
[INFO] [stdout]   |
[INFO] [stdout] 3 + use atsam3x::atsam3x8e::Peripherals;
[INFO] [stdout]   |
[INFO] [stdout] 3 + use atsam3xxx_hal_rs::pac::Peripherals;
[INFO] [stdout]   |
[INFO] [stdout] help: if you import `Peripherals`, refer to it directly
[INFO] [stdout]   |
[INFO] [stdout] 4 - let dp = pac::Peripherals::take().unwrap();
[INFO] [stdout] 4 + let dp = Peripherals::take().unwrap();
[INFO] [stdout]   |
[INFO] [stdout] 
[INFO] [stdout] error[E0425]: cannot find value `rcc` in this scope
[INFO] [stdout]   --> src/lib.rs:51:14
[INFO] [stdout]    |
[INFO] [stdout] 13 | let clocks = rcc.cfgr.freeze(&mut flash.acr);
[INFO] [stdout]    |              ^^^ not found in this scope
[INFO] [stdout] 
[INFO] [stdout] error: aborting due to 2 previous errors
[INFO] [stdout] 
[INFO] [stdout] Some errors have detailed explanations: E0425, E0433.
[INFO] [stdout] For more information about an error, try `rustc --explain E0425`.
[INFO] [stdout] Couldn't compile the test.
[INFO] [stdout] 
[INFO] [stdout] failures:
[INFO] [stdout]     src/lib.rs - (line 40)
[INFO] [stdout] 
[INFO] [stdout] test result: FAILED. 0 passed; 1 failed; 0 ignored; 0 measured; 0 filtered out; finished in 0.06s
[INFO] [stdout] 
[INFO] [stderr] error: doctest failed, to rerun pass `--doc`
[INFO] running `Command { std: "docker" "inspect" "06bf574d7edc6113af852917c933c4601d83fb2d644e06c60063d7690d269678", kill_on_drop: false }`
[INFO] running `Command { std: "docker" "rm" "-f" "06bf574d7edc6113af852917c933c4601d83fb2d644e06c60063d7690d269678", kill_on_drop: false }`
[INFO] [stdout] 06bf574d7edc6113af852917c933c4601d83fb2d644e06c60063d7690d269678
