[INFO] cloning repository https://github.com/eludris/oprish
[INFO] running `Command { std: "git" "-c" "credential.helper=" "-c" "credential.helper=/workspace/cargo-home/bin/git-credential-null" "clone" "--bare" "https://github.com/eludris/oprish" "/workspace/cache/git-repos/https%3A%2F%2Fgithub.com%2Feludris%2Foprish", kill_on_drop: false }`
[INFO] [stderr] Cloning into bare repository '/workspace/cache/git-repos/https%3A%2F%2Fgithub.com%2Feludris%2Foprish'...
[INFO] running `Command { std: "git" "rev-parse" "HEAD", kill_on_drop: false }`
[INFO] [stdout] bcf5c10b8bdcb59aca4a357c796efb7347b24558
[INFO] testing eludris/oprish against 1.75.0 for beta-1.76-1
[INFO] running `Command { std: "git" "clone" "/workspace/cache/git-repos/https%3A%2F%2Fgithub.com%2Feludris%2Foprish" "/workspace/builds/worker-3-tc1/source", kill_on_drop: false }`
[INFO] [stderr] Cloning into '/workspace/builds/worker-3-tc1/source'...
[INFO] [stderr] done.
[INFO] validating manifest of git repo https://github.com/eludris/oprish on toolchain 1.75.0
[INFO] running `Command { std: CARGO_HOME="/workspace/cargo-home" RUSTUP_HOME="/workspace/rustup-home" "/workspace/cargo-home/bin/cargo" "+1.75.0" "metadata" "--manifest-path" "Cargo.toml" "--no-deps", kill_on_drop: false }`
[INFO] started tweaking git repo https://github.com/eludris/oprish
[INFO] finished tweaking git repo https://github.com/eludris/oprish
[INFO] tweaked toml for git repo https://github.com/eludris/oprish written to /workspace/builds/worker-3-tc1/source/Cargo.toml
[INFO] crate git repo https://github.com/eludris/oprish already has a lockfile, it will not be regenerated
[INFO] running `Command { std: CARGO_HOME="/workspace/cargo-home" RUSTUP_HOME="/workspace/rustup-home" "/workspace/cargo-home/bin/cargo" "+1.75.0" "fetch" "--manifest-path" "Cargo.toml", kill_on_drop: false }`
[INFO] [stderr]     Updating git repository `https://github.com/eludris/todel`
[INFO] [stderr]     Updating crates.io index
[INFO] [stderr]  Downloading crates ...
[INFO] [stderr]   Downloaded deadpool-redis v0.10.2
[INFO] [stderr]   Downloaded ffprobe v0.3.3
[INFO] [stderr]   Downloaded sha256 v1.1.1
[INFO] running `Command { std: "docker" "create" "-v" "/var/lib/crater-agent-workspace/builds/worker-3-tc1/target:/opt/rustwide/target:rw,Z" "-v" "/var/lib/crater-agent-workspace/builds/worker-3-tc1/source:/opt/rustwide/workdir:ro,Z" "-v" "/var/lib/crater-agent-workspace/cargo-home:/opt/rustwide/cargo-home:ro,Z" "-v" "/var/lib/crater-agent-workspace/rustup-home:/opt/rustwide/rustup-home:ro,Z" "-e" "SOURCE_DIR=/opt/rustwide/workdir" "-e" "CARGO_TARGET_DIR=/opt/rustwide/target" "-e" "CARGO_HOME=/opt/rustwide/cargo-home" "-e" "RUSTUP_HOME=/opt/rustwide/rustup-home" "-w" "/opt/rustwide/workdir" "-m" "1610612736" "--user" "0:0" "--network" "none" "ghcr.io/rust-lang/crates-build-env/linux@sha256:2788e3201cd34a07e3172128adcd8b3090168a8e3bcc40d7c032b9dda1df7d1c" "/opt/rustwide/cargo-home/bin/cargo" "+1.75.0" "metadata" "--no-deps" "--format-version=1", kill_on_drop: false }`
[INFO] [stdout] 02178e0b2eb6e525f6d04a739a16d7b1787e6ce1a3bdc39eaeb893c1f80ccb87
[INFO] running `Command { std: "docker" "start" "-a" "02178e0b2eb6e525f6d04a739a16d7b1787e6ce1a3bdc39eaeb893c1f80ccb87", kill_on_drop: false }`
[INFO] running `Command { std: "docker" "inspect" "02178e0b2eb6e525f6d04a739a16d7b1787e6ce1a3bdc39eaeb893c1f80ccb87", kill_on_drop: false }`
[INFO] running `Command { std: "docker" "rm" "-f" "02178e0b2eb6e525f6d04a739a16d7b1787e6ce1a3bdc39eaeb893c1f80ccb87", kill_on_drop: false }`
[INFO] [stdout] 02178e0b2eb6e525f6d04a739a16d7b1787e6ce1a3bdc39eaeb893c1f80ccb87
[INFO] running `Command { std: "docker" "create" "-v" "/var/lib/crater-agent-workspace/builds/worker-3-tc1/target:/opt/rustwide/target:rw,Z" "-v" "/var/lib/crater-agent-workspace/builds/worker-3-tc1/source:/opt/rustwide/workdir:ro,Z" "-v" "/var/lib/crater-agent-workspace/cargo-home:/opt/rustwide/cargo-home:ro,Z" "-v" "/var/lib/crater-agent-workspace/rustup-home:/opt/rustwide/rustup-home:ro,Z" "-e" "SOURCE_DIR=/opt/rustwide/workdir" "-e" "CARGO_TARGET_DIR=/opt/rustwide/target" "-e" "CARGO_INCREMENTAL=0" "-e" "RUST_BACKTRACE=full" "-e" "RUSTFLAGS=--cap-lints=warn" "-e" "RUSTDOCFLAGS=--cap-lints=warn" "-e" "CARGO_HOME=/opt/rustwide/cargo-home" "-e" "RUSTUP_HOME=/opt/rustwide/rustup-home" "-w" "/opt/rustwide/workdir" "-m" "1610612736" "--user" "0:0" "--network" "none" "ghcr.io/rust-lang/crates-build-env/linux@sha256:2788e3201cd34a07e3172128adcd8b3090168a8e3bcc40d7c032b9dda1df7d1c" "/opt/rustwide/cargo-home/bin/cargo" "+1.75.0" "build" "--frozen" "--message-format=json", kill_on_drop: false }`
[INFO] [stdout] ca584188c458ee194f7dcdf9b800d7949f740ada7f8aa1e52cddd6c13a23917f
[INFO] running `Command { std: "docker" "start" "-a" "ca584188c458ee194f7dcdf9b800d7949f740ada7f8aa1e52cddd6c13a23917f", kill_on_drop: false }`
[INFO] [stderr]    Compiling libc v0.2.137
[INFO] [stderr]    Compiling proc-macro2 v1.0.47
[INFO] [stderr]    Compiling unicode-ident v1.0.5
[INFO] [stderr]    Compiling syn v1.0.104
[INFO] [stderr]    Compiling once_cell v1.16.0
[INFO] [stderr]    Compiling serde_derive v1.0.148
[INFO] [stderr]    Compiling subtle v2.4.1
[INFO] [stderr]    Compiling futures-core v0.3.25
[INFO] [stderr]    Compiling bytes v1.3.0
[INFO] [stderr]    Compiling generic-array v0.14.6
[INFO] [stderr]    Compiling smallvec v1.10.0
[INFO] [stderr]    Compiling serde v1.0.148
[INFO] [stderr]    Compiling cpufeatures v0.2.5
[INFO] [stderr]    Compiling spin v0.5.2
[INFO] [stderr]    Compiling itoa v1.0.4
[INFO] [stderr]    Compiling futures-channel v0.3.25
[INFO] [stderr]    Compiling cc v1.0.77
[INFO] [stderr]    Compiling tokio v1.22.0
[INFO] [stderr]    Compiling pin-utils v0.1.0
[INFO] [stderr]    Compiling ppv-lite86 v0.2.17
[INFO] [stderr]    Compiling lock_api v0.4.9
[INFO] [stderr]    Compiling futures-sink v0.3.25
[INFO] [stderr]    Compiling untrusted v0.7.1
[INFO] [stderr]    Compiling libm v0.2.6
[INFO] [stderr]    Compiling log v0.4.17
[INFO] [stderr]    Compiling base64 v0.13.1
[INFO] [stderr]    Compiling num-traits v0.2.15
[INFO] [stderr]    Compiling percent-encoding v2.2.0
[INFO] [stderr]    Compiling hashbrown v0.12.3
[INFO] [stderr]    Compiling opaque-debug v0.3.0
[INFO] [stderr]    Compiling tracing-core v0.1.30
[INFO] [stderr]    Compiling proc-macro2-diagnostics v0.9.1
[INFO] [stderr]    Compiling futures-task v0.3.25
[INFO] [stderr]    Compiling crossbeam-utils v0.8.14
[INFO] [stderr]    Compiling futures-util v0.3.25
[INFO] [stderr]    Compiling yansi v0.5.1
[INFO] [stderr]    Compiling quote v1.0.21
[INFO] [stderr]    Compiling tracing v0.1.37
[INFO] [stderr]    Compiling getrandom v0.2.8
[INFO] [stderr]    Compiling num_cpus v1.14.0
[INFO] [stderr]    Compiling block-buffer v0.10.3
[INFO] [stderr]    Compiling mio v0.8.5
[INFO] [stderr]    Compiling socket2 v0.4.7
[INFO] [stderr]    Compiling signal-hook-registry v1.4.0
[INFO] [stderr]    Compiling inout v0.1.3
[INFO] [stderr]    Compiling rand_core v0.6.4
[INFO] [stderr]    Compiling crypto-common v0.1.6
[INFO] [stderr]    Compiling ring v0.16.20
[INFO] [stderr]    Compiling futures-io v0.3.25
[INFO] [stderr]    Compiling digest v0.10.6
[INFO] [stderr]    Compiling rand_chacha v0.3.1
[INFO] [stderr]    Compiling unicode-normalization v0.1.22
[INFO] [stderr]    Compiling indexmap v1.9.2
[INFO] [stderr]    Compiling base64ct v1.5.3
[INFO] [stderr]    Compiling rand v0.8.5
[INFO] [stderr]    Compiling crypto-bigint v0.3.2
[INFO] [stderr]    Compiling http v0.2.8
[INFO] [stderr]    Compiling num-iter v0.1.43
[INFO] [stderr]    Compiling instant v0.1.12
[INFO] [stderr]    Compiling const-oid v0.7.1
[INFO] [stderr]    Compiling pem-rfc7468 v0.3.1
[INFO] [stderr]    Compiling zeroize v1.5.7
[INFO] [stderr]    Compiling httparse v1.8.0
[INFO] [stderr]    Compiling num-integer v0.1.45
[INFO] [stderr]    Compiling idna v0.3.0
[INFO] [stderr]    Compiling form_urlencoded v1.1.0
[INFO] [stderr]    Compiling lazy_static v1.4.0
[INFO] [stderr]    Compiling memoffset v0.7.1
[INFO] [stderr]    Compiling try-lock v0.2.3
[INFO] [stderr]    Compiling num-bigint-dig v0.8.2
[INFO] [stderr]    Compiling der v0.5.1
[INFO] [stderr]    Compiling time-core v0.1.0
[INFO] [stderr]    Compiling time-macros v0.2.6
[INFO] [stderr]    Compiling sha2 v0.10.6
[INFO] [stderr]    Compiling cipher v0.4.3
[INFO] [stderr]    Compiling universal-hash v0.5.0
[INFO] [stderr]    Compiling crossbeam-epoch v0.9.13
[INFO] [stderr]    Compiling cookie v0.16.1
[INFO] [stderr]    Compiling serde_json v1.0.89
[INFO] [stderr]    Compiling polyval v0.6.0
[INFO] [stderr]    Compiling http-body v0.4.5
[INFO] [stderr]    Compiling spki v0.5.4
[INFO] [stderr]    Compiling minimal-lexical v0.2.1
[INFO] [stderr]    Compiling httpdate v1.0.2
[INFO] [stderr]    Compiling async-trait v0.1.58
[INFO] [stderr]    Compiling tower-service v0.3.2
[INFO] [stderr]    Compiling pkcs8 v0.8.0
[INFO] [stderr]    Compiling inlinable_string v0.1.15
[INFO] [stderr]    Compiling crossbeam-queue v0.3.8
[INFO] [stderr]    Compiling ref-cast v1.0.13
[INFO] [stderr]    Compiling nom v7.1.1
[INFO] [stderr]    Compiling pkcs1 v0.3.3
[INFO] [stderr]    Compiling ghash v0.5.0
[INFO] [stderr]    Compiling aes v0.8.2
[INFO] [stderr]    Compiling ctr v0.9.2
[INFO] [stderr]    Compiling hmac v0.12.1
[INFO] [stderr]    Compiling aead v0.5.1
[INFO] [stderr]    Compiling spin v0.9.4
[INFO] [stderr]    Compiling uncased v0.9.7
[INFO] [stderr]    Compiling num-bigint v0.3.3
[INFO] [stderr]    Compiling time v0.3.17
[INFO] [stderr]    Compiling unicode_categories v0.1.1
[INFO] [stderr]    Compiling thiserror v1.0.37
[INFO] [stderr]    Compiling rayon-core v1.10.1
[INFO] [stderr]    Compiling miniz_oxide v0.6.2
[INFO] [stderr]    Compiling aes-gcm v0.10.1
[INFO] [stderr]    Compiling hkdf v0.12.3
[INFO] [stderr]    Compiling crossbeam-deque v0.8.2
[INFO] [stderr]    Compiling url v2.3.1
[INFO] [stderr]    Compiling want v0.3.0
[INFO] [stderr]    Compiling parking_lot_core v0.8.5
[INFO] [stderr]    Compiling crossbeam-channel v0.5.6
[INFO] [stderr]    Compiling ahash v0.7.6
[INFO] [stderr]    Compiling stable-pattern v0.1.0
[INFO] [stderr]    Compiling byteorder v1.4.3
[INFO] [stderr]    Compiling parking_lot_core v0.9.4
[INFO] [stderr]    Compiling encoding_rs v0.8.31
[INFO] [stderr]    Compiling strsim v0.10.0
[INFO] [stderr]    Compiling crc-catalog v1.1.1
[INFO] [stderr]    Compiling ident_case v1.0.1
[INFO] [stderr]    Compiling state v0.5.3
[INFO] [stderr]    Compiling crc v2.1.0
[INFO] [stderr]    Compiling futures v0.3.25
[INFO] [stderr]    Compiling hashbrown v0.11.2
[INFO] [stderr]    Compiling parking_lot v0.11.2
[INFO] [stderr]    Compiling atoi v0.4.0
[INFO] [stderr]    Compiling darling_core v0.14.2
[INFO] [stderr]    Compiling devise_core v0.3.1
[INFO] [stderr]    Compiling stringprep v0.1.2
[INFO] [stderr]    Compiling hyper v0.14.23
[INFO] [stderr]    Compiling figment v0.10.8
[INFO] [stderr]    Compiling multer v2.0.4
[INFO] [stderr]    Compiling webpki v0.21.4
[INFO] [stderr]    Compiling sct v0.6.1
[INFO] [stderr]    Compiling rustls v0.19.1
[INFO] [stderr]    Compiling atomic v0.5.1
[INFO] [stderr]    Compiling paste v1.0.9
[INFO] [stderr]    Compiling webpki-roots v0.21.1
[INFO] [stderr]    Compiling rsa v0.6.1
[INFO] [stderr]    Compiling tokio-stream v0.1.11
[INFO] [stderr]    Compiling hashlink v0.7.0
[INFO] [stderr]    Compiling futures-intrusive v0.4.2
[INFO] [stderr]    Compiling flate2 v1.0.25
[INFO] [stderr]    Compiling sha-1 v0.10.1
[INFO] [stderr]    Compiling nanorand v0.7.0
[INFO] [stderr]    Compiling atty v0.2.14
[INFO] [stderr]    Compiling rocket v0.5.0-rc.2
[INFO] [stderr]    Compiling unicode-segmentation v1.10.0
[INFO] [stderr]    Compiling remove_dir_all v0.5.3
[INFO] [stderr]    Compiling weezl v0.1.7
[INFO] [stderr]    Compiling unicode-xid v0.2.4
[INFO] [stderr]    Compiling mime v0.3.16
[INFO] [stderr]    Compiling glob v0.3.0
[INFO] [stderr]    Compiling tempfile v3.3.0
[INFO] [stderr]    Compiling parking_lot_core v0.7.2
[INFO] [stderr]    Compiling parking_lot v0.12.1
[INFO] [stderr]    Compiling heck v0.4.0
[INFO] [stderr]    Compiling tokio-rustls v0.22.0
[INFO] [stderr]    Compiling sqlx-rt v0.5.13
[INFO] [stderr]    Compiling threadpool v1.8.1
[INFO] [stderr]    Compiling block-buffer v0.9.0
[INFO] [stderr]    Compiling digest v0.9.0
[INFO] [stderr]    Compiling memchr v1.0.2
[INFO] [stderr]    Compiling lock_api v0.3.4
[INFO] [stderr]    Compiling lebe v0.5.2
[INFO] [stderr]    Compiling anyhow v1.0.66
[INFO] [stderr]    Compiling binascii v0.1.4
[INFO] [stderr]    Compiling dotenv v0.15.0
[INFO] [stderr]    Compiling fixedbitset v0.2.0
[INFO] [stderr]    Compiling half v2.1.0
[INFO] [stderr]    Compiling bit_field v0.10.1
[INFO] [stderr]    Compiling retain_mut v0.1.9
[INFO] [stderr]    Compiling gif v0.11.4
[INFO] [stderr]    Compiling nom v3.2.1
[INFO] [stderr]    Compiling parking_lot v0.10.2
[INFO] [stderr]    Compiling sha2 v0.9.9
[INFO] [stderr]    Compiling num-rational v0.4.1
[INFO] [stderr]    Compiling png v0.17.7
[INFO] [stderr]    Compiling aho-corasick v0.7.20
[INFO] [stderr]    Compiling regex-syntax v0.6.28
[INFO] [stderr]    Compiling tokio-macros v1.8.0
[INFO] [stderr]    Compiling pear_codegen v0.2.3
[INFO] [stderr]    Compiling ref-cast-impl v1.0.13
[INFO] [stderr]    Compiling thiserror-impl v1.0.37
[INFO] [stderr]    Compiling devise_codegen v0.3.1
[INFO] [stderr]    Compiling pin-project-internal v1.0.12
[INFO] [stderr]    Compiling darling_macro v0.14.2
[INFO] [stderr]    Compiling async-stream-impl v0.3.3
[INFO] [stderr]    Compiling bytemuck v1.12.3
[INFO] [stderr]    Compiling regex v1.7.0
[INFO] [stderr]    Compiling sha256 v1.1.1
[INFO] [stderr]    Compiling pear v0.2.3
[INFO] [stderr]    Compiling devise v0.3.1
[INFO] [stderr]    Compiling humantime v2.1.0
[INFO] [stderr]    Compiling imagesize v0.10.1
[INFO] [stderr]    Compiling rocket_db_pools_codegen v0.1.0-rc.2
[INFO] [stderr]    Compiling darling v0.14.2
[INFO] [stderr]    Compiling serde_with_macros v2.1.0
[INFO] [stderr]    Compiling async-stream v0.3.3
[INFO] [stderr]    Compiling env_logger v0.9.3
[INFO] [stderr]    Compiling pin-project v1.0.12
[INFO] [stderr]    Compiling flume v0.10.14
[INFO] [stderr]    Compiling exr v1.5.2
[INFO] [stderr]    Compiling tokio-util v0.7.4
[INFO] [stderr]    Compiling deadpool-runtime v0.1.2
[INFO] [stderr]    Compiling deadpool v0.9.5
[INFO] [stderr]    Compiling combine v4.6.6
[INFO] [stderr]    Compiling either v1.8.0
[INFO] [stderr]    Compiling toml v0.5.9
[INFO] [stderr]    Compiling ubyte v0.10.3
[INFO] [stderr]    Compiling serde_with v2.1.0
[INFO] [stderr]    Compiling itertools v0.10.5
[INFO] [stderr]    Compiling rayon v1.6.0
[INFO] [stderr]    Compiling rocket_http v0.5.0-rc.2
[INFO] [stderr]    Compiling h2 v0.3.15
[INFO] [stderr]    Compiling petgraph v0.5.1
[INFO] [stderr]    Compiling ffprobe v0.3.3
[INFO] [stderr]    Compiling sqlformat v0.1.8
[INFO] [stderr]    Compiling tree_magic v0.2.3
[INFO] [stderr]    Compiling jpeg-decoder v0.3.0
[INFO] [stderr]    Compiling sqlx-core v0.5.13
[INFO] [stderr]    Compiling rocket_codegen v0.5.0-rc.2
[INFO] [stderr]    Compiling tiff v0.8.0
[INFO] [stderr]    Compiling image v0.24.5
[INFO] [stderr]    Compiling redis v0.21.6
[INFO] [stderr]    Compiling sqlx-macros v0.5.13
[INFO] [stderr]    Compiling deadpool-redis v0.10.2
[INFO] [stderr]    Compiling sqlx v0.5.13
[INFO] [stderr]    Compiling rocket_db_pools v0.1.0-rc.2
[INFO] [stderr]    Compiling todel v0.3.0 (https://github.com/eludris/todel#69c4c9e2)
[INFO] [stderr]    Compiling oprish v0.3.0 (/opt/rustwide/workdir)
[INFO] [stdout] warning: unused import: `index`
[INFO] [stdout]   --> src/routes/messages/mod.rs:12:14
[INFO] [stdout]    |
[INFO] [stdout] 12 | pub async fn index(
[INFO] [stdout]    |              ^^^^^
[INFO] [stdout]    |
[INFO] [stdout]    = note: `#[warn(unused_imports)]` on by default
[INFO] [stdout] 
[INFO] [stdout] 
[INFO] [stdout] warning: unused import: `ratelimits`
[INFO] [stdout]   --> src/routes/ratelimits.rs:11:14
[INFO] [stdout]    |
[INFO] [stdout] 11 | pub async fn ratelimits(
[INFO] [stdout]    |              ^^^^^^^^^^
[INFO] [stdout] 
[INFO] [stdout] 
[INFO] [stdout] warning: unused import: `index`
[INFO] [stdout]   --> src/routes/mod.rs:14:14
[INFO] [stdout]    |
[INFO] [stdout] 14 | pub async fn index(
[INFO] [stdout]    |              ^^^^^
[INFO] [stdout] 
[INFO] [stdout] 
[INFO] [stdout] warning: 3 warnings emitted
[INFO] [stdout] 
[INFO] [stdout] 
[INFO] [stderr]     Finished dev [unoptimized + debuginfo] target(s) in 37.23s
[INFO] [stderr] warning: the following packages contain code that will be rejected by a future version of Rust: nom v3.2.1
[INFO] [stderr] note: to see what the problems were, use the option `--future-incompat-report`, or run `cargo report future-incompatibilities --id 1`
[INFO] running `Command { std: "docker" "inspect" "ca584188c458ee194f7dcdf9b800d7949f740ada7f8aa1e52cddd6c13a23917f", kill_on_drop: false }`
[INFO] running `Command { std: "docker" "rm" "-f" "ca584188c458ee194f7dcdf9b800d7949f740ada7f8aa1e52cddd6c13a23917f", kill_on_drop: false }`
[INFO] [stdout] ca584188c458ee194f7dcdf9b800d7949f740ada7f8aa1e52cddd6c13a23917f
[INFO] running `Command { std: "docker" "create" "-v" "/var/lib/crater-agent-workspace/builds/worker-3-tc1/target:/opt/rustwide/target:rw,Z" "-v" "/var/lib/crater-agent-workspace/builds/worker-3-tc1/source:/opt/rustwide/workdir:ro,Z" "-v" "/var/lib/crater-agent-workspace/cargo-home:/opt/rustwide/cargo-home:ro,Z" "-v" "/var/lib/crater-agent-workspace/rustup-home:/opt/rustwide/rustup-home:ro,Z" "-e" "SOURCE_DIR=/opt/rustwide/workdir" "-e" "CARGO_TARGET_DIR=/opt/rustwide/target" "-e" "CARGO_INCREMENTAL=0" "-e" "RUST_BACKTRACE=full" "-e" "RUSTFLAGS=--cap-lints=warn" "-e" "RUSTDOCFLAGS=--cap-lints=warn" "-e" "CARGO_HOME=/opt/rustwide/cargo-home" "-e" "RUSTUP_HOME=/opt/rustwide/rustup-home" "-w" "/opt/rustwide/workdir" "-m" "1610612736" "--user" "0:0" "--network" "none" "ghcr.io/rust-lang/crates-build-env/linux@sha256:2788e3201cd34a07e3172128adcd8b3090168a8e3bcc40d7c032b9dda1df7d1c" "/opt/rustwide/cargo-home/bin/cargo" "+1.75.0" "test" "--frozen" "--no-run" "--message-format=json", kill_on_drop: false }`
[INFO] [stdout] 58fe91c2d6d93d38cbeb1dc0bfd5496076ad9ac3e8f6289f94f5919957af54be
[INFO] running `Command { std: "docker" "start" "-a" "58fe91c2d6d93d38cbeb1dc0bfd5496076ad9ac3e8f6289f94f5919957af54be", kill_on_drop: false }`
[INFO] [stderr]    Compiling oprish v0.3.0 (/opt/rustwide/workdir)
[INFO] [stdout] warning: unused import: `index`
[INFO] [stdout]   --> src/routes/messages/mod.rs:12:14
[INFO] [stdout]    |
[INFO] [stdout] 12 | pub async fn index(
[INFO] [stdout]    |              ^^^^^
[INFO] [stdout]    |
[INFO] [stdout]    = note: `#[warn(unused_imports)]` on by default
[INFO] [stdout] 
[INFO] [stdout] 
[INFO] [stdout] warning: unused import: `ratelimits`
[INFO] [stdout]   --> src/routes/ratelimits.rs:11:14
[INFO] [stdout]    |
[INFO] [stdout] 11 | pub async fn ratelimits(
[INFO] [stdout]    |              ^^^^^^^^^^
[INFO] [stdout] 
[INFO] [stdout] 
[INFO] [stdout] warning: unused import: `index`
[INFO] [stdout]   --> src/routes/mod.rs:14:14
[INFO] [stdout]    |
[INFO] [stdout] 14 | pub async fn index(
[INFO] [stdout]    |              ^^^^^
[INFO] [stdout] 
[INFO] [stdout] 
[INFO] [stdout] warning: 3 warnings emitted
[INFO] [stdout] 
[INFO] [stdout] 
[INFO] [stderr]     Finished test [unoptimized + debuginfo] target(s) in 6.47s
[INFO] [stderr] warning: the following packages contain code that will be rejected by a future version of Rust: nom v3.2.1
[INFO] [stderr] note: to see what the problems were, use the option `--future-incompat-report`, or run `cargo report future-incompatibilities --id 1`
[INFO] running `Command { std: "docker" "inspect" "58fe91c2d6d93d38cbeb1dc0bfd5496076ad9ac3e8f6289f94f5919957af54be", kill_on_drop: false }`
[INFO] running `Command { std: "docker" "rm" "-f" "58fe91c2d6d93d38cbeb1dc0bfd5496076ad9ac3e8f6289f94f5919957af54be", kill_on_drop: false }`
[INFO] [stdout] 58fe91c2d6d93d38cbeb1dc0bfd5496076ad9ac3e8f6289f94f5919957af54be
[INFO] running `Command { std: "docker" "create" "-v" "/var/lib/crater-agent-workspace/builds/worker-3-tc1/target:/opt/rustwide/target:rw,Z" "-v" "/var/lib/crater-agent-workspace/builds/worker-3-tc1/source:/opt/rustwide/workdir:ro,Z" "-v" "/var/lib/crater-agent-workspace/cargo-home:/opt/rustwide/cargo-home:ro,Z" "-v" "/var/lib/crater-agent-workspace/rustup-home:/opt/rustwide/rustup-home:ro,Z" "-e" "SOURCE_DIR=/opt/rustwide/workdir" "-e" "CARGO_TARGET_DIR=/opt/rustwide/target" "-e" "CARGO_INCREMENTAL=0" "-e" "RUST_BACKTRACE=full" "-e" "RUSTFLAGS=--cap-lints=warn" "-e" "RUSTDOCFLAGS=--cap-lints=warn" "-e" "CARGO_HOME=/opt/rustwide/cargo-home" "-e" "RUSTUP_HOME=/opt/rustwide/rustup-home" "-w" "/opt/rustwide/workdir" "-m" "1610612736" "--user" "0:0" "--network" "none" "ghcr.io/rust-lang/crates-build-env/linux@sha256:2788e3201cd34a07e3172128adcd8b3090168a8e3bcc40d7c032b9dda1df7d1c" "/opt/rustwide/cargo-home/bin/cargo" "+1.75.0" "test" "--frozen", kill_on_drop: false }`
[INFO] [stdout] 9391bb9cb835d366d9790dfecbeba04e37135ec71b96b44c69b28f029cdab485
[INFO] running `Command { std: "docker" "start" "-a" "9391bb9cb835d366d9790dfecbeba04e37135ec71b96b44c69b28f029cdab485", kill_on_drop: false }`
[INFO] [stderr] warning: unused import: `index`
[INFO] [stderr]   --> src/routes/messages/mod.rs:12:14
[INFO] [stderr]    |
[INFO] [stderr] 12 | pub async fn index(
[INFO] [stderr]    |              ^^^^^
[INFO] [stderr]    |
[INFO] [stderr]    = note: `#[warn(unused_imports)]` on by default
[INFO] [stderr] 
[INFO] [stderr] warning: unused import: `ratelimits`
[INFO] [stderr]   --> src/routes/ratelimits.rs:11:14
[INFO] [stderr]    |
[INFO] [stderr] 11 | pub async fn ratelimits(
[INFO] [stderr]    |              ^^^^^^^^^^
[INFO] [stderr] 
[INFO] [stderr] warning: unused import: `index`
[INFO] [stderr]   --> src/routes/mod.rs:14:14
[INFO] [stderr]    |
[INFO] [stderr] 14 | pub async fn index(
[INFO] [stderr]    |              ^^^^^
[INFO] [stderr] 
[INFO] [stderr] warning: `oprish` (bin "oprish" test) generated 3 warnings (run `cargo fix --bin "oprish" --tests` to apply 3 suggestions)
[INFO] [stderr]     Finished test [unoptimized + debuginfo] target(s) in 0.22s
[INFO] [stderr] warning: the following packages contain code that will be rejected by a future version of Rust: nom v3.2.1
[INFO] [stderr] note: to see what the problems were, use the option `--future-incompat-report`, or run `cargo report future-incompatibilities --id 1`
[INFO] [stderr]      Running unittests src/main.rs (/opt/rustwide/target/debug/deps/oprish-ba51008a19f586a8)
[INFO] [stdout] 
[INFO] [stdout] running 3 tests
[INFO] [stdout] test tests::tests::send_message ... FAILED
[INFO] [stdout] test tests::tests::index ... FAILED
[INFO] [stdout] test tests::tests::ratelimits ... FAILED
[INFO] [stdout] 
[INFO] [stdout] failures:
[INFO] [stdout] 
[INFO] [stdout] ---- tests::tests::send_message stdout ----
[INFO] [stdout] thread 'tests::tests::send_message' panicked at src/tests.rs:45:38:
[INFO] [stdout] called `Result::unwrap()` on an `Err` value: Backend(Connection refused (os error 111))
[INFO] [stdout] stack backtrace:
[INFO] [stdout]    0:     0x5571169f49cc - std::backtrace_rs::backtrace::libunwind::trace::ha637c64ce894333a
[INFO] [stdout]                                at /rustc/82e1608dfa6e0b5569232559e3d385fea5a93112/library/std/src/../../backtrace/src/backtrace/libunwind.rs:104:5
[INFO] [stdout]    1:     0x5571169f49cc - std::backtrace_rs::backtrace::trace_unsynchronized::h47f62dea28e0c88d
[INFO] [stdout]                                at /rustc/82e1608dfa6e0b5569232559e3d385fea5a93112/library/std/src/../../backtrace/src/backtrace/mod.rs:66:5
[INFO] [stdout]    2:     0x5571169f49cc - std::sys_common::backtrace::_print_fmt::h9eef0abe20ede486
[INFO] [stdout]                                at /rustc/82e1608dfa6e0b5569232559e3d385fea5a93112/library/std/src/sys_common/backtrace.rs:67:5
[INFO] [stdout]    3:     0x5571169f49cc - <std::sys_common::backtrace::_print::DisplayBacktrace as core::fmt::Display>::fmt::hed7f999df88cc644
[INFO] [stdout]                                at /rustc/82e1608dfa6e0b5569232559e3d385fea5a93112/library/std/src/sys_common/backtrace.rs:44:22
[INFO] [stdout]    4:     0x557116a23120 - core::fmt::rt::Argument::fmt::h1539a9308b8d058d
[INFO] [stdout]                                at /rustc/82e1608dfa6e0b5569232559e3d385fea5a93112/library/core/src/fmt/rt.rs:142:9
[INFO] [stdout]    5:     0x557116a23120 - core::fmt::write::h3a39390d8560d9c9
[INFO] [stdout]                                at /rustc/82e1608dfa6e0b5569232559e3d385fea5a93112/library/core/src/fmt/mod.rs:1120:17
[INFO] [stdout]    6:     0x5571169f18ff - std::io::Write::write_fmt::h040b369f3a0f9cbc
[INFO] [stdout]                                at /rustc/82e1608dfa6e0b5569232559e3d385fea5a93112/library/std/src/io/mod.rs:1762:15
[INFO] [stdout]    7:     0x5571169f47b4 - std::sys_common::backtrace::_print::h894006fb5c6f3d45
[INFO] [stdout]                                at /rustc/82e1608dfa6e0b5569232559e3d385fea5a93112/library/std/src/sys_common/backtrace.rs:47:5
[INFO] [stdout]    8:     0x5571169f47b4 - std::sys_common::backtrace::print::h23a2d212c6fff936
[INFO] [stdout]                                at /rustc/82e1608dfa6e0b5569232559e3d385fea5a93112/library/std/src/sys_common/backtrace.rs:34:9
[INFO] [stdout]    9:     0x5571169f6477 - std::panicking::default_hook::{{closure}}::h8a1d2ee00185001a
[INFO] [stdout]   10:     0x5571169f6163 - std::panicking::default_hook::h6038f2eba384e475
[INFO] [stdout]                                at /rustc/82e1608dfa6e0b5569232559e3d385fea5a93112/library/std/src/panicking.rs:289:9
[INFO] [stdout]   11:     0x55711646d5c7 - <alloc::boxed::Box<F,A> as core::ops::function::Fn<Args>>::call::h0ad024c9bdc6d768
[INFO] [stdout]                                at /rustc/82e1608dfa6e0b5569232559e3d385fea5a93112/library/alloc/src/boxed.rs:2021:9
[INFO] [stdout]   12:     0x55711646d5c7 - test::test_main::{{closure}}::h7500b54257359db6
[INFO] [stdout]                                at /rustc/82e1608dfa6e0b5569232559e3d385fea5a93112/library/test/src/lib.rs:138:21
[INFO] [stdout]   13:     0x5571169f6a88 - <alloc::boxed::Box<F,A> as core::ops::function::Fn<Args>>::call::h1f8f335eaa9cfaee
[INFO] [stdout]                                at /rustc/82e1608dfa6e0b5569232559e3d385fea5a93112/library/alloc/src/boxed.rs:2021:9
[INFO] [stdout]   14:     0x5571169f6a88 - std::panicking::rust_panic_with_hook::h2b5517d590cab22e
[INFO] [stdout]                                at /rustc/82e1608dfa6e0b5569232559e3d385fea5a93112/library/std/src/panicking.rs:783:13
[INFO] [stdout]   15:     0x5571169f67de - std::panicking::begin_panic_handler::{{closure}}::h233112c06e0ef43e
[INFO] [stdout]                                at /rustc/82e1608dfa6e0b5569232559e3d385fea5a93112/library/std/src/panicking.rs:657:13
[INFO] [stdout]   16:     0x5571169f4e96 - std::sys_common::backtrace::__rust_end_short_backtrace::h6e893f24d7ebbff8
[INFO] [stdout]                                at /rustc/82e1608dfa6e0b5569232559e3d385fea5a93112/library/std/src/sys_common/backtrace.rs:170:18
[INFO] [stdout]   17:     0x5571169f6542 - rust_begin_unwind
[INFO] [stdout]                                at /rustc/82e1608dfa6e0b5569232559e3d385fea5a93112/library/std/src/panicking.rs:645:5
[INFO] [stdout]   18:     0x557116254685 - core::panicking::panic_fmt::hbf0e066aabfa482c
[INFO] [stdout]                                at /rustc/82e1608dfa6e0b5569232559e3d385fea5a93112/library/core/src/panicking.rs:72:14
[INFO] [stdout]   19:     0x557116254c53 - core::result::unwrap_failed::hddb4fea594200c52
[INFO] [stdout]                                at /rustc/82e1608dfa6e0b5569232559e3d385fea5a93112/library/core/src/result.rs:1653:5
[INFO] [stdout]   20:     0x5571162662c6 - core::result::Result<T,E>::unwrap::h5934cbd223d6d44c
[INFO] [stdout]                                at /rustc/82e1608dfa6e0b5569232559e3d385fea5a93112/library/core/src/result.rs:1077:23
[INFO] [stdout]   21:     0x5571162aeb8c - oprish::tests::tests::send_message::{{closure}}::h88368146e6925c02
[INFO] [stdout]                                at /opt/rustwide/workdir/src/tests.rs:45:21
[INFO] [stdout]   22:     0x5571162ccc24 - tokio::runtime::park::CachedParkThread::block_on::{{closure}}::h7b8ddd70fb108c9b
[INFO] [stdout]                                at /opt/rustwide/cargo-home/registry/src/index.crates.io-6f17d22bba15001f/tokio-1.22.0/src/runtime/park.rs:272:63
[INFO] [stdout]   23:     0x5571162cc079 - tokio::runtime::coop::with_budget::h876b9ec2e44f0370
[INFO] [stdout]                                at /opt/rustwide/cargo-home/registry/src/index.crates.io-6f17d22bba15001f/tokio-1.22.0/src/runtime/coop.rs:102:5
[INFO] [stdout]   24:     0x5571162cc079 - tokio::runtime::coop::budget::h734f7a3dac0b99ac
[INFO] [stdout]                                at /opt/rustwide/cargo-home/registry/src/index.crates.io-6f17d22bba15001f/tokio-1.22.0/src/runtime/coop.rs:68:5
[INFO] [stdout]   25:     0x5571162cc079 - tokio::runtime::park::CachedParkThread::block_on::h3a20f79e1d610496
[INFO] [stdout]                                at /opt/rustwide/cargo-home/registry/src/index.crates.io-6f17d22bba15001f/tokio-1.22.0/src/runtime/park.rs:272:31
[INFO] [stdout]   26:     0x55711627e6fe - tokio::runtime::context::BlockingRegionGuard::block_on::h330b73998121ff48
[INFO] [stdout]                                at /opt/rustwide/cargo-home/registry/src/index.crates.io-6f17d22bba15001f/tokio-1.22.0/src/runtime/context.rs:255:13
[INFO] [stdout]   27:     0x5571162b23cb - tokio::runtime::scheduler::multi_thread::MultiThread::block_on::h2b0c12bc9c8d116a
[INFO] [stdout]                                at /opt/rustwide/cargo-home/registry/src/index.crates.io-6f17d22bba15001f/tokio-1.22.0/src/runtime/scheduler/multi_thread/mod.rs:66:9
[INFO] [stdout]   28:     0x5571162ac162 - tokio::runtime::runtime::Runtime::block_on::hc681d01d4d4aafcc
[INFO] [stdout]                                at /opt/rustwide/cargo-home/registry/src/index.crates.io-6f17d22bba15001f/tokio-1.22.0/src/runtime/runtime.rs:281:45
[INFO] [stdout]   29:     0x557116286387 - rocket::async_run::h7b9338a6d7bacd34
[INFO] [stdout]                                at /opt/rustwide/cargo-home/registry/src/index.crates.io-6f17d22bba15001f/rocket-0.5.0-rc.2/src/lib.rs:246:18
[INFO] [stdout]   30:     0x557116285bcd - rocket::async_test::h7d5232fe2e6df3ca
[INFO] [stdout]                                at /opt/rustwide/cargo-home/registry/src/index.crates.io-6f17d22bba15001f/rocket-0.5.0-rc.2/src/lib.rs:257:5
[INFO] [stdout]   31:     0x5571162ae39d - oprish::tests::tests::send_message::h2b25f600705d45de
[INFO] [stdout]                                at /opt/rustwide/workdir/src/tests.rs:34:29
[INFO] [stdout]   32:     0x5571162ae347 - oprish::tests::tests::send_message::{{closure}}::h772f9b89ab567d35
[INFO] [stdout]                                at /opt/rustwide/workdir/src/tests.rs:34:28
[INFO] [stdout]   33:     0x557116255346 - core::ops::function::FnOnce::call_once::had70f4152c044f01
[INFO] [stdout]                                at /rustc/82e1608dfa6e0b5569232559e3d385fea5a93112/library/core/src/ops/function.rs:250:5
[INFO] [stdout]   34:     0x557116472c1f - core::ops::function::FnOnce::call_once::h2b5d431d5046312d
[INFO] [stdout]                                at /rustc/82e1608dfa6e0b5569232559e3d385fea5a93112/library/core/src/ops/function.rs:250:5
[INFO] [stdout]   35:     0x557116472c1f - test::__rust_begin_short_backtrace::h7714669af176e207
[INFO] [stdout]                                at /rustc/82e1608dfa6e0b5569232559e3d385fea5a93112/library/test/src/lib.rs:628:18
[INFO] [stdout]   36:     0x557116471c35 - test::run_test_in_process::{{closure}}::h85218797dcbcec12
[INFO] [stdout]                                at /rustc/82e1608dfa6e0b5569232559e3d385fea5a93112/library/test/src/lib.rs:651:60
[INFO] [stdout]   37:     0x557116471c35 - <core::panic::unwind_safe::AssertUnwindSafe<F> as core::ops::function::FnOnce<()>>::call_once::h76c106ea31c14d7b
[INFO] [stdout]                                at /rustc/82e1608dfa6e0b5569232559e3d385fea5a93112/library/core/src/panic/unwind_safe.rs:272:9
[INFO] [stdout]   38:     0x557116471c35 - std::panicking::try::do_call::h3bd5d0f6620ee946
[INFO] [stdout]                                at /rustc/82e1608dfa6e0b5569232559e3d385fea5a93112/library/std/src/panicking.rs:552:40
[INFO] [stdout]   39:     0x557116471c35 - std::panicking::try::h232e535e4744fe31
[INFO] [stdout]                                at /rustc/82e1608dfa6e0b5569232559e3d385fea5a93112/library/std/src/panicking.rs:516:19
[INFO] [stdout]   40:     0x557116471c35 - std::panic::catch_unwind::h3ce3bd6ca8dbac68
[INFO] [stdout]                                at /rustc/82e1608dfa6e0b5569232559e3d385fea5a93112/library/std/src/panic.rs:142:14
[INFO] [stdout]   41:     0x557116471c35 - test::run_test_in_process::hc97b257c9621286a
[INFO] [stdout]                                at /rustc/82e1608dfa6e0b5569232559e3d385fea5a93112/library/test/src/lib.rs:651:27
[INFO] [stdout]   42:     0x557116471c35 - test::run_test::{{closure}}::h2aa798823a438d38
[INFO] [stdout]                                at /rustc/82e1608dfa6e0b5569232559e3d385fea5a93112/library/test/src/lib.rs:574:43
[INFO] [stdout]   43:     0x557116439ef6 - test::run_test::{{closure}}::h87d231c78fb59832
[INFO] [stdout]                                at /rustc/82e1608dfa6e0b5569232559e3d385fea5a93112/library/test/src/lib.rs:602:41
[INFO] [stdout]   44:     0x557116439ef6 - std::sys_common::backtrace::__rust_begin_short_backtrace::he6df152596625789
[INFO] [stdout]                                at /rustc/82e1608dfa6e0b5569232559e3d385fea5a93112/library/std/src/sys_common/backtrace.rs:154:18
[INFO] [stdout]   45:     0x55711643efa7 - std::thread::Builder::spawn_unchecked_::{{closure}}::{{closure}}::ha94be15d1e0acf36
[INFO] [stdout]                                at /rustc/82e1608dfa6e0b5569232559e3d385fea5a93112/library/std/src/thread/mod.rs:529:17
[INFO] [stdout]   46:     0x55711643efa7 - <core::panic::unwind_safe::AssertUnwindSafe<F> as core::ops::function::FnOnce<()>>::call_once::h9dc6bd6372f16606
[INFO] [stdout]                                at /rustc/82e1608dfa6e0b5569232559e3d385fea5a93112/library/core/src/panic/unwind_safe.rs:272:9
[INFO] [stdout]   47:     0x55711643efa7 - std::panicking::try::do_call::h9057517f80303cd4
[INFO] [stdout]                                at /rustc/82e1608dfa6e0b5569232559e3d385fea5a93112/library/std/src/panicking.rs:552:40
[INFO] [stdout]   48:     0x55711643efa7 - std::panicking::try::he3a30b11ee45340c
[INFO] [stdout]                                at /rustc/82e1608dfa6e0b5569232559e3d385fea5a93112/library/std/src/panicking.rs:516:19
[INFO] [stdout]   49:     0x55711643efa7 - std::panic::catch_unwind::h410458cfd3528b8b
[INFO] [stdout]                                at /rustc/82e1608dfa6e0b5569232559e3d385fea5a93112/library/std/src/panic.rs:142:14
[INFO] [stdout]   50:     0x55711643efa7 - std::thread::Builder::spawn_unchecked_::{{closure}}::h72ac3bdb567b737b
[INFO] [stdout]                                at /rustc/82e1608dfa6e0b5569232559e3d385fea5a93112/library/std/src/thread/mod.rs:528:30
[INFO] [stdout]   51:     0x55711643efa7 - core::ops::function::FnOnce::call_once{{vtable.shim}}::h38f34da3654a8344
[INFO] [stdout]                                at /rustc/82e1608dfa6e0b5569232559e3d385fea5a93112/library/core/src/ops/function.rs:250:5
[INFO] [stdout]   52:     0x5571169fb835 - <alloc::boxed::Box<F,A> as core::ops::function::FnOnce<Args>>::call_once::hc7eafaff61e32df9
[INFO] [stdout]                                at /rustc/82e1608dfa6e0b5569232559e3d385fea5a93112/library/alloc/src/boxed.rs:2007:9
[INFO] [stdout]   53:     0x5571169fb835 - <alloc::boxed::Box<F,A> as core::ops::function::FnOnce<Args>>::call_once::h6ba4a5de48dd2304
[INFO] [stdout]                                at /rustc/82e1608dfa6e0b5569232559e3d385fea5a93112/library/alloc/src/boxed.rs:2007:9
[INFO] [stdout]   54:     0x5571169fb835 - std::sys::unix::thread::Thread::new::thread_start::he469335aef763e45
[INFO] [stdout]                                at /rustc/82e1608dfa6e0b5569232559e3d385fea5a93112/library/std/src/sys/unix/thread.rs:108:17
[INFO] [stdout]   55:     0x7fcb75992ac3 - <unknown>
[INFO] [stdout]   56:     0x7fcb75a23bf4 - __clone
[INFO] [stdout]   57:                0x0 - <unknown>
[INFO] [stdout] 
[INFO] [stdout] ---- tests::tests::index stdout ----
[INFO] [stdout] thread 'tests::tests::index' panicked at src/tests.rs:16:9:
[INFO] [stdout] assertion `left == right` failed
[INFO] [stdout]   left: Status { code: 503 }
[INFO] [stdout]  right: Status { code: 200 }
[INFO] [stdout] stack backtrace:
[INFO] [stdout]    0:     0x5571169f49cc - std::backtrace_rs::backtrace::libunwind::trace::ha637c64ce894333a
[INFO] [stdout]                                at /rustc/82e1608dfa6e0b5569232559e3d385fea5a93112/library/std/src/../../backtrace/src/backtrace/libunwind.rs:104:5
[INFO] [stdout]    1:     0x5571169f49cc - std::backtrace_rs::backtrace::trace_unsynchronized::h47f62dea28e0c88d
[INFO] [stdout]                                at /rustc/82e1608dfa6e0b5569232559e3d385fea5a93112/library/std/src/../../backtrace/src/backtrace/mod.rs:66:5
[INFO] [stdout]    2:     0x5571169f49cc - std::sys_common::backtrace::_print_fmt::h9eef0abe20ede486
[INFO] [stdout]                                at /rustc/82e1608dfa6e0b5569232559e3d385fea5a93112/library/std/src/sys_common/backtrace.rs:67:5
[INFO] [stdout]    3:     0x5571169f49cc - <std::sys_common::backtrace::_print::DisplayBacktrace as core::fmt::Display>::fmt::hed7f999df88cc644
[INFO] [stdout]                                at /rustc/82e1608dfa6e0b5569232559e3d385fea5a93112/library/std/src/sys_common/backtrace.rs:44:22
[INFO] [stdout]    4:     0x557116a23120 - core::fmt::rt::Argument::fmt::h1539a9308b8d058d
[INFO] [stdout]                                at /rustc/82e1608dfa6e0b5569232559e3d385fea5a93112/library/core/src/fmt/rt.rs:142:9
[INFO] [stdout]    5:     0x557116a23120 - core::fmt::write::h3a39390d8560d9c9
[INFO] [stdout]                                at /rustc/82e1608dfa6e0b5569232559e3d385fea5a93112/library/core/src/fmt/mod.rs:1120:17
[INFO] [stdout]    6:     0x5571169f18ff - std::io::Write::write_fmt::h040b369f3a0f9cbc
[INFO] [stdout]                                at /rustc/82e1608dfa6e0b5569232559e3d385fea5a93112/library/std/src/io/mod.rs:1762:15
[INFO] [stdout]    7:     0x5571169f47b4 - std::sys_common::backtrace::_print::h894006fb5c6f3d45
[INFO] [stdout]                                at /rustc/82e1608dfa6e0b5569232559e3d385fea5a93112/library/std/src/sys_common/backtrace.rs:47:5
[INFO] [stdout]    8:     0x5571169f47b4 - std::sys_common::backtrace::print::h23a2d212c6fff936
[INFO] [stdout]                                at /rustc/82e1608dfa6e0b5569232559e3d385fea5a93112/library/std/src/sys_common/backtrace.rs:34:9
[INFO] [stdout]    9:     0x5571169f6477 - std::panicking::default_hook::{{closure}}::h8a1d2ee00185001a
[INFO] [stdout]   10:     0x5571169f6163 - std::panicking::default_hook::h6038f2eba384e475
[INFO] [stdout]                                at /rustc/82e1608dfa6e0b5569232559e3d385fea5a93112/library/std/src/panicking.rs:289:9
[INFO] [stdout]   11:     0x55711646d5c7 - <alloc::boxed::Box<F,A> as core::ops::function::Fn<Args>>::call::h0ad024c9bdc6d768
[INFO] [stdout]                                at /rustc/82e1608dfa6e0b5569232559e3d385fea5a93112/library/alloc/src/boxed.rs:2021:9
[INFO] [stdout]   12:     0x55711646d5c7 - test::test_main::{{closure}}::h7500b54257359db6
[INFO] [stdout]                                at /rustc/82e1608dfa6e0b5569232559e3d385fea5a93112/library/test/src/lib.rs:138:21
[INFO] [stdout]   13:     0x5571169f6a88 - <alloc::boxed::Box<F,A> as core::ops::function::Fn<Args>>::call::h1f8f335eaa9cfaee
[INFO] [stdout]                                at /rustc/82e1608dfa6e0b5569232559e3d385fea5a93112/library/alloc/src/boxed.rs:2021:9
[INFO] [stdout]   14:     0x5571169f6a88 - std::panicking::rust_panic_with_hook::h2b5517d590cab22e
[INFO] [stdout]                                at /rustc/82e1608dfa6e0b5569232559e3d385fea5a93112/library/std/src/panicking.rs:783:13
[INFO] [stdout]   15:     0x5571169f67de - std::panicking::begin_panic_handler::{{closure}}::h233112c06e0ef43e
[INFO] [stdout]                                at /rustc/82e1608dfa6e0b5569232559e3d385fea5a93112/library/std/src/panicking.rs:657:13
[INFO] [stdout]   16:     0x5571169f4e96 - std::sys_common::backtrace::__rust_end_short_backtrace::h6e893f24d7ebbff8
[INFO] [stdout]                                at /rustc/82e1608dfa6e0b5569232559e3d385fea5a93112/library/std/src/sys_common/backtrace.rs:170:18
[INFO] [stdout]   17:     0x5571169f6542 - rust_begin_unwind
[INFO] [stdout]                                at /rustc/82e1608dfa6e0b5569232559e3d385fea5a93112/library/std/src/panicking.rs:645:5
[INFO] [stdout]   18:     0x557116254685 - core::panicking::panic_fmt::hbf0e066aabfa482c
[INFO] [stdout]                                at /rustc/82e1608dfa6e0b5569232559e3d385fea5a93112/library/core/src/panicking.rs:72:14
[INFO] [stdout]   19:     0x557116254adb - core::panicking::assert_failed_inner::h0bba8b7c26ee4492
[INFO] [stdout]   20:     0x55711629bd6e - core::panicking::assert_failed::h53491b339053d98f
[INFO] [stdout]                                at /rustc/82e1608dfa6e0b5569232559e3d385fea5a93112/library/core/src/panicking.rs:279:5
[INFO] [stdout]   21:     0x5571162adcb4 - oprish::tests::tests::index::{{closure}}::h596a04bc7d11ae86
[INFO] [stdout]                                at /opt/rustwide/workdir/src/tests.rs:16:9
[INFO] [stdout]   22:     0x5571162ccc64 - tokio::runtime::park::CachedParkThread::block_on::{{closure}}::h84b762bfdd3ebf00
[INFO] [stdout]                                at /opt/rustwide/cargo-home/registry/src/index.crates.io-6f17d22bba15001f/tokio-1.22.0/src/runtime/park.rs:272:63
[INFO] [stdout]   23:     0x5571162cca21 - tokio::runtime::coop::with_budget::h0b398b575e124cbe
[INFO] [stdout]                                at /opt/rustwide/cargo-home/registry/src/index.crates.io-6f17d22bba15001f/tokio-1.22.0/src/runtime/coop.rs:102:5
[INFO] [stdout]   24:     0x5571162cca21 - tokio::runtime::coop::budget::h13d4e2e2a13dc0dc
[INFO] [stdout]                                at /opt/rustwide/cargo-home/registry/src/index.crates.io-6f17d22bba15001f/tokio-1.22.0/src/runtime/coop.rs:68:5
[INFO] [stdout]   25:     0x5571162cca21 - tokio::runtime::park::CachedParkThread::block_on::he365c95add361273
[INFO] [stdout]                                at /opt/rustwide/cargo-home/registry/src/index.crates.io-6f17d22bba15001f/tokio-1.22.0/src/runtime/park.rs:272:31
[INFO] [stdout]   26:     0x55711627e7de - tokio::runtime::context::BlockingRegionGuard::block_on::h4d33311af36142c6
[INFO] [stdout]                                at /opt/rustwide/cargo-home/registry/src/index.crates.io-6f17d22bba15001f/tokio-1.22.0/src/runtime/context.rs:255:13
[INFO] [stdout]   27:     0x5571162b2688 - tokio::runtime::scheduler::multi_thread::MultiThread::block_on::h80f1a74ec6a27b16
[INFO] [stdout]                                at /opt/rustwide/cargo-home/registry/src/index.crates.io-6f17d22bba15001f/tokio-1.22.0/src/runtime/scheduler/multi_thread/mod.rs:66:9
[INFO] [stdout]   28:     0x5571162ac347 - tokio::runtime::runtime::Runtime::block_on::hd860700729e0137b
[INFO] [stdout]                                at /opt/rustwide/cargo-home/registry/src/index.crates.io-6f17d22bba15001f/tokio-1.22.0/src/runtime/runtime.rs:281:45
[INFO] [stdout]   29:     0x5571162866f2 - rocket::async_run::ha644b8430da551fa
[INFO] [stdout]                                at /opt/rustwide/cargo-home/registry/src/index.crates.io-6f17d22bba15001f/rocket-0.5.0-rc.2/src/lib.rs:246:18
[INFO] [stdout]   30:     0x557116285bad - rocket::async_test::h3c0707b75a4bffa7
[INFO] [stdout]                                at /opt/rustwide/cargo-home/registry/src/index.crates.io-6f17d22bba15001f/rocket-0.5.0-rc.2/src/lib.rs:257:5
[INFO] [stdout]   31:     0x5571162ad572 - oprish::tests::tests::index::h6f98db0f2ecee6fb
[INFO] [stdout]                                at /opt/rustwide/workdir/src/tests.rs:12:22
[INFO] [stdout]   32:     0x5571162ad527 - oprish::tests::tests::index::{{closure}}::hcee762d7045a379b
[INFO] [stdout]                                at /opt/rustwide/workdir/src/tests.rs:12:21
[INFO] [stdout]   33:     0x5571162551b6 - core::ops::function::FnOnce::call_once::h4a94240c682d649d
[INFO] [stdout]                                at /rustc/82e1608dfa6e0b5569232559e3d385fea5a93112/library/core/src/ops/function.rs:250:5
[INFO] [stdout]   34:     0x557116472c1f - core::ops::function::FnOnce::call_once::h2b5d431d5046312d
[INFO] [stdout]                                at /rustc/82e1608dfa6e0b5569232559e3d385fea5a93112/library/core/src/ops/function.rs:250:5
[INFO] [stdout]   35:     0x557116472c1f - test::__rust_begin_short_backtrace::h7714669af176e207
[INFO] [stdout]                                at /rustc/82e1608dfa6e0b5569232559e3d385fea5a93112/library/test/src/lib.rs:628:18
[INFO] [stdout]   36:     0x557116471c35 - test::run_test_in_process::{{closure}}::h85218797dcbcec12
[INFO] [stdout]                                at /rustc/82e1608dfa6e0b5569232559e3d385fea5a93112/library/test/src/lib.rs:651:60
[INFO] [stdout]   37:     0x557116471c35 - <core::panic::unwind_safe::AssertUnwindSafe<F> as core::ops::function::FnOnce<()>>::call_once::h76c106ea31c14d7b
[INFO] [stdout]                                at /rustc/82e1608dfa6e0b5569232559e3d385fea5a93112/library/core/src/panic/unwind_safe.rs:272:9
[INFO] [stdout]   38:     0x557116471c35 - std::panicking::try::do_call::h3bd5d0f6620ee946
[INFO] [stdout]                                at /rustc/82e1608dfa6e0b5569232559e3d385fea5a93112/library/std/src/panicking.rs:552:40
[INFO] [stdout]   39:     0x557116471c35 - std::panicking::try::h232e535e4744fe31
[INFO] [stdout]                                at /rustc/82e1608dfa6e0b5569232559e3d385fea5a93112/library/std/src/panicking.rs:516:19
[INFO] [stdout]   40:     0x557116471c35 - std::panic::catch_unwind::h3ce3bd6ca8dbac68
[INFO] [stdout]                                at /rustc/82e1608dfa6e0b5569232559e3d385fea5a93112/library/std/src/panic.rs:142:14
[INFO] [stdout]   41:     0x557116471c35 - test::run_test_in_process::hc97b257c9621286a
[INFO] [stdout]                                at /rustc/82e1608dfa6e0b5569232559e3d385fea5a93112/library/test/src/lib.rs:651:27
[INFO] [stdout]   42:     0x557116471c35 - test::run_test::{{closure}}::h2aa798823a438d38
[INFO] [stdout]                                at /rustc/82e1608dfa6e0b5569232559e3d385fea5a93112/library/test/src/lib.rs:574:43
[INFO] [stdout]   43:     0x557116439ef6 - test::run_test::{{closure}}::h87d231c78fb59832
[INFO] [stdout]                                at /rustc/82e1608dfa6e0b5569232559e3d385fea5a93112/library/test/src/lib.rs:602:41
[INFO] [stdout]   44:     0x557116439ef6 - std::sys_common::backtrace::__rust_begin_short_backtrace::he6df152596625789
[INFO] [stdout]                                at /rustc/82e1608dfa6e0b5569232559e3d385fea5a93112/library/std/src/sys_common/backtrace.rs:154:18
[INFO] [stdout]   45:     0x55711643efa7 - std::thread::Builder::spawn_unchecked_::{{closure}}::{{closure}}::ha94be15d1e0acf36
[INFO] [stdout]                                at /rustc/82e1608dfa6e0b5569232559e3d385fea5a93112/library/std/src/thread/mod.rs:529:17
[INFO] [stdout]   46:     0x55711643efa7 - <core::panic::unwind_safe::AssertUnwindSafe<F> as core::ops::function::FnOnce<()>>::call_once::h9dc6bd6372f16606
[INFO] [stdout]                                at /rustc/82e1608dfa6e0b5569232559e3d385fea5a93112/library/core/src/panic/unwind_safe.rs:272:9
[INFO] [stdout]   47:     0x55711643efa7 - std::panicking::try::do_call::h9057517f80303cd4
[INFO] [stdout]                                at /rustc/82e1608dfa6e0b5569232559e3d385fea5a93112/library/std/src/panicking.rs:552:40
[INFO] [stdout]   48:     0x55711643efa7 - std::panicking::try::he3a30b11ee45340c
[INFO] [stdout]                                at /rustc/82e1608dfa6e0b5569232559e3d385fea5a93112/library/std/src/panicking.rs:516:19
[INFO] [stdout]   49:     0x55711643efa7 - std::panic::catch_unwind::h410458cfd3528b8b
[INFO] [stdout]                                at /rustc/82e1608dfa6e0b5569232559e3d385fea5a93112/library/std/src/panic.rs:142:14
[INFO] [stdout]   50:     0x55711643efa7 - std::thread::Builder::spawn_unchecked_::{{closure}}::h72ac3bdb567b737b
[INFO] [stdout]                                at /rustc/82e1608dfa6e0b5569232559e3d385fea5a93112/library/std/src/thread/mod.rs:528:30
[INFO] [stdout]   51:     0x55711643efa7 - core::ops::function::FnOnce::call_once{{vtable.shim}}::h38f34da3654a8344
[INFO] [stdout]                                at /rustc/82e1608dfa6e0b5569232559e3d385fea5a93112/library/core/src/ops/function.rs:250:5
[INFO] [stdout]   52:     0x5571169fb835 - <alloc::boxed::Box<F,A> as core::ops::function::FnOnce<Args>>::call_once::hc7eafaff61e32df9
[INFO] [stdout]                                at /rustc/82e1608dfa6e0b5569232559e3d385fea5a93112/library/alloc/src/boxed.rs:2007:9
[INFO] [stdout]   53:     0x5571169fb835 - <alloc::boxed::Box<F,A> as core::ops::function::FnOnce<Args>>::call_once::h6ba4a5de48dd2304
[INFO] [stdout]                                at /rustc/82e1608dfa6e0b5569232559e3d385fea5a93112/library/alloc/src/boxed.rs:2007:9
[INFO] [stdout]   54:     0x5571169fb835 - std::sys::unix::thread::Thread::new::thread_start::he469335aef763e45
[INFO] [stdout]                                at /rustc/82e1608dfa6e0b5569232559e3d385fea5a93112/library/std/src/sys/unix/thread.rs:108:17
[INFO] [stdout]   55:     0x7fcb75992ac3 - <unknown>
[INFO] [stdout]   56:     0x7fcb75a23bf4 - __clone
[INFO] [stdout]   57:                0x0 - <unknown>
[INFO] [stdout] 
[INFO] [stdout] ---- tests::tests::ratelimits stdout ----
[INFO] [stdout] thread 'tests::tests::ratelimits' panicked at src/tests.rs:76:9:
[INFO] [stdout] assertion `left == right` failed
[INFO] [stdout]   left: Status { code: 503 }
[INFO] [stdout]  right: Status { code: 200 }
[INFO] [stdout] stack backtrace:
[INFO] [stdout]    0:     0x5571169f49cc - std::backtrace_rs::backtrace::libunwind::trace::ha637c64ce894333a
[INFO] [stdout]                                at /rustc/82e1608dfa6e0b5569232559e3d385fea5a93112/library/std/src/../../backtrace/src/backtrace/libunwind.rs:104:5
[INFO] [stdout]    1:     0x5571169f49cc - std::backtrace_rs::backtrace::trace_unsynchronized::h47f62dea28e0c88d
[INFO] [stdout]                                at /rustc/82e1608dfa6e0b5569232559e3d385fea5a93112/library/std/src/../../backtrace/src/backtrace/mod.rs:66:5
[INFO] [stdout]    2:     0x5571169f49cc - std::sys_common::backtrace::_print_fmt::h9eef0abe20ede486
[INFO] [stdout]                                at /rustc/82e1608dfa6e0b5569232559e3d385fea5a93112/library/std/src/sys_common/backtrace.rs:67:5
[INFO] [stdout]    3:     0x5571169f49cc - <std::sys_common::backtrace::_print::DisplayBacktrace as core::fmt::Display>::fmt::hed7f999df88cc644
[INFO] [stdout]                                at /rustc/82e1608dfa6e0b5569232559e3d385fea5a93112/library/std/src/sys_common/backtrace.rs:44:22
[INFO] [stdout]    4:     0x557116a23120 - core::fmt::rt::Argument::fmt::h1539a9308b8d058d
[INFO] [stdout]                                at /rustc/82e1608dfa6e0b5569232559e3d385fea5a93112/library/core/src/fmt/rt.rs:142:9
[INFO] [stdout]    5:     0x557116a23120 - core::fmt::write::h3a39390d8560d9c9
[INFO] [stdout]                                at /rustc/82e1608dfa6e0b5569232559e3d385fea5a93112/library/core/src/fmt/mod.rs:1120:17
[INFO] [stdout]    6:     0x5571169f18ff - std::io::Write::write_fmt::h040b369f3a0f9cbc
[INFO] [stdout]                                at /rustc/82e1608dfa6e0b5569232559e3d385fea5a93112/library/std/src/io/mod.rs:1762:15
[INFO] [stdout]    7:     0x5571169f47b4 - std::sys_common::backtrace::_print::h894006fb5c6f3d45
[INFO] [stdout]                                at /rustc/82e1608dfa6e0b5569232559e3d385fea5a93112/library/std/src/sys_common/backtrace.rs:47:5
[INFO] [stdout]    8:     0x5571169f47b4 - std::sys_common::backtrace::print::h23a2d212c6fff936
[INFO] [stdout]                                at /rustc/82e1608dfa6e0b5569232559e3d385fea5a93112/library/std/src/sys_common/backtrace.rs:34:9
[INFO] [stdout]    9:     0x5571169f6477 - std::panicking::default_hook::{{closure}}::h8a1d2ee00185001a
[INFO] [stdout]   10:     0x5571169f6163 - std::panicking::default_hook::h6038f2eba384e475
[INFO] [stdout]                                at /rustc/82e1608dfa6e0b5569232559e3d385fea5a93112/library/std/src/panicking.rs:289:9
[INFO] [stdout]   11:     0x55711646d5c7 - <alloc::boxed::Box<F,A> as core::ops::function::Fn<Args>>::call::h0ad024c9bdc6d768
[INFO] [stdout]                                at /rustc/82e1608dfa6e0b5569232559e3d385fea5a93112/library/alloc/src/boxed.rs:2021:9
[INFO] [stdout]   12:     0x55711646d5c7 - test::test_main::{{closure}}::h7500b54257359db6
[INFO] [stdout]                                at /rustc/82e1608dfa6e0b5569232559e3d385fea5a93112/library/test/src/lib.rs:138:21
[INFO] [stdout]   13:     0x5571169f6a88 - <alloc::boxed::Box<F,A> as core::ops::function::Fn<Args>>::call::h1f8f335eaa9cfaee
[INFO] [stdout]                                at /rustc/82e1608dfa6e0b5569232559e3d385fea5a93112/library/alloc/src/boxed.rs:2021:9
[INFO] [stdout]   14:     0x5571169f6a88 - std::panicking::rust_panic_with_hook::h2b5517d590cab22e
[INFO] [stdout]                                at /rustc/82e1608dfa6e0b5569232559e3d385fea5a93112/library/std/src/panicking.rs:783:13
[INFO] [stdout]   15:     0x5571169f67de - std::panicking::begin_panic_handler::{{closure}}::h233112c06e0ef43e
[INFO] [stdout]                                at /rustc/82e1608dfa6e0b5569232559e3d385fea5a93112/library/std/src/panicking.rs:657:13
[INFO] [stdout]   16:     0x5571169f4e96 - std::sys_common::backtrace::__rust_end_short_backtrace::h6e893f24d7ebbff8
[INFO] [stdout]                                at /rustc/82e1608dfa6e0b5569232559e3d385fea5a93112/library/std/src/sys_common/backtrace.rs:170:18
[INFO] [stdout]   17:     0x5571169f6542 - rust_begin_unwind
[INFO] [stdout]                                at /rustc/82e1608dfa6e0b5569232559e3d385fea5a93112/library/std/src/panicking.rs:645:5
[INFO] [stdout]   18:     0x557116254685 - core::panicking::panic_fmt::hbf0e066aabfa482c
[INFO] [stdout]                                at /rustc/82e1608dfa6e0b5569232559e3d385fea5a93112/library/core/src/panicking.rs:72:14
[INFO] [stdout]   19:     0x557116254adb - core::panicking::assert_failed_inner::h0bba8b7c26ee4492
[INFO] [stdout]   20:     0x55711629bd6e - core::panicking::assert_failed::h53491b339053d98f
[INFO] [stdout]                                at /rustc/82e1608dfa6e0b5569232559e3d385fea5a93112/library/core/src/panicking.rs:279:5
[INFO] [stdout]   21:     0x5571162b0080 - oprish::tests::tests::ratelimits::{{closure}}::hdd909348c3f56541
[INFO] [stdout]                                at /opt/rustwide/workdir/src/tests.rs:76:9
[INFO] [stdout]   22:     0x5571162ccbe4 - tokio::runtime::park::CachedParkThread::block_on::{{closure}}::h1cf95e85c5821bb2
[INFO] [stdout]                                at /opt/rustwide/cargo-home/registry/src/index.crates.io-6f17d22bba15001f/tokio-1.22.0/src/runtime/park.rs:272:63
[INFO] [stdout]   23:     0x5571162cbb71 - tokio::runtime::coop::with_budget::he35eaed3c1a77899
[INFO] [stdout]                                at /opt/rustwide/cargo-home/registry/src/index.crates.io-6f17d22bba15001f/tokio-1.22.0/src/runtime/coop.rs:102:5
[INFO] [stdout]   24:     0x5571162cbb71 - tokio::runtime::coop::budget::h6c8c367cd603e315
[INFO] [stdout]                                at /opt/rustwide/cargo-home/registry/src/index.crates.io-6f17d22bba15001f/tokio-1.22.0/src/runtime/coop.rs:68:5
[INFO] [stdout]   25:     0x5571162cbb71 - tokio::runtime::park::CachedParkThread::block_on::h3766585de4c1abc6
[INFO] [stdout]                                at /opt/rustwide/cargo-home/registry/src/index.crates.io-6f17d22bba15001f/tokio-1.22.0/src/runtime/park.rs:272:31
[INFO] [stdout]   26:     0x55711627e94e - tokio::runtime::context::BlockingRegionGuard::block_on::h6645e922d7577459
[INFO] [stdout]                                at /opt/rustwide/cargo-home/registry/src/index.crates.io-6f17d22bba15001f/tokio-1.22.0/src/runtime/context.rs:255:13
[INFO] [stdout]   27:     0x5571162b2528 - tokio::runtime::scheduler::multi_thread::MultiThread::block_on::h362013531091e9b2
[INFO] [stdout]                                at /opt/rustwide/cargo-home/registry/src/index.crates.io-6f17d22bba15001f/tokio-1.22.0/src/runtime/scheduler/multi_thread/mod.rs:66:9
[INFO] [stdout]   28:     0x5571162abf67 - tokio::runtime::runtime::Runtime::block_on::h8574ae642b80b0f7
[INFO] [stdout]                                at /opt/rustwide/cargo-home/registry/src/index.crates.io-6f17d22bba15001f/tokio-1.22.0/src/runtime/runtime.rs:281:45
[INFO] [stdout]   29:     0x557116286a52 - rocket::async_run::hcfbf67e93617bd62
[INFO] [stdout]                                at /opt/rustwide/cargo-home/registry/src/index.crates.io-6f17d22bba15001f/rocket-0.5.0-rc.2/src/lib.rs:246:18
[INFO] [stdout]   30:     0x557116285b8d - rocket::async_test::h2f0740f1af654064
[INFO] [stdout]                                at /opt/rustwide/cargo-home/registry/src/index.crates.io-6f17d22bba15001f/rocket-0.5.0-rc.2/src/lib.rs:257:5
[INFO] [stdout]   31:     0x5571162af932 - oprish::tests::tests::ratelimits::h5ce83efceccfbf57
[INFO] [stdout]                                at /opt/rustwide/workdir/src/tests.rs:72:27
[INFO] [stdout]   32:     0x5571162af8e7 - oprish::tests::tests::ratelimits::{{closure}}::h73e9e67c76224567
[INFO] [stdout]                                at /opt/rustwide/workdir/src/tests.rs:72:26
[INFO] [stdout]   33:     0x557116255076 - core::ops::function::FnOnce::call_once::h19fca593ce1498b4
[INFO] [stdout]                                at /rustc/82e1608dfa6e0b5569232559e3d385fea5a93112/library/core/src/ops/function.rs:250:5
[INFO] [stdout]   34:     0x557116472c1f - core::ops::function::FnOnce::call_once::h2b5d431d5046312d
[INFO] [stdout]                                at /rustc/82e1608dfa6e0b5569232559e3d385fea5a93112/library/core/src/ops/function.rs:250:5
[INFO] [stdout]   35:     0x557116472c1f - test::__rust_begin_short_backtrace::h7714669af176e207
[INFO] [stdout]                                at /rustc/82e1608dfa6e0b5569232559e3d385fea5a93112/library/test/src/lib.rs:628:18
[INFO] [stdout]   36:     0x557116471c35 - test::run_test_in_process::{{closure}}::h85218797dcbcec12
[INFO] [stdout]                                at /rustc/82e1608dfa6e0b5569232559e3d385fea5a93112/library/test/src/lib.rs:651:60
[INFO] [stdout]   37:     0x557116471c35 - <core::panic::unwind_safe::AssertUnwindSafe<F> as core::ops::function::FnOnce<()>>::call_once::h76c106ea31c14d7b
[INFO] [stdout]                                at /rustc/82e1608dfa6e0b5569232559e3d385fea5a93112/library/core/src/panic/unwind_safe.rs:272:9
[INFO] [stdout]   38:     0x557116471c35 - std::panicking::try::do_call::h3bd5d0f6620ee946
[INFO] [stdout]                                at /rustc/82e1608dfa6e0b5569232559e3d385fea5a93112/library/std/src/panicking.rs:552:40
[INFO] [stdout]   39:     0x557116471c35 - std::panicking::try::h232e535e4744fe31
[INFO] [stdout]                                at /rustc/82e1608dfa6e0b5569232559e3d385fea5a93112/library/std/src/panicking.rs:516:19
[INFO] [stdout]   40:     0x557116471c35 - std::panic::catch_unwind::h3ce3bd6ca8dbac68
[INFO] [stdout]                                at /rustc/82e1608dfa6e0b5569232559e3d385fea5a93112/library/std/src/panic.rs:142:14
[INFO] [stdout]   41:     0x557116471c35 - test::run_test_in_process::hc97b257c9621286a
[INFO] [stdout]                                at /rustc/82e1608dfa6e0b5569232559e3d385fea5a93112/library/test/src/lib.rs:651:27
[INFO] [stdout]   42:     0x557116471c35 - test::run_test::{{closure}}::h2aa798823a438d38
[INFO] [stdout]                                at /rustc/82e1608dfa6e0b5569232559e3d385fea5a93112/library/test/src/lib.rs:574:43
[INFO] [stdout]   43:     0x557116439ef6 - test::run_test::{{closure}}::h87d231c78fb59832
[INFO] [stdout]                                at /rustc/82e1608dfa6e0b5569232559e3d385fea5a93112/library/test/src/lib.rs:602:41
[INFO] [stdout]   44:     0x557116439ef6 - std::sys_common::backtrace::__rust_begin_short_backtrace::he6df152596625789
[INFO] [stdout]                                at /rustc/82e1608dfa6e0b5569232559e3d385fea5a93112/library/std/src/sys_common/backtrace.rs:154:18
[INFO] [stdout]   45:     0x55711643efa7 - std::thread::Builder::spawn_unchecked_::{{closure}}::{{closure}}::ha94be15d1e0acf36
[INFO] [stdout]                                at /rustc/82e1608dfa6e0b5569232559e3d385fea5a93112/library/std/src/thread/mod.rs:529:17
[INFO] [stdout]   46:     0x55711643efa7 - <core::panic::unwind_safe::AssertUnwindSafe<F> as core::ops::function::FnOnce<()>>::call_once::h9dc6bd6372f16606
[INFO] [stdout]                                at /rustc/82e1608dfa6e0b5569232559e3d385fea5a93112/library/core/src/panic/unwind_safe.rs:272:9
[INFO] [stdout]   47:     0x55711643efa7 - std::panicking::try::do_call::h9057517f80303cd4
[INFO] [stdout]                                at /rustc/82e1608dfa6e0b5569232559e3d385fea5a93112/library/std/src/panicking.rs:552:40
[INFO] [stdout]   48:     0x55711643efa7 - std::panicking::try::he3a30b11ee45340c
[INFO] [stdout]                                at /rustc/82e1608dfa6e0b5569232559e3d385fea5a93112/library/std/src/panicking.rs:516:19
[INFO] [stdout]   49:     0x55711643efa7 - std::panic::catch_unwind::h410458cfd3528b8b
[INFO] [stdout]                                at /rustc/82e1608dfa6e0b5569232559e3d385fea5a93112/library/std/src/panic.rs:142:14
[INFO] [stdout]   50:     0x55711643efa7 - std::thread::Builder::spawn_unchecked_::{{closure}}::h72ac3bdb567b737b
[INFO] [stdout]                                at /rustc/82e1608dfa6e0b5569232559e3d385fea5a93112/library/std/src/thread/mod.rs:528:30
[INFO] [stdout]   51:     0x55711643efa7 - core::ops::function::FnOnce::call_once{{vtable.shim}}::h38f34da3654a8344
[INFO] [stdout]                                at /rustc/82e1608dfa6e0b5569232559e3d385fea5a93112/library/core/src/ops/function.rs:250:5
[INFO] [stdout]   52:     0x5571169fb835 - <alloc::boxed::Box<F,A> as core::ops::function::FnOnce<Args>>::call_once::hc7eafaff61e32df9
[INFO] [stdout]                                at /rustc/82e1608dfa6e0b5569232559e3d385fea5a93112/library/alloc/src/boxed.rs:2007:9
[INFO] [stdout]   53:     0x5571169fb835 - <alloc::boxed::Box<F,A> as core::ops::function::FnOnce<Args>>::call_once::h6ba4a5de48dd2304
[INFO] [stdout]                                at /rustc/82e1608dfa6e0b5569232559e3d385fea5a93112/library/alloc/src/boxed.rs:2007:9
[INFO] [stdout]   54:     0x5571169fb835 - std::sys::unix::thread::Thread::new::thread_start::he469335aef763e45
[INFO] [stdout]                                at /rustc/82e1608dfa6e0b5569232559e3d385fea5a93112/library/std/src/sys/unix/thread.rs:108:17
[INFO] [stdout]   55:     0x7fcb75992ac3 - <unknown>
[INFO] [stdout]   56:     0x7fcb75a23bf4 - __clone
[INFO] [stdout]   57:                0x0 - <unknown>
[INFO] [stdout] 
[INFO] [stdout] 
[INFO] [stdout] failures:
[INFO] [stdout]     tests::tests::index
[INFO] [stdout]     tests::tests::ratelimits
[INFO] [stdout]     tests::tests::send_message
[INFO] [stdout] 
[INFO] [stdout] test result: FAILED. 0 passed; 3 failed; 0 ignored; 0 measured; 0 filtered out; finished in 0.09s
[INFO] [stdout] 
[INFO] [stderr] error: test failed, to rerun pass `--bin oprish`
[INFO] running `Command { std: "docker" "inspect" "9391bb9cb835d366d9790dfecbeba04e37135ec71b96b44c69b28f029cdab485", kill_on_drop: false }`
[INFO] running `Command { std: "docker" "rm" "-f" "9391bb9cb835d366d9790dfecbeba04e37135ec71b96b44c69b28f029cdab485", kill_on_drop: false }`
[INFO] [stdout] 9391bb9cb835d366d9790dfecbeba04e37135ec71b96b44c69b28f029cdab485
[INFO] testing eludris/oprish against beta-2023-12-22 for beta-1.76-1
[INFO] running `Command { std: "git" "clone" "/workspace/cache/git-repos/https%3A%2F%2Fgithub.com%2Feludris%2Foprish" "/workspace/builds/worker-3-tc2/source", kill_on_drop: false }`
[INFO] [stderr] Cloning into '/workspace/builds/worker-3-tc2/source'...
[INFO] [stderr] done.
[INFO] validating manifest of git repo https://github.com/eludris/oprish on toolchain beta-2023-12-22
[INFO] running `Command { std: CARGO_HOME="/workspace/cargo-home" RUSTUP_HOME="/workspace/rustup-home" "/workspace/cargo-home/bin/cargo" "+beta-2023-12-22" "metadata" "--manifest-path" "Cargo.toml" "--no-deps", kill_on_drop: false }`
[INFO] started tweaking git repo https://github.com/eludris/oprish
[INFO] finished tweaking git repo https://github.com/eludris/oprish
[INFO] tweaked toml for git repo https://github.com/eludris/oprish written to /workspace/builds/worker-3-tc2/source/Cargo.toml
[INFO] crate git repo https://github.com/eludris/oprish already has a lockfile, it will not be regenerated
[INFO] running `Command { std: CARGO_HOME="/workspace/cargo-home" RUSTUP_HOME="/workspace/rustup-home" "/workspace/cargo-home/bin/cargo" "+beta-2023-12-22" "fetch" "--manifest-path" "Cargo.toml", kill_on_drop: false }`
[INFO] running `Command { std: "docker" "create" "-v" "/var/lib/crater-agent-workspace/builds/worker-3-tc2/target:/opt/rustwide/target:rw,Z" "-v" "/var/lib/crater-agent-workspace/builds/worker-3-tc2/source:/opt/rustwide/workdir:ro,Z" "-v" "/var/lib/crater-agent-workspace/cargo-home:/opt/rustwide/cargo-home:ro,Z" "-v" "/var/lib/crater-agent-workspace/rustup-home:/opt/rustwide/rustup-home:ro,Z" "-e" "SOURCE_DIR=/opt/rustwide/workdir" "-e" "CARGO_TARGET_DIR=/opt/rustwide/target" "-e" "CARGO_HOME=/opt/rustwide/cargo-home" "-e" "RUSTUP_HOME=/opt/rustwide/rustup-home" "-w" "/opt/rustwide/workdir" "-m" "1610612736" "--user" "0:0" "--network" "none" "ghcr.io/rust-lang/crates-build-env/linux@sha256:2788e3201cd34a07e3172128adcd8b3090168a8e3bcc40d7c032b9dda1df7d1c" "/opt/rustwide/cargo-home/bin/cargo" "+beta-2023-12-22" "metadata" "--no-deps" "--format-version=1", kill_on_drop: false }`
[INFO] [stdout] d77bb10f43c9ff77914c94497dbd2faea3f2736fcfc81d72dd2203fa129d32c7
[INFO] running `Command { std: "docker" "start" "-a" "d77bb10f43c9ff77914c94497dbd2faea3f2736fcfc81d72dd2203fa129d32c7", kill_on_drop: false }`
[INFO] running `Command { std: "docker" "inspect" "d77bb10f43c9ff77914c94497dbd2faea3f2736fcfc81d72dd2203fa129d32c7", kill_on_drop: false }`
[INFO] running `Command { std: "docker" "rm" "-f" "d77bb10f43c9ff77914c94497dbd2faea3f2736fcfc81d72dd2203fa129d32c7", kill_on_drop: false }`
[INFO] [stdout] d77bb10f43c9ff77914c94497dbd2faea3f2736fcfc81d72dd2203fa129d32c7
[INFO] running `Command { std: "docker" "create" "-v" "/var/lib/crater-agent-workspace/builds/worker-3-tc2/target:/opt/rustwide/target:rw,Z" "-v" "/var/lib/crater-agent-workspace/builds/worker-3-tc2/source:/opt/rustwide/workdir:ro,Z" "-v" "/var/lib/crater-agent-workspace/cargo-home:/opt/rustwide/cargo-home:ro,Z" "-v" "/var/lib/crater-agent-workspace/rustup-home:/opt/rustwide/rustup-home:ro,Z" "-e" "SOURCE_DIR=/opt/rustwide/workdir" "-e" "CARGO_TARGET_DIR=/opt/rustwide/target" "-e" "CARGO_INCREMENTAL=0" "-e" "RUST_BACKTRACE=full" "-e" "RUSTFLAGS=--cap-lints=warn" "-e" "RUSTDOCFLAGS=--cap-lints=warn" "-e" "CARGO_HOME=/opt/rustwide/cargo-home" "-e" "RUSTUP_HOME=/opt/rustwide/rustup-home" "-w" "/opt/rustwide/workdir" "-m" "1610612736" "--user" "0:0" "--network" "none" "ghcr.io/rust-lang/crates-build-env/linux@sha256:2788e3201cd34a07e3172128adcd8b3090168a8e3bcc40d7c032b9dda1df7d1c" "/opt/rustwide/cargo-home/bin/cargo" "+beta-2023-12-22" "build" "--frozen" "--message-format=json", kill_on_drop: false }`
[INFO] [stdout] 5f8f1742fd0f1e1b631a8356ac8ff876c0236a04bb222560df3388c1faaa46a6
[INFO] running `Command { std: "docker" "start" "-a" "5f8f1742fd0f1e1b631a8356ac8ff876c0236a04bb222560df3388c1faaa46a6", kill_on_drop: false }`
[INFO] [stderr]    Compiling libc v0.2.137
[INFO] [stderr]    Compiling proc-macro2 v1.0.47
[INFO] [stderr]    Compiling unicode-ident v1.0.5
[INFO] [stderr]    Compiling syn v1.0.104
[INFO] [stderr]    Compiling once_cell v1.16.0
[INFO] [stderr]    Compiling subtle v2.4.1
[INFO] [stderr]    Compiling serde_derive v1.0.148
[INFO] [stderr]    Compiling futures-core v0.3.25
[INFO] [stderr]    Compiling bytes v1.3.0
[INFO] [stderr]    Compiling generic-array v0.14.6
[INFO] [stderr]    Compiling smallvec v1.10.0
[INFO] [stderr]    Compiling serde v1.0.148
[INFO] [stderr]    Compiling cpufeatures v0.2.5
[INFO] [stderr]    Compiling spin v0.5.2
[INFO] [stderr]    Compiling itoa v1.0.4
[INFO] [stderr]    Compiling futures-channel v0.3.25
[INFO] [stderr]    Compiling cc v1.0.77
[INFO] [stderr]    Compiling tokio v1.22.0
[INFO] [stderr]    Compiling ppv-lite86 v0.2.17
[INFO] [stderr]    Compiling pin-utils v0.1.0
[INFO] [stderr]    Compiling lock_api v0.4.9
[INFO] [stderr]    Compiling untrusted v0.7.1
[INFO] [stderr]    Compiling futures-sink v0.3.25
[INFO] [stderr]    Compiling libm v0.2.6
[INFO] [stderr]    Compiling log v0.4.17
[INFO] [stderr]    Compiling base64 v0.13.1
[INFO] [stderr]    Compiling num-traits v0.2.15
[INFO] [stderr]    Compiling percent-encoding v2.2.0
[INFO] [stderr]    Compiling hashbrown v0.12.3
[INFO] [stderr]    Compiling opaque-debug v0.3.0
[INFO] [stderr]    Compiling tracing-core v0.1.30
[INFO] [stderr]    Compiling proc-macro2-diagnostics v0.9.1
[INFO] [stderr]    Compiling futures-task v0.3.25
[INFO] [stderr]    Compiling futures-util v0.3.25
[INFO] [stderr]    Compiling yansi v0.5.1
[INFO] [stderr]    Compiling crossbeam-utils v0.8.14
[INFO] [stderr]    Compiling quote v1.0.21
[INFO] [stderr]    Compiling tracing v0.1.37
[INFO] [stderr]    Compiling futures-io v0.3.25
[INFO] [stderr]    Compiling getrandom v0.2.8
[INFO] [stderr]    Compiling num_cpus v1.14.0
[INFO] [stderr]    Compiling block-buffer v0.10.3
[INFO] [stderr]    Compiling mio v0.8.5
[INFO] [stderr]    Compiling socket2 v0.4.7
[INFO] [stderr]    Compiling signal-hook-registry v1.4.0
[INFO] [stderr]    Compiling inout v0.1.3
[INFO] [stderr]    Compiling rand_core v0.6.4
[INFO] [stderr]    Compiling unicode-normalization v0.1.22
[INFO] [stderr]    Compiling crypto-common v0.1.6
[INFO] [stderr]    Compiling ring v0.16.20
[INFO] [stderr]    Compiling digest v0.10.6
[INFO] [stderr]    Compiling rand_chacha v0.3.1
[INFO] [stderr]    Compiling indexmap v1.9.2
[INFO] [stderr]    Compiling base64ct v1.5.3
[INFO] [stderr]    Compiling rand v0.8.5
[INFO] [stderr]    Compiling crypto-bigint v0.3.2
[INFO] [stderr]    Compiling http v0.2.8
[INFO] [stderr]    Compiling num-iter v0.1.43
[INFO] [stderr]    Compiling instant v0.1.12
[INFO] [stderr]    Compiling pem-rfc7468 v0.3.1
[INFO] [stderr]    Compiling const-oid v0.7.1
[INFO] [stderr]    Compiling httparse v1.8.0
[INFO] [stderr]    Compiling zeroize v1.5.7
[INFO] [stderr]    Compiling idna v0.3.0
[INFO] [stderr]    Compiling num-integer v0.1.45
[INFO] [stderr]    Compiling form_urlencoded v1.1.0
[INFO] [stderr]    Compiling lazy_static v1.4.0
[INFO] [stderr]    Compiling memoffset v0.7.1
[INFO] [stderr]    Compiling time-core v0.1.0
[INFO] [stderr]    Compiling try-lock v0.2.3
[INFO] [stderr]    Compiling num-bigint-dig v0.8.2
[INFO] [stderr]    Compiling der v0.5.1
[INFO] [stderr]    Compiling time-macros v0.2.6
[INFO] [stderr]    Compiling sha2 v0.10.6
[INFO] [stderr]    Compiling cipher v0.4.3
[INFO] [stderr]    Compiling universal-hash v0.5.0
[INFO] [stderr]    Compiling crossbeam-epoch v0.9.13
[INFO] [stderr]    Compiling cookie v0.16.1
[INFO] [stderr]    Compiling serde_json v1.0.89
[INFO] [stderr]    Compiling polyval v0.6.0
[INFO] [stderr]    Compiling http-body v0.4.5
[INFO] [stderr]    Compiling ref-cast v1.0.13
[INFO] [stderr]    Compiling inlinable_string v0.1.15
[INFO] [stderr]    Compiling crossbeam-queue v0.3.8
[INFO] [stderr]    Compiling httpdate v1.0.2
[INFO] [stderr]    Compiling async-trait v0.1.58
[INFO] [stderr]    Compiling tower-service v0.3.2
[INFO] [stderr]    Compiling minimal-lexical v0.2.1
[INFO] [stderr]    Compiling spki v0.5.4
[INFO] [stderr]    Compiling pkcs8 v0.8.0
[INFO] [stderr]    Compiling ghash v0.5.0
[INFO] [stderr]    Compiling aes v0.8.2
[INFO] [stderr]    Compiling nom v7.1.1
[INFO] [stderr]    Compiling ctr v0.9.2
[INFO] [stderr]    Compiling hmac v0.12.1
[INFO] [stderr]    Compiling pkcs1 v0.3.3
[INFO] [stderr]    Compiling aead v0.5.1
[INFO] [stderr]    Compiling spin v0.9.4
[INFO] [stderr]    Compiling num-bigint v0.3.3
[INFO] [stderr]    Compiling uncased v0.9.7
[INFO] [stderr]    Compiling rayon-core v1.10.1
[INFO] [stderr]    Compiling unicode_categories v0.1.1
[INFO] [stderr]    Compiling time v0.3.17
[INFO] [stderr]    Compiling thiserror v1.0.37
[INFO] [stderr]    Compiling miniz_oxide v0.6.2
[INFO] [stderr]    Compiling aes-gcm v0.10.1
[INFO] [stderr]    Compiling crossbeam-deque v0.8.2
[INFO] [stderr]    Compiling hkdf v0.12.3
[INFO] [stderr]    Compiling url v2.3.1
[INFO] [stderr]    Compiling want v0.3.0
[INFO] [stderr]    Compiling parking_lot_core v0.8.5
[INFO] [stderr]    Compiling ahash v0.7.6
[INFO] [stderr]    Compiling crossbeam-channel v0.5.6
[INFO] [stderr]    Compiling stable-pattern v0.1.0
[INFO] [stderr]    Compiling encoding_rs v0.8.31
[INFO] [stderr]    Compiling strsim v0.10.0
[INFO] [stderr]    Compiling crc-catalog v1.1.1
[INFO] [stderr]    Compiling parking_lot_core v0.9.4
[INFO] [stderr]    Compiling ident_case v1.0.1
[INFO] [stderr]    Compiling state v0.5.3
[INFO] [stderr]    Compiling byteorder v1.4.3
[INFO] [stderr]    Compiling crc v2.1.0
[INFO] [stderr]    Compiling parking_lot v0.11.2
[INFO] [stderr]    Compiling futures v0.3.25
[INFO] [stderr]    Compiling hashbrown v0.11.2
[INFO] [stderr]    Compiling atoi v0.4.0
[INFO] [stderr]    Compiling stringprep v0.1.2
[INFO] [stderr]    Compiling darling_core v0.14.2
[INFO] [stderr]    Compiling figment v0.10.8
[INFO] [stderr]    Compiling atomic v0.5.1
[INFO] [stderr]    Compiling multer v2.0.4
[INFO] [stderr]    Compiling devise_core v0.3.1
[INFO] [stderr]    Compiling paste v1.0.9
[INFO] [stderr]    Compiling hashlink v0.7.0
[INFO] [stderr]    Compiling hyper v0.14.23
[INFO] [stderr]    Compiling tokio-stream v0.1.11
[INFO] [stderr]    Compiling webpki v0.21.4
[INFO] [stderr]    Compiling sct v0.6.1
[INFO] [stderr]    Compiling rustls v0.19.1
[INFO] [stderr]    Compiling webpki-roots v0.21.1
[INFO] [stderr]    Compiling rsa v0.6.1
[INFO] [stderr]    Compiling futures-intrusive v0.4.2
[INFO] [stderr]    Compiling flate2 v1.0.25
[INFO] [stderr]    Compiling sha-1 v0.10.1
[INFO] [stderr]    Compiling nanorand v0.7.0
[INFO] [stderr]    Compiling atty v0.2.14
[INFO] [stderr]    Compiling rocket v0.5.0-rc.2
[INFO] [stderr]    Compiling unicode-xid v0.2.4
[INFO] [stderr]    Compiling mime v0.3.16
[INFO] [stderr]    Compiling unicode-segmentation v1.10.0
[INFO] [stderr]    Compiling weezl v0.1.7
[INFO] [stderr]    Compiling remove_dir_all v0.5.3
[INFO] [stderr]    Compiling glob v0.3.0
[INFO] [stderr]    Compiling tempfile v3.3.0
[INFO] [stderr]    Compiling parking_lot_core v0.7.2
[INFO] [stderr]    Compiling heck v0.4.0
[INFO] [stderr]    Compiling parking_lot v0.12.1
[INFO] [stderr]    Compiling threadpool v1.8.1
[INFO] [stderr]    Compiling digest v0.9.0
[INFO] [stderr]    Compiling block-buffer v0.9.0
[INFO] [stderr]    Compiling memchr v1.0.2
[INFO] [stderr]    Compiling lock_api v0.3.4
[INFO] [stderr]    Compiling dotenv v0.15.0
[INFO] [stderr]    Compiling binascii v0.1.4
[INFO] [stderr]    Compiling bit_field v0.10.1
[INFO] [stderr]    Compiling anyhow v1.0.66
[INFO] [stderr]    Compiling retain_mut v0.1.9
[INFO] [stderr]    Compiling fixedbitset v0.2.0
[INFO] [stderr]    Compiling lebe v0.5.2
[INFO] [stderr]    Compiling half v2.1.0
[INFO] [stderr]    Compiling gif v0.11.4
[INFO] [stderr]    Compiling parking_lot v0.10.2
[INFO] [stderr]    Compiling tokio-rustls v0.22.0
[INFO] [stderr]    Compiling nom v3.2.1
[INFO] [stderr]    Compiling sha2 v0.9.9
[INFO] [stderr]    Compiling num-rational v0.4.1
[INFO] [stderr]    Compiling sqlx-rt v0.5.13
[INFO] [stderr]    Compiling tokio-macros v1.8.0
[INFO] [stderr]    Compiling pear_codegen v0.2.3
[INFO] [stderr]    Compiling ref-cast-impl v1.0.13
[INFO] [stderr]    Compiling thiserror-impl v1.0.37
[INFO] [stderr]    Compiling devise_codegen v0.3.1
[INFO] [stderr]    Compiling pin-project-internal v1.0.12
[INFO] [stderr]    Compiling async-stream-impl v0.3.3
[INFO] [stderr]    Compiling darling_macro v0.14.2
[INFO] [stderr]    Compiling png v0.17.7
[INFO] [stderr]    Compiling aho-corasick v0.7.20
[INFO] [stderr]    Compiling bytemuck v1.12.3
[INFO] [stderr]    Compiling regex-syntax v0.6.28
[INFO] [stderr]    Compiling sha256 v1.1.1
[INFO] [stderr]    Compiling pear v0.2.3
[INFO] [stderr]    Compiling devise v0.3.1
[INFO] [stderr]    Compiling darling v0.14.2
[INFO] [stderr]    Compiling rocket_db_pools_codegen v0.1.0-rc.2
[INFO] [stderr]    Compiling async-stream v0.3.3
[INFO] [stderr]    Compiling serde_with_macros v2.1.0
[INFO] [stderr]    Compiling humantime v2.1.0
[INFO] [stderr]    Compiling imagesize v0.10.1
[INFO] [stderr]    Compiling regex v1.7.0
[INFO] [stderr]    Compiling pin-project v1.0.12
[INFO] [stderr]    Compiling flume v0.10.14
[INFO] [stderr]    Compiling exr v1.5.2
[INFO] [stderr]    Compiling env_logger v0.9.3
[INFO] [stderr]    Compiling tokio-util v0.7.4
[INFO] [stderr]    Compiling deadpool-runtime v0.1.2
[INFO] [stderr]    Compiling deadpool v0.9.5
[INFO] [stderr]    Compiling combine v4.6.6
[INFO] [stderr]    Compiling either v1.8.0
[INFO] [stderr]    Compiling toml v0.5.9
[INFO] [stderr]    Compiling ubyte v0.10.3
[INFO] [stderr]    Compiling serde_with v2.1.0
[INFO] [stderr]    Compiling itertools v0.10.5
[INFO] [stderr]    Compiling rocket_http v0.5.0-rc.2
[INFO] [stderr]    Compiling rayon v1.6.0
[INFO] [stderr]    Compiling h2 v0.3.15
[INFO] [stderr]    Compiling petgraph v0.5.1
[INFO] [stderr]    Compiling ffprobe v0.3.3
[INFO] [stderr]    Compiling sqlformat v0.1.8
[INFO] [stderr]    Compiling tree_magic v0.2.3
[INFO] [stderr]    Compiling rocket_codegen v0.5.0-rc.2
[INFO] [stderr]    Compiling jpeg-decoder v0.3.0
[INFO] [stderr]    Compiling sqlx-core v0.5.13
[INFO] [stderr]    Compiling tiff v0.8.0
[INFO] [stderr]    Compiling image v0.24.5
[INFO] [stderr]    Compiling redis v0.21.6
[INFO] [stderr]    Compiling sqlx-macros v0.5.13
[INFO] [stderr]    Compiling deadpool-redis v0.10.2
[INFO] [stderr]    Compiling sqlx v0.5.13
[INFO] [stderr]    Compiling todel v0.3.0 (https://github.com/eludris/todel#69c4c9e2)
[INFO] [stderr]    Compiling rocket_db_pools v0.1.0-rc.2
[INFO] [stderr]    Compiling oprish v0.3.0 (/opt/rustwide/workdir)
[INFO] [stdout] warning: unused import: `index`
[INFO] [stdout]   --> src/routes/messages/mod.rs:12:14
[INFO] [stdout]    |
[INFO] [stdout] 12 | pub async fn index(
[INFO] [stdout]    |              ^^^^^
[INFO] [stdout]    |
[INFO] [stdout]    = note: `#[warn(unused_imports)]` on by default
[INFO] [stdout] 
[INFO] [stdout] 
[INFO] [stdout] warning: unused import: `ratelimits`
[INFO] [stdout]   --> src/routes/ratelimits.rs:11:14
[INFO] [stdout]    |
[INFO] [stdout] 11 | pub async fn ratelimits(
[INFO] [stdout]    |              ^^^^^^^^^^
[INFO] [stdout] 
[INFO] [stdout] 
[INFO] [stdout] warning: unused import: `index`
[INFO] [stdout]   --> src/routes/mod.rs:14:14
[INFO] [stdout]    |
[INFO] [stdout] 14 | pub async fn index(
[INFO] [stdout]    |              ^^^^^
[INFO] [stdout] 
[INFO] [stdout] 
[INFO] [stdout] warning: 3 warnings emitted
[INFO] [stdout] 
[INFO] [stdout] 
[INFO] [stderr]     Finished dev [unoptimized + debuginfo] target(s) in 32.63s
[INFO] [stderr] warning: the following packages contain code that will be rejected by a future version of Rust: nom v3.2.1
[INFO] [stderr] note: to see what the problems were, use the option `--future-incompat-report`, or run `cargo report future-incompatibilities --id 1`
[INFO] running `Command { std: "docker" "inspect" "5f8f1742fd0f1e1b631a8356ac8ff876c0236a04bb222560df3388c1faaa46a6", kill_on_drop: false }`
[INFO] running `Command { std: "docker" "rm" "-f" "5f8f1742fd0f1e1b631a8356ac8ff876c0236a04bb222560df3388c1faaa46a6", kill_on_drop: false }`
[INFO] [stdout] 5f8f1742fd0f1e1b631a8356ac8ff876c0236a04bb222560df3388c1faaa46a6
[INFO] running `Command { std: "docker" "create" "-v" "/var/lib/crater-agent-workspace/builds/worker-3-tc2/target:/opt/rustwide/target:rw,Z" "-v" "/var/lib/crater-agent-workspace/builds/worker-3-tc2/source:/opt/rustwide/workdir:ro,Z" "-v" "/var/lib/crater-agent-workspace/cargo-home:/opt/rustwide/cargo-home:ro,Z" "-v" "/var/lib/crater-agent-workspace/rustup-home:/opt/rustwide/rustup-home:ro,Z" "-e" "SOURCE_DIR=/opt/rustwide/workdir" "-e" "CARGO_TARGET_DIR=/opt/rustwide/target" "-e" "CARGO_INCREMENTAL=0" "-e" "RUST_BACKTRACE=full" "-e" "RUSTFLAGS=--cap-lints=warn" "-e" "RUSTDOCFLAGS=--cap-lints=warn" "-e" "CARGO_HOME=/opt/rustwide/cargo-home" "-e" "RUSTUP_HOME=/opt/rustwide/rustup-home" "-w" "/opt/rustwide/workdir" "-m" "1610612736" "--user" "0:0" "--network" "none" "ghcr.io/rust-lang/crates-build-env/linux@sha256:2788e3201cd34a07e3172128adcd8b3090168a8e3bcc40d7c032b9dda1df7d1c" "/opt/rustwide/cargo-home/bin/cargo" "+beta-2023-12-22" "test" "--frozen" "--no-run" "--message-format=json", kill_on_drop: false }`
[INFO] [stdout] 7fa206db5cd551f34e0e20f4b94da884c01dc1ded696120e6cd58f84aa2db96f
[INFO] running `Command { std: "docker" "start" "-a" "7fa206db5cd551f34e0e20f4b94da884c01dc1ded696120e6cd58f84aa2db96f", kill_on_drop: false }`
[INFO] [stderr]    Compiling oprish v0.3.0 (/opt/rustwide/workdir)
[INFO] [stdout] warning: unused import: `index`
[INFO] [stdout]   --> src/routes/messages/mod.rs:12:14
[INFO] [stdout]    |
[INFO] [stdout] 12 | pub async fn index(
[INFO] [stdout]    |              ^^^^^
[INFO] [stdout]    |
[INFO] [stdout]    = note: `#[warn(unused_imports)]` on by default
[INFO] [stdout] 
[INFO] [stdout] 
[INFO] [stdout] warning: unused import: `ratelimits`
[INFO] [stdout]   --> src/routes/ratelimits.rs:11:14
[INFO] [stdout]    |
[INFO] [stdout] 11 | pub async fn ratelimits(
[INFO] [stdout]    |              ^^^^^^^^^^
[INFO] [stdout] 
[INFO] [stdout] 
[INFO] [stdout] warning: unused import: `index`
[INFO] [stdout]   --> src/routes/mod.rs:14:14
[INFO] [stdout]    |
[INFO] [stdout] 14 | pub async fn index(
[INFO] [stdout]    |              ^^^^^
[INFO] [stdout] 
[INFO] [stdout] 
[INFO] [stdout] warning: 3 warnings emitted
[INFO] [stdout] 
[INFO] [stdout] 
[INFO] [stderr]     Finished test [unoptimized + debuginfo] target(s) in 7.38s
[INFO] [stderr] warning: the following packages contain code that will be rejected by a future version of Rust: nom v3.2.1
[INFO] [stderr] note: to see what the problems were, use the option `--future-incompat-report`, or run `cargo report future-incompatibilities --id 1`
[INFO] running `Command { std: "docker" "inspect" "7fa206db5cd551f34e0e20f4b94da884c01dc1ded696120e6cd58f84aa2db96f", kill_on_drop: false }`
[INFO] running `Command { std: "docker" "rm" "-f" "7fa206db5cd551f34e0e20f4b94da884c01dc1ded696120e6cd58f84aa2db96f", kill_on_drop: false }`
[INFO] [stdout] 7fa206db5cd551f34e0e20f4b94da884c01dc1ded696120e6cd58f84aa2db96f
[INFO] running `Command { std: "docker" "create" "-v" "/var/lib/crater-agent-workspace/builds/worker-3-tc2/target:/opt/rustwide/target:rw,Z" "-v" "/var/lib/crater-agent-workspace/builds/worker-3-tc2/source:/opt/rustwide/workdir:ro,Z" "-v" "/var/lib/crater-agent-workspace/cargo-home:/opt/rustwide/cargo-home:ro,Z" "-v" "/var/lib/crater-agent-workspace/rustup-home:/opt/rustwide/rustup-home:ro,Z" "-e" "SOURCE_DIR=/opt/rustwide/workdir" "-e" "CARGO_TARGET_DIR=/opt/rustwide/target" "-e" "CARGO_INCREMENTAL=0" "-e" "RUST_BACKTRACE=full" "-e" "RUSTFLAGS=--cap-lints=warn" "-e" "RUSTDOCFLAGS=--cap-lints=warn" "-e" "CARGO_HOME=/opt/rustwide/cargo-home" "-e" "RUSTUP_HOME=/opt/rustwide/rustup-home" "-w" "/opt/rustwide/workdir" "-m" "1610612736" "--user" "0:0" "--network" "none" "ghcr.io/rust-lang/crates-build-env/linux@sha256:2788e3201cd34a07e3172128adcd8b3090168a8e3bcc40d7c032b9dda1df7d1c" "/opt/rustwide/cargo-home/bin/cargo" "+beta-2023-12-22" "test" "--frozen", kill_on_drop: false }`
[INFO] [stdout] 31b62e3ddb2b65598ea9c28021cfb11f13684ac2f6893fc974af553348fc89eb
[INFO] running `Command { std: "docker" "start" "-a" "31b62e3ddb2b65598ea9c28021cfb11f13684ac2f6893fc974af553348fc89eb", kill_on_drop: false }`
[INFO] [stderr] warning: unused import: `index`
[INFO] [stderr]   --> src/routes/messages/mod.rs:12:14
[INFO] [stderr]    |
[INFO] [stderr] 12 | pub async fn index(
[INFO] [stderr]    |              ^^^^^
[INFO] [stderr]    |
[INFO] [stderr]    = note: `#[warn(unused_imports)]` on by default
[INFO] [stderr] 
[INFO] [stderr] warning: unused import: `ratelimits`
[INFO] [stderr]   --> src/routes/ratelimits.rs:11:14
[INFO] [stderr]    |
[INFO] [stderr] 11 | pub async fn ratelimits(
[INFO] [stderr]    |              ^^^^^^^^^^
[INFO] [stderr] 
[INFO] [stderr] warning: unused import: `index`
[INFO] [stderr]   --> src/routes/mod.rs:14:14
[INFO] [stderr]    |
[INFO] [stderr] 14 | pub async fn index(
[INFO] [stderr]    |              ^^^^^
[INFO] [stderr] 
[INFO] [stderr] warning: `oprish` (bin "oprish" test) generated 3 warnings (run `cargo fix --bin "oprish" --tests` to apply 3 suggestions)
[INFO] [stderr]     Finished test [unoptimized + debuginfo] target(s) in 0.19s
[INFO] [stderr] warning: the following packages contain code that will be rejected by a future version of Rust: nom v3.2.1
[INFO] [stderr] note: to see what the problems were, use the option `--future-incompat-report`, or run `cargo report future-incompatibilities --id 1`
[INFO] [stderr]      Running unittests src/main.rs (/opt/rustwide/target/debug/deps/oprish-156f7c6f85e9a26d)
[INFO] [stdout] 
[INFO] [stdout] running 3 tests
[INFO] [stdout] test tests::tests::index ... FAILED
[INFO] [stdout] test tests::tests::send_message ... FAILED
[INFO] [stdout] test tests::tests::ratelimits ... FAILED
[INFO] [stdout] 
[INFO] [stdout] failures:
[INFO] [stdout] 
[INFO] [stdout] ---- tests::tests::index stdout ----
[INFO] [stdout] thread 'tests::tests::index' panicked at src/tests.rs:16:9:
[INFO] [stdout] assertion `left == right` failed
[INFO] [stdout]   left: Status { code: 503 }
[INFO] [stdout]  right: Status { code: 200 }
[INFO] [stdout] stack backtrace:
[INFO] [stdout]    0:     0x55b4b793a486 - std::backtrace_rs::backtrace::libunwind::trace::h261606ad26a499c1
[INFO] [stdout]                                at /rustc/0e09125c6c3c2fd70d7de961bcf0e51575235fad/library/std/src/../../backtrace/src/backtrace/libunwind.rs:104:5
[INFO] [stdout]    1:     0x55b4b793a486 - std::backtrace_rs::backtrace::trace_unsynchronized::hd183f0625477fb28
[INFO] [stdout]                                at /rustc/0e09125c6c3c2fd70d7de961bcf0e51575235fad/library/std/src/../../backtrace/src/backtrace/mod.rs:66:5
[INFO] [stdout]    2:     0x55b4b793a486 - std::sys_common::backtrace::_print_fmt::hd7f8fef21b4eda67
[INFO] [stdout]                                at /rustc/0e09125c6c3c2fd70d7de961bcf0e51575235fad/library/std/src/sys_common/backtrace.rs:68:5
[INFO] [stdout]    3:     0x55b4b793a486 - <std::sys_common::backtrace::_print::DisplayBacktrace as core::fmt::Display>::fmt::h623d9b51f2f453f1
[INFO] [stdout]                                at /rustc/0e09125c6c3c2fd70d7de961bcf0e51575235fad/library/std/src/sys_common/backtrace.rs:44:22
[INFO] [stdout]    4:     0x55b4b7967ea0 - core::fmt::rt::Argument::fmt::h9f417ac76a86f368
[INFO] [stdout]                                at /rustc/0e09125c6c3c2fd70d7de961bcf0e51575235fad/library/core/src/fmt/rt.rs:142:9
[INFO] [stdout]    5:     0x55b4b7967ea0 - core::fmt::write::hc9b6faf4ac2aeff7
[INFO] [stdout]                                at /rustc/0e09125c6c3c2fd70d7de961bcf0e51575235fad/library/core/src/fmt/mod.rs:1120:17
[INFO] [stdout]    6:     0x55b4b793747f - std::io::Write::write_fmt::he04625a3a989fec3
[INFO] [stdout]                                at /rustc/0e09125c6c3c2fd70d7de961bcf0e51575235fad/library/std/src/io/mod.rs:1810:15
[INFO] [stdout]    7:     0x55b4b793a264 - std::sys_common::backtrace::_print::hd5d66399c7df88a2
[INFO] [stdout]                                at /rustc/0e09125c6c3c2fd70d7de961bcf0e51575235fad/library/std/src/sys_common/backtrace.rs:47:5
[INFO] [stdout]    8:     0x55b4b793a264 - std::sys_common::backtrace::print::he81ed2da642d37e5
[INFO] [stdout]                                at /rustc/0e09125c6c3c2fd70d7de961bcf0e51575235fad/library/std/src/sys_common/backtrace.rs:34:9
[INFO] [stdout]    9:     0x55b4b793bfd7 - std::panicking::default_hook::{{closure}}::h85773f4fa117163d
[INFO] [stdout]   10:     0x55b4b793bcbd - std::panicking::default_hook::h6a1694a91d09b278
[INFO] [stdout]                                at /rustc/0e09125c6c3c2fd70d7de961bcf0e51575235fad/library/std/src/panicking.rs:289:9
[INFO] [stdout]   11:     0x55b4b73975f7 - <alloc::boxed::Box<F,A> as core::ops::function::Fn<Args>>::call::h616ac37fa3cd6c8f
[INFO] [stdout]                                at /rustc/0e09125c6c3c2fd70d7de961bcf0e51575235fad/library/alloc/src/boxed.rs:2029:9
[INFO] [stdout]   12:     0x55b4b73975f7 - test::test_main::{{closure}}::h00d84697cefdcbb6
[INFO] [stdout]                                at /rustc/0e09125c6c3c2fd70d7de961bcf0e51575235fad/library/test/src/lib.rs:138:21
[INFO] [stdout]   13:     0x55b4b793c5f6 - <alloc::boxed::Box<F,A> as core::ops::function::Fn<Args>>::call::hcb3fe3b9bb537ba8
[INFO] [stdout]                                at /rustc/0e09125c6c3c2fd70d7de961bcf0e51575235fad/library/alloc/src/boxed.rs:2029:9
[INFO] [stdout]   14:     0x55b4b793c5f6 - std::panicking::rust_panic_with_hook::h0a7ad96e90f7145b
[INFO] [stdout]                                at /rustc/0e09125c6c3c2fd70d7de961bcf0e51575235fad/library/std/src/panicking.rs:783:13
[INFO] [stdout]   15:     0x55b4b793c342 - std::panicking::begin_panic_handler::{{closure}}::h7919090525c6485e
[INFO] [stdout]                                at /rustc/0e09125c6c3c2fd70d7de961bcf0e51575235fad/library/std/src/panicking.rs:657:13
[INFO] [stdout]   16:     0x55b4b793a986 - std::sys_common::backtrace::__rust_end_short_backtrace::hf3289479464f7dfe
[INFO] [stdout]                                at /rustc/0e09125c6c3c2fd70d7de961bcf0e51575235fad/library/std/src/sys_common/backtrace.rs:171:18
[INFO] [stdout]   17:     0x55b4b793c0a0 - rust_begin_unwind
[INFO] [stdout]                                at /rustc/0e09125c6c3c2fd70d7de961bcf0e51575235fad/library/std/src/panicking.rs:645:5
[INFO] [stdout]   18:     0x55b4b717c665 - core::panicking::panic_fmt::hcc9f77c5c132af55
[INFO] [stdout]                                at /rustc/0e09125c6c3c2fd70d7de961bcf0e51575235fad/library/core/src/panicking.rs:72:14
[INFO] [stdout]   19:     0x55b4b717cadb - core::panicking::assert_failed_inner::h9f13e27dd63c3a08
[INFO] [stdout]                                at /rustc/0e09125c6c3c2fd70d7de961bcf0e51575235fad/library/core/src/panicking.rs:342:17
[INFO] [stdout]   20:     0x55b4b71b8a4e - core::panicking::assert_failed::h059ed8fc6b9ec5f8
[INFO] [stdout]                                at /rustc/0e09125c6c3c2fd70d7de961bcf0e51575235fad/library/core/src/panicking.rs:297:5
[INFO] [stdout]   21:     0x55b4b71bc78c - oprish::tests::tests::index::{{closure}}::h322d4460e047235e
[INFO] [stdout]                                at /opt/rustwide/workdir/src/tests.rs:16:9
[INFO] [stdout]   22:     0x55b4b71a05c4 - tokio::runtime::park::CachedParkThread::block_on::{{closure}}::h2a2b829c0191e8e1
[INFO] [stdout]                                at /opt/rustwide/cargo-home/registry/src/index.crates.io-6f17d22bba15001f/tokio-1.22.0/src/runtime/park.rs:272:63
[INFO] [stdout]   23:     0x55b4b719f092 - tokio::runtime::coop::with_budget::h2d65f2635a63bc81
[INFO] [stdout]                                at /opt/rustwide/cargo-home/registry/src/index.crates.io-6f17d22bba15001f/tokio-1.22.0/src/runtime/coop.rs:102:5
[INFO] [stdout]   24:     0x55b4b719f092 - tokio::runtime::coop::budget::hd562bfb3a28dea41
[INFO] [stdout]                                at /opt/rustwide/cargo-home/registry/src/index.crates.io-6f17d22bba15001f/tokio-1.22.0/src/runtime/coop.rs:68:5
[INFO] [stdout]   25:     0x55b4b719f092 - tokio::runtime::park::CachedParkThread::block_on::h59ae52f011a6f657
[INFO] [stdout]                                at /opt/rustwide/cargo-home/registry/src/index.crates.io-6f17d22bba15001f/tokio-1.22.0/src/runtime/park.rs:272:31
[INFO] [stdout]   26:     0x55b4b71aad12 - tokio::runtime::context::BlockingRegionGuard::block_on::h4b4e2859c62702d4
[INFO] [stdout]                                at /opt/rustwide/cargo-home/registry/src/index.crates.io-6f17d22bba15001f/tokio-1.22.0/src/runtime/context.rs:255:13
[INFO] [stdout]   27:     0x55b4b71ca90c - tokio::runtime::scheduler::multi_thread::MultiThread::block_on::h0a36362bfa211e96
[INFO] [stdout]                                at /opt/rustwide/cargo-home/registry/src/index.crates.io-6f17d22bba15001f/tokio-1.22.0/src/runtime/scheduler/multi_thread/mod.rs:66:9
[INFO] [stdout]   28:     0x55b4b71bac28 - tokio::runtime::runtime::Runtime::block_on::hc058642b77b26240
[INFO] [stdout]                                at /opt/rustwide/cargo-home/registry/src/index.crates.io-6f17d22bba15001f/tokio-1.22.0/src/runtime/runtime.rs:281:45
[INFO] [stdout]   29:     0x55b4b71ac5d3 - rocket::async_run::hfcea80019e132981
[INFO] [stdout]                                at /opt/rustwide/cargo-home/registry/src/index.crates.io-6f17d22bba15001f/rocket-0.5.0-rc.2/src/lib.rs:246:18
[INFO] [stdout]   30:     0x55b4b71ab8dd - rocket::async_test::hcbd83e3de105fb38
[INFO] [stdout]                                at /opt/rustwide/cargo-home/registry/src/index.crates.io-6f17d22bba15001f/rocket-0.5.0-rc.2/src/lib.rs:257:5
[INFO] [stdout]   31:     0x55b4b71bc056 - oprish::tests::tests::index::h51977ada45d859a7
[INFO] [stdout]                                at /opt/rustwide/workdir/src/tests.rs:12:22
[INFO] [stdout]   32:     0x55b4b71bc017 - oprish::tests::tests::index::{{closure}}::hb887cc892d2f1e7b
[INFO] [stdout]                                at /opt/rustwide/workdir/src/tests.rs:12:21
[INFO] [stdout]   33:     0x55b4b717d186 - core::ops::function::FnOnce::call_once::h342a731edf368bcc
[INFO] [stdout]                                at /rustc/0e09125c6c3c2fd70d7de961bcf0e51575235fad/library/core/src/ops/function.rs:250:5
[INFO] [stdout]   34:     0x55b4b739cecf - core::ops::function::FnOnce::call_once::hd64d26f405258157
[INFO] [stdout]                                at /rustc/0e09125c6c3c2fd70d7de961bcf0e51575235fad/library/core/src/ops/function.rs:250:5
[INFO] [stdout]   35:     0x55b4b739cecf - test::__rust_begin_short_backtrace::he21b0b7a6d731bf9
[INFO] [stdout]                                at /rustc/0e09125c6c3c2fd70d7de961bcf0e51575235fad/library/test/src/lib.rs:627:18
[INFO] [stdout]   36:     0x55b4b739bc51 - test::run_test_in_process::{{closure}}::hf5c73986d7bdfde2
[INFO] [stdout]                                at /rustc/0e09125c6c3c2fd70d7de961bcf0e51575235fad/library/test/src/lib.rs:650:60
[INFO] [stdout]   37:     0x55b4b739bc51 - <core::panic::unwind_safe::AssertUnwindSafe<F> as core::ops::function::FnOnce<()>>::call_once::h330011ad032aadc0
[INFO] [stdout]                                at /rustc/0e09125c6c3c2fd70d7de961bcf0e51575235fad/library/core/src/panic/unwind_safe.rs:272:9
[INFO] [stdout]   38:     0x55b4b739bc51 - std::panicking::try::do_call::he61b0a958b795a41
[INFO] [stdout]                                at /rustc/0e09125c6c3c2fd70d7de961bcf0e51575235fad/library/std/src/panicking.rs:552:40
[INFO] [stdout]   39:     0x55b4b739bc51 - std::panicking::try::h7309da130f906eb7
[INFO] [stdout]                                at /rustc/0e09125c6c3c2fd70d7de961bcf0e51575235fad/library/std/src/panicking.rs:516:19
[INFO] [stdout]   40:     0x55b4b739bc51 - std::panic::catch_unwind::hc5c3a06fdaf0a92a
[INFO] [stdout]                                at /rustc/0e09125c6c3c2fd70d7de961bcf0e51575235fad/library/std/src/panic.rs:142:14
[INFO] [stdout]   41:     0x55b4b739bc51 - test::run_test_in_process::h7e7b7c71c3324e0f
[INFO] [stdout]                                at /rustc/0e09125c6c3c2fd70d7de961bcf0e51575235fad/library/test/src/lib.rs:650:27
[INFO] [stdout]   42:     0x55b4b739bc51 - test::run_test::{{closure}}::h1f509f28f5cf20b1
[INFO] [stdout]                                at /rustc/0e09125c6c3c2fd70d7de961bcf0e51575235fad/library/test/src/lib.rs:573:43
[INFO] [stdout]   43:     0x55b4b7362f86 - test::run_test::{{closure}}::h1754218abf443f6d
[INFO] [stdout]                                at /rustc/0e09125c6c3c2fd70d7de961bcf0e51575235fad/library/test/src/lib.rs:601:41
[INFO] [stdout]   44:     0x55b4b7362f86 - std::sys_common::backtrace::__rust_begin_short_backtrace::h2ee174b9d5954948
[INFO] [stdout]                                at /rustc/0e09125c6c3c2fd70d7de961bcf0e51575235fad/library/std/src/sys_common/backtrace.rs:155:18
[INFO] [stdout]   45:     0x55b4b7367fe7 - std::thread::Builder::spawn_unchecked_::{{closure}}::{{closure}}::hf60bee9c1a17ef09
[INFO] [stdout]                                at /rustc/0e09125c6c3c2fd70d7de961bcf0e51575235fad/library/std/src/thread/mod.rs:529:17
[INFO] [stdout]   46:     0x55b4b7367fe7 - <core::panic::unwind_safe::AssertUnwindSafe<F> as core::ops::function::FnOnce<()>>::call_once::h33d0dddec5216160
[INFO] [stdout]                                at /rustc/0e09125c6c3c2fd70d7de961bcf0e51575235fad/library/core/src/panic/unwind_safe.rs:272:9
[INFO] [stdout]   47:     0x55b4b7367fe7 - std::panicking::try::do_call::h144b3048b546f835
[INFO] [stdout]                                at /rustc/0e09125c6c3c2fd70d7de961bcf0e51575235fad/library/std/src/panicking.rs:552:40
[INFO] [stdout]   48:     0x55b4b7367fe7 - std::panicking::try::h978244d04646189f
[INFO] [stdout]                                at /rustc/0e09125c6c3c2fd70d7de961bcf0e51575235fad/library/std/src/panicking.rs:516:19
[INFO] [stdout]   49:     0x55b4b7367fe7 - std::panic::catch_unwind::hdf436369d188fe86
[INFO] [stdout]                                at /rustc/0e09125c6c3c2fd70d7de961bcf0e51575235fad/library/std/src/panic.rs:142:14
[INFO] [stdout]   50:     0x55b4b7367fe7 - std::thread::Builder::spawn_unchecked_::{{closure}}::h87329cbdd33c79ec
[INFO] [stdout]                                at /rustc/0e09125c6c3c2fd70d7de961bcf0e51575235fad/library/std/src/thread/mod.rs:528:30
[INFO] [stdout]   51:     0x55b4b7367fe7 - core::ops::function::FnOnce::call_once{{vtable.shim}}::h401abbe67897d450
[INFO] [stdout]                                at /rustc/0e09125c6c3c2fd70d7de961bcf0e51575235fad/library/core/src/ops/function.rs:250:5
[INFO] [stdout]   52:     0x55b4b79413c5 - <alloc::boxed::Box<F,A> as core::ops::function::FnOnce<Args>>::call_once::h5d7c8f150ab9c84c
[INFO] [stdout]                                at /rustc/0e09125c6c3c2fd70d7de961bcf0e51575235fad/library/alloc/src/boxed.rs:2015:9
[INFO] [stdout]   53:     0x55b4b79413c5 - <alloc::boxed::Box<F,A> as core::ops::function::FnOnce<Args>>::call_once::h570d5b005c242c15
[INFO] [stdout]                                at /rustc/0e09125c6c3c2fd70d7de961bcf0e51575235fad/library/alloc/src/boxed.rs:2015:9
[INFO] [stdout]   54:     0x55b4b79413c5 - std::sys::unix::thread::Thread::new::thread_start::h36b0a20c0b2361ad
[INFO] [stdout]                                at /rustc/0e09125c6c3c2fd70d7de961bcf0e51575235fad/library/std/src/sys/unix/thread.rs:108:17
[INFO] [stdout]   55:     0x7f53124c5ac3 - <unknown>
[INFO] [stdout]   56:     0x7f5312556bf4 - __clone
[INFO] [stdout]   57:                0x0 - <unknown>
[INFO] [stdout] 
[INFO] [stdout] ---- tests::tests::send_message stdout ----
[INFO] [stdout] thread 'tests::tests::send_message' panicked at src/tests.rs:45:38:
[INFO] [stdout] called `Result::unwrap()` on an `Err` value: Backend(Connection refused (os error 111))
[INFO] [stdout] stack backtrace:
[INFO] [stdout]    0:     0x55b4b793a486 - std::backtrace_rs::backtrace::libunwind::trace::h261606ad26a499c1
[INFO] [stdout]                                at /rustc/0e09125c6c3c2fd70d7de961bcf0e51575235fad/library/std/src/../../backtrace/src/backtrace/libunwind.rs:104:5
[INFO] [stdout]    1:     0x55b4b793a486 - std::backtrace_rs::backtrace::trace_unsynchronized::hd183f0625477fb28
[INFO] [stdout]                                at /rustc/0e09125c6c3c2fd70d7de961bcf0e51575235fad/library/std/src/../../backtrace/src/backtrace/mod.rs:66:5
[INFO] [stdout]    2:     0x55b4b793a486 - std::sys_common::backtrace::_print_fmt::hd7f8fef21b4eda67
[INFO] [stdout]                                at /rustc/0e09125c6c3c2fd70d7de961bcf0e51575235fad/library/std/src/sys_common/backtrace.rs:68:5
[INFO] [stdout]    3:     0x55b4b793a486 - <std::sys_common::backtrace::_print::DisplayBacktrace as core::fmt::Display>::fmt::h623d9b51f2f453f1
[INFO] [stdout]                                at /rustc/0e09125c6c3c2fd70d7de961bcf0e51575235fad/library/std/src/sys_common/backtrace.rs:44:22
[INFO] [stdout]    4:     0x55b4b7967ea0 - core::fmt::rt::Argument::fmt::h9f417ac76a86f368
[INFO] [stdout]                                at /rustc/0e09125c6c3c2fd70d7de961bcf0e51575235fad/library/core/src/fmt/rt.rs:142:9
[INFO] [stdout]    5:     0x55b4b7967ea0 - core::fmt::write::hc9b6faf4ac2aeff7
[INFO] [stdout]                                at /rustc/0e09125c6c3c2fd70d7de961bcf0e51575235fad/library/core/src/fmt/mod.rs:1120:17
[INFO] [stdout]    6:     0x55b4b793747f - std::io::Write::write_fmt::he04625a3a989fec3
[INFO] [stdout]                                at /rustc/0e09125c6c3c2fd70d7de961bcf0e51575235fad/library/std/src/io/mod.rs:1810:15
[INFO] [stdout]    7:     0x55b4b793a264 - std::sys_common::backtrace::_print::hd5d66399c7df88a2
[INFO] [stdout]                                at /rustc/0e09125c6c3c2fd70d7de961bcf0e51575235fad/library/std/src/sys_common/backtrace.rs:47:5
[INFO] [stdout]    8:     0x55b4b793a264 - std::sys_common::backtrace::print::he81ed2da642d37e5
[INFO] [stdout]                                at /rustc/0e09125c6c3c2fd70d7de961bcf0e51575235fad/library/std/src/sys_common/backtrace.rs:34:9
[INFO] [stdout]    9:     0x55b4b793bfd7 - std::panicking::default_hook::{{closure}}::h85773f4fa117163d
[INFO] [stdout]   10:     0x55b4b793bcbd - std::panicking::default_hook::h6a1694a91d09b278
[INFO] [stdout]                                at /rustc/0e09125c6c3c2fd70d7de961bcf0e51575235fad/library/std/src/panicking.rs:289:9
[INFO] [stdout]   11:     0x55b4b73975f7 - <alloc::boxed::Box<F,A> as core::ops::function::Fn<Args>>::call::h616ac37fa3cd6c8f
[INFO] [stdout]                                at /rustc/0e09125c6c3c2fd70d7de961bcf0e51575235fad/library/alloc/src/boxed.rs:2029:9
[INFO] [stdout]   12:     0x55b4b73975f7 - test::test_main::{{closure}}::h00d84697cefdcbb6
[INFO] [stdout]                                at /rustc/0e09125c6c3c2fd70d7de961bcf0e51575235fad/library/test/src/lib.rs:138:21
[INFO] [stdout]   13:     0x55b4b793c5f6 - <alloc::boxed::Box<F,A> as core::ops::function::Fn<Args>>::call::hcb3fe3b9bb537ba8
[INFO] [stdout]                                at /rustc/0e09125c6c3c2fd70d7de961bcf0e51575235fad/library/alloc/src/boxed.rs:2029:9
[INFO] [stdout]   14:     0x55b4b793c5f6 - std::panicking::rust_panic_with_hook::h0a7ad96e90f7145b
[INFO] [stdout]                                at /rustc/0e09125c6c3c2fd70d7de961bcf0e51575235fad/library/std/src/panicking.rs:783:13
[INFO] [stdout]   15:     0x55b4b793c342 - std::panicking::begin_panic_handler::{{closure}}::h7919090525c6485e
[INFO] [stdout]                                at /rustc/0e09125c6c3c2fd70d7de961bcf0e51575235fad/library/std/src/panicking.rs:657:13
[INFO] [stdout]   16:     0x55b4b793a986 - std::sys_common::backtrace::__rust_end_short_backtrace::hf3289479464f7dfe
[INFO] [stdout]                                at /rustc/0e09125c6c3c2fd70d7de961bcf0e51575235fad/library/std/src/sys_common/backtrace.rs:171:18
[INFO] [stdout]   17:     0x55b4b793c0a0 - rust_begin_unwind
[INFO] [stdout]                                at /rustc/0e09125c6c3c2fd70d7de961bcf0e51575235fad/library/std/src/panicking.rs:645:5
[INFO] [stdout]   18:     0x55b4b717c665 - core::panicking::panic_fmt::hcc9f77c5c132af55
[INFO] [stdout]                                at /rustc/0e09125c6c3c2fd70d7de961bcf0e51575235fad/library/core/src/panicking.rs:72:14
[INFO] [stdout]   19:     0x55b4b717cc43 - core::result::unwrap_failed::hbe14f498be1452f9
[INFO] [stdout]                                at /rustc/0e09125c6c3c2fd70d7de961bcf0e51575235fad/library/core/src/result.rs:1649:5
[INFO] [stdout]   20:     0x55b4b718e19a - core::result::Result<T,E>::unwrap::h3be373ffbaa511a8
[INFO] [stdout]                                at /rustc/0e09125c6c3c2fd70d7de961bcf0e51575235fad/library/core/src/result.rs:1073:23
[INFO] [stdout]   21:     0x55b4b71bd655 - oprish::tests::tests::send_message::{{closure}}::h3ae3e2c09f692b16
[INFO] [stdout]                                at /opt/rustwide/workdir/src/tests.rs:45:21
[INFO] [stdout]   22:     0x55b4b71a0684 - tokio::runtime::park::CachedParkThread::block_on::{{closure}}::hf44554f6b803b0db
[INFO] [stdout]                                at /opt/rustwide/cargo-home/registry/src/index.crates.io-6f17d22bba15001f/tokio-1.22.0/src/runtime/park.rs:272:63
[INFO] [stdout]   23:     0x55b4b719fa59 - tokio::runtime::coop::with_budget::hda08982a02597820
[INFO] [stdout]                                at /opt/rustwide/cargo-home/registry/src/index.crates.io-6f17d22bba15001f/tokio-1.22.0/src/runtime/coop.rs:102:5
[INFO] [stdout]   24:     0x55b4b719fa59 - tokio::runtime::coop::budget::hfd7ede7d38026482
[INFO] [stdout]                                at /opt/rustwide/cargo-home/registry/src/index.crates.io-6f17d22bba15001f/tokio-1.22.0/src/runtime/coop.rs:68:5
[INFO] [stdout]   25:     0x55b4b719fa59 - tokio::runtime::park::CachedParkThread::block_on::ha5166862b061855b
[INFO] [stdout]                                at /opt/rustwide/cargo-home/registry/src/index.crates.io-6f17d22bba15001f/tokio-1.22.0/src/runtime/park.rs:272:31
[INFO] [stdout]   26:     0x55b4b71ab03f - tokio::runtime::context::BlockingRegionGuard::block_on::hfb08a3062b4517f9
[INFO] [stdout]                                at /opt/rustwide/cargo-home/registry/src/index.crates.io-6f17d22bba15001f/tokio-1.22.0/src/runtime/context.rs:255:13
[INFO] [stdout]   27:     0x55b4b71caa6c - tokio::runtime::scheduler::multi_thread::MultiThread::block_on::ha7be2efa26400303
[INFO] [stdout]                                at /opt/rustwide/cargo-home/registry/src/index.crates.io-6f17d22bba15001f/tokio-1.22.0/src/runtime/scheduler/multi_thread/mod.rs:66:9
[INFO] [stdout]   28:     0x55b4b71baa53 - tokio::runtime::runtime::Runtime::block_on::h249bcdc2927c02a6
[INFO] [stdout]                                at /opt/rustwide/cargo-home/registry/src/index.crates.io-6f17d22bba15001f/tokio-1.22.0/src/runtime/runtime.rs:281:45
[INFO] [stdout]   29:     0x55b4b71ac277 - rocket::async_run::haa47ddb5490636e7
[INFO] [stdout]                                at /opt/rustwide/cargo-home/registry/src/index.crates.io-6f17d22bba15001f/rocket-0.5.0-rc.2/src/lib.rs:246:18
[INFO] [stdout]   30:     0x55b4b71ab8bd - rocket::async_test::hc711a7f63dc639f5
[INFO] [stdout]                                at /opt/rustwide/cargo-home/registry/src/index.crates.io-6f17d22bba15001f/rocket-0.5.0-rc.2/src/lib.rs:257:5
[INFO] [stdout]   31:     0x55b4b71bce7e - oprish::tests::tests::send_message::hcd12295b494727a7
[INFO] [stdout]                                at /opt/rustwide/workdir/src/tests.rs:34:29
[INFO] [stdout]   32:     0x55b4b71bce37 - oprish::tests::tests::send_message::{{closure}}::h7b6bcd2867a51bfb
[INFO] [stdout]                                at /opt/rustwide/workdir/src/tests.rs:34:28
[INFO] [stdout]   33:     0x55b4b717d3f6 - core::ops::function::FnOnce::call_once::he8a061369c534bc7
[INFO] [stdout]                                at /rustc/0e09125c6c3c2fd70d7de961bcf0e51575235fad/library/core/src/ops/function.rs:250:5
[INFO] [stdout]   34:     0x55b4b739cecf - core::ops::function::FnOnce::call_once::hd64d26f405258157
[INFO] [stdout]                                at /rustc/0e09125c6c3c2fd70d7de961bcf0e51575235fad/library/core/src/ops/function.rs:250:5
[INFO] [stdout]   35:     0x55b4b739cecf - test::__rust_begin_short_backtrace::he21b0b7a6d731bf9
[INFO] [stdout]                                at /rustc/0e09125c6c3c2fd70d7de961bcf0e51575235fad/library/test/src/lib.rs:627:18
[INFO] [stdout]   36:     0x55b4b739bc51 - test::run_test_in_process::{{closure}}::hf5c73986d7bdfde2
[INFO] [stdout]                                at /rustc/0e09125c6c3c2fd70d7de961bcf0e51575235fad/library/test/src/lib.rs:650:60
[INFO] [stdout]   37:     0x55b4b739bc51 - <core::panic::unwind_safe::AssertUnwindSafe<F> as core::ops::function::FnOnce<()>>::call_once::h330011ad032aadc0
[INFO] [stdout]                                at /rustc/0e09125c6c3c2fd70d7de961bcf0e51575235fad/library/core/src/panic/unwind_safe.rs:272:9
[INFO] [stdout]   38:     0x55b4b739bc51 - std::panicking::try::do_call::he61b0a958b795a41
[INFO] [stdout]                                at /rustc/0e09125c6c3c2fd70d7de961bcf0e51575235fad/library/std/src/panicking.rs:552:40
[INFO] [stdout]   39:     0x55b4b739bc51 - std::panicking::try::h7309da130f906eb7
[INFO] [stdout]                                at /rustc/0e09125c6c3c2fd70d7de961bcf0e51575235fad/library/std/src/panicking.rs:516:19
[INFO] [stdout]   40:     0x55b4b739bc51 - std::panic::catch_unwind::hc5c3a06fdaf0a92a
[INFO] [stdout]                                at /rustc/0e09125c6c3c2fd70d7de961bcf0e51575235fad/library/std/src/panic.rs:142:14
[INFO] [stdout]   41:     0x55b4b739bc51 - test::run_test_in_process::h7e7b7c71c3324e0f
[INFO] [stdout]                                at /rustc/0e09125c6c3c2fd70d7de961bcf0e51575235fad/library/test/src/lib.rs:650:27
[INFO] [stdout]   42:     0x55b4b739bc51 - test::run_test::{{closure}}::h1f509f28f5cf20b1
[INFO] [stdout]                                at /rustc/0e09125c6c3c2fd70d7de961bcf0e51575235fad/library/test/src/lib.rs:573:43
[INFO] [stdout]   43:     0x55b4b7362f86 - test::run_test::{{closure}}::h1754218abf443f6d
[INFO] [stdout]                                at /rustc/0e09125c6c3c2fd70d7de961bcf0e51575235fad/library/test/src/lib.rs:601:41
[INFO] [stdout]   44:     0x55b4b7362f86 - std::sys_common::backtrace::__rust_begin_short_backtrace::h2ee174b9d5954948
[INFO] [stdout]                                at /rustc/0e09125c6c3c2fd70d7de961bcf0e51575235fad/library/std/src/sys_common/backtrace.rs:155:18
[INFO] [stdout]   45:     0x55b4b7367fe7 - std::thread::Builder::spawn_unchecked_::{{closure}}::{{closure}}::hf60bee9c1a17ef09
[INFO] [stdout]                                at /rustc/0e09125c6c3c2fd70d7de961bcf0e51575235fad/library/std/src/thread/mod.rs:529:17
[INFO] [stdout]   46:     0x55b4b7367fe7 - <core::panic::unwind_safe::AssertUnwindSafe<F> as core::ops::function::FnOnce<()>>::call_once::h33d0dddec5216160
[INFO] [stdout]                                at /rustc/0e09125c6c3c2fd70d7de961bcf0e51575235fad/library/core/src/panic/unwind_safe.rs:272:9
[INFO] [stdout]   47:     0x55b4b7367fe7 - std::panicking::try::do_call::h144b3048b546f835
[INFO] [stdout]                                at /rustc/0e09125c6c3c2fd70d7de961bcf0e51575235fad/library/std/src/panicking.rs:552:40
[INFO] [stdout]   48:     0x55b4b7367fe7 - std::panicking::try::h978244d04646189f
[INFO] [stdout]                                at /rustc/0e09125c6c3c2fd70d7de961bcf0e51575235fad/library/std/src/panicking.rs:516:19
[INFO] [stdout]   49:     0x55b4b7367fe7 - std::panic::catch_unwind::hdf436369d188fe86
[INFO] [stdout]                                at /rustc/0e09125c6c3c2fd70d7de961bcf0e51575235fad/library/std/src/panic.rs:142:14
[INFO] [stdout]   50:     0x55b4b7367fe7 - std::thread::Builder::spawn_unchecked_::{{closure}}::h87329cbdd33c79ec
[INFO] [stdout]                                at /rustc/0e09125c6c3c2fd70d7de961bcf0e51575235fad/library/std/src/thread/mod.rs:528:30
[INFO] [stdout]   51:     0x55b4b7367fe7 - core::ops::function::FnOnce::call_once{{vtable.shim}}::h401abbe67897d450
[INFO] [stdout]                                at /rustc/0e09125c6c3c2fd70d7de961bcf0e51575235fad/library/core/src/ops/function.rs:250:5
[INFO] [stdout]   52:     0x55b4b79413c5 - <alloc::boxed::Box<F,A> as core::ops::function::FnOnce<Args>>::call_once::h5d7c8f150ab9c84c
[INFO] [stdout]                                at /rustc/0e09125c6c3c2fd70d7de961bcf0e51575235fad/library/alloc/src/boxed.rs:2015:9
[INFO] [stdout]   53:     0x55b4b79413c5 - <alloc::boxed::Box<F,A> as core::ops::function::FnOnce<Args>>::call_once::h570d5b005c242c15
[INFO] [stdout]                                at /rustc/0e09125c6c3c2fd70d7de961bcf0e51575235fad/library/alloc/src/boxed.rs:2015:9
[INFO] [stdout]   54:     0x55b4b79413c5 - std::sys::unix::thread::Thread::new::thread_start::h36b0a20c0b2361ad
[INFO] [stdout]                                at /rustc/0e09125c6c3c2fd70d7de961bcf0e51575235fad/library/std/src/sys/unix/thread.rs:108:17
[INFO] [stdout]   55:     0x7f53124c5ac3 - <unknown>
[INFO] [stdout]   56:     0x7f5312556bf4 - __clone
[INFO] [stdout]   57:                0x0 - <unknown>
[INFO] [stdout] 
[INFO] [stdout] ---- tests::tests::ratelimits stdout ----
[INFO] [stdout] thread 'tests::tests::ratelimits' panicked at src/tests.rs:76:9:
[INFO] [stdout] assertion `left == right` failed
[INFO] [stdout]   left: Status { code: 503 }
[INFO] [stdout]  right: Status { code: 200 }
[INFO] [stdout] stack backtrace:
[INFO] [stdout]    0:     0x55b4b793a486 - std::backtrace_rs::backtrace::libunwind::trace::h261606ad26a499c1
[INFO] [stdout]                                at /rustc/0e09125c6c3c2fd70d7de961bcf0e51575235fad/library/std/src/../../backtrace/src/backtrace/libunwind.rs:104:5
[INFO] [stdout]    1:     0x55b4b793a486 - std::backtrace_rs::backtrace::trace_unsynchronized::hd183f0625477fb28
[INFO] [stdout]                                at /rustc/0e09125c6c3c2fd70d7de961bcf0e51575235fad/library/std/src/../../backtrace/src/backtrace/mod.rs:66:5
[INFO] [stdout]    2:     0x55b4b793a486 - std::sys_common::backtrace::_print_fmt::hd7f8fef21b4eda67
[INFO] [stdout]                                at /rustc/0e09125c6c3c2fd70d7de961bcf0e51575235fad/library/std/src/sys_common/backtrace.rs:68:5
[INFO] [stdout]    3:     0x55b4b793a486 - <std::sys_common::backtrace::_print::DisplayBacktrace as core::fmt::Display>::fmt::h623d9b51f2f453f1
[INFO] [stdout]                                at /rustc/0e09125c6c3c2fd70d7de961bcf0e51575235fad/library/std/src/sys_common/backtrace.rs:44:22
[INFO] [stdout]    4:     0x55b4b7967ea0 - core::fmt::rt::Argument::fmt::h9f417ac76a86f368
[INFO] [stdout]                                at /rustc/0e09125c6c3c2fd70d7de961bcf0e51575235fad/library/core/src/fmt/rt.rs:142:9
[INFO] [stdout]    5:     0x55b4b7967ea0 - core::fmt::write::hc9b6faf4ac2aeff7
[INFO] [stdout]                                at /rustc/0e09125c6c3c2fd70d7de961bcf0e51575235fad/library/core/src/fmt/mod.rs:1120:17
[INFO] [stdout]    6:     0x55b4b793747f - std::io::Write::write_fmt::he04625a3a989fec3
[INFO] [stdout]                                at /rustc/0e09125c6c3c2fd70d7de961bcf0e51575235fad/library/std/src/io/mod.rs:1810:15
[INFO] [stdout]    7:     0x55b4b793a264 - std::sys_common::backtrace::_print::hd5d66399c7df88a2
[INFO] [stdout]                                at /rustc/0e09125c6c3c2fd70d7de961bcf0e51575235fad/library/std/src/sys_common/backtrace.rs:47:5
[INFO] [stdout]    8:     0x55b4b793a264 - std::sys_common::backtrace::print::he81ed2da642d37e5
[INFO] [stdout]                                at /rustc/0e09125c6c3c2fd70d7de961bcf0e51575235fad/library/std/src/sys_common/backtrace.rs:34:9
[INFO] [stdout]    9:     0x55b4b793bfd7 - std::panicking::default_hook::{{closure}}::h85773f4fa117163d
[INFO] [stdout]   10:     0x55b4b793bcbd - std::panicking::default_hook::h6a1694a91d09b278
[INFO] [stdout]                                at /rustc/0e09125c6c3c2fd70d7de961bcf0e51575235fad/library/std/src/panicking.rs:289:9
[INFO] [stdout]   11:     0x55b4b73975f7 - <alloc::boxed::Box<F,A> as core::ops::function::Fn<Args>>::call::h616ac37fa3cd6c8f
[INFO] [stdout]                                at /rustc/0e09125c6c3c2fd70d7de961bcf0e51575235fad/library/alloc/src/boxed.rs:2029:9
[INFO] [stdout]   12:     0x55b4b73975f7 - test::test_main::{{closure}}::h00d84697cefdcbb6
[INFO] [stdout]                                at /rustc/0e09125c6c3c2fd70d7de961bcf0e51575235fad/library/test/src/lib.rs:138:21
[INFO] [stdout]   13:     0x55b4b793c5f6 - <alloc::boxed::Box<F,A> as core::ops::function::Fn<Args>>::call::hcb3fe3b9bb537ba8
[INFO] [stdout]                                at /rustc/0e09125c6c3c2fd70d7de961bcf0e51575235fad/library/alloc/src/boxed.rs:2029:9
[INFO] [stdout]   14:     0x55b4b793c5f6 - std::panicking::rust_panic_with_hook::h0a7ad96e90f7145b
[INFO] [stdout]                                at /rustc/0e09125c6c3c2fd70d7de961bcf0e51575235fad/library/std/src/panicking.rs:783:13
[INFO] [stdout]   15:     0x55b4b793c342 - std::panicking::begin_panic_handler::{{closure}}::h7919090525c6485e
[INFO] [stdout]                                at /rustc/0e09125c6c3c2fd70d7de961bcf0e51575235fad/library/std/src/panicking.rs:657:13
[INFO] [stdout]   16:     0x55b4b793a986 - std::sys_common::backtrace::__rust_end_short_backtrace::hf3289479464f7dfe
[INFO] [stdout]                                at /rustc/0e09125c6c3c2fd70d7de961bcf0e51575235fad/library/std/src/sys_common/backtrace.rs:171:18
[INFO] [stdout]   17:     0x55b4b793c0a0 - rust_begin_unwind
[INFO] [stdout]                                at /rustc/0e09125c6c3c2fd70d7de961bcf0e51575235fad/library/std/src/panicking.rs:645:5
[INFO] [stdout]   18:     0x55b4b717c665 - core::panicking::panic_fmt::hcc9f77c5c132af55
[INFO] [stdout]                                at /rustc/0e09125c6c3c2fd70d7de961bcf0e51575235fad/library/core/src/panicking.rs:72:14
[INFO] [stdout]   19:     0x55b4b717cadb - core::panicking::assert_failed_inner::h9f13e27dd63c3a08
[INFO] [stdout]                                at /rustc/0e09125c6c3c2fd70d7de961bcf0e51575235fad/library/core/src/panicking.rs:342:17
[INFO] [stdout]   20:     0x55b4b71b8a4e - core::panicking::assert_failed::h059ed8fc6b9ec5f8
[INFO] [stdout]                                at /rustc/0e09125c6c3c2fd70d7de961bcf0e51575235fad/library/core/src/panicking.rs:297:5
[INFO] [stdout]   21:     0x55b4b71beb48 - oprish::tests::tests::ratelimits::{{closure}}::h3cb289982411ac8f
[INFO] [stdout]                                at /opt/rustwide/workdir/src/tests.rs:76:9
[INFO] [stdout]   22:     0x55b4b71a0544 - tokio::runtime::park::CachedParkThread::block_on::{{closure}}::h00be245503ff0541
[INFO] [stdout]                                at /opt/rustwide/cargo-home/registry/src/index.crates.io-6f17d22bba15001f/tokio-1.22.0/src/runtime/park.rs:272:63
[INFO] [stdout]   23:     0x55b4b719f552 - tokio::runtime::coop::with_budget::h8c58f42da94437e8
[INFO] [stdout]                                at /opt/rustwide/cargo-home/registry/src/index.crates.io-6f17d22bba15001f/tokio-1.22.0/src/runtime/coop.rs:102:5
[INFO] [stdout]   24:     0x55b4b719f552 - tokio::runtime::coop::budget::h967dea911e8f0b79
[INFO] [stdout]                                at /opt/rustwide/cargo-home/registry/src/index.crates.io-6f17d22bba15001f/tokio-1.22.0/src/runtime/coop.rs:68:5
[INFO] [stdout]   25:     0x55b4b719f552 - tokio::runtime::park::CachedParkThread::block_on::h96f5c972b2a4dc63
[INFO] [stdout]                                at /opt/rustwide/cargo-home/registry/src/index.crates.io-6f17d22bba15001f/tokio-1.22.0/src/runtime/park.rs:272:31
[INFO] [stdout]   26:     0x55b4b71aaf62 - tokio::runtime::context::BlockingRegionGuard::block_on::hd9dfb0193cdbd509
[INFO] [stdout]                                at /opt/rustwide/cargo-home/registry/src/index.crates.io-6f17d22bba15001f/tokio-1.22.0/src/runtime/context.rs:255:13
[INFO] [stdout]   27:     0x55b4b71cabbc - tokio::runtime::scheduler::multi_thread::MultiThread::block_on::hb7dcba1f94818937
[INFO] [stdout]                                at /opt/rustwide/cargo-home/registry/src/index.crates.io-6f17d22bba15001f/tokio-1.22.0/src/runtime/scheduler/multi_thread/mod.rs:66:9
[INFO] [stdout]   28:     0x55b4b71bae08 - tokio::runtime::runtime::Runtime::block_on::hc938020a9fa37b77
[INFO] [stdout]                                at /opt/rustwide/cargo-home/registry/src/index.crates.io-6f17d22bba15001f/tokio-1.22.0/src/runtime/runtime.rs:281:45
[INFO] [stdout]   29:     0x55b4b71abee3 - rocket::async_run::h1882698f8a76ae1f
[INFO] [stdout]                                at /opt/rustwide/cargo-home/registry/src/index.crates.io-6f17d22bba15001f/rocket-0.5.0-rc.2/src/lib.rs:246:18
[INFO] [stdout]   30:     0x55b4b71ab89d - rocket::async_test::h92999685248d510c
[INFO] [stdout]                                at /opt/rustwide/cargo-home/registry/src/index.crates.io-6f17d22bba15001f/rocket-0.5.0-rc.2/src/lib.rs:257:5
[INFO] [stdout]   31:     0x55b4b71be406 - oprish::tests::tests::ratelimits::hf89d471c509291e4
[INFO] [stdout]                                at /opt/rustwide/workdir/src/tests.rs:72:27
[INFO] [stdout]   32:     0x55b4b71be3c7 - oprish::tests::tests::ratelimits::{{closure}}::h48fb417f7cd8170b
[INFO] [stdout]                                at /opt/rustwide/workdir/src/tests.rs:72:26
[INFO] [stdout]   33:     0x55b4b717d396 - core::ops::function::FnOnce::call_once::hc6cdb8b1978eeafe
[INFO] [stdout]                                at /rustc/0e09125c6c3c2fd70d7de961bcf0e51575235fad/library/core/src/ops/function.rs:250:5
[INFO] [stdout]   34:     0x55b4b739cecf - core::ops::function::FnOnce::call_once::hd64d26f405258157
[INFO] [stdout]                                at /rustc/0e09125c6c3c2fd70d7de961bcf0e51575235fad/library/core/src/ops/function.rs:250:5
[INFO] [stdout]   35:     0x55b4b739cecf - test::__rust_begin_short_backtrace::he21b0b7a6d731bf9
[INFO] [stdout]                                at /rustc/0e09125c6c3c2fd70d7de961bcf0e51575235fad/library/test/src/lib.rs:627:18
[INFO] [stdout]   36:     0x55b4b739bc51 - test::run_test_in_process::{{closure}}::hf5c73986d7bdfde2
[INFO] [stdout]                                at /rustc/0e09125c6c3c2fd70d7de961bcf0e51575235fad/library/test/src/lib.rs:650:60
[INFO] [stdout]   37:     0x55b4b739bc51 - <core::panic::unwind_safe::AssertUnwindSafe<F> as core::ops::function::FnOnce<()>>::call_once::h330011ad032aadc0
[INFO] [stdout]                                at /rustc/0e09125c6c3c2fd70d7de961bcf0e51575235fad/library/core/src/panic/unwind_safe.rs:272:9
[INFO] [stdout]   38:     0x55b4b739bc51 - std::panicking::try::do_call::he61b0a958b795a41
[INFO] [stdout]                                at /rustc/0e09125c6c3c2fd70d7de961bcf0e51575235fad/library/std/src/panicking.rs:552:40
[INFO] [stdout]   39:     0x55b4b739bc51 - std::panicking::try::h7309da130f906eb7
[INFO] [stdout]                                at /rustc/0e09125c6c3c2fd70d7de961bcf0e51575235fad/library/std/src/panicking.rs:516:19
[INFO] [stdout]   40:     0x55b4b739bc51 - std::panic::catch_unwind::hc5c3a06fdaf0a92a
[INFO] [stdout]                                at /rustc/0e09125c6c3c2fd70d7de961bcf0e51575235fad/library/std/src/panic.rs:142:14
[INFO] [stdout]   41:     0x55b4b739bc51 - test::run_test_in_process::h7e7b7c71c3324e0f
[INFO] [stdout]                                at /rustc/0e09125c6c3c2fd70d7de961bcf0e51575235fad/library/test/src/lib.rs:650:27
[INFO] [stdout]   42:     0x55b4b739bc51 - test::run_test::{{closure}}::h1f509f28f5cf20b1
[INFO] [stdout]                                at /rustc/0e09125c6c3c2fd70d7de961bcf0e51575235fad/library/test/src/lib.rs:573:43
[INFO] [stdout]   43:     0x55b4b7362f86 - test::run_test::{{closure}}::h1754218abf443f6d
[INFO] [stdout]                                at /rustc/0e09125c6c3c2fd70d7de961bcf0e51575235fad/library/test/src/lib.rs:601:41
[INFO] [stdout]   44:     0x55b4b7362f86 - std::sys_common::backtrace::__rust_begin_short_backtrace::h2ee174b9d5954948
[INFO] [stdout]                                at /rustc/0e09125c6c3c2fd70d7de961bcf0e51575235fad/library/std/src/sys_common/backtrace.rs:155:18
[INFO] [stdout]   45:     0x55b4b7367fe7 - std::thread::Builder::spawn_unchecked_::{{closure}}::{{closure}}::hf60bee9c1a17ef09
[INFO] [stdout]                                at /rustc/0e09125c6c3c2fd70d7de961bcf0e51575235fad/library/std/src/thread/mod.rs:529:17
[INFO] [stdout]   46:     0x55b4b7367fe7 - <core::panic::unwind_safe::AssertUnwindSafe<F> as core::ops::function::FnOnce<()>>::call_once::h33d0dddec5216160
[INFO] [stdout]                                at /rustc/0e09125c6c3c2fd70d7de961bcf0e51575235fad/library/core/src/panic/unwind_safe.rs:272:9
[INFO] [stdout]   47:     0x55b4b7367fe7 - std::panicking::try::do_call::h144b3048b546f835
[INFO] [stdout]                                at /rustc/0e09125c6c3c2fd70d7de961bcf0e51575235fad/library/std/src/panicking.rs:552:40
[INFO] [stdout]   48:     0x55b4b7367fe7 - std::panicking::try::h978244d04646189f
[INFO] [stdout]                                at /rustc/0e09125c6c3c2fd70d7de961bcf0e51575235fad/library/std/src/panicking.rs:516:19
[INFO] [stdout]   49:     0x55b4b7367fe7 - std::panic::catch_unwind::hdf436369d188fe86
[INFO] [stdout]                                at /rustc/0e09125c6c3c2fd70d7de961bcf0e51575235fad/library/std/src/panic.rs:142:14
[INFO] [stdout]   50:     0x55b4b7367fe7 - std::thread::Builder::spawn_unchecked_::{{closure}}::h87329cbdd33c79ec
[INFO] [stdout]                                at /rustc/0e09125c6c3c2fd70d7de961bcf0e51575235fad/library/std/src/thread/mod.rs:528:30
[INFO] [stdout]   51:     0x55b4b7367fe7 - core::ops::function::FnOnce::call_once{{vtable.shim}}::h401abbe67897d450
[INFO] [stdout]                                at /rustc/0e09125c6c3c2fd70d7de961bcf0e51575235fad/library/core/src/ops/function.rs:250:5
[INFO] [stdout]   52:     0x55b4b79413c5 - <alloc::boxed::Box<F,A> as core::ops::function::FnOnce<Args>>::call_once::h5d7c8f150ab9c84c
[INFO] [stdout]                                at /rustc/0e09125c6c3c2fd70d7de961bcf0e51575235fad/library/alloc/src/boxed.rs:2015:9
[INFO] [stdout]   53:     0x55b4b79413c5 - <alloc::boxed::Box<F,A> as core::ops::function::FnOnce<Args>>::call_once::h570d5b005c242c15
[INFO] [stdout]                                at /rustc/0e09125c6c3c2fd70d7de961bcf0e51575235fad/library/alloc/src/boxed.rs:2015:9
[INFO] [stdout]   54:     0x55b4b79413c5 - std::sys::unix::thread::Thread::new::thread_start::h36b0a20c0b2361ad
[INFO] [stdout]                                at /rustc/0e09125c6c3c2fd70d7de961bcf0e51575235fad/library/std/src/sys/unix/thread.rs:108:17
[INFO] [stdout]   55:     0x7f53124c5ac3 - <unknown>
[INFO] [stdout]   56:     0x7f5312556bf4 - __clone
[INFO] [stdout]   57:                0x0 - <unknown>
[INFO] [stdout] 
[INFO] [stdout] 
[INFO] [stdout] failures:
[INFO] [stdout]     tests::tests::index
[INFO] [stdout]     tests::tests::ratelimits
[INFO] [stdout]     tests::tests::send_message
[INFO] [stdout] 
[INFO] [stdout] test result: FAILED. 0 passed; 3 failed; 0 ignored; 0 measured; 0 filtered out; finished in 0.09s
[INFO] [stdout] 
[INFO] [stderr] error: test failed, to rerun pass `--bin oprish`
[INFO] running `Command { std: "docker" "inspect" "31b62e3ddb2b65598ea9c28021cfb11f13684ac2f6893fc974af553348fc89eb", kill_on_drop: false }`
[INFO] running `Command { std: "docker" "rm" "-f" "31b62e3ddb2b65598ea9c28021cfb11f13684ac2f6893fc974af553348fc89eb", kill_on_drop: false }`
[INFO] [stdout] 31b62e3ddb2b65598ea9c28021cfb11f13684ac2f6893fc974af553348fc89eb
