[INFO] cloning repository https://github.com/elsassph/syncbus-rs
[INFO] running `Command { std: "git" "-c" "credential.helper=" "-c" "credential.helper=/workspace/cargo-home/bin/git-credential-null" "clone" "--bare" "https://github.com/elsassph/syncbus-rs" "/workspace/cache/git-repos/https%3A%2F%2Fgithub.com%2Felsassph%2Fsyncbus-rs", kill_on_drop: false }`
[INFO] [stderr] Cloning into bare repository '/workspace/cache/git-repos/https%3A%2F%2Fgithub.com%2Felsassph%2Fsyncbus-rs'...
[INFO] running `Command { std: "git" "rev-parse" "HEAD", kill_on_drop: false }`
[INFO] [stdout] 0ab72848547403a70abd39a56077d523d0c0f195
[INFO] testing elsassph/syncbus-rs against 1.75.0 for beta-1.76-1
[INFO] running `Command { std: "git" "clone" "/workspace/cache/git-repos/https%3A%2F%2Fgithub.com%2Felsassph%2Fsyncbus-rs" "/workspace/builds/worker-0-tc1/source", kill_on_drop: false }`
[INFO] [stderr] Cloning into '/workspace/builds/worker-0-tc1/source'...
[INFO] [stderr] done.
[INFO] validating manifest of git repo https://github.com/elsassph/syncbus-rs on toolchain 1.75.0
[INFO] running `Command { std: CARGO_HOME="/workspace/cargo-home" RUSTUP_HOME="/workspace/rustup-home" "/workspace/cargo-home/bin/cargo" "+1.75.0" "metadata" "--manifest-path" "Cargo.toml" "--no-deps", kill_on_drop: false }`
[INFO] started tweaking git repo https://github.com/elsassph/syncbus-rs
[INFO] finished tweaking git repo https://github.com/elsassph/syncbus-rs
[INFO] tweaked toml for git repo https://github.com/elsassph/syncbus-rs written to /workspace/builds/worker-0-tc1/source/Cargo.toml
[INFO] crate git repo https://github.com/elsassph/syncbus-rs already has a lockfile, it will not be regenerated
[INFO] running `Command { std: CARGO_HOME="/workspace/cargo-home" RUSTUP_HOME="/workspace/rustup-home" "/workspace/cargo-home/bin/cargo" "+1.75.0" "fetch" "--manifest-path" "Cargo.toml", kill_on_drop: false }`
[INFO] running `Command { std: "docker" "create" "-v" "/var/lib/crater-agent-workspace/builds/worker-0-tc1/target:/opt/rustwide/target:rw,Z" "-v" "/var/lib/crater-agent-workspace/builds/worker-0-tc1/source:/opt/rustwide/workdir:ro,Z" "-v" "/var/lib/crater-agent-workspace/cargo-home:/opt/rustwide/cargo-home:ro,Z" "-v" "/var/lib/crater-agent-workspace/rustup-home:/opt/rustwide/rustup-home:ro,Z" "-e" "SOURCE_DIR=/opt/rustwide/workdir" "-e" "CARGO_TARGET_DIR=/opt/rustwide/target" "-e" "CARGO_HOME=/opt/rustwide/cargo-home" "-e" "RUSTUP_HOME=/opt/rustwide/rustup-home" "-w" "/opt/rustwide/workdir" "-m" "1610612736" "--user" "0:0" "--network" "none" "ghcr.io/rust-lang/crates-build-env/linux@sha256:2788e3201cd34a07e3172128adcd8b3090168a8e3bcc40d7c032b9dda1df7d1c" "/opt/rustwide/cargo-home/bin/cargo" "+1.75.0" "metadata" "--no-deps" "--format-version=1", kill_on_drop: false }`
[INFO] [stdout] 5451dc20485bb829467265d7277957968a16e3596e00cab57d1cbd4381d7d41f
[INFO] running `Command { std: "docker" "start" "-a" "5451dc20485bb829467265d7277957968a16e3596e00cab57d1cbd4381d7d41f", kill_on_drop: false }`
[INFO] running `Command { std: "docker" "inspect" "5451dc20485bb829467265d7277957968a16e3596e00cab57d1cbd4381d7d41f", kill_on_drop: false }`
[INFO] running `Command { std: "docker" "rm" "-f" "5451dc20485bb829467265d7277957968a16e3596e00cab57d1cbd4381d7d41f", kill_on_drop: false }`
[INFO] [stdout] 5451dc20485bb829467265d7277957968a16e3596e00cab57d1cbd4381d7d41f
[INFO] running `Command { std: "docker" "create" "-v" "/var/lib/crater-agent-workspace/builds/worker-0-tc1/target:/opt/rustwide/target:rw,Z" "-v" "/var/lib/crater-agent-workspace/builds/worker-0-tc1/source:/opt/rustwide/workdir:ro,Z" "-v" "/var/lib/crater-agent-workspace/cargo-home:/opt/rustwide/cargo-home:ro,Z" "-v" "/var/lib/crater-agent-workspace/rustup-home:/opt/rustwide/rustup-home:ro,Z" "-e" "SOURCE_DIR=/opt/rustwide/workdir" "-e" "CARGO_TARGET_DIR=/opt/rustwide/target" "-e" "CARGO_INCREMENTAL=0" "-e" "RUST_BACKTRACE=full" "-e" "RUSTFLAGS=--cap-lints=warn" "-e" "RUSTDOCFLAGS=--cap-lints=warn" "-e" "CARGO_HOME=/opt/rustwide/cargo-home" "-e" "RUSTUP_HOME=/opt/rustwide/rustup-home" "-w" "/opt/rustwide/workdir" "-m" "1610612736" "--user" "0:0" "--network" "none" "ghcr.io/rust-lang/crates-build-env/linux@sha256:2788e3201cd34a07e3172128adcd8b3090168a8e3bcc40d7c032b9dda1df7d1c" "/opt/rustwide/cargo-home/bin/cargo" "+1.75.0" "build" "--frozen" "--message-format=json", kill_on_drop: false }`
[INFO] [stdout] f9cc335c5362457206d1b8ec3850cf68a0129cb0ce16b44022888aa4369fa7ef
[INFO] running `Command { std: "docker" "start" "-a" "f9cc335c5362457206d1b8ec3850cf68a0129cb0ce16b44022888aa4369fa7ef", kill_on_drop: false }`
[INFO] [stderr]    Compiling syncbus v0.1.0 (/opt/rustwide/workdir)
[INFO] [stderr]     Finished dev [unoptimized + debuginfo] target(s) in 0.11s
[INFO] running `Command { std: "docker" "inspect" "f9cc335c5362457206d1b8ec3850cf68a0129cb0ce16b44022888aa4369fa7ef", kill_on_drop: false }`
[INFO] running `Command { std: "docker" "rm" "-f" "f9cc335c5362457206d1b8ec3850cf68a0129cb0ce16b44022888aa4369fa7ef", kill_on_drop: false }`
[INFO] [stdout] f9cc335c5362457206d1b8ec3850cf68a0129cb0ce16b44022888aa4369fa7ef
[INFO] running `Command { std: "docker" "create" "-v" "/var/lib/crater-agent-workspace/builds/worker-0-tc1/target:/opt/rustwide/target:rw,Z" "-v" "/var/lib/crater-agent-workspace/builds/worker-0-tc1/source:/opt/rustwide/workdir:ro,Z" "-v" "/var/lib/crater-agent-workspace/cargo-home:/opt/rustwide/cargo-home:ro,Z" "-v" "/var/lib/crater-agent-workspace/rustup-home:/opt/rustwide/rustup-home:ro,Z" "-e" "SOURCE_DIR=/opt/rustwide/workdir" "-e" "CARGO_TARGET_DIR=/opt/rustwide/target" "-e" "CARGO_INCREMENTAL=0" "-e" "RUST_BACKTRACE=full" "-e" "RUSTFLAGS=--cap-lints=warn" "-e" "RUSTDOCFLAGS=--cap-lints=warn" "-e" "CARGO_HOME=/opt/rustwide/cargo-home" "-e" "RUSTUP_HOME=/opt/rustwide/rustup-home" "-w" "/opt/rustwide/workdir" "-m" "1610612736" "--user" "0:0" "--network" "none" "ghcr.io/rust-lang/crates-build-env/linux@sha256:2788e3201cd34a07e3172128adcd8b3090168a8e3bcc40d7c032b9dda1df7d1c" "/opt/rustwide/cargo-home/bin/cargo" "+1.75.0" "test" "--frozen" "--no-run" "--message-format=json", kill_on_drop: false }`
[INFO] [stdout] 1bd768042e7e2a13cfb0bfa1e6832db8450ce0c7db3cdafa31fdfd79e0158afe
[INFO] running `Command { std: "docker" "start" "-a" "1bd768042e7e2a13cfb0bfa1e6832db8450ce0c7db3cdafa31fdfd79e0158afe", kill_on_drop: false }`
[INFO] [stderr]    Compiling syncbus v0.1.0 (/opt/rustwide/workdir)
[INFO] [stderr]     Finished test [unoptimized + debuginfo] target(s) in 0.79s
[INFO] running `Command { std: "docker" "inspect" "1bd768042e7e2a13cfb0bfa1e6832db8450ce0c7db3cdafa31fdfd79e0158afe", kill_on_drop: false }`
[INFO] running `Command { std: "docker" "rm" "-f" "1bd768042e7e2a13cfb0bfa1e6832db8450ce0c7db3cdafa31fdfd79e0158afe", kill_on_drop: false }`
[INFO] [stdout] 1bd768042e7e2a13cfb0bfa1e6832db8450ce0c7db3cdafa31fdfd79e0158afe
[INFO] running `Command { std: "docker" "create" "-v" "/var/lib/crater-agent-workspace/builds/worker-0-tc1/target:/opt/rustwide/target:rw,Z" "-v" "/var/lib/crater-agent-workspace/builds/worker-0-tc1/source:/opt/rustwide/workdir:ro,Z" "-v" "/var/lib/crater-agent-workspace/cargo-home:/opt/rustwide/cargo-home:ro,Z" "-v" "/var/lib/crater-agent-workspace/rustup-home:/opt/rustwide/rustup-home:ro,Z" "-e" "SOURCE_DIR=/opt/rustwide/workdir" "-e" "CARGO_TARGET_DIR=/opt/rustwide/target" "-e" "CARGO_INCREMENTAL=0" "-e" "RUST_BACKTRACE=full" "-e" "RUSTFLAGS=--cap-lints=warn" "-e" "RUSTDOCFLAGS=--cap-lints=warn" "-e" "CARGO_HOME=/opt/rustwide/cargo-home" "-e" "RUSTUP_HOME=/opt/rustwide/rustup-home" "-w" "/opt/rustwide/workdir" "-m" "1610612736" "--user" "0:0" "--network" "none" "ghcr.io/rust-lang/crates-build-env/linux@sha256:2788e3201cd34a07e3172128adcd8b3090168a8e3bcc40d7c032b9dda1df7d1c" "/opt/rustwide/cargo-home/bin/cargo" "+1.75.0" "test" "--frozen", kill_on_drop: false }`
[INFO] [stdout] 068d49fca886d3978c106c6e66592cf047ebbf92fb83ad96123eddf926f1cfe1
[INFO] running `Command { std: "docker" "start" "-a" "068d49fca886d3978c106c6e66592cf047ebbf92fb83ad96123eddf926f1cfe1", kill_on_drop: false }`
[INFO] [stderr]     Finished test [unoptimized + debuginfo] target(s) in 0.02s
[INFO] [stderr]      Running unittests src/lib.rs (/opt/rustwide/target/debug/deps/syncbus-ab304a93e4aeb7f5)
[INFO] [stdout] 
[INFO] [stdout] running 7 tests
[INFO] [stdout] test test::recv_should_empty_queue_and_return_values ... ok
[INFO] [stdout] test test::reader_should_drop_and_release_count ... ok
[INFO] [stdout] test test::recv_without_broadcast_should_be_empty ... ok
[INFO] [stdout] test test::reader_should_have_incremental_head ... ok
[INFO] [stdout] test test::should_not_crash_broadcasting_without_readers ... ok
[INFO] [stdout] test test::recv_works_when_bus_dropped ... ok
[INFO] [stdout] test test::should_enforce_capacity - should panic ... ok
[INFO] [stdout] 
[INFO] [stdout] test result: ok. 7 passed; 0 failed; 0 ignored; 0 measured; 0 filtered out; finished in 0.06s
[INFO] [stdout] 
[INFO] [stderr]      Running tests/integration_tests.rs (/opt/rustwide/target/debug/deps/integration_tests-32de8834a3d2c20a)
[INFO] [stdout] 
[INFO] [stdout] running 1 test
[INFO] [stdout] test example ... ok
[INFO] [stdout] 
[INFO] [stdout] test result: ok. 1 passed; 0 failed; 0 ignored; 0 measured; 0 filtered out; finished in 0.00s
[INFO] [stdout] 
[INFO] [stderr]    Doc-tests syncbus
[INFO] [stdout] 
[INFO] [stdout] running 2 tests
[INFO] [stdout] test src/lib.rs - (line 16) ... FAILED
[INFO] [stdout] test src/lib.rs - BusReader<T>::recv (line 96) ... FAILED
[INFO] [stdout] 
[INFO] [stdout] failures:
[INFO] [stdout] 
[INFO] [stdout] ---- src/lib.rs - (line 16) stdout ----
[INFO] [stdout] error[E0412]: cannot find type `Value` in this scope
[INFO] [stdout]  --> src/lib.rs:20:21
[INFO] [stdout]   |
[INFO] [stdout] 7 | let mut bus = Bus::<Value>::new(10);
[INFO] [stdout]   |                     ^^^^^ not found in this scope
[INFO] [stdout]   |
[INFO] [stdout] help: you might be missing a type parameter
[INFO] [stdout]   |
[INFO] [stdout] 4 | fn main() { #[allow(non_snake_case)] fn _doctest_main_src_lib_rs_16_0<Value>() {
[INFO] [stdout]   |                                                                      +++++++
[INFO] [stdout] 
[INFO] [stdout] error[E0433]: failed to resolve: use of undeclared type `Value`
[INFO] [stdout]   --> src/lib.rs:23:15
[INFO] [stdout]    |
[INFO] [stdout] 10 | bus.broadcast(Value::A);
[INFO] [stdout]    |               ^^^^^ use of undeclared type `Value`
[INFO] [stdout] 
[INFO] [stdout] error[E0433]: failed to resolve: use of undeclared type `Value`
[INFO] [stdout]   --> src/lib.rs:24:15
[INFO] [stdout]    |
[INFO] [stdout] 11 | bus.broadcast(Value::B);
[INFO] [stdout]    |               ^^^^^ use of undeclared type `Value`
[INFO] [stdout] 
[INFO] [stdout] error[E0433]: failed to resolve: use of undeclared type `Value`
[INFO] [stdout]   --> src/lib.rs:26:28
[INFO] [stdout]    |
[INFO] [stdout] 13 | assert_eq!(rx.recv(), vec![Value::A, Value::B]);
[INFO] [stdout]    |                            ^^^^^ use of undeclared type `Value`
[INFO] [stdout] 
[INFO] [stdout] error[E0433]: failed to resolve: use of undeclared type `Value`
[INFO] [stdout]   --> src/lib.rs:26:38
[INFO] [stdout]    |
[INFO] [stdout] 13 | assert_eq!(rx.recv(), vec![Value::A, Value::B]);
[INFO] [stdout]    |                                      ^^^^^ use of undeclared type `Value`
[INFO] [stdout] 
[INFO] [stdout] error: aborting due to 5 previous errors
[INFO] [stdout] 
[INFO] [stdout] Some errors have detailed explanations: E0412, E0433.
[INFO] [stdout] For more information about an error, try `rustc --explain E0412`.
[INFO] [stdout] Couldn't compile the test.
[INFO] [stdout] ---- src/lib.rs - BusReader<T>::recv (line 96) stdout ----
[INFO] [stdout] error: unexpected `...`
[INFO] [stdout]  --> src/lib.rs:98:16
[INFO] [stdout]   |
[INFO] [stdout] 4 |     match msg {...}
[INFO] [stdout]   |                ^^^
[INFO] [stdout]   |                |
[INFO] [stdout]   |                not a valid pattern
[INFO] [stdout]   |                help: for a rest pattern, use `..` instead of `...`
[INFO] [stdout] 
[INFO] [stdout] error: expected one of `=>`, `if`, or `|`, found `}`
[INFO] [stdout]  --> src/lib.rs:98:19
[INFO] [stdout]   |
[INFO] [stdout] 4 |     match msg {...}
[INFO] [stdout]   |                   ^ expected one of `=>`, `if`, or `|`
[INFO] [stdout] 
[INFO] [stdout] error[E0425]: cannot find value `reader` in this scope
[INFO] [stdout]  --> src/lib.rs:97:12
[INFO] [stdout]   |
[INFO] [stdout] 3 | for msg in reader.recv() {
[INFO] [stdout]   |            ^^^^^^ not found in this scope
[INFO] [stdout] 
[INFO] [stdout] error: aborting due to 3 previous errors
[INFO] [stdout] 
[INFO] [stdout] For more information about this error, try `rustc --explain E0425`.
[INFO] [stdout] Couldn't compile the test.
[INFO] [stdout] 
[INFO] [stdout] failures:
[INFO] [stdout]     src/lib.rs - (line 16)
[INFO] [stdout]     src/lib.rs - BusReader<T>::recv (line 96)
[INFO] [stdout] 
[INFO] [stdout] test result: FAILED. 0 passed; 2 failed; 0 ignored; 0 measured; 0 filtered out; finished in 0.14s
[INFO] [stdout] 
[INFO] [stderr] error: doctest failed, to rerun pass `--doc`
[INFO] running `Command { std: "docker" "inspect" "068d49fca886d3978c106c6e66592cf047ebbf92fb83ad96123eddf926f1cfe1", kill_on_drop: false }`
[INFO] running `Command { std: "docker" "rm" "-f" "068d49fca886d3978c106c6e66592cf047ebbf92fb83ad96123eddf926f1cfe1", kill_on_drop: false }`
[INFO] [stdout] 068d49fca886d3978c106c6e66592cf047ebbf92fb83ad96123eddf926f1cfe1
[INFO] testing elsassph/syncbus-rs against beta-2023-12-22 for beta-1.76-1
[INFO] running `Command { std: "git" "clone" "/workspace/cache/git-repos/https%3A%2F%2Fgithub.com%2Felsassph%2Fsyncbus-rs" "/workspace/builds/worker-0-tc2/source", kill_on_drop: false }`
[INFO] [stderr] Cloning into '/workspace/builds/worker-0-tc2/source'...
[INFO] [stderr] done.
[INFO] validating manifest of git repo https://github.com/elsassph/syncbus-rs on toolchain beta-2023-12-22
[INFO] running `Command { std: CARGO_HOME="/workspace/cargo-home" RUSTUP_HOME="/workspace/rustup-home" "/workspace/cargo-home/bin/cargo" "+beta-2023-12-22" "metadata" "--manifest-path" "Cargo.toml" "--no-deps", kill_on_drop: false }`
[INFO] started tweaking git repo https://github.com/elsassph/syncbus-rs
[INFO] finished tweaking git repo https://github.com/elsassph/syncbus-rs
[INFO] tweaked toml for git repo https://github.com/elsassph/syncbus-rs written to /workspace/builds/worker-0-tc2/source/Cargo.toml
[INFO] crate git repo https://github.com/elsassph/syncbus-rs already has a lockfile, it will not be regenerated
[INFO] running `Command { std: CARGO_HOME="/workspace/cargo-home" RUSTUP_HOME="/workspace/rustup-home" "/workspace/cargo-home/bin/cargo" "+beta-2023-12-22" "fetch" "--manifest-path" "Cargo.toml", kill_on_drop: false }`
[INFO] running `Command { std: "docker" "create" "-v" "/var/lib/crater-agent-workspace/builds/worker-0-tc2/target:/opt/rustwide/target:rw,Z" "-v" "/var/lib/crater-agent-workspace/builds/worker-0-tc2/source:/opt/rustwide/workdir:ro,Z" "-v" "/var/lib/crater-agent-workspace/cargo-home:/opt/rustwide/cargo-home:ro,Z" "-v" "/var/lib/crater-agent-workspace/rustup-home:/opt/rustwide/rustup-home:ro,Z" "-e" "SOURCE_DIR=/opt/rustwide/workdir" "-e" "CARGO_TARGET_DIR=/opt/rustwide/target" "-e" "CARGO_HOME=/opt/rustwide/cargo-home" "-e" "RUSTUP_HOME=/opt/rustwide/rustup-home" "-w" "/opt/rustwide/workdir" "-m" "1610612736" "--user" "0:0" "--network" "none" "ghcr.io/rust-lang/crates-build-env/linux@sha256:2788e3201cd34a07e3172128adcd8b3090168a8e3bcc40d7c032b9dda1df7d1c" "/opt/rustwide/cargo-home/bin/cargo" "+beta-2023-12-22" "metadata" "--no-deps" "--format-version=1", kill_on_drop: false }`
[INFO] [stdout] 03e0fa59f4ecaf673ae34bb29ec1faf7349897d962c1da50241f938c6e5c848b
[INFO] running `Command { std: "docker" "start" "-a" "03e0fa59f4ecaf673ae34bb29ec1faf7349897d962c1da50241f938c6e5c848b", kill_on_drop: false }`
[INFO] running `Command { std: "docker" "inspect" "03e0fa59f4ecaf673ae34bb29ec1faf7349897d962c1da50241f938c6e5c848b", kill_on_drop: false }`
[INFO] running `Command { std: "docker" "rm" "-f" "03e0fa59f4ecaf673ae34bb29ec1faf7349897d962c1da50241f938c6e5c848b", kill_on_drop: false }`
[INFO] [stdout] 03e0fa59f4ecaf673ae34bb29ec1faf7349897d962c1da50241f938c6e5c848b
[INFO] running `Command { std: "docker" "create" "-v" "/var/lib/crater-agent-workspace/builds/worker-0-tc2/target:/opt/rustwide/target:rw,Z" "-v" "/var/lib/crater-agent-workspace/builds/worker-0-tc2/source:/opt/rustwide/workdir:ro,Z" "-v" "/var/lib/crater-agent-workspace/cargo-home:/opt/rustwide/cargo-home:ro,Z" "-v" "/var/lib/crater-agent-workspace/rustup-home:/opt/rustwide/rustup-home:ro,Z" "-e" "SOURCE_DIR=/opt/rustwide/workdir" "-e" "CARGO_TARGET_DIR=/opt/rustwide/target" "-e" "CARGO_INCREMENTAL=0" "-e" "RUST_BACKTRACE=full" "-e" "RUSTFLAGS=--cap-lints=warn" "-e" "RUSTDOCFLAGS=--cap-lints=warn" "-e" "CARGO_HOME=/opt/rustwide/cargo-home" "-e" "RUSTUP_HOME=/opt/rustwide/rustup-home" "-w" "/opt/rustwide/workdir" "-m" "1610612736" "--user" "0:0" "--network" "none" "ghcr.io/rust-lang/crates-build-env/linux@sha256:2788e3201cd34a07e3172128adcd8b3090168a8e3bcc40d7c032b9dda1df7d1c" "/opt/rustwide/cargo-home/bin/cargo" "+beta-2023-12-22" "build" "--frozen" "--message-format=json", kill_on_drop: false }`
[INFO] [stdout] 979570f4506e6b71ccf9a466ada52f8543346fa948b19a8620f2ea301416e417
[INFO] running `Command { std: "docker" "start" "-a" "979570f4506e6b71ccf9a466ada52f8543346fa948b19a8620f2ea301416e417", kill_on_drop: false }`
[INFO] [stderr]    Compiling syncbus v0.1.0 (/opt/rustwide/workdir)
[INFO] [stderr]     Finished dev [unoptimized + debuginfo] target(s) in 0.13s
[INFO] running `Command { std: "docker" "inspect" "979570f4506e6b71ccf9a466ada52f8543346fa948b19a8620f2ea301416e417", kill_on_drop: false }`
[INFO] running `Command { std: "docker" "rm" "-f" "979570f4506e6b71ccf9a466ada52f8543346fa948b19a8620f2ea301416e417", kill_on_drop: false }`
[INFO] [stdout] 979570f4506e6b71ccf9a466ada52f8543346fa948b19a8620f2ea301416e417
[INFO] running `Command { std: "docker" "create" "-v" "/var/lib/crater-agent-workspace/builds/worker-0-tc2/target:/opt/rustwide/target:rw,Z" "-v" "/var/lib/crater-agent-workspace/builds/worker-0-tc2/source:/opt/rustwide/workdir:ro,Z" "-v" "/var/lib/crater-agent-workspace/cargo-home:/opt/rustwide/cargo-home:ro,Z" "-v" "/var/lib/crater-agent-workspace/rustup-home:/opt/rustwide/rustup-home:ro,Z" "-e" "SOURCE_DIR=/opt/rustwide/workdir" "-e" "CARGO_TARGET_DIR=/opt/rustwide/target" "-e" "CARGO_INCREMENTAL=0" "-e" "RUST_BACKTRACE=full" "-e" "RUSTFLAGS=--cap-lints=warn" "-e" "RUSTDOCFLAGS=--cap-lints=warn" "-e" "CARGO_HOME=/opt/rustwide/cargo-home" "-e" "RUSTUP_HOME=/opt/rustwide/rustup-home" "-w" "/opt/rustwide/workdir" "-m" "1610612736" "--user" "0:0" "--network" "none" "ghcr.io/rust-lang/crates-build-env/linux@sha256:2788e3201cd34a07e3172128adcd8b3090168a8e3bcc40d7c032b9dda1df7d1c" "/opt/rustwide/cargo-home/bin/cargo" "+beta-2023-12-22" "test" "--frozen" "--no-run" "--message-format=json", kill_on_drop: false }`
[INFO] [stdout] 92ba681418f03202fc5c61ff94b1c75c288582734dc37a913334c8531c64eee7
[INFO] running `Command { std: "docker" "start" "-a" "92ba681418f03202fc5c61ff94b1c75c288582734dc37a913334c8531c64eee7", kill_on_drop: false }`
[INFO] [stderr]    Compiling syncbus v0.1.0 (/opt/rustwide/workdir)
[INFO] [stderr]     Finished test [unoptimized + debuginfo] target(s) in 0.78s
[INFO] running `Command { std: "docker" "inspect" "92ba681418f03202fc5c61ff94b1c75c288582734dc37a913334c8531c64eee7", kill_on_drop: false }`
[INFO] running `Command { std: "docker" "rm" "-f" "92ba681418f03202fc5c61ff94b1c75c288582734dc37a913334c8531c64eee7", kill_on_drop: false }`
[INFO] [stdout] 92ba681418f03202fc5c61ff94b1c75c288582734dc37a913334c8531c64eee7
[INFO] running `Command { std: "docker" "create" "-v" "/var/lib/crater-agent-workspace/builds/worker-0-tc2/target:/opt/rustwide/target:rw,Z" "-v" "/var/lib/crater-agent-workspace/builds/worker-0-tc2/source:/opt/rustwide/workdir:ro,Z" "-v" "/var/lib/crater-agent-workspace/cargo-home:/opt/rustwide/cargo-home:ro,Z" "-v" "/var/lib/crater-agent-workspace/rustup-home:/opt/rustwide/rustup-home:ro,Z" "-e" "SOURCE_DIR=/opt/rustwide/workdir" "-e" "CARGO_TARGET_DIR=/opt/rustwide/target" "-e" "CARGO_INCREMENTAL=0" "-e" "RUST_BACKTRACE=full" "-e" "RUSTFLAGS=--cap-lints=warn" "-e" "RUSTDOCFLAGS=--cap-lints=warn" "-e" "CARGO_HOME=/opt/rustwide/cargo-home" "-e" "RUSTUP_HOME=/opt/rustwide/rustup-home" "-w" "/opt/rustwide/workdir" "-m" "1610612736" "--user" "0:0" "--network" "none" "ghcr.io/rust-lang/crates-build-env/linux@sha256:2788e3201cd34a07e3172128adcd8b3090168a8e3bcc40d7c032b9dda1df7d1c" "/opt/rustwide/cargo-home/bin/cargo" "+beta-2023-12-22" "test" "--frozen", kill_on_drop: false }`
[INFO] [stdout] ee4c456b3e394372151f9728e899ba4dcefba17a3425cb97fc931c46bc9839d3
[INFO] running `Command { std: "docker" "start" "-a" "ee4c456b3e394372151f9728e899ba4dcefba17a3425cb97fc931c46bc9839d3", kill_on_drop: false }`
[INFO] [stdout] 
[INFO] [stderr]     Finished test [unoptimized + debuginfo] target(s) in 0.01s
[INFO] [stdout] running 7 tests
[INFO] [stderr]      Running unittests src/lib.rs (/opt/rustwide/target/debug/deps/syncbus-089ca7928d9722c9)
[INFO] [stdout] test test::should_not_crash_broadcasting_without_readers ... ok
[INFO] [stdout] test test::recv_works_when_bus_dropped ... ok
[INFO] [stdout] test test::recv_without_broadcast_should_be_empty ... ok
[INFO] [stdout] test test::reader_should_have_incremental_head ... ok
[INFO] [stdout] test test::recv_should_empty_queue_and_return_values ... ok
[INFO] [stdout] test test::reader_should_drop_and_release_count ... ok
[INFO] [stdout] test test::should_enforce_capacity - should panic ... ok
[INFO] [stdout] 
[INFO] [stdout] test result: ok. 7 passed; 0 failed; 0 ignored; 0 measured; 0 filtered out; finished in 0.03s
[INFO] [stdout] 
[INFO] [stderr]      Running tests/integration_tests.rs (/opt/rustwide/target/debug/deps/integration_tests-e6d5cf550f9db686)
[INFO] [stdout] 
[INFO] [stdout] running 1 test
[INFO] [stdout] test example ... ok
[INFO] [stdout] 
[INFO] [stdout] test result: ok. 1 passed; 0 failed; 0 ignored; 0 measured; 0 filtered out; finished in 0.00s
[INFO] [stdout] 
[INFO] [stderr]    Doc-tests syncbus
[INFO] [stdout] 
[INFO] [stdout] running 2 tests
[INFO] [stdout] test src/lib.rs - BusReader<T>::recv (line 96) ... FAILED
[INFO] [stderr] error: doctest failed, to rerun pass `--doc`
[INFO] [stdout] test src/lib.rs - (line 16) ... FAILED
[INFO] [stdout] 
[INFO] [stdout] failures:
[INFO] [stdout] 
[INFO] [stdout] ---- src/lib.rs - BusReader<T>::recv (line 96) stdout ----
[INFO] [stdout] error: unexpected `...`
[INFO] [stdout]  --> src/lib.rs:98:16
[INFO] [stdout]   |
[INFO] [stdout] 4 |     match msg {...}
[INFO] [stdout]   |                ^^^
[INFO] [stdout]   |                |
[INFO] [stdout]   |                not a valid pattern
[INFO] [stdout]   |                help: for a rest pattern, use `..` instead of `...`
[INFO] [stdout] 
[INFO] [stdout] error[E0425]: cannot find value `reader` in this scope
[INFO] [stdout]  --> src/lib.rs:97:12
[INFO] [stdout]   |
[INFO] [stdout] 3 | for msg in reader.recv() {
[INFO] [stdout]   |            ^^^^^^ not found in this scope
[INFO] [stdout] 
[INFO] [stdout] error: `match` arm with no body
[INFO] [stdout]  --> src/lib.rs:98:16
[INFO] [stdout]   |
[INFO] [stdout] 4 |     match msg {...}
[INFO] [stdout]   |                ^^^- help: add a body after the pattern: `=> todo!(),`
[INFO] [stdout] 
[INFO] [stdout] error: `..` patterns are not allowed here
[INFO] [stdout]  --> src/lib.rs:98:16
[INFO] [stdout]   |
[INFO] [stdout] 4 |     match msg {...}
[INFO] [stdout]   |                ^^^
[INFO] [stdout]   |
[INFO] [stdout]   = note: only allowed in tuple, tuple struct, and slice patterns
[INFO] [stdout] 
[INFO] [stdout] error: aborting due to 4 previous errors
[INFO] [stdout] 
[INFO] [stdout] For more information about this error, try `rustc --explain E0425`.
[INFO] [stdout] Couldn't compile the test.
[INFO] [stdout] ---- src/lib.rs - (line 16) stdout ----
[INFO] [stdout] error[E0412]: cannot find type `Value` in this scope
[INFO] [stdout]  --> src/lib.rs:20:21
[INFO] [stdout]   |
[INFO] [stdout] 7 | let mut bus = Bus::<Value>::new(10);
[INFO] [stdout]   |                     ^^^^^ not found in this scope
[INFO] [stdout]   |
[INFO] [stdout] help: you might be missing a type parameter
[INFO] [stdout]   |
[INFO] [stdout] 4 | fn main() { #[allow(non_snake_case)] fn _doctest_main_src_lib_rs_16_0<Value>() {
[INFO] [stdout]   |                                                                      +++++++
[INFO] [stdout] 
[INFO] [stdout] error[E0433]: failed to resolve: use of undeclared type `Value`
[INFO] [stdout]   --> src/lib.rs:23:15
[INFO] [stdout]    |
[INFO] [stdout] 10 | bus.broadcast(Value::A);
[INFO] [stdout]    |               ^^^^^ use of undeclared type `Value`
[INFO] [stdout] 
[INFO] [stdout] error[E0433]: failed to resolve: use of undeclared type `Value`
[INFO] [stdout]   --> src/lib.rs:24:15
[INFO] [stdout]    |
[INFO] [stdout] 11 | bus.broadcast(Value::B);
[INFO] [stdout]    |               ^^^^^ use of undeclared type `Value`
[INFO] [stdout] 
[INFO] [stdout] error[E0433]: failed to resolve: use of undeclared type `Value`
[INFO] [stdout]   --> src/lib.rs:26:28
[INFO] [stdout]    |
[INFO] [stdout] 13 | assert_eq!(rx.recv(), vec![Value::A, Value::B]);
[INFO] [stdout]    |                            ^^^^^ use of undeclared type `Value`
[INFO] [stdout] 
[INFO] [stdout] error[E0433]: failed to resolve: use of undeclared type `Value`
[INFO] [stdout]   --> src/lib.rs:26:38
[INFO] [stdout]    |
[INFO] [stdout] 13 | assert_eq!(rx.recv(), vec![Value::A, Value::B]);
[INFO] [stdout]    |                                      ^^^^^ use of undeclared type `Value`
[INFO] [stdout] 
[INFO] [stdout] error: aborting due to 5 previous errors
[INFO] [stdout] 
[INFO] [stdout] Some errors have detailed explanations: E0412, E0433.
[INFO] [stdout] For more information about an error, try `rustc --explain E0412`.
[INFO] [stdout] Couldn't compile the test.
[INFO] [stdout] 
[INFO] [stdout] failures:
[INFO] [stdout]     src/lib.rs - (line 16)
[INFO] [stdout]     src/lib.rs - BusReader<T>::recv (line 96)
[INFO] [stdout] 
[INFO] [stdout] test result: FAILED. 0 passed; 2 failed; 0 ignored; 0 measured; 0 filtered out; finished in 0.13s
[INFO] [stdout] 
[INFO] running `Command { std: "docker" "inspect" "ee4c456b3e394372151f9728e899ba4dcefba17a3425cb97fc931c46bc9839d3", kill_on_drop: false }`
[INFO] running `Command { std: "docker" "rm" "-f" "ee4c456b3e394372151f9728e899ba4dcefba17a3425cb97fc931c46bc9839d3", kill_on_drop: false }`
[INFO] [stdout] ee4c456b3e394372151f9728e899ba4dcefba17a3425cb97fc931c46bc9839d3
