[INFO] cloning repository https://github.com/elmurci/xpring-rs
[INFO] running `Command { std: "git" "-c" "credential.helper=" "-c" "credential.helper=/workspace/cargo-home/bin/git-credential-null" "clone" "--bare" "https://github.com/elmurci/xpring-rs" "/workspace/cache/git-repos/https%3A%2F%2Fgithub.com%2Felmurci%2Fxpring-rs", kill_on_drop: false }`
[INFO] [stderr] Cloning into bare repository '/workspace/cache/git-repos/https%3A%2F%2Fgithub.com%2Felmurci%2Fxpring-rs'...
[INFO] running `Command { std: "git" "rev-parse" "HEAD", kill_on_drop: false }`
[INFO] [stdout] 7bc1a03c62b75682035058e7c905c65369384de2
[INFO] testing elmurci/xpring-rs against 1.75.0 for beta-1.76-1
[INFO] running `Command { std: "git" "clone" "/workspace/cache/git-repos/https%3A%2F%2Fgithub.com%2Felmurci%2Fxpring-rs" "/workspace/builds/worker-7-tc1/source", kill_on_drop: false }`
[INFO] [stderr] Cloning into '/workspace/builds/worker-7-tc1/source'...
[INFO] [stderr] done.
[INFO] validating manifest of git repo https://github.com/elmurci/xpring-rs on toolchain 1.75.0
[INFO] running `Command { std: CARGO_HOME="/workspace/cargo-home" RUSTUP_HOME="/workspace/rustup-home" "/workspace/cargo-home/bin/cargo" "+1.75.0" "metadata" "--manifest-path" "Cargo.toml" "--no-deps", kill_on_drop: false }`
[INFO] removed /workspace/builds/worker-7-tc1/source/.cargo/config
[INFO] started tweaking git repo https://github.com/elmurci/xpring-rs
[INFO] finished tweaking git repo https://github.com/elmurci/xpring-rs
[INFO] tweaked toml for git repo https://github.com/elmurci/xpring-rs written to /workspace/builds/worker-7-tc1/source/Cargo.toml
[INFO] crate git repo https://github.com/elmurci/xpring-rs already has a lockfile, it will not be regenerated
[INFO] running `Command { std: CARGO_HOME="/workspace/cargo-home" RUSTUP_HOME="/workspace/rustup-home" "/workspace/cargo-home/bin/cargo" "+1.75.0" "fetch" "--manifest-path" "Cargo.toml", kill_on_drop: false }`
[INFO] [stderr]  Downloading crates ...
[INFO] [stderr]   Downloaded mockall_derive v0.7.0
[INFO] [stderr]   Downloaded mockall v0.7.0
[INFO] running `Command { std: "docker" "create" "-v" "/var/lib/crater-agent-workspace/builds/worker-7-tc1/target:/opt/rustwide/target:rw,Z" "-v" "/var/lib/crater-agent-workspace/builds/worker-7-tc1/source:/opt/rustwide/workdir:ro,Z" "-v" "/var/lib/crater-agent-workspace/cargo-home:/opt/rustwide/cargo-home:ro,Z" "-v" "/var/lib/crater-agent-workspace/rustup-home:/opt/rustwide/rustup-home:ro,Z" "-e" "SOURCE_DIR=/opt/rustwide/workdir" "-e" "CARGO_TARGET_DIR=/opt/rustwide/target" "-e" "CARGO_HOME=/opt/rustwide/cargo-home" "-e" "RUSTUP_HOME=/opt/rustwide/rustup-home" "-w" "/opt/rustwide/workdir" "-m" "1610612736" "--user" "0:0" "--network" "none" "ghcr.io/rust-lang/crates-build-env/linux@sha256:2788e3201cd34a07e3172128adcd8b3090168a8e3bcc40d7c032b9dda1df7d1c" "/opt/rustwide/cargo-home/bin/cargo" "+1.75.0" "metadata" "--no-deps" "--format-version=1", kill_on_drop: false }`
[INFO] [stdout] ba8c37294fcedcf2cdd35dcfe1b82314488fcfcba1468984ca8c86ed8bda5f47
[INFO] running `Command { std: "docker" "start" "-a" "ba8c37294fcedcf2cdd35dcfe1b82314488fcfcba1468984ca8c86ed8bda5f47", kill_on_drop: false }`
[INFO] running `Command { std: "docker" "inspect" "ba8c37294fcedcf2cdd35dcfe1b82314488fcfcba1468984ca8c86ed8bda5f47", kill_on_drop: false }`
[INFO] running `Command { std: "docker" "rm" "-f" "ba8c37294fcedcf2cdd35dcfe1b82314488fcfcba1468984ca8c86ed8bda5f47", kill_on_drop: false }`
[INFO] [stdout] ba8c37294fcedcf2cdd35dcfe1b82314488fcfcba1468984ca8c86ed8bda5f47
[INFO] running `Command { std: "docker" "create" "-v" "/var/lib/crater-agent-workspace/builds/worker-7-tc1/target:/opt/rustwide/target:rw,Z" "-v" "/var/lib/crater-agent-workspace/builds/worker-7-tc1/source:/opt/rustwide/workdir:ro,Z" "-v" "/var/lib/crater-agent-workspace/cargo-home:/opt/rustwide/cargo-home:ro,Z" "-v" "/var/lib/crater-agent-workspace/rustup-home:/opt/rustwide/rustup-home:ro,Z" "-e" "SOURCE_DIR=/opt/rustwide/workdir" "-e" "CARGO_TARGET_DIR=/opt/rustwide/target" "-e" "CARGO_INCREMENTAL=0" "-e" "RUST_BACKTRACE=full" "-e" "RUSTFLAGS=--cap-lints=warn" "-e" "RUSTDOCFLAGS=--cap-lints=warn" "-e" "CARGO_HOME=/opt/rustwide/cargo-home" "-e" "RUSTUP_HOME=/opt/rustwide/rustup-home" "-w" "/opt/rustwide/workdir" "-m" "1610612736" "--user" "0:0" "--network" "none" "ghcr.io/rust-lang/crates-build-env/linux@sha256:2788e3201cd34a07e3172128adcd8b3090168a8e3bcc40d7c032b9dda1df7d1c" "/opt/rustwide/cargo-home/bin/cargo" "+1.75.0" "build" "--frozen" "--message-format=json", kill_on_drop: false }`
[INFO] [stdout] 36da1e3ca6181e75ac070436d0440610d8b813baf304c0f1b024d580dca20438
[INFO] running `Command { std: "docker" "start" "-a" "36da1e3ca6181e75ac070436d0440610d8b813baf304c0f1b024d580dca20438", kill_on_drop: false }`
[INFO] [stderr]    Compiling proc-macro2 v1.0.10
[INFO] [stderr]    Compiling unicode-xid v0.2.0
[INFO] [stderr]    Compiling syn v1.0.17
[INFO] [stderr]    Compiling libc v0.2.68
[INFO] [stderr]    Compiling cfg-if v0.1.10
[INFO] [stderr]    Compiling log v0.4.8
[INFO] [stderr]    Compiling bytes v0.5.4
[INFO] [stderr]    Compiling futures-core v0.3.4
[INFO] [stderr]    Compiling lazy_static v1.4.0
[INFO] [stderr]    Compiling fnv v1.0.6
[INFO] [stderr]    Compiling memchr v2.3.3
[INFO] [stderr]    Compiling slab v0.4.2
[INFO] [stderr]    Compiling pin-project-lite v0.1.4
[INFO] [stderr]    Compiling tower-service v0.3.0
[INFO] [stderr]    Compiling getrandom v0.1.14
[INFO] [stderr]    Compiling autocfg v1.0.0
[INFO] [stderr]    Compiling anyhow v1.0.28
[INFO] [stderr]    Compiling either v1.5.3
[INFO] [stderr]    Compiling ppv-lite86 v0.2.6
[INFO] [stderr]    Compiling itertools v0.8.2
[INFO] [stderr]    Compiling pin-utils v0.1.0-alpha.4
[INFO] [stderr]    Compiling indexmap v1.3.2
[INFO] [stderr]    Compiling futures-task v0.3.4
[INFO] [stderr]    Compiling tower-layer v0.3.0
[INFO] [stderr]    Compiling futures-util v0.3.4
[INFO] [stderr]    Compiling tracing-core v0.1.10
[INFO] [stderr]    Compiling quote v1.0.3
[INFO] [stderr]    Compiling itoa v0.4.5
[INFO] [stderr]    Compiling iovec v0.1.4
[INFO] [stderr]    Compiling net2 v0.2.33
[INFO] [stderr]    Compiling which v3.1.1
[INFO] [stderr]    Compiling mio v0.6.21
[INFO] [stderr]    Compiling rand_core v0.5.1
[INFO] [stderr]    Compiling prost-build v0.6.1
[INFO] [stderr]    Compiling fixedbitset v0.2.0
[INFO] [stderr]    Compiling remove_dir_all v0.5.2
[INFO] [stderr]    Compiling rand_chacha v0.2.2
[INFO] [stderr]    Compiling rand_pcg v0.2.1
[INFO] [stderr]    Compiling unicode-segmentation v1.6.0
[INFO] [stderr]    Compiling futures-sink v0.3.4
[INFO] [stderr]    Compiling petgraph v0.5.0
[INFO] [stderr]    Compiling rand v0.7.3
[INFO] [stderr]    Compiling http v0.2.1
[INFO] [stderr]    Compiling heck v0.3.1
[INFO] [stderr]    Compiling byteorder v1.3.4
[INFO] [stderr]    Compiling httparse v1.3.4
[INFO] [stderr]    Compiling multimap v0.8.1
[INFO] [stderr]    Compiling try-lock v0.2.2
[INFO] [stderr]    Compiling serde v1.0.106
[INFO] [stderr]    Compiling tempfile v3.1.0
[INFO] [stderr]    Compiling ryu v1.0.3
[INFO] [stderr]    Compiling want v0.3.0
[INFO] [stderr]    Compiling time v0.1.42
[INFO] [stderr]    Compiling futures-channel v0.3.4
[INFO] [stderr]    Compiling percent-encoding v1.0.1
[INFO] [stderr]    Compiling hex v0.4.2
[INFO] [stderr]    Compiling http-body v0.3.1
[INFO] [stderr]    Compiling base64 v0.10.1
[INFO] [stderr]    Compiling tokio-macros v0.2.5
[INFO] [stderr]    Compiling pin-project-internal v0.4.8
[INFO] [stderr]    Compiling prost-derive v0.6.1
[INFO] [stderr]    Compiling tracing-attributes v0.1.7
[INFO] [stderr]    Compiling async-stream-impl v0.2.1
[INFO] [stderr]    Compiling serde_derive v1.0.106
[INFO] [stderr]    Compiling async-trait v0.1.30
[INFO] [stderr]    Compiling fehler-macros v1.0.0
[INFO] [stderr]    Compiling async-stream v0.2.1
[INFO] [stderr]    Compiling tokio v0.2.16
[INFO] [stderr]    Compiling tracing v0.1.13
[INFO] [stderr]    Compiling pin-project v0.4.8
[INFO] [stderr]    Compiling tower-discover v0.3.0
[INFO] [stderr]    Compiling tower-util v0.3.1
[INFO] [stderr]    Compiling tower-load-shed v0.3.0
[INFO] [stderr]    Compiling tracing-futures v0.2.3
[INFO] [stderr]    Compiling fehler v1.0.0
[INFO] [stderr]    Compiling prost v0.6.1
[INFO] [stderr]    Compiling prost-types v0.6.1
[INFO] [stderr]    Compiling tower-load v0.3.0
[INFO] [stderr]    Compiling tokio-util v0.3.1
[INFO] [stderr]    Compiling tower-limit v0.3.1
[INFO] [stderr]    Compiling tower-timeout v0.3.0
[INFO] [stderr]    Compiling tower-retry v0.3.0
[INFO] [stderr]    Compiling tower-make v0.3.0
[INFO] [stderr]    Compiling tower-buffer v0.3.0
[INFO] [stderr]    Compiling tower-ready-cache v0.3.1
[INFO] [stderr]    Compiling h2 v0.2.4
[INFO] [stderr]    Compiling tower-balance v0.3.0
[INFO] [stderr]    Compiling tokio-util v0.2.0
[INFO] [stderr]    Compiling tower v0.3.1
[INFO] [stderr]    Compiling tonic-build v0.1.1
[INFO] [stderr]    Compiling xpring v0.0.9 (/opt/rustwide/workdir)
[INFO] [stderr]    Compiling hyper v0.13.4
[INFO] [stderr]    Compiling tonic v0.1.1
[INFO] [stderr]    Compiling serde_json v1.0.51
[INFO] [stdout] warning: unused imports: `GetBalanceResponse`, `SendPaymentResponse`
[INFO] [stdout]   --> src/lib.rs:43:13
[INFO] [stdout]    |
[INFO] [stdout] 43 |             GetBalanceResponse, SendPaymentRequest, SendPaymentResponse,
[INFO] [stdout]    |             ^^^^^^^^^^^^^^^^^^                      ^^^^^^^^^^^^^^^^^^^
[INFO] [stdout]    |
[INFO] [stdout]    = note: `#[warn(unused_imports)]` on by default
[INFO] [stdout] 
[INFO] [stdout] 
[INFO] [stdout] warning: 1 warning emitted
[INFO] [stdout] 
[INFO] [stdout] 
[INFO] [stderr]     Finished dev [unoptimized + debuginfo] target(s) in 45.56s
[INFO] running `Command { std: "docker" "inspect" "36da1e3ca6181e75ac070436d0440610d8b813baf304c0f1b024d580dca20438", kill_on_drop: false }`
[INFO] running `Command { std: "docker" "rm" "-f" "36da1e3ca6181e75ac070436d0440610d8b813baf304c0f1b024d580dca20438", kill_on_drop: false }`
[INFO] [stdout] 36da1e3ca6181e75ac070436d0440610d8b813baf304c0f1b024d580dca20438
[INFO] running `Command { std: "docker" "create" "-v" "/var/lib/crater-agent-workspace/builds/worker-7-tc1/target:/opt/rustwide/target:rw,Z" "-v" "/var/lib/crater-agent-workspace/builds/worker-7-tc1/source:/opt/rustwide/workdir:ro,Z" "-v" "/var/lib/crater-agent-workspace/cargo-home:/opt/rustwide/cargo-home:ro,Z" "-v" "/var/lib/crater-agent-workspace/rustup-home:/opt/rustwide/rustup-home:ro,Z" "-e" "SOURCE_DIR=/opt/rustwide/workdir" "-e" "CARGO_TARGET_DIR=/opt/rustwide/target" "-e" "CARGO_INCREMENTAL=0" "-e" "RUST_BACKTRACE=full" "-e" "RUSTFLAGS=--cap-lints=warn" "-e" "RUSTDOCFLAGS=--cap-lints=warn" "-e" "CARGO_HOME=/opt/rustwide/cargo-home" "-e" "RUSTUP_HOME=/opt/rustwide/rustup-home" "-w" "/opt/rustwide/workdir" "-m" "1610612736" "--user" "0:0" "--network" "none" "ghcr.io/rust-lang/crates-build-env/linux@sha256:2788e3201cd34a07e3172128adcd8b3090168a8e3bcc40d7c032b9dda1df7d1c" "/opt/rustwide/cargo-home/bin/cargo" "+1.75.0" "test" "--frozen" "--no-run" "--message-format=json", kill_on_drop: false }`
[INFO] [stdout] 7a424e71362d2c3486759f724866935f8a7ccc961f5a75b80ae8c5631ae6a6e1
[INFO] running `Command { std: "docker" "start" "-a" "7a424e71362d2c3486759f724866935f8a7ccc961f5a75b80ae8c5631ae6a6e1", kill_on_drop: false }`
[INFO] [stderr]    Compiling num-traits v0.2.11
[INFO] [stderr]    Compiling aho-corasick v0.7.10
[INFO] [stderr]    Compiling thread_local v1.0.1
[INFO] [stderr]    Compiling predicates-core v1.0.0
[INFO] [stderr]    Compiling regex-syntax v0.6.17
[INFO] [stderr]    Compiling normalize-line-endings v0.3.0
[INFO] [stderr]    Compiling treeline v0.1.0
[INFO] [stderr]    Compiling difference v2.0.0
[INFO] [stderr]    Compiling mockall_derive v0.7.0
[INFO] [stderr]    Compiling fragile v1.0.0
[INFO] [stderr]    Compiling predicates-tree v1.0.0
[INFO] [stderr]    Compiling downcast v0.10.0
[INFO] [stdout] warning: unused imports: `GetBalanceResponse`, `SendPaymentResponse`
[INFO] [stdout]   --> src/lib.rs:43:13
[INFO] [stdout]    |
[INFO] [stdout] 43 |             GetBalanceResponse, SendPaymentRequest, SendPaymentResponse,
[INFO] [stdout]    |             ^^^^^^^^^^^^^^^^^^                      ^^^^^^^^^^^^^^^^^^^
[INFO] [stdout]    |
[INFO] [stdout]    = note: `#[warn(unused_imports)]` on by default
[INFO] [stdout] 
[INFO] [stdout] 
[INFO] [stdout] warning: 1 warning emitted
[INFO] [stdout] 
[INFO] [stdout] 
[INFO] [stderr]    Compiling float-cmp v0.6.0
[INFO] [stderr]    Compiling regex v1.3.6
[INFO] [stderr]    Compiling predicates v1.0.4
[INFO] [stderr]    Compiling mockall v0.7.0
[INFO] [stderr]    Compiling xpring v0.0.9 (/opt/rustwide/workdir)
[INFO] [stdout] warning: unused imports: `GetBalanceResponse`, `SendPaymentResponse`
[INFO] [stdout]   --> src/lib.rs:43:13
[INFO] [stdout]    |
[INFO] [stdout] 43 |             GetBalanceResponse, SendPaymentRequest, SendPaymentResponse,
[INFO] [stdout]    |             ^^^^^^^^^^^^^^^^^^                      ^^^^^^^^^^^^^^^^^^^
[INFO] [stdout]    |
[INFO] [stdout]    = note: `#[warn(unused_imports)]` on by default
[INFO] [stdout] 
[INFO] [stdout] 
[INFO] [stdout] warning: 1 warning emitted
[INFO] [stdout] 
[INFO] [stdout] 
[INFO] [stderr]     Finished test [unoptimized + debuginfo] target(s) in 17.33s
[INFO] running `Command { std: "docker" "inspect" "7a424e71362d2c3486759f724866935f8a7ccc961f5a75b80ae8c5631ae6a6e1", kill_on_drop: false }`
[INFO] running `Command { std: "docker" "rm" "-f" "7a424e71362d2c3486759f724866935f8a7ccc961f5a75b80ae8c5631ae6a6e1", kill_on_drop: false }`
[INFO] [stdout] 7a424e71362d2c3486759f724866935f8a7ccc961f5a75b80ae8c5631ae6a6e1
[INFO] running `Command { std: "docker" "create" "-v" "/var/lib/crater-agent-workspace/builds/worker-7-tc1/target:/opt/rustwide/target:rw,Z" "-v" "/var/lib/crater-agent-workspace/builds/worker-7-tc1/source:/opt/rustwide/workdir:ro,Z" "-v" "/var/lib/crater-agent-workspace/cargo-home:/opt/rustwide/cargo-home:ro,Z" "-v" "/var/lib/crater-agent-workspace/rustup-home:/opt/rustwide/rustup-home:ro,Z" "-e" "SOURCE_DIR=/opt/rustwide/workdir" "-e" "CARGO_TARGET_DIR=/opt/rustwide/target" "-e" "CARGO_INCREMENTAL=0" "-e" "RUST_BACKTRACE=full" "-e" "RUSTFLAGS=--cap-lints=warn" "-e" "RUSTDOCFLAGS=--cap-lints=warn" "-e" "CARGO_HOME=/opt/rustwide/cargo-home" "-e" "RUSTUP_HOME=/opt/rustwide/rustup-home" "-w" "/opt/rustwide/workdir" "-m" "1610612736" "--user" "0:0" "--network" "none" "ghcr.io/rust-lang/crates-build-env/linux@sha256:2788e3201cd34a07e3172128adcd8b3090168a8e3bcc40d7c032b9dda1df7d1c" "/opt/rustwide/cargo-home/bin/cargo" "+1.75.0" "test" "--frozen", kill_on_drop: false }`
[INFO] [stdout] 20c54c82a6f2361018a7dadb4cd23b3972571d926e7797e6c1dfa487545802ff
[INFO] running `Command { std: "docker" "start" "-a" "20c54c82a6f2361018a7dadb4cd23b3972571d926e7797e6c1dfa487545802ff", kill_on_drop: false }`
[INFO] [stderr] warning: unused imports: `GetBalanceResponse`, `SendPaymentResponse`
[INFO] [stderr]   --> src/lib.rs:43:13
[INFO] [stderr]    |
[INFO] [stderr] 43 |             GetBalanceResponse, SendPaymentRequest, SendPaymentResponse,
[INFO] [stderr]    |             ^^^^^^^^^^^^^^^^^^                      ^^^^^^^^^^^^^^^^^^^
[INFO] [stderr]    |
[INFO] [stderr]    = note: `#[warn(unused_imports)]` on by default
[INFO] [stderr] 
[INFO] [stderr] warning: `xpring` (lib) generated 1 warning (run `cargo fix --lib -p xpring` to apply 1 suggestion)
[INFO] [stderr] warning: `xpring` (lib test) generated 1 warning (1 duplicate)
[INFO] [stderr]     Finished test [unoptimized + debuginfo] target(s) in 0.10s
[INFO] [stderr]      Running unittests src/lib.rs (/opt/rustwide/target/debug/deps/xpring-f64b815b760baad3)
[INFO] [stdout] 
[INFO] [stdout] running 86 tests
[INFO] [stdout] test address::tests::test_decode_x_address_valid_testnet_with_tag ... ok
[INFO] [stdout] test address::tests::test_address_wrong_alphabet ... ok
[INFO] [stdout] test address::tests::test_decode_x_address_invalid_address ... ok
[INFO] [stdout] test address::tests::test_address_invalid_too_short ... ok
[INFO] [stdout] test address::tests::test_address_invalid_character ... ok
[INFO] [stdout] test address::tests::test_classic_address_wrong_checksum ... ok
[INFO] [stdout] test address::tests::test_decode_x_address_valid_mainnet_with_tag ... ok
[INFO] [stdout] test address::tests::test_address_invalid_too_long ... ok
[INFO] [stdout] test address::tests::test_encode_x_address_testnet_and_tag ... ok
[INFO] [stdout] test address::tests::test_is_valid_classic_address_with_invalid_classic_address ... ok
[INFO] [stdout] test address::tests::test_decode_x_address_valid_testnet_without_tag ... ok
[INFO] [stdout] test address::tests::test_encode_x_address_invalid_address ... ok
[INFO] [stdout] test address::tests::test_encode_x_address_mainnet_and_tag ... ok
[INFO] [stdout] test address::tests::test_is_valid_x_address_with_classic_address ... ok
[INFO] [stdout] test ilpclient::tests::test_ilp_client_get_balance ... FAILED
[INFO] [stdout] test ilpclient::tests::test_ilp_client_invalid_url ... ok
[INFO] [stdout] test ilpclient::tests::test_ilp_client_no_password ... ok
[INFO] [stdout] test address::tests::test_is_valid_classic_address_with_valid_classic_address ... ok
[INFO] [stdout] test address::tests::test_encode_x_address_only ... ok
[INFO] [stdout] test ilpclient::tests::test_ilp_client_ok ... FAILED
[INFO] [stdout] test ilpclient::tests::test_send ... FAILED
[INFO] [stdout] test transaction::tests::test_build_payment_transaction ... ok
[INFO] [stdout] test transaction::tests::test_from_raw_status_failed ... ok
[INFO] [stdout] test transaction::tests::test_from_raw_status_success ... ok
[INFO] [stdout] test transaction::tests::test_from_raw_status_pending ... ok
[INFO] [stdout] test ilpclient::tests::test_send_wrong_account ... FAILED
[INFO] [stdout] test address::tests::test_valid_classic_address ... ok
[INFO] [stdout] test address::tests::test_is_valid_x_address_with_valid_x_address ... ok
[INFO] [stdout] test address::tests::test_x_address_wrong_checksum ... ok
[INFO] [stdout] test address::tests::test_is_valid_x_address_with_invalid_address ... ok
[INFO] [stdout] test address::tests::test_valid_x_address ... ok
[INFO] [stdout] test util::tests::test_address_invalid_character ... ok
[INFO] [stdout] test transaction::tests::test_sign_transaction_destination_tag ... ok
[INFO] [stdout] test transaction::tests::test_sign_transaction_no_destination_tag ... ok
[INFO] [stdout] test util::tests::test_address_invalid_too_short ... ok
[INFO] [stdout] test util::tests::test_address_invalid_too_long ... ok
[INFO] [stdout] test util::tests::test_address_wrong_alphabet ... ok
[INFO] [stdout] test util::tests::test_classic_address_wrong_checksum ... ok
[INFO] [stdout] test util::tests::test_decode_x_address_invalid_address ... ok
[INFO] [stdout] test util::tests::test_decode_x_address_valid_mainnet_with_tag ... ok
[INFO] [stdout] test util::tests::test_decode_x_address_valid_testnet_without_tag ... ok
[INFO] [stdout] test util::tests::test_encode_x_address_invalid_address ... ok
[INFO] [stdout] test util::tests::test_decode_x_address_valid_testnet_with_tag ... ok
[INFO] [stdout] test util::tests::test_encode_x_address_mainnet_and_tag ... ok
[INFO] [stdout] test util::tests::test_is_valid_classic_address_with_invalid_classic_address ... ok
[INFO] [stdout] test util::tests::test_is_valid_classic_address_with_valid_classic_address ... ok
[INFO] [stdout] test util::tests::test_encode_x_address_testnet_and_tag ... ok
[INFO] [stdout] test util::tests::test_encode_x_address_only ... ok
[INFO] [stdout] test util::tests::test_is_valid_x_address_with_classic_address ... ok
[INFO] [stdout] test util::tests::test_is_valid_x_address_with_valid_x_address ... ok
[INFO] [stdout] test util::tests::test_valid_classic_address ... ok
[INFO] [stdout] test util::tests::test_is_valid_x_address_with_invalid_address ... ok
[INFO] [stdout] test wallet::tests::test_fails_to_verify_a_bad_signature_on_an_empty_string ... ok
[INFO] [stdout] test util::tests::test_valid_x_address ... ok
[INFO] [stdout] test wallet::tests::test_from_seed_without_derivation_path_mainnet ... ok
[INFO] [stdout] test util::tests::test_x_address_wrong_checksum ... ok
[INFO] [stderr] (node:372) [DEP0005] DeprecationWarning: Buffer() is deprecated due to security and usability issues. Please use the Buffer.alloc(), Buffer.allocUnsafe(), or Buffer.from() methods instead.
[INFO] [stdout] test wallet::tests::test_from_mnemonic_with_derivation_path_mainnet ... ok
[INFO] [stderr] (node:394) [DEP0005] DeprecationWarning: Buffer() is deprecated due to security and usability issues. Please use the Buffer.alloc(), Buffer.allocUnsafe(), or Buffer.from() methods instead.
[INFO] [stdout] test wallet::tests::test_from_mnemonic_without_derivation_path_testnet ... ok
[INFO] [stdout] test wallet::tests::test_from_seed_with_derivation_path_maintnet ... ok
[INFO] [stdout] test wallet::tests::test_generate_random_wallet_invalid_entropy ... ok
[INFO] [stdout] test wallet::tests::test_from_seed_with_invalid_seed ... ok
[INFO] [stdout] test wallet::tests::test_generate_wallet_from_invalid_seed ... ok
[INFO] [stdout] test wallet::tests::test_generate_random_wallet_mainnet_with_entropy ... ok
[INFO] [stderr] (node:434) [DEP0005] DeprecationWarning: Buffer() is deprecated due to security and usability issues. Please use the Buffer.alloc(), Buffer.allocUnsafe(), or Buffer.from() methods instead.
[INFO] [stdout] test wallet::tests::test_generate_random_wallet_mainnet_no_entropy ... ok
[INFO] [stderr] (node:432) [DEP0005] DeprecationWarning: Buffer() is deprecated due to security and usability issues. Please use the Buffer.alloc(), Buffer.allocUnsafe(), or Buffer.from() methods instead.
[INFO] [stdout] test wallet::tests::test_generate_random_wallet_testnet_no_entropy ... ok
[INFO] [stderr] (node:450) [DEP0005] DeprecationWarning: Buffer() is deprecated due to security and usability issues. Please use the Buffer.alloc(), Buffer.allocUnsafe(), or Buffer.from() methods instead.
[INFO] [stdout] test wallet::tests::test_generate_random_wallet_testnet ... ok
[INFO] [stderr] (node:436) [DEP0005] DeprecationWarning: Buffer() is deprecated due to security and usability issues. Please use the Buffer.alloc(), Buffer.allocUnsafe(), or Buffer.from() methods instead.
[INFO] [stdout] test wallet::tests::test_generate_random_wallet_testnet_with_entropy ... ok
[INFO] [stderr] (node:452) [DEP0005] DeprecationWarning: Buffer() is deprecated due to security and usability issues. Please use the Buffer.alloc(), Buffer.allocUnsafe(), or Buffer.from() methods instead.
[INFO] [stdout] test wallet::tests::test_generate_wallet_from_mnemonic_mainnet_derivation_path_index_1 ... ok
[INFO] [stderr] (node:480) [DEP0005] DeprecationWarning: Buffer() is deprecated due to security and usability issues. Please use the Buffer.alloc(), Buffer.allocUnsafe(), or Buffer.from() methods instead.
[INFO] [stderr] (node:488) [DEP0005] DeprecationWarning: Buffer() is deprecated due to security and usability issues. Please use the Buffer.alloc(), Buffer.allocUnsafe(), or Buffer.from() methods instead.
[INFO] [stdout] test wallet::tests::test_generate_wallet_from_mnemonic_mainnet_no_derivation_path ... ok
[INFO] [stdout] test wallet::tests::test_random_wallet_no_entropy_testnet ... ok
[INFO] [stderr] (node:521) [DEP0005] DeprecationWarning: Buffer() is deprecated due to security and usability issues. Please use the Buffer.alloc(), Buffer.allocUnsafe(), or Buffer.from() methods instead.
[INFO] [stdout] test wallet::tests::test_generate_wallet_from_seed_testnet ... ok
[INFO] [stderr] (node:496) [DEP0005] DeprecationWarning: Buffer() is deprecated due to security and usability issues. Please use the Buffer.alloc(), Buffer.allocUnsafe(), or Buffer.from() methods instead.
[INFO] [stdout] test wallet::tests::test_generate_wallet_from_mnemonic_testnet_no_derivation_path ... ok
[INFO] [stdout] test wallet::tests::test_generate_wallet_from_seed_mainnet ... ok
[INFO] [stdout] test xrplclient::tests::test_send ... FAILED
[INFO] [stdout] test xrplclient::tests::test_xpring_get_balance ... FAILED
[INFO] [stdout] test xrplclient::tests::test_xpring_get_base_fee ... FAILED
[INFO] [stdout] test xrplclient::tests::test_xpring_raw_transaction_status ... FAILED
[INFO] [stdout] test xrplclient::tests::test_xrp_client_invalid_url ... ok
[INFO] [stdout] test xrplclient::tests::test_xrp_client_ok ... FAILED
[INFO] [stdout] test wallet::tests::test_random_wallet_with_invalid_entropy_testnet ... ok
[INFO] [stdout] test wallet::tests::test_signs_and_verifies_empty_message ... ok
[INFO] [stdout] test wallet::tests::test_random_wallet_with_entropy_testnet ... ok
[INFO] [stderr] (node:522) [DEP0005] DeprecationWarning: Buffer() is deprecated due to security and usability issues. Please use the Buffer.alloc(), Buffer.allocUnsafe(), or Buffer.from() methods instead.
[INFO] [stdout] test wallet::tests::test_sign_message ... ok
[INFO] [stdout] test wallet::tests::test_verify_message_bad_signature ... ok
[INFO] [stdout] test wallet::tests::test_verify_message_invalid_signature ... ok
[INFO] [stdout] test wallet::tests::test_verify_message_valid_signature ... ok
[INFO] [stdout] 
[INFO] [stdout] failures:
[INFO] [stdout] 
[INFO] [stdout] ---- ilpclient::tests::test_ilp_client_get_balance stdout ----
[INFO] [stdout] Error: transport error: error trying to connect: dns error: failed to lookup address information: Temporary failure in name resolution
[INFO] [stdout] 
[INFO] [stdout] Caused by:
[INFO] [stdout]     0: error trying to connect: dns error: failed to lookup address information: Temporary failure in name resolution
[INFO] [stdout]     1: dns error: failed to lookup address information: Temporary failure in name resolution
[INFO] [stdout]     2: failed to lookup address information: Temporary failure in name resolution
[INFO] [stdout] 
[INFO] [stdout] ---- ilpclient::tests::test_ilp_client_ok stdout ----
[INFO] [stdout] thread 'ilpclient::tests::test_ilp_client_ok' panicked at src/ilpclient.rs:170:17:
[INFO] [stdout] assertion failed: false
[INFO] [stdout] stack backtrace:
[INFO] [stdout]    0:     0x55c621d5efac - std::backtrace_rs::backtrace::libunwind::trace::ha637c64ce894333a
[INFO] [stdout]                                at /rustc/82e1608dfa6e0b5569232559e3d385fea5a93112/library/std/src/../../backtrace/src/backtrace/libunwind.rs:104:5
[INFO] [stdout]    1:     0x55c621d5efac - std::backtrace_rs::backtrace::trace_unsynchronized::h47f62dea28e0c88d
[INFO] [stdout]                                at /rustc/82e1608dfa6e0b5569232559e3d385fea5a93112/library/std/src/../../backtrace/src/backtrace/mod.rs:66:5
[INFO] [stdout]    2:     0x55c621d5efac - std::sys_common::backtrace::_print_fmt::h9eef0abe20ede486
[INFO] [stdout]                                at /rustc/82e1608dfa6e0b5569232559e3d385fea5a93112/library/std/src/sys_common/backtrace.rs:67:5
[INFO] [stdout]    3:     0x55c621d5efac - <std::sys_common::backtrace::_print::DisplayBacktrace as core::fmt::Display>::fmt::hed7f999df88cc644
[INFO] [stdout]                                at /rustc/82e1608dfa6e0b5569232559e3d385fea5a93112/library/std/src/sys_common/backtrace.rs:44:22
[INFO] [stdout]    4:     0x55c621d8c7d0 - core::fmt::rt::Argument::fmt::h1539a9308b8d058d
[INFO] [stdout]                                at /rustc/82e1608dfa6e0b5569232559e3d385fea5a93112/library/core/src/fmt/rt.rs:142:9
[INFO] [stdout]    5:     0x55c621d8c7d0 - core::fmt::write::h3a39390d8560d9c9
[INFO] [stdout]                                at /rustc/82e1608dfa6e0b5569232559e3d385fea5a93112/library/core/src/fmt/mod.rs:1120:17
[INFO] [stdout]    6:     0x55c621d5bedf - std::io::Write::write_fmt::h040b369f3a0f9cbc
[INFO] [stdout]                                at /rustc/82e1608dfa6e0b5569232559e3d385fea5a93112/library/std/src/io/mod.rs:1762:15
[INFO] [stdout]    7:     0x55c621d5ed94 - std::sys_common::backtrace::_print::h894006fb5c6f3d45
[INFO] [stdout]                                at /rustc/82e1608dfa6e0b5569232559e3d385fea5a93112/library/std/src/sys_common/backtrace.rs:47:5
[INFO] [stdout]    8:     0x55c621d5ed94 - std::sys_common::backtrace::print::h23a2d212c6fff936
[INFO] [stdout]                                at /rustc/82e1608dfa6e0b5569232559e3d385fea5a93112/library/std/src/sys_common/backtrace.rs:34:9
[INFO] [stdout]    9:     0x55c621d60a57 - std::panicking::default_hook::{{closure}}::h8a1d2ee00185001a
[INFO] [stdout]   10:     0x55c621d60743 - std::panicking::default_hook::h6038f2eba384e475
[INFO] [stdout]                                at /rustc/82e1608dfa6e0b5569232559e3d385fea5a93112/library/std/src/panicking.rs:289:9
[INFO] [stdout]   11:     0x55c621adff87 - <alloc::boxed::Box<F,A> as core::ops::function::Fn<Args>>::call::h0ad024c9bdc6d768
[INFO] [stdout]                                at /rustc/82e1608dfa6e0b5569232559e3d385fea5a93112/library/alloc/src/boxed.rs:2021:9
[INFO] [stdout]   12:     0x55c621adff87 - test::test_main::{{closure}}::h7500b54257359db6
[INFO] [stdout]                                at /rustc/82e1608dfa6e0b5569232559e3d385fea5a93112/library/test/src/lib.rs:138:21
[INFO] [stdout]   13:     0x55c621d61068 - <alloc::boxed::Box<F,A> as core::ops::function::Fn<Args>>::call::h1f8f335eaa9cfaee
[INFO] [stdout]                                at /rustc/82e1608dfa6e0b5569232559e3d385fea5a93112/library/alloc/src/boxed.rs:2021:9
[INFO] [stdout]   14:     0x55c621d61068 - std::panicking::rust_panic_with_hook::h2b5517d590cab22e
[INFO] [stdout]                                at /rustc/82e1608dfa6e0b5569232559e3d385fea5a93112/library/std/src/panicking.rs:783:13
[INFO] [stdout]   15:     0x55c621d60d89 - std::panicking::begin_panic_handler::{{closure}}::h233112c06e0ef43e
[INFO] [stdout]                                at /rustc/82e1608dfa6e0b5569232559e3d385fea5a93112/library/std/src/panicking.rs:649:13
[INFO] [stdout]   16:     0x55c621d5f476 - std::sys_common::backtrace::__rust_end_short_backtrace::h6e893f24d7ebbff8
[INFO] [stdout]                                at /rustc/82e1608dfa6e0b5569232559e3d385fea5a93112/library/std/src/sys_common/backtrace.rs:170:18
[INFO] [stdout]   17:     0x55c621d60b22 - rust_begin_unwind
[INFO] [stdout]                                at /rustc/82e1608dfa6e0b5569232559e3d385fea5a93112/library/std/src/panicking.rs:645:5
[INFO] [stdout]   18:     0x55c6218e43b5 - core::panicking::panic_fmt::hbf0e066aabfa482c
[INFO] [stdout]                                at /rustc/82e1608dfa6e0b5569232559e3d385fea5a93112/library/core/src/panicking.rs:72:14
[INFO] [stdout]   19:     0x55c6218e4453 - core::panicking::panic::h195fc2a96298d4c3
[INFO] [stdout]                                at /rustc/82e1608dfa6e0b5569232559e3d385fea5a93112/library/core/src/panicking.rs:127:5
[INFO] [stdout]   20:     0x55c621a35e42 - xpring::ilpclient::tests::test_ilp_client_ok::h4a2037bcd24d4260
[INFO] [stdout]                                at /opt/rustwide/workdir/src/ilpclient.rs:170:17
[INFO] [stdout]   21:     0x55c621a35d07 - xpring::ilpclient::tests::test_ilp_client_ok::{{closure}}::ha371523ae2f377ec
[INFO] [stdout]                                at /opt/rustwide/workdir/src/ilpclient.rs:162:5
[INFO] [stdout]   22:     0x55c6219f5386 - core::ops::function::FnOnce::call_once::h1fe3afadc12be74d
[INFO] [stdout]                                at /rustc/82e1608dfa6e0b5569232559e3d385fea5a93112/library/core/src/ops/function.rs:250:5
[INFO] [stdout]   23:     0x55c621ae55df - core::ops::function::FnOnce::call_once::h2b5d431d5046312d
[INFO] [stdout]                                at /rustc/82e1608dfa6e0b5569232559e3d385fea5a93112/library/core/src/ops/function.rs:250:5
[INFO] [stdout]   24:     0x55c621ae55df - test::__rust_begin_short_backtrace::h7714669af176e207
[INFO] [stdout]                                at /rustc/82e1608dfa6e0b5569232559e3d385fea5a93112/library/test/src/lib.rs:628:18
[INFO] [stdout]   25:     0x55c621ae45f5 - test::run_test_in_process::{{closure}}::h85218797dcbcec12
[INFO] [stdout]                                at /rustc/82e1608dfa6e0b5569232559e3d385fea5a93112/library/test/src/lib.rs:651:60
[INFO] [stdout]   26:     0x55c621ae45f5 - <core::panic::unwind_safe::AssertUnwindSafe<F> as core::ops::function::FnOnce<()>>::call_once::h76c106ea31c14d7b
[INFO] [stdout]                                at /rustc/82e1608dfa6e0b5569232559e3d385fea5a93112/library/core/src/panic/unwind_safe.rs:272:9
[INFO] [stdout]   27:     0x55c621ae45f5 - std::panicking::try::do_call::h3bd5d0f6620ee946
[INFO] [stdout]                                at /rustc/82e1608dfa6e0b5569232559e3d385fea5a93112/library/std/src/panicking.rs:552:40
[INFO] [stdout]   28:     0x55c621ae45f5 - std::panicking::try::h232e535e4744fe31
[INFO] [stdout]                                at /rustc/82e1608dfa6e0b5569232559e3d385fea5a93112/library/std/src/panicking.rs:516:19
[INFO] [stdout]   29:     0x55c621ae45f5 - std::panic::catch_unwind::h3ce3bd6ca8dbac68
[INFO] [stdout]                                at /rustc/82e1608dfa6e0b5569232559e3d385fea5a93112/library/std/src/panic.rs:142:14
[INFO] [stdout]   30:     0x55c621ae45f5 - test::run_test_in_process::hc97b257c9621286a
[INFO] [stdout]                                at /rustc/82e1608dfa6e0b5569232559e3d385fea5a93112/library/test/src/lib.rs:651:27
[INFO] [stdout]   31:     0x55c621ae45f5 - test::run_test::{{closure}}::h2aa798823a438d38
[INFO] [stdout]                                at /rustc/82e1608dfa6e0b5569232559e3d385fea5a93112/library/test/src/lib.rs:574:43
[INFO] [stdout]   32:     0x55c621aac8b6 - test::run_test::{{closure}}::h87d231c78fb59832
[INFO] [stdout]                                at /rustc/82e1608dfa6e0b5569232559e3d385fea5a93112/library/test/src/lib.rs:602:41
[INFO] [stdout]   33:     0x55c621aac8b6 - std::sys_common::backtrace::__rust_begin_short_backtrace::he6df152596625789
[INFO] [stdout]                                at /rustc/82e1608dfa6e0b5569232559e3d385fea5a93112/library/std/src/sys_common/backtrace.rs:154:18
[INFO] [stdout]   34:     0x55c621ab1967 - std::thread::Builder::spawn_unchecked_::{{closure}}::{{closure}}::ha94be15d1e0acf36
[INFO] [stdout]                                at /rustc/82e1608dfa6e0b5569232559e3d385fea5a93112/library/std/src/thread/mod.rs:529:17
[INFO] [stdout]   35:     0x55c621ab1967 - <core::panic::unwind_safe::AssertUnwindSafe<F> as core::ops::function::FnOnce<()>>::call_once::h9dc6bd6372f16606
[INFO] [stdout]                                at /rustc/82e1608dfa6e0b5569232559e3d385fea5a93112/library/core/src/panic/unwind_safe.rs:272:9
[INFO] [stdout]   36:     0x55c621ab1967 - std::panicking::try::do_call::h9057517f80303cd4
[INFO] [stdout]                                at /rustc/82e1608dfa6e0b5569232559e3d385fea5a93112/library/std/src/panicking.rs:552:40
[INFO] [stdout]   37:     0x55c621ab1967 - std::panicking::try::he3a30b11ee45340c
[INFO] [stdout]                                at /rustc/82e1608dfa6e0b5569232559e3d385fea5a93112/library/std/src/panicking.rs:516:19
[INFO] [stdout]   38:     0x55c621ab1967 - std::panic::catch_unwind::h410458cfd3528b8b
[INFO] [stdout]                                at /rustc/82e1608dfa6e0b5569232559e3d385fea5a93112/library/std/src/panic.rs:142:14
[INFO] [stdout]   39:     0x55c621ab1967 - std::thread::Builder::spawn_unchecked_::{{closure}}::h72ac3bdb567b737b
[INFO] [stdout]                                at /rustc/82e1608dfa6e0b5569232559e3d385fea5a93112/library/std/src/thread/mod.rs:528:30
[INFO] [stdout]   40:     0x55c621ab1967 - core::ops::function::FnOnce::call_once{{vtable.shim}}::h38f34da3654a8344
[INFO] [stdout]                                at /rustc/82e1608dfa6e0b5569232559e3d385fea5a93112/library/core/src/ops/function.rs:250:5
[INFO] [stdout]   41:     0x55c621d65c85 - <alloc::boxed::Box<F,A> as core::ops::function::FnOnce<Args>>::call_once::hc7eafaff61e32df9
[INFO] [stdout]                                at /rustc/82e1608dfa6e0b5569232559e3d385fea5a93112/library/alloc/src/boxed.rs:2007:9
[INFO] [stdout]   42:     0x55c621d65c85 - <alloc::boxed::Box<F,A> as core::ops::function::FnOnce<Args>>::call_once::h6ba4a5de48dd2304
[INFO] [stdout]                                at /rustc/82e1608dfa6e0b5569232559e3d385fea5a93112/library/alloc/src/boxed.rs:2007:9
[INFO] [stdout]   43:     0x55c621d65c85 - std::sys::unix::thread::Thread::new::thread_start::he469335aef763e45
[INFO] [stdout]                                at /rustc/82e1608dfa6e0b5569232559e3d385fea5a93112/library/std/src/sys/unix/thread.rs:108:17
[INFO] [stdout]   44:     0x7f9f9a582ac3 - <unknown>
[INFO] [stdout]   45:     0x7f9f9a613bf4 - __clone
[INFO] [stdout]   46:                0x0 - <unknown>
[INFO] [stdout] 
[INFO] [stdout] ---- ilpclient::tests::test_send stdout ----
[INFO] [stdout] Error: transport error: error trying to connect: dns error: failed to lookup address information: Temporary failure in name resolution
[INFO] [stdout] 
[INFO] [stdout] Caused by:
[INFO] [stdout]     0: error trying to connect: dns error: failed to lookup address information: Temporary failure in name resolution
[INFO] [stdout]     1: dns error: failed to lookup address information: Temporary failure in name resolution
[INFO] [stdout]     2: failed to lookup address information: Temporary failure in name resolution
[INFO] [stdout] 
[INFO] [stdout] ---- ilpclient::tests::test_send_wrong_account stdout ----
[INFO] [stdout] Error: transport error: error trying to connect: dns error: failed to lookup address information: Temporary failure in name resolution
[INFO] [stdout] 
[INFO] [stdout] Caused by:
[INFO] [stdout]     0: error trying to connect: dns error: failed to lookup address information: Temporary failure in name resolution
[INFO] [stdout]     1: dns error: failed to lookup address information: Temporary failure in name resolution
[INFO] [stdout]     2: failed to lookup address information: Temporary failure in name resolution
[INFO] [stdout] 
[INFO] [stdout] ---- xrplclient::tests::test_send stdout ----
[INFO] [stdout] Error: transport error: error trying to connect: dns error: failed to lookup address information: Temporary failure in name resolution
[INFO] [stdout] 
[INFO] [stdout] Caused by:
[INFO] [stdout]     0: error trying to connect: dns error: failed to lookup address information: Temporary failure in name resolution
[INFO] [stdout]     1: dns error: failed to lookup address information: Temporary failure in name resolution
[INFO] [stdout]     2: failed to lookup address information: Temporary failure in name resolution
[INFO] [stdout] 
[INFO] [stdout] ---- xrplclient::tests::test_xpring_get_balance stdout ----
[INFO] [stdout] Error: transport error: error trying to connect: dns error: failed to lookup address information: Temporary failure in name resolution
[INFO] [stdout] 
[INFO] [stdout] Caused by:
[INFO] [stdout]     0: error trying to connect: dns error: failed to lookup address information: Temporary failure in name resolution
[INFO] [stdout]     1: dns error: failed to lookup address information: Temporary failure in name resolution
[INFO] [stdout]     2: failed to lookup address information: Temporary failure in name resolution
[INFO] [stdout] 
[INFO] [stdout] ---- xrplclient::tests::test_xpring_get_base_fee stdout ----
[INFO] [stdout] Error: transport error: error trying to connect: dns error: failed to lookup address information: Temporary failure in name resolution
[INFO] [stdout] 
[INFO] [stdout] Caused by:
[INFO] [stdout]     0: error trying to connect: dns error: failed to lookup address information: Temporary failure in name resolution
[INFO] [stdout]     1: dns error: failed to lookup address information: Temporary failure in name resolution
[INFO] [stdout]     2: failed to lookup address information: Temporary failure in name resolution
[INFO] [stdout] 
[INFO] [stdout] ---- xrplclient::tests::test_xpring_raw_transaction_status stdout ----
[INFO] [stdout] Error: transport error: error trying to connect: dns error: failed to lookup address information: Temporary failure in name resolution
[INFO] [stdout] 
[INFO] [stdout] Caused by:
[INFO] [stdout]     0: error trying to connect: dns error: failed to lookup address information: Temporary failure in name resolution
[INFO] [stdout]     1: dns error: failed to lookup address information: Temporary failure in name resolution
[INFO] [stdout]     2: failed to lookup address information: Temporary failure in name resolution
[INFO] [stdout] 
[INFO] [stdout] ---- xrplclient::tests::test_xrp_client_ok stdout ----
[INFO] [stdout] thread 'xrplclient::tests::test_xrp_client_ok' panicked at src/xrplclient.rs:262:17:
[INFO] [stdout] assertion failed: false
[INFO] [stdout] stack backtrace:
[INFO] [stdout]    0:     0x55c621d5efac - std::backtrace_rs::backtrace::libunwind::trace::ha637c64ce894333a
[INFO] [stdout]                                at /rustc/82e1608dfa6e0b5569232559e3d385fea5a93112/library/std/src/../../backtrace/src/backtrace/libunwind.rs:104:5
[INFO] [stdout]    1:     0x55c621d5efac - std::backtrace_rs::backtrace::trace_unsynchronized::h47f62dea28e0c88d
[INFO] [stdout]                                at /rustc/82e1608dfa6e0b5569232559e3d385fea5a93112/library/std/src/../../backtrace/src/backtrace/mod.rs:66:5
[INFO] [stdout]    2:     0x55c621d5efac - std::sys_common::backtrace::_print_fmt::h9eef0abe20ede486
[INFO] [stdout]                                at /rustc/82e1608dfa6e0b5569232559e3d385fea5a93112/library/std/src/sys_common/backtrace.rs:67:5
[INFO] [stdout]    3:     0x55c621d5efac - <std::sys_common::backtrace::_print::DisplayBacktrace as core::fmt::Display>::fmt::hed7f999df88cc644
[INFO] [stdout]                                at /rustc/82e1608dfa6e0b5569232559e3d385fea5a93112/library/std/src/sys_common/backtrace.rs:44:22
[INFO] [stdout]    4:     0x55c621d8c7d0 - core::fmt::rt::Argument::fmt::h1539a9308b8d058d
[INFO] [stdout]                                at /rustc/82e1608dfa6e0b5569232559e3d385fea5a93112/library/core/src/fmt/rt.rs:142:9
[INFO] [stdout]    5:     0x55c621d8c7d0 - core::fmt::write::h3a39390d8560d9c9
[INFO] [stdout]                                at /rustc/82e1608dfa6e0b5569232559e3d385fea5a93112/library/core/src/fmt/mod.rs:1120:17
[INFO] [stdout]    6:     0x55c621d5bedf - std::io::Write::write_fmt::h040b369f3a0f9cbc
[INFO] [stdout]                                at /rustc/82e1608dfa6e0b5569232559e3d385fea5a93112/library/std/src/io/mod.rs:1762:15
[INFO] [stdout]    7:     0x55c621d5ed94 - std::sys_common::backtrace::_print::h894006fb5c6f3d45
[INFO] [stdout]                                at /rustc/82e1608dfa6e0b5569232559e3d385fea5a93112/library/std/src/sys_common/backtrace.rs:47:5
[INFO] [stdout]    8:     0x55c621d5ed94 - std::sys_common::backtrace::print::h23a2d212c6fff936
[INFO] [stdout]                                at /rustc/82e1608dfa6e0b5569232559e3d385fea5a93112/library/std/src/sys_common/backtrace.rs:34:9
[INFO] [stdout]    9:     0x55c621d60a57 - std::panicking::default_hook::{{closure}}::h8a1d2ee00185001a
[INFO] [stdout]   10:     0x55c621d60743 - std::panicking::default_hook::h6038f2eba384e475
[INFO] [stdout]                                at /rustc/82e1608dfa6e0b5569232559e3d385fea5a93112/library/std/src/panicking.rs:289:9
[INFO] [stdout]   11:     0x55c621adff87 - <alloc::boxed::Box<F,A> as core::ops::function::Fn<Args>>::call::h0ad024c9bdc6d768
[INFO] [stdout]                                at /rustc/82e1608dfa6e0b5569232559e3d385fea5a93112/library/alloc/src/boxed.rs:2021:9
[INFO] [stdout]   12:     0x55c621adff87 - test::test_main::{{closure}}::h7500b54257359db6
[INFO] [stdout]                                at /rustc/82e1608dfa6e0b5569232559e3d385fea5a93112/library/test/src/lib.rs:138:21
[INFO] [stdout]   13:     0x55c621d61068 - <alloc::boxed::Box<F,A> as core::ops::function::Fn<Args>>::call::h1f8f335eaa9cfaee
[INFO] [stdout]                                at /rustc/82e1608dfa6e0b5569232559e3d385fea5a93112/library/alloc/src/boxed.rs:2021:9
[INFO] [stdout]   14:     0x55c621d61068 - std::panicking::rust_panic_with_hook::h2b5517d590cab22e
[INFO] [stdout]                                at /rustc/82e1608dfa6e0b5569232559e3d385fea5a93112/library/std/src/panicking.rs:783:13
[INFO] [stdout]   15:     0x55c621d60d89 - std::panicking::begin_panic_handler::{{closure}}::h233112c06e0ef43e
[INFO] [stdout]                                at /rustc/82e1608dfa6e0b5569232559e3d385fea5a93112/library/std/src/panicking.rs:649:13
[INFO] [stdout]   16:     0x55c621d5f476 - std::sys_common::backtrace::__rust_end_short_backtrace::h6e893f24d7ebbff8
[INFO] [stdout]                                at /rustc/82e1608dfa6e0b5569232559e3d385fea5a93112/library/std/src/sys_common/backtrace.rs:170:18
[INFO] [stdout]   17:     0x55c621d60b22 - rust_begin_unwind
[INFO] [stdout]                                at /rustc/82e1608dfa6e0b5569232559e3d385fea5a93112/library/std/src/panicking.rs:645:5
[INFO] [stdout]   18:     0x55c6218e43b5 - core::panicking::panic_fmt::hbf0e066aabfa482c
[INFO] [stdout]                                at /rustc/82e1608dfa6e0b5569232559e3d385fea5a93112/library/core/src/panicking.rs:72:14
[INFO] [stdout]   19:     0x55c6218e4453 - core::panicking::panic::h195fc2a96298d4c3
[INFO] [stdout]                                at /rustc/82e1608dfa6e0b5569232559e3d385fea5a93112/library/core/src/panicking.rs:127:5
[INFO] [stdout]   20:     0x55c621a9a0d1 - xpring::xrplclient::tests::test_xrp_client_ok::ha00f5fdb2e5fc4e0
[INFO] [stdout]                                at /opt/rustwide/workdir/src/xrplclient.rs:262:17
[INFO] [stdout]   21:     0x55c621a99fb7 - xpring::xrplclient::tests::test_xrp_client_ok::{{closure}}::hb2bff83b8985627a
[INFO] [stdout]                                at /opt/rustwide/workdir/src/xrplclient.rs:254:5
[INFO] [stdout]   22:     0x55c6219f6a66 - core::ops::function::FnOnce::call_once::ha4117e964ef06055
[INFO] [stdout]                                at /rustc/82e1608dfa6e0b5569232559e3d385fea5a93112/library/core/src/ops/function.rs:250:5
[INFO] [stdout]   23:     0x55c621ae55df - core::ops::function::FnOnce::call_once::h2b5d431d5046312d
[INFO] [stdout]                                at /rustc/82e1608dfa6e0b5569232559e3d385fea5a93112/library/core/src/ops/function.rs:250:5
[INFO] [stdout]   24:     0x55c621ae55df - test::__rust_begin_short_backtrace::h7714669af176e207
[INFO] [stdout]                                at /rustc/82e1608dfa6e0b5569232559e3d385fea5a93112/library/test/src/lib.rs:628:18
[INFO] [stdout]   25:     0x55c621ae45f5 - test::run_test_in_process::{{closure}}::h85218797dcbcec12
[INFO] [stdout]                                at /rustc/82e1608dfa6e0b5569232559e3d385fea5a93112/library/test/src/lib.rs:651:60
[INFO] [stdout]   26:     0x55c621ae45f5 - <core::panic::unwind_safe::AssertUnwindSafe<F> as core::ops::function::FnOnce<()>>::call_once::h76c106ea31c14d7b
[INFO] [stdout]                                at /rustc/82e1608dfa6e0b5569232559e3d385fea5a93112/library/core/src/panic/unwind_safe.rs:272:9
[INFO] [stdout]   27:     0x55c621ae45f5 - std::panicking::try::do_call::h3bd5d0f6620ee946
[INFO] [stdout]                                at /rustc/82e1608dfa6e0b5569232559e3d385fea5a93112/library/std/src/panicking.rs:552:40
[INFO] [stdout]   28:     0x55c621ae45f5 - std::panicking::try::h232e535e4744fe31
[INFO] [stdout]                                at /rustc/82e1608dfa6e0b5569232559e3d385fea5a93112/library/std/src/panicking.rs:516:19
[INFO] [stdout]   29:     0x55c621ae45f5 - std::panic::catch_unwind::h3ce3bd6ca8dbac68
[INFO] [stdout]                                at /rustc/82e1608dfa6e0b5569232559e3d385fea5a93112/library/std/src/panic.rs:142:14
[INFO] [stdout]   30:     0x55c621ae45f5 - test::run_test_in_process::hc97b257c9621286a
[INFO] [stdout]                                at /rustc/82e1608dfa6e0b5569232559e3d385fea5a93112/library/test/src/lib.rs:651:27
[INFO] [stdout]   31:     0x55c621ae45f5 - test::run_test::{{closure}}::h2aa798823a438d38
[INFO] [stdout]                                at /rustc/82e1608dfa6e0b5569232559e3d385fea5a93112/library/test/src/lib.rs:574:43
[INFO] [stdout]   32:     0x55c621aac8b6 - test::run_test::{{closure}}::h87d231c78fb59832
[INFO] [stdout]                                at /rustc/82e1608dfa6e0b5569232559e3d385fea5a93112/library/test/src/lib.rs:602:41
[INFO] [stdout]   33:     0x55c621aac8b6 - std::sys_common::backtrace::__rust_begin_short_backtrace::he6df152596625789
[INFO] [stdout]                                at /rustc/82e1608dfa6e0b5569232559e3d385fea5a93112/library/std/src/sys_common/backtrace.rs:154:18
[INFO] [stdout]   34:     0x55c621ab1967 - std::thread::Builder::spawn_unchecked_::{{closure}}::{{closure}}::ha94be15d1e0acf36
[INFO] [stdout]                                at /rustc/82e1608dfa6e0b5569232559e3d385fea5a93112/library/std/src/thread/mod.rs:529:17
[INFO] [stdout]   35:     0x55c621ab1967 - <core::panic::unwind_safe::AssertUnwindSafe<F> as core::ops::function::FnOnce<()>>::call_once::h9dc6bd6372f16606
[INFO] [stdout]                                at /rustc/82e1608dfa6e0b5569232559e3d385fea5a93112/library/core/src/panic/unwind_safe.rs:272:9
[INFO] [stdout]   36:     0x55c621ab1967 - std::panicking::try::do_call::h9057517f80303cd4
[INFO] [stdout]                                at /rustc/82e1608dfa6e0b5569232559e3d385fea5a93112/library/std/src/panicking.rs:552:40
[INFO] [stdout]   37:     0x55c621ab1967 - std::panicking::try::he3a30b11ee45340c
[INFO] [stdout]                                at /rustc/82e1608dfa6e0b5569232559e3d385fea5a93112/library/std/src/panicking.rs:516:19
[INFO] [stdout]   38:     0x55c621ab1967 - std::panic::catch_unwind::h410458cfd3528b8b
[INFO] [stdout]                                at /rustc/82e1608dfa6e0b5569232559e3d385fea5a93112/library/std/src/panic.rs:142:14
[INFO] [stdout]   39:     0x55c621ab1967 - std::thread::Builder::spawn_unchecked_::{{closure}}::h72ac3bdb567b737b
[INFO] [stdout]                                at /rustc/82e1608dfa6e0b5569232559e3d385fea5a93112/library/std/src/thread/mod.rs:528:30
[INFO] [stdout]   40:     0x55c621ab1967 - core::ops::function::FnOnce::call_once{{vtable.shim}}::h38f34da3654a8344
[INFO] [stdout]                                at /rustc/82e1608dfa6e0b5569232559e3d385fea5a93112/library/core/src/ops/function.rs:250:5
[INFO] [stdout]   41:     0x55c621d65c85 - <alloc::boxed::Box<F,A> as core::ops::function::FnOnce<Args>>::call_once::hc7eafaff61e32df9
[INFO] [stdout]                                at /rustc/82e1608dfa6e0b5569232559e3d385fea5a93112/library/alloc/src/boxed.rs:2007:9
[INFO] [stdout]   42:     0x55c621d65c85 - <alloc::boxed::Box<F,A> as core::ops::function::FnOnce<Args>>::call_once::h6ba4a5de48dd2304
[INFO] [stdout]                                at /rustc/82e1608dfa6e0b5569232559e3d385fea5a93112/library/alloc/src/boxed.rs:2007:9
[INFO] [stdout]   43:     0x55c621d65c85 - std::sys::unix::thread::Thread::new::thread_start::he469335aef763e45
[INFO] [stdout]                                at /rustc/82e1608dfa6e0b5569232559e3d385fea5a93112/library/std/src/sys/unix/thread.rs:108:17
[INFO] [stdout]   44:     0x7f9f9a582ac3 - <unknown>
[INFO] [stdout]   45:     0x7f9f9a613bf4 - __clone
[INFO] [stdout]   46:                0x0 - <unknown>
[INFO] [stdout] 
[INFO] [stdout] 
[INFO] [stdout] failures:
[INFO] [stdout]     ilpclient::tests::test_ilp_client_get_balance
[INFO] [stdout]     ilpclient::tests::test_ilp_client_ok
[INFO] [stdout]     ilpclient::tests::test_send
[INFO] [stdout]     ilpclient::tests::test_send_wrong_account
[INFO] [stdout]     xrplclient::tests::test_send
[INFO] [stdout]     xrplclient::tests::test_xpring_get_balance
[INFO] [stdout]     xrplclient::tests::test_xpring_get_base_fee
[INFO] [stdout]     xrplclient::tests::test_xpring_raw_transaction_status
[INFO] [stdout]     xrplclient::tests::test_xrp_client_ok
[INFO] [stdout] 
[INFO] [stdout] test result: FAILED. 77 passed; 9 failed; 0 ignored; 0 measured; 0 filtered out; finished in 17.53s
[INFO] [stdout] 
[INFO] [stderr] error: test failed, to rerun pass `--lib`
[INFO] running `Command { std: "docker" "inspect" "20c54c82a6f2361018a7dadb4cd23b3972571d926e7797e6c1dfa487545802ff", kill_on_drop: false }`
[INFO] running `Command { std: "docker" "rm" "-f" "20c54c82a6f2361018a7dadb4cd23b3972571d926e7797e6c1dfa487545802ff", kill_on_drop: false }`
[INFO] [stdout] 20c54c82a6f2361018a7dadb4cd23b3972571d926e7797e6c1dfa487545802ff
