[INFO] cloning repository https://github.com/edgarrunnman/aoc_rust
[INFO] running `Command { std: "git" "-c" "credential.helper=" "-c" "credential.helper=/workspace/cargo-home/bin/git-credential-null" "clone" "--bare" "https://github.com/edgarrunnman/aoc_rust" "/workspace/cache/git-repos/https%3A%2F%2Fgithub.com%2Fedgarrunnman%2Faoc_rust", kill_on_drop: false }`
[INFO] [stderr] Cloning into bare repository '/workspace/cache/git-repos/https%3A%2F%2Fgithub.com%2Fedgarrunnman%2Faoc_rust'...
[INFO] running `Command { std: "git" "rev-parse" "HEAD", kill_on_drop: false }`
[INFO] [stdout] 5d17606e744288486f3561d5a29de37d8f4269c6
[INFO] testing edgarrunnman/aoc_rust against 1.75.0 for beta-1.76-1
[INFO] running `Command { std: "git" "clone" "/workspace/cache/git-repos/https%3A%2F%2Fgithub.com%2Fedgarrunnman%2Faoc_rust" "/workspace/builds/worker-6-tc1/source", kill_on_drop: false }`
[INFO] [stderr] Cloning into '/workspace/builds/worker-6-tc1/source'...
[INFO] [stderr] done.
[INFO] validating manifest of git repo https://github.com/edgarrunnman/aoc_rust on toolchain 1.75.0
[INFO] running `Command { std: CARGO_HOME="/workspace/cargo-home" RUSTUP_HOME="/workspace/rustup-home" "/workspace/cargo-home/bin/cargo" "+1.75.0" "metadata" "--manifest-path" "Cargo.toml" "--no-deps", kill_on_drop: false }`
[INFO] started tweaking git repo https://github.com/edgarrunnman/aoc_rust
[INFO] finished tweaking git repo https://github.com/edgarrunnman/aoc_rust
[INFO] tweaked toml for git repo https://github.com/edgarrunnman/aoc_rust written to /workspace/builds/worker-6-tc1/source/Cargo.toml
[INFO] crate git repo https://github.com/edgarrunnman/aoc_rust already has a lockfile, it will not be regenerated
[INFO] running `Command { std: CARGO_HOME="/workspace/cargo-home" RUSTUP_HOME="/workspace/rustup-home" "/workspace/cargo-home/bin/cargo" "+1.75.0" "fetch" "--manifest-path" "Cargo.toml", kill_on_drop: false }`
[INFO] [stderr]     Updating crates.io index
[INFO] [stderr]  Downloading crates ...
[INFO] [stderr]   Downloaded tailcall v0.1.6
[INFO] [stderr]   Downloaded terminal v0.2.1
[INFO] [stderr]   Downloaded crossterm v0.15.0
[INFO] [stderr]   Downloaded tailcall-impl v0.1.6
[INFO] running `Command { std: "docker" "create" "-v" "/var/lib/crater-agent-workspace/builds/worker-6-tc1/target:/opt/rustwide/target:rw,Z" "-v" "/var/lib/crater-agent-workspace/builds/worker-6-tc1/source:/opt/rustwide/workdir:ro,Z" "-v" "/var/lib/crater-agent-workspace/cargo-home:/opt/rustwide/cargo-home:ro,Z" "-v" "/var/lib/crater-agent-workspace/rustup-home:/opt/rustwide/rustup-home:ro,Z" "-e" "SOURCE_DIR=/opt/rustwide/workdir" "-e" "CARGO_TARGET_DIR=/opt/rustwide/target" "-e" "CARGO_HOME=/opt/rustwide/cargo-home" "-e" "RUSTUP_HOME=/opt/rustwide/rustup-home" "-w" "/opt/rustwide/workdir" "-m" "1610612736" "--user" "0:0" "--network" "none" "ghcr.io/rust-lang/crates-build-env/linux@sha256:2788e3201cd34a07e3172128adcd8b3090168a8e3bcc40d7c032b9dda1df7d1c" "/opt/rustwide/cargo-home/bin/cargo" "+1.75.0" "metadata" "--no-deps" "--format-version=1", kill_on_drop: false }`
[INFO] [stdout] 2d02098180e4c8ab23de40d34a85bf98b34636e8e608e0b2be11cbff2817dd63
[INFO] running `Command { std: "docker" "start" "-a" "2d02098180e4c8ab23de40d34a85bf98b34636e8e608e0b2be11cbff2817dd63", kill_on_drop: false }`
[INFO] running `Command { std: "docker" "inspect" "2d02098180e4c8ab23de40d34a85bf98b34636e8e608e0b2be11cbff2817dd63", kill_on_drop: false }`
[INFO] running `Command { std: "docker" "rm" "-f" "2d02098180e4c8ab23de40d34a85bf98b34636e8e608e0b2be11cbff2817dd63", kill_on_drop: false }`
[INFO] [stdout] 2d02098180e4c8ab23de40d34a85bf98b34636e8e608e0b2be11cbff2817dd63
[INFO] running `Command { std: "docker" "create" "-v" "/var/lib/crater-agent-workspace/builds/worker-6-tc1/target:/opt/rustwide/target:rw,Z" "-v" "/var/lib/crater-agent-workspace/builds/worker-6-tc1/source:/opt/rustwide/workdir:ro,Z" "-v" "/var/lib/crater-agent-workspace/cargo-home:/opt/rustwide/cargo-home:ro,Z" "-v" "/var/lib/crater-agent-workspace/rustup-home:/opt/rustwide/rustup-home:ro,Z" "-e" "SOURCE_DIR=/opt/rustwide/workdir" "-e" "CARGO_TARGET_DIR=/opt/rustwide/target" "-e" "CARGO_INCREMENTAL=0" "-e" "RUST_BACKTRACE=full" "-e" "RUSTFLAGS=--cap-lints=warn" "-e" "RUSTDOCFLAGS=--cap-lints=warn" "-e" "CARGO_HOME=/opt/rustwide/cargo-home" "-e" "RUSTUP_HOME=/opt/rustwide/rustup-home" "-w" "/opt/rustwide/workdir" "-m" "1610612736" "--user" "0:0" "--network" "none" "ghcr.io/rust-lang/crates-build-env/linux@sha256:2788e3201cd34a07e3172128adcd8b3090168a8e3bcc40d7c032b9dda1df7d1c" "/opt/rustwide/cargo-home/bin/cargo" "+1.75.0" "build" "--frozen" "--message-format=json", kill_on_drop: false }`
[INFO] [stdout] e29da97f5dff62ca10313833a0a667769d03d8fdbb687bb506678a6d9668a1a4
[INFO] running `Command { std: "docker" "start" "-a" "e29da97f5dff62ca10313833a0a667769d03d8fdbb687bb506678a6d9668a1a4", kill_on_drop: false }`
[INFO] [stderr]    Compiling libc v0.2.150
[INFO] [stderr]    Compiling autocfg v1.1.0
[INFO] [stderr]    Compiling proc-macro2 v1.0.69
[INFO] [stderr]    Compiling unicode-ident v1.0.12
[INFO] [stderr]    Compiling cfg-if v1.0.0
[INFO] [stderr]    Compiling scopeguard v1.2.0
[INFO] [stderr]    Compiling smallvec v1.11.1
[INFO] [stderr]    Compiling pin-project-lite v0.2.13
[INFO] [stderr]    Compiling parking_lot_core v0.9.9
[INFO] [stderr]    Compiling once_cell v1.18.0
[INFO] [stderr]    Compiling pkg-config v0.3.27
[INFO] [stderr]    Compiling vcpkg v0.2.15
[INFO] [stderr]    Compiling bytes v1.5.0
[INFO] [stderr]    Compiling lock_api v0.4.11
[INFO] [stderr]    Compiling slab v0.4.9
[INFO] [stderr]    Compiling quote v1.0.33
[INFO] [stderr]    Compiling siphasher v0.3.11
[INFO] [stderr]    Compiling cc v1.0.83
[INFO] [stderr]    Compiling futures-core v0.3.29
[INFO] [stderr]    Compiling syn v2.0.39
[INFO] [stderr]    Compiling fnv v1.0.7
[INFO] [stderr]    Compiling bitflags v2.4.1
[INFO] [stderr]    Compiling log v0.4.20
[INFO] [stderr]    Compiling rand_core v0.6.4
[INFO] [stderr]    Compiling cfg-if v0.1.10
[INFO] [stderr]    Compiling futures-task v0.3.29
[INFO] [stderr]    Compiling itoa v1.0.9
[INFO] [stderr]    Compiling rand v0.8.5
[INFO] [stderr]    Compiling phf_shared v0.11.2
[INFO] [stderr]    Compiling indexmap v1.9.3
[INFO] [stderr]    Compiling tracing-core v0.1.32
[INFO] [stderr]    Compiling futures-util v0.3.29
[INFO] [stderr]    Compiling signal-hook-registry v1.4.1
[INFO] [stderr]    Compiling socket2 v0.5.5
[INFO] [stderr]    Compiling parking_lot v0.12.1
[INFO] [stderr]    Compiling mio v0.8.9
[INFO] [stderr]    Compiling num_cpus v1.16.0
[INFO] [stderr]    Compiling memchr v2.6.4
[INFO] [stderr]    Compiling foreign-types-shared v0.1.1
[INFO] [stderr]    Compiling openssl v0.10.59
[INFO] [stderr]    Compiling openssl-sys v0.9.95
[INFO] [stderr]    Compiling foreign-types v0.3.2
[INFO] [stderr]    Compiling tracing v0.1.40
[INFO] [stderr]    Compiling phf_generator v0.11.2
[INFO] [stderr]    Compiling http v0.2.9
[INFO] [stderr]    Compiling native-tls v0.2.11
[INFO] [stderr]    Compiling futures-sink v0.3.29
[INFO] [stderr]    Compiling hashbrown v0.12.3
[INFO] [stderr]    Compiling tinyvec_macros v0.1.1
[INFO] [stderr]    Compiling pin-utils v0.1.0
[INFO] [stderr]    Compiling futures-channel v0.3.29
[INFO] [stderr]    Compiling httparse v1.8.0
[INFO] [stderr]    Compiling tinyvec v1.6.0
[INFO] [stderr]    Compiling phf_codegen v0.11.2
[INFO] [stderr]    Compiling iovec v0.1.4
[INFO] [stderr]    Compiling net2 v0.2.39
[INFO] [stderr]    Compiling num-traits v0.2.17
[INFO] [stderr]    Compiling lazy_static v1.4.0
[INFO] [stderr]    Compiling percent-encoding v2.3.0
[INFO] [stderr]    Compiling bitflags v1.3.2
[INFO] [stderr]    Compiling syn v1.0.109
[INFO] [stderr]    Compiling rustix v0.38.21
[INFO] [stderr]    Compiling serde v1.0.192
[INFO] [stderr]    Compiling try-lock v0.2.4
[INFO] [stderr]    Compiling openssl-probe v0.1.5
[INFO] [stderr]    Compiling want v0.3.1
[INFO] [stderr]    Compiling unicode-normalization v0.1.22
[INFO] [stderr]    Compiling http-body v0.4.5
[INFO] [stderr]    Compiling form_urlencoded v1.2.0
[INFO] [stderr]    Compiling mio v0.6.23
[INFO] [stderr]    Compiling terminfo v0.8.0
[INFO] [stderr]    Compiling parking_lot_core v0.7.3
[INFO] [stderr]    Compiling socket2 v0.4.10
[INFO] [stderr]    Compiling dirs-sys v0.3.7
[INFO] [stderr]    Compiling lock_api v0.3.4
[INFO] [stderr]    Compiling minimal-lexical v0.2.1
[INFO] [stderr]    Compiling linux-raw-sys v0.4.11
[INFO] [stderr]    Compiling thiserror v1.0.50
[INFO] [stderr]    Compiling httpdate v1.0.3
[INFO] [stderr]    Compiling unicode-bidi v0.3.13
[INFO] [stderr]    Compiling tower-service v0.3.2
[INFO] [stderr]    Compiling nom v7.1.3
[INFO] [stderr]    Compiling parking_lot v0.10.2
[INFO] [stderr]    Compiling phf v0.11.2
[INFO] [stderr]    Compiling signal-hook v0.1.17
[INFO] [stderr]    Compiling dirs v4.0.0
[INFO] [stderr]    Compiling idna v0.4.0
[INFO] [stderr]    Compiling tokio-macros v2.1.0
[INFO] [stderr]    Compiling openssl-macros v0.1.1
[INFO] [stderr]    Compiling thiserror-impl v1.0.50
[INFO] [stderr]    Compiling aho-corasick v1.1.2
[INFO] [stderr]    Compiling tokio v1.33.0
[INFO] [stderr]    Compiling num-integer v0.1.45
[INFO] [stderr]    Compiling ryu v1.0.15
[INFO] [stderr]    Compiling either v1.9.0
[INFO] [stderr]    Compiling home v0.5.5
[INFO] [stderr]    Compiling regex-syntax v0.8.2
[INFO] [stderr]    Compiling powerfmt v0.2.0
[INFO] [stderr]    Compiling deranged v0.3.9
[INFO] [stderr]    Compiling which v4.4.2
[INFO] [stderr]    Compiling url v2.4.1
[INFO] [stderr]    Compiling serde_urlencoded v0.7.1
[INFO] [stderr]    Compiling regex-automata v0.4.3
[INFO] [stderr]    Compiling crossterm v0.15.0
[INFO] [stderr]    Compiling nix v0.26.4
[INFO] [stderr]    Compiling tokio-util v0.7.10
[INFO] [stderr]    Compiling tokio-native-tls v0.3.1
[INFO] [stderr]    Compiling tailcall-impl v0.1.6
[INFO] [stderr]    Compiling encoding_rs v0.8.33
[INFO] [stderr]    Compiling base64 v0.21.5
[INFO] [stderr]    Compiling h2 v0.3.21
[INFO] [stderr]    Compiling unicode-width v0.1.11
[INFO] [stderr]    Compiling time-core v0.1.2
[INFO] [stderr]    Compiling ipnet v2.9.0
[INFO] [stderr]    Compiling mime v0.3.17
[INFO] [stderr]    Compiling iana-time-zone v0.1.58
[INFO] [stderr]    Compiling chrono v0.4.31
[INFO] [stderr]    Compiling clearscreen v2.0.1
[INFO] [stderr]    Compiling regex v1.10.2
[INFO] [stderr]    Compiling time v0.3.30
[INFO] [stderr]    Compiling console v0.15.7
[INFO] [stderr]    Compiling hyper v0.14.27
[INFO] [stderr]    Compiling tailcall v0.1.6
[INFO] [stderr]    Compiling terminal v0.2.1
[INFO] [stderr]    Compiling colored v2.1.0
[INFO] [stderr]    Compiling dotenv v0.15.0
[INFO] [stderr]    Compiling project-root v0.2.2
[INFO] [stderr]    Compiling hyper-tls v0.5.0
[INFO] [stderr]    Compiling reqwest v0.11.22
[INFO] [stderr]    Compiling aoc_rust v0.1.0 (/opt/rustwide/workdir)
[INFO] [stderr]     Finished dev [unoptimized + debuginfo] target(s) in 56.34s
[INFO] running `Command { std: "docker" "inspect" "e29da97f5dff62ca10313833a0a667769d03d8fdbb687bb506678a6d9668a1a4", kill_on_drop: false }`
[INFO] running `Command { std: "docker" "rm" "-f" "e29da97f5dff62ca10313833a0a667769d03d8fdbb687bb506678a6d9668a1a4", kill_on_drop: false }`
[INFO] [stdout] e29da97f5dff62ca10313833a0a667769d03d8fdbb687bb506678a6d9668a1a4
[INFO] running `Command { std: "docker" "create" "-v" "/var/lib/crater-agent-workspace/builds/worker-6-tc1/target:/opt/rustwide/target:rw,Z" "-v" "/var/lib/crater-agent-workspace/builds/worker-6-tc1/source:/opt/rustwide/workdir:ro,Z" "-v" "/var/lib/crater-agent-workspace/cargo-home:/opt/rustwide/cargo-home:ro,Z" "-v" "/var/lib/crater-agent-workspace/rustup-home:/opt/rustwide/rustup-home:ro,Z" "-e" "SOURCE_DIR=/opt/rustwide/workdir" "-e" "CARGO_TARGET_DIR=/opt/rustwide/target" "-e" "CARGO_INCREMENTAL=0" "-e" "RUST_BACKTRACE=full" "-e" "RUSTFLAGS=--cap-lints=warn" "-e" "RUSTDOCFLAGS=--cap-lints=warn" "-e" "CARGO_HOME=/opt/rustwide/cargo-home" "-e" "RUSTUP_HOME=/opt/rustwide/rustup-home" "-w" "/opt/rustwide/workdir" "-m" "1610612736" "--user" "0:0" "--network" "none" "ghcr.io/rust-lang/crates-build-env/linux@sha256:2788e3201cd34a07e3172128adcd8b3090168a8e3bcc40d7c032b9dda1df7d1c" "/opt/rustwide/cargo-home/bin/cargo" "+1.75.0" "test" "--frozen" "--no-run" "--message-format=json", kill_on_drop: false }`
[INFO] [stdout] 3bd1b4cb382df75e24892cd05f5b9056db0d68fc674cb968abc5c004c9d5258c
[INFO] running `Command { std: "docker" "start" "-a" "3bd1b4cb382df75e24892cd05f5b9056db0d68fc674cb968abc5c004c9d5258c", kill_on_drop: false }`
[INFO] [stderr]    Compiling aoc_rust v0.1.0 (/opt/rustwide/workdir)
[INFO] [stderr]     Finished test [unoptimized + debuginfo] target(s) in 5.44s
[INFO] running `Command { std: "docker" "inspect" "3bd1b4cb382df75e24892cd05f5b9056db0d68fc674cb968abc5c004c9d5258c", kill_on_drop: false }`
[INFO] running `Command { std: "docker" "rm" "-f" "3bd1b4cb382df75e24892cd05f5b9056db0d68fc674cb968abc5c004c9d5258c", kill_on_drop: false }`
[INFO] [stdout] 3bd1b4cb382df75e24892cd05f5b9056db0d68fc674cb968abc5c004c9d5258c
[INFO] running `Command { std: "docker" "create" "-v" "/var/lib/crater-agent-workspace/builds/worker-6-tc1/target:/opt/rustwide/target:rw,Z" "-v" "/var/lib/crater-agent-workspace/builds/worker-6-tc1/source:/opt/rustwide/workdir:ro,Z" "-v" "/var/lib/crater-agent-workspace/cargo-home:/opt/rustwide/cargo-home:ro,Z" "-v" "/var/lib/crater-agent-workspace/rustup-home:/opt/rustwide/rustup-home:ro,Z" "-e" "SOURCE_DIR=/opt/rustwide/workdir" "-e" "CARGO_TARGET_DIR=/opt/rustwide/target" "-e" "CARGO_INCREMENTAL=0" "-e" "RUST_BACKTRACE=full" "-e" "RUSTFLAGS=--cap-lints=warn" "-e" "RUSTDOCFLAGS=--cap-lints=warn" "-e" "CARGO_HOME=/opt/rustwide/cargo-home" "-e" "RUSTUP_HOME=/opt/rustwide/rustup-home" "-w" "/opt/rustwide/workdir" "-m" "1610612736" "--user" "0:0" "--network" "none" "ghcr.io/rust-lang/crates-build-env/linux@sha256:2788e3201cd34a07e3172128adcd8b3090168a8e3bcc40d7c032b9dda1df7d1c" "/opt/rustwide/cargo-home/bin/cargo" "+1.75.0" "test" "--frozen", kill_on_drop: false }`
[INFO] [stdout] 93232ac24b85e277672a9034feb4f0051101fa7201287cfda48814d854a9d209
[INFO] running `Command { std: "docker" "start" "-a" "93232ac24b85e277672a9034feb4f0051101fa7201287cfda48814d854a9d209", kill_on_drop: false }`
[INFO] [stderr]     Finished test [unoptimized + debuginfo] target(s) in 0.21s
[INFO] [stderr]      Running unittests src/main.rs (/opt/rustwide/target/debug/deps/aoc_rust-ad6ede541845027b)
[INFO] [stdout] 
[INFO] [stdout] running 41 tests
[INFO] [stdout] test solutions::year_2023::day_11::test_first ... ok
[INFO] [stdout] test solutions::year_2023::day_10::test_first_2 ... ok
[INFO] [stdout] test solutions::year_2023::day_10::test_first_1 ... ok
[INFO] [stdout] test solutions::year_2023::day_13::test_first ... ok
[INFO] [stdout] test solutions::year_2023::day_10::test_second_3 ... FAILED
[INFO] [stdout] test solutions::year_2023::day_10::test_second_2 ... FAILED
[INFO] [stdout] test solutions::year_2023::day_10::test_second_4 ... FAILED
[INFO] [stdout] test solutions::year_2023::day_13::test_first_3 ... ok
[INFO] [stdout] test solutions::year_2023::day_14::test_first ... ok
[INFO] [stdout] test solutions::year_2023::day_10::test_second_1 ... FAILED
[INFO] [stdout] test solutions::year_2023::day_11::test_second ... FAILED
[INFO] [stdout] test solutions::year_2023::day_13::test_first_2 ... FAILED
[INFO] [stdout] test solutions::year_2023::day_13::test_first_4 ... ok
[INFO] [stdout] test solutions::year_2023::day_13::test_second ... ok
[INFO] [stdout] test solutions::year_2023::day_15::test_first ... ok
[INFO] [stdout] test solutions::year_2023::day_15::test_second ... ok
[INFO] [stdout] test solutions::year_2023::day_16::test_first ... ok
[INFO] [stdout] test solutions::year_2023::day_15::test_first_2 ... ok
[INFO] [stdout] test solutions::year_2023::day_2::test_first ... ok
[INFO] [stdout] test solutions::year_2023::day_2::test_second ... ok
[INFO] [stdout] test solutions::year_2023::day_1::test_second ... ok
[INFO] [stdout] test solutions::year_2023::day_3::test_second ... ok
[INFO] [stdout] test solutions::year_2023::day_3::test_first ... ok
[INFO] [stdout] test solutions::year_2023::day_4::test_first ... ok
[INFO] [stdout] test solutions::year_2023::day_1::test_first ... ok
[INFO] [stdout] test solutions::year_2023::day_4::test_second ... ok
[INFO] [stdout] test solutions::year_2023::day_5::test_first ... ok
[INFO] [stdout] test solutions::year_2023::day_6::test_first ... ok
[INFO] [stdout] test solutions::year_2023::day_7::test_first ... ok
[INFO] [stdout] test solutions::year_2023::day_5::test_second ... FAILED
[INFO] [stdout] test solutions::year_2023::day_7::test_second ... ok
[INFO] [stdout] test solutions::year_2023::day_16::test_second ... ok
[INFO] [stdout] test solutions::year_2023::day_8::test_first_2 ... ok
[INFO] [stdout] test solutions::year_2023::day_8::test_second ... ok
[INFO] [stdout] test solutions::year_2023::day_9::test_first ... ok
[INFO] [stdout] test solutions::year_2023::day_9::test_second ... ok
[INFO] [stdout] test solutions::year_2023::day_6::test_second ... ok
[INFO] [stdout] test solutions::year_2023::day_8::test_first_1 ... ok
[INFO] [stdout] test solutions::year_2023::day_14::test_second ... ok
[INFO] [stderr] error: test failed, to rerun pass `--bin aoc_rust`
[INFO] [stderr] 
[INFO] [stderr] Caused by:
[INFO] [stderr]   process didn't exit successfully: `/opt/rustwide/target/debug/deps/aoc_rust-ad6ede541845027b` (signal: 9, SIGKILL: kill)
[INFO] running `Command { std: "docker" "inspect" "93232ac24b85e277672a9034feb4f0051101fa7201287cfda48814d854a9d209", kill_on_drop: false }`
[INFO] running `Command { std: "docker" "rm" "-f" "93232ac24b85e277672a9034feb4f0051101fa7201287cfda48814d854a9d209", kill_on_drop: false }`
[INFO] [stdout] 93232ac24b85e277672a9034feb4f0051101fa7201287cfda48814d854a9d209
