[INFO] cloning repository https://github.com/duanjp8617/ringbuf
[INFO] running `Command { std: "git" "-c" "credential.helper=" "-c" "credential.helper=/workspace/cargo-home/bin/git-credential-null" "clone" "--bare" "https://github.com/duanjp8617/ringbuf" "/workspace/cache/git-repos/https%3A%2F%2Fgithub.com%2Fduanjp8617%2Fringbuf", kill_on_drop: false }`
[INFO] [stderr] Cloning into bare repository '/workspace/cache/git-repos/https%3A%2F%2Fgithub.com%2Fduanjp8617%2Fringbuf'...
[INFO] running `Command { std: "git" "rev-parse" "HEAD", kill_on_drop: false }`
[INFO] [stdout] 7da9bf2d7e1cb9f50d21d5540098fcfcd288897f
[INFO] testing duanjp8617/ringbuf against 1.75.0 for beta-1.76-1
[INFO] running `Command { std: "git" "clone" "/workspace/cache/git-repos/https%3A%2F%2Fgithub.com%2Fduanjp8617%2Fringbuf" "/workspace/builds/worker-3-tc1/source", kill_on_drop: false }`
[INFO] [stderr] Cloning into '/workspace/builds/worker-3-tc1/source'...
[INFO] [stderr] done.
[INFO] validating manifest of git repo https://github.com/duanjp8617/ringbuf on toolchain 1.75.0
[INFO] running `Command { std: CARGO_HOME="/workspace/cargo-home" RUSTUP_HOME="/workspace/rustup-home" "/workspace/cargo-home/bin/cargo" "+1.75.0" "metadata" "--manifest-path" "Cargo.toml" "--no-deps", kill_on_drop: false }`
[INFO] started tweaking git repo https://github.com/duanjp8617/ringbuf
[INFO] finished tweaking git repo https://github.com/duanjp8617/ringbuf
[INFO] tweaked toml for git repo https://github.com/duanjp8617/ringbuf written to /workspace/builds/worker-3-tc1/source/Cargo.toml
[INFO] crate git repo https://github.com/duanjp8617/ringbuf already has a lockfile, it will not be regenerated
[INFO] running `Command { std: CARGO_HOME="/workspace/cargo-home" RUSTUP_HOME="/workspace/rustup-home" "/workspace/cargo-home/bin/cargo" "+1.75.0" "fetch" "--manifest-path" "Cargo.toml", kill_on_drop: false }`
[INFO] running `Command { std: "docker" "create" "-v" "/var/lib/crater-agent-workspace/builds/worker-3-tc1/target:/opt/rustwide/target:rw,Z" "-v" "/var/lib/crater-agent-workspace/builds/worker-3-tc1/source:/opt/rustwide/workdir:ro,Z" "-v" "/var/lib/crater-agent-workspace/cargo-home:/opt/rustwide/cargo-home:ro,Z" "-v" "/var/lib/crater-agent-workspace/rustup-home:/opt/rustwide/rustup-home:ro,Z" "-e" "SOURCE_DIR=/opt/rustwide/workdir" "-e" "CARGO_TARGET_DIR=/opt/rustwide/target" "-e" "CARGO_HOME=/opt/rustwide/cargo-home" "-e" "RUSTUP_HOME=/opt/rustwide/rustup-home" "-w" "/opt/rustwide/workdir" "-m" "1610612736" "--user" "0:0" "--network" "none" "ghcr.io/rust-lang/crates-build-env/linux@sha256:2788e3201cd34a07e3172128adcd8b3090168a8e3bcc40d7c032b9dda1df7d1c" "/opt/rustwide/cargo-home/bin/cargo" "+1.75.0" "metadata" "--no-deps" "--format-version=1", kill_on_drop: false }`
[INFO] [stdout] 74002a01a42b32b92fac3203c21b195f90d79cc450ccd12d2912257973a0605a
[INFO] running `Command { std: "docker" "start" "-a" "74002a01a42b32b92fac3203c21b195f90d79cc450ccd12d2912257973a0605a", kill_on_drop: false }`
[INFO] running `Command { std: "docker" "inspect" "74002a01a42b32b92fac3203c21b195f90d79cc450ccd12d2912257973a0605a", kill_on_drop: false }`
[INFO] running `Command { std: "docker" "rm" "-f" "74002a01a42b32b92fac3203c21b195f90d79cc450ccd12d2912257973a0605a", kill_on_drop: false }`
[INFO] [stdout] 74002a01a42b32b92fac3203c21b195f90d79cc450ccd12d2912257973a0605a
[INFO] running `Command { std: "docker" "create" "-v" "/var/lib/crater-agent-workspace/builds/worker-3-tc1/target:/opt/rustwide/target:rw,Z" "-v" "/var/lib/crater-agent-workspace/builds/worker-3-tc1/source:/opt/rustwide/workdir:ro,Z" "-v" "/var/lib/crater-agent-workspace/cargo-home:/opt/rustwide/cargo-home:ro,Z" "-v" "/var/lib/crater-agent-workspace/rustup-home:/opt/rustwide/rustup-home:ro,Z" "-e" "SOURCE_DIR=/opt/rustwide/workdir" "-e" "CARGO_TARGET_DIR=/opt/rustwide/target" "-e" "CARGO_INCREMENTAL=0" "-e" "RUST_BACKTRACE=full" "-e" "RUSTFLAGS=--cap-lints=warn" "-e" "RUSTDOCFLAGS=--cap-lints=warn" "-e" "CARGO_HOME=/opt/rustwide/cargo-home" "-e" "RUSTUP_HOME=/opt/rustwide/rustup-home" "-w" "/opt/rustwide/workdir" "-m" "1610612736" "--user" "0:0" "--network" "none" "ghcr.io/rust-lang/crates-build-env/linux@sha256:2788e3201cd34a07e3172128adcd8b3090168a8e3bcc40d7c032b9dda1df7d1c" "/opt/rustwide/cargo-home/bin/cargo" "+1.75.0" "build" "--frozen" "--message-format=json", kill_on_drop: false }`
[INFO] [stdout] e41469e24a3af198655c7f7ffa9a0355c0c5c52234ef47ca229a1081e0c33033
[INFO] running `Command { std: "docker" "start" "-a" "e41469e24a3af198655c7f7ffa9a0355c0c5c52234ef47ca229a1081e0c33033", kill_on_drop: false }`
[INFO] [stderr]    Compiling lazy_static v1.4.0
[INFO] [stderr]    Compiling ringbuf v0.1.0 (/opt/rustwide/workdir)
[INFO] [stderr]     Finished dev [unoptimized + debuginfo] target(s) in 0.08s
[INFO] running `Command { std: "docker" "inspect" "e41469e24a3af198655c7f7ffa9a0355c0c5c52234ef47ca229a1081e0c33033", kill_on_drop: false }`
[INFO] running `Command { std: "docker" "rm" "-f" "e41469e24a3af198655c7f7ffa9a0355c0c5c52234ef47ca229a1081e0c33033", kill_on_drop: false }`
[INFO] [stdout] e41469e24a3af198655c7f7ffa9a0355c0c5c52234ef47ca229a1081e0c33033
[INFO] running `Command { std: "docker" "create" "-v" "/var/lib/crater-agent-workspace/builds/worker-3-tc1/target:/opt/rustwide/target:rw,Z" "-v" "/var/lib/crater-agent-workspace/builds/worker-3-tc1/source:/opt/rustwide/workdir:ro,Z" "-v" "/var/lib/crater-agent-workspace/cargo-home:/opt/rustwide/cargo-home:ro,Z" "-v" "/var/lib/crater-agent-workspace/rustup-home:/opt/rustwide/rustup-home:ro,Z" "-e" "SOURCE_DIR=/opt/rustwide/workdir" "-e" "CARGO_TARGET_DIR=/opt/rustwide/target" "-e" "CARGO_INCREMENTAL=0" "-e" "RUST_BACKTRACE=full" "-e" "RUSTFLAGS=--cap-lints=warn" "-e" "RUSTDOCFLAGS=--cap-lints=warn" "-e" "CARGO_HOME=/opt/rustwide/cargo-home" "-e" "RUSTUP_HOME=/opt/rustwide/rustup-home" "-w" "/opt/rustwide/workdir" "-m" "1610612736" "--user" "0:0" "--network" "none" "ghcr.io/rust-lang/crates-build-env/linux@sha256:2788e3201cd34a07e3172128adcd8b3090168a8e3bcc40d7c032b9dda1df7d1c" "/opt/rustwide/cargo-home/bin/cargo" "+1.75.0" "test" "--frozen" "--no-run" "--message-format=json", kill_on_drop: false }`
[INFO] [stdout] 4938d5b8890036e20007da0ebdb020932cacb6636b05152f5eeb439dfa46b080
[INFO] running `Command { std: "docker" "start" "-a" "4938d5b8890036e20007da0ebdb020932cacb6636b05152f5eeb439dfa46b080", kill_on_drop: false }`
[INFO] [stderr]    Compiling ringbuf v0.1.0 (/opt/rustwide/workdir)
[INFO] [stderr]     Finished test [unoptimized + debuginfo] target(s) in 0.45s
[INFO] running `Command { std: "docker" "inspect" "4938d5b8890036e20007da0ebdb020932cacb6636b05152f5eeb439dfa46b080", kill_on_drop: false }`
[INFO] running `Command { std: "docker" "rm" "-f" "4938d5b8890036e20007da0ebdb020932cacb6636b05152f5eeb439dfa46b080", kill_on_drop: false }`
[INFO] [stdout] 4938d5b8890036e20007da0ebdb020932cacb6636b05152f5eeb439dfa46b080
[INFO] running `Command { std: "docker" "create" "-v" "/var/lib/crater-agent-workspace/builds/worker-3-tc1/target:/opt/rustwide/target:rw,Z" "-v" "/var/lib/crater-agent-workspace/builds/worker-3-tc1/source:/opt/rustwide/workdir:ro,Z" "-v" "/var/lib/crater-agent-workspace/cargo-home:/opt/rustwide/cargo-home:ro,Z" "-v" "/var/lib/crater-agent-workspace/rustup-home:/opt/rustwide/rustup-home:ro,Z" "-e" "SOURCE_DIR=/opt/rustwide/workdir" "-e" "CARGO_TARGET_DIR=/opt/rustwide/target" "-e" "CARGO_INCREMENTAL=0" "-e" "RUST_BACKTRACE=full" "-e" "RUSTFLAGS=--cap-lints=warn" "-e" "RUSTDOCFLAGS=--cap-lints=warn" "-e" "CARGO_HOME=/opt/rustwide/cargo-home" "-e" "RUSTUP_HOME=/opt/rustwide/rustup-home" "-w" "/opt/rustwide/workdir" "-m" "1610612736" "--user" "0:0" "--network" "none" "ghcr.io/rust-lang/crates-build-env/linux@sha256:2788e3201cd34a07e3172128adcd8b3090168a8e3bcc40d7c032b9dda1df7d1c" "/opt/rustwide/cargo-home/bin/cargo" "+1.75.0" "test" "--frozen", kill_on_drop: false }`
[INFO] [stdout] 249c4f6aef0b618fd7f27821a4e0893e14ff9b584790eb37b1b36de71b2c3520
[INFO] running `Command { std: "docker" "start" "-a" "249c4f6aef0b618fd7f27821a4e0893e14ff9b584790eb37b1b36de71b2c3520", kill_on_drop: false }`
[INFO] [stderr]     Finished test [unoptimized + debuginfo] target(s) in 0.00s
[INFO] [stderr]      Running unittests src/lib.rs (/opt/rustwide/target/debug/deps/ringbuf-86bed2c15a9db4f3)
[INFO] [stdout] 
[INFO] [stdout] running 11 tests
[INFO] [stdout] test tests::cache_aligned ... ok
[INFO] [stdout] test tests::drop ... ok
[INFO] [stdout] test tests::batched_small_queue ... ok
[INFO] [stdout] test tests::capacity ... ok
[INFO] [stdout] test tests::zero_sized_batch ... ok
[INFO] [stdout] test tests::capacity_of_one - should panic ... ok
[INFO] [stdout] test tests::super_large_capacity - should panic ... ok
[INFO] [stdout] test tests::batched_two_threads ... ok
[INFO] [stdout] test tests::zero_sized_object ... ok
[INFO] [stdout] test tests::send_around ... ok
[INFO] [stdout] test tests::two_threads ... ok
[INFO] [stdout] 
[INFO] [stdout] test result: ok. 11 passed; 0 failed; 0 ignored; 0 measured; 0 filtered out; finished in 1.34s
[INFO] [stdout] 
[INFO] [stderr]    Doc-tests ringbuf
[INFO] [stdout] 
[INFO] [stdout] running 8 tests
[INFO] [stdout] test src/lib.rs - SyncRingBuf<T>::try_send (line 127) ... FAILED
[INFO] [stdout] test src/lib.rs - SyncRingBuf<T> (line 80) ... FAILED
[INFO] [stdout] test src/lib.rs - SyncRingBuf<T>::try_recv (line 244) ... FAILED
[INFO] [stdout] test src/lib.rs - Receiver (line 454) ... FAILED
[INFO] [stdout] test src/lib.rs - Sender (line 373) ... FAILED
[INFO] [stdout] test src/lib.rs - SyncRingBuf<T>::send_batch (line 187) ... FAILED
[INFO] [stdout] test src/lib.rs - SyncRingBuf (line 29) ... FAILED
[INFO] [stdout] test src/lib.rs - SyncRingBuf (line 40) ... FAILED
[INFO] [stdout] 
[INFO] [stdout] failures:
[INFO] [stdout] 
[INFO] [stdout] ---- src/lib.rs - SyncRingBuf<T>::try_send (line 127) stdout ----
[INFO] [stdout] error[E0433]: failed to resolve: use of undeclared type `SyncRingBuf`
[INFO] [stdout]  --> src/lib.rs:128:5
[INFO] [stdout]   |
[INFO] [stdout] 3 | use SyncRingBuf::lib::SyncRingBuf;
[INFO] [stdout]   |     ^^^^^^^^^^^ use of undeclared type `SyncRingBuf`
[INFO] [stdout] 
[INFO] [stdout] error: aborting due to previous error
[INFO] [stdout] 
[INFO] [stdout] For more information about this error, try `rustc --explain E0433`.
[INFO] [stdout] Couldn't compile the test.
[INFO] [stdout] ---- src/lib.rs - SyncRingBuf<T> (line 80) stdout ----
[INFO] [stdout] error[E0433]: failed to resolve: use of undeclared type `SyncRingBuf`
[INFO] [stdout]  --> src/lib.rs:81:5
[INFO] [stdout]   |
[INFO] [stdout] 3 | use SyncRingBuf::lib::SyncRingBuf;
[INFO] [stdout]   |     ^^^^^^^^^^^ use of undeclared type `SyncRingBuf`
[INFO] [stdout] 
[INFO] [stdout] error: aborting due to previous error
[INFO] [stdout] 
[INFO] [stdout] For more information about this error, try `rustc --explain E0433`.
[INFO] [stdout] Couldn't compile the test.
[INFO] [stdout] ---- src/lib.rs - SyncRingBuf<T>::try_recv (line 244) stdout ----
[INFO] [stdout] error[E0433]: failed to resolve: use of undeclared type `SyncRingBuf`
[INFO] [stdout]  --> src/lib.rs:245:5
[INFO] [stdout]   |
[INFO] [stdout] 3 | use SyncRingBuf::lib::SyncRingBuf;
[INFO] [stdout]   |     ^^^^^^^^^^^ use of undeclared type `SyncRingBuf`
[INFO] [stdout] 
[INFO] [stdout] error: aborting due to previous error
[INFO] [stdout] 
[INFO] [stdout] For more information about this error, try `rustc --explain E0433`.
[INFO] [stdout] Couldn't compile the test.
[INFO] [stdout] ---- src/lib.rs - Receiver (line 454) stdout ----
[INFO] [stdout] error: mismatched closing delimiter: `}`
[INFO] [stdout]   --> src/lib.rs:463:11
[INFO] [stdout]    |
[INFO] [stdout] 2  | fn main() { #[allow(non_snake_case)] fn _doctest_main_src_lib_rs_454_0() {
[INFO] [stdout]    |                                                                          - closing delimiter possibly meant for this
[INFO] [stdout] ...
[INFO] [stdout] 11 | assert_eq!(r.recv_batch(&mut batch, 0);
[INFO] [stdout]    |           ^ unclosed delimiter
[INFO] [stdout] 12 | } _doctest_main_src_lib_rs_454_0() }
[INFO] [stdout]    | ^ mismatched closing delimiter
[INFO] [stdout] 
[INFO] [stdout] error: aborting due to previous error
[INFO] [stdout] 
[INFO] [stdout] Couldn't compile the test.
[INFO] [stdout] ---- src/lib.rs - Sender (line 373) stdout ----
[INFO] [stdout] error[E0432]: unresolved import `SyncRingBuf`
[INFO] [stdout]  --> src/lib.rs:374:5
[INFO] [stdout]   |
[INFO] [stdout] 3 | use SyncRingBuf::lib;
[INFO] [stdout]   |     ^^^^^^^^^^^ use of undeclared type `SyncRingBuf`
[INFO] [stdout] 
[INFO] [stdout] error: cannot find macro `Vec` in this scope
[INFO] [stdout]   --> src/lib.rs:382:30
[INFO] [stdout]    |
[INFO] [stdout] 11 | assert_eq!(s.send_batch(&mut Vec!(2, 3)), 0);
[INFO] [stdout]    |                              ^^^ help: a macro with a similar name exists (notice the capitalization): `vec`
[INFO] [stdout]   --> /rustc/82e1608dfa6e0b5569232559e3d385fea5a93112/library/alloc/src/macros.rs:42:1
[INFO] [stdout]    |
[INFO] [stdout]    = note: similarly named macro `vec` defined here
[INFO] [stdout]    |
[INFO] [stdout]    = note: `Vec` is in scope, but it is a struct, not a macro
[INFO] [stdout] 
[INFO] [stdout] error: cannot find macro `Vec` in this scope
[INFO] [stdout]  --> src/lib.rs:379:30
[INFO] [stdout]   |
[INFO] [stdout] 8 | assert_eq!(s.send_batch(&mut Vec!(2, 3)), 2);
[INFO] [stdout]   |                              ^^^ help: a macro with a similar name exists (notice the capitalization): `vec`
[INFO] [stdout]  --> /rustc/82e1608dfa6e0b5569232559e3d385fea5a93112/library/alloc/src/macros.rs:42:1
[INFO] [stdout]   |
[INFO] [stdout]   = note: similarly named macro `vec` defined here
[INFO] [stdout]   |
[INFO] [stdout]   = note: `Vec` is in scope, but it is a struct, not a macro
[INFO] [stdout] 
[INFO] [stdout] error: aborting due to 3 previous errors
[INFO] [stdout] 
[INFO] [stdout] For more information about this error, try `rustc --explain E0432`.
[INFO] [stdout] Couldn't compile the test.
[INFO] [stdout] ---- src/lib.rs - SyncRingBuf<T>::send_batch (line 187) stdout ----
[INFO] [stdout] error[E0433]: failed to resolve: use of undeclared type `SyncRingBuf`
[INFO] [stdout]  --> src/lib.rs:188:5
[INFO] [stdout]   |
[INFO] [stdout] 3 | use SyncRingBuf::lib::SyncRingBuf;
[INFO] [stdout]   |     ^^^^^^^^^^^ use of undeclared type `SyncRingBuf`
[INFO] [stdout] 
[INFO] [stdout] error: cannot find macro `Vec` in this scope
[INFO] [stdout]  --> src/lib.rs:192:13
[INFO] [stdout]   |
[INFO] [stdout] 7 | let batch = Vec!(1, 2, 3, 4, 5).as_ptr();
[INFO] [stdout]   |             ^^^ help: a macro with a similar name exists (notice the capitalization): `vec`
[INFO] [stdout]  --> /rustc/82e1608dfa6e0b5569232559e3d385fea5a93112/library/alloc/src/macros.rs:42:1
[INFO] [stdout]   |
[INFO] [stdout]   = note: similarly named macro `vec` defined here
[INFO] [stdout]   |
[INFO] [stdout]   = note: `Vec` is in scope, but it is a struct, not a macro
[INFO] [stdout] 
[INFO] [stdout] error: aborting due to 2 previous errors
[INFO] [stdout] 
[INFO] [stdout] For more information about this error, try `rustc --explain E0433`.
[INFO] [stdout] Couldn't compile the test.
[INFO] [stdout] ---- src/lib.rs - SyncRingBuf (line 29) stdout ----
[INFO] [stdout] error[E0432]: unresolved import `SyncRingBuf`
[INFO] [stdout]  --> src/lib.rs:30:5
[INFO] [stdout]   |
[INFO] [stdout] 3 | use SyncRingBuf::lib;
[INFO] [stdout]   |     ^^^^^^^^^^^ use of undeclared type `SyncRingBuf`
[INFO] [stdout] 
[INFO] [stdout] error[E0433]: failed to resolve: use of undeclared type `SyncRingBuf`
[INFO] [stdout]  --> src/lib.rs:32:11
[INFO] [stdout]   |
[INFO] [stdout] 5 | let srb = SyncRingBuf::with_capacity_at_least(2);
[INFO] [stdout]   |           ^^^^^^^^^^^ use of undeclared type `SyncRingBuf`
[INFO] [stdout] 
[INFO] [stdout] error: aborting due to 2 previous errors
[INFO] [stdout] 
[INFO] [stdout] Some errors have detailed explanations: E0432, E0433.
[INFO] [stdout] For more information about an error, try `rustc --explain E0432`.
[INFO] [stdout] Couldn't compile the test.
[INFO] [stdout] ---- src/lib.rs - SyncRingBuf (line 40) stdout ----
[INFO] [stdout] error: unknown start of token: \u{ff01}
[INFO] [stdout]  --> src/lib.rs:44:20
[INFO] [stdout]   |
[INFO] [stdout] 6 | let data_send = Vec！(1, 2, 3).as_ptr();
[INFO] [stdout]   |                    ^^
[INFO] [stdout]   |
[INFO] [stdout] help: Unicode character '！' (Fullwidth Exclamation Mark) looks like '!' (Exclamation Mark), but it is not
[INFO] [stdout]   |
[INFO] [stdout] 6 | let data_send = Vec!(1, 2, 3).as_ptr();
[INFO] [stdout]   |                    ~
[INFO] [stdout] 
[INFO] [stdout] error[E0433]: failed to resolve: use of undeclared type `SyncRingBuf`
[INFO] [stdout]  --> src/lib.rs:41:5
[INFO] [stdout]   |
[INFO] [stdout] 3 | use SyncRingBuf::lib::SyncRingBuf;
[INFO] [stdout]   |     ^^^^^^^^^^^ use of undeclared type `SyncRingBuf`
[INFO] [stdout] 
[INFO] [stdout] error: cannot find macro `Vec` in this scope
[INFO] [stdout]  --> src/lib.rs:44:17
[INFO] [stdout]   |
[INFO] [stdout] 6 | let data_send = Vec！(1, 2, 3).as_ptr();
[INFO] [stdout]   |                 ^^^ help: a macro with a similar name exists (notice the capitalization): `vec`
[INFO] [stdout]  --> /rustc/82e1608dfa6e0b5569232559e3d385fea5a93112/library/alloc/src/macros.rs:42:1
[INFO] [stdout]   |
[INFO] [stdout]   = note: similarly named macro `vec` defined here
[INFO] [stdout]   |
[INFO] [stdout]   = note: `Vec` is in scope, but it is a struct, not a macro
[INFO] [stdout] 
[INFO] [stdout] error: cannot find macro `Vec` in this scope
[INFO] [stdout]   --> src/lib.rs:51:27
[INFO] [stdout]    |
[INFO] [stdout] 13 |     assert_eq!(data_recv, Vec!(1, 2, 3).as_mut_ptr());
[INFO] [stdout]    |                           ^^^ help: a macro with a similar name exists (notice the capitalization): `vec`
[INFO] [stdout]   --> /rustc/82e1608dfa6e0b5569232559e3d385fea5a93112/library/alloc/src/macros.rs:42:1
[INFO] [stdout]    |
[INFO] [stdout]    = note: similarly named macro `vec` defined here
[INFO] [stdout]    |
[INFO] [stdout]    = note: `Vec` is in scope, but it is a struct, not a macro
[INFO] [stdout] 
[INFO] [stdout] error[E0061]: this function takes 1 argument but 0 arguments were supplied
[INFO] [stdout]  --> src/lib.rs:45:18
[INFO] [stdout]   |
[INFO] [stdout] 7 | let data_recv  = Vec::with_capacity().as_mut_ptr();
[INFO] [stdout]   |                  ^^^^^^^^^^^^^^^^^^-- an argument of type `usize` is missing
[INFO] [stdout]   |
[INFO] [stdout] note: associated function defined here
[INFO] [stdout]  --> /rustc/82e1608dfa6e0b5569232559e3d385fea5a93112/library/alloc/src/vec/mod.rs:478:12
[INFO] [stdout] help: provide the argument
[INFO] [stdout]   |
[INFO] [stdout] 7 | let data_recv  = Vec::with_capacity(/* usize */).as_mut_ptr();
[INFO] [stdout]   |                                    ~~~~~~~~~~~~~
[INFO] [stdout] 
[INFO] [stdout] error: aborting due to 5 previous errors
[INFO] [stdout] 
[INFO] [stdout] Some errors have detailed explanations: E0061, E0433.
[INFO] [stdout] For more information about an error, try `rustc --explain E0061`.
[INFO] [stdout] Couldn't compile the test.
[INFO] [stdout] 
[INFO] [stdout] failures:
[INFO] [stdout]     src/lib.rs - Receiver (line 454)
[INFO] [stdout]     src/lib.rs - Sender (line 373)
[INFO] [stdout]     src/lib.rs - SyncRingBuf (line 29)
[INFO] [stdout]     src/lib.rs - SyncRingBuf (line 40)
[INFO] [stdout]     src/lib.rs - SyncRingBuf<T> (line 80)
[INFO] [stdout]     src/lib.rs - SyncRingBuf<T>::send_batch (line 187)
[INFO] [stdout]     src/lib.rs - SyncRingBuf<T>::try_recv (line 244)
[INFO] [stdout]     src/lib.rs - SyncRingBuf<T>::try_send (line 127)
[INFO] [stdout] 
[INFO] [stdout] test result: FAILED. 0 passed; 8 failed; 0 ignored; 0 measured; 0 filtered out; finished in 0.07s
[INFO] [stdout] 
[INFO] [stderr] error: doctest failed, to rerun pass `--doc`
[INFO] running `Command { std: "docker" "inspect" "249c4f6aef0b618fd7f27821a4e0893e14ff9b584790eb37b1b36de71b2c3520", kill_on_drop: false }`
[INFO] running `Command { std: "docker" "rm" "-f" "249c4f6aef0b618fd7f27821a4e0893e14ff9b584790eb37b1b36de71b2c3520", kill_on_drop: false }`
[INFO] [stdout] 249c4f6aef0b618fd7f27821a4e0893e14ff9b584790eb37b1b36de71b2c3520
[INFO] testing duanjp8617/ringbuf against beta-2023-12-22 for beta-1.76-1
[INFO] running `Command { std: "git" "clone" "/workspace/cache/git-repos/https%3A%2F%2Fgithub.com%2Fduanjp8617%2Fringbuf" "/workspace/builds/worker-3-tc2/source", kill_on_drop: false }`
[INFO] [stderr] Cloning into '/workspace/builds/worker-3-tc2/source'...
[INFO] [stderr] done.
[INFO] validating manifest of git repo https://github.com/duanjp8617/ringbuf on toolchain beta-2023-12-22
[INFO] running `Command { std: CARGO_HOME="/workspace/cargo-home" RUSTUP_HOME="/workspace/rustup-home" "/workspace/cargo-home/bin/cargo" "+beta-2023-12-22" "metadata" "--manifest-path" "Cargo.toml" "--no-deps", kill_on_drop: false }`
[INFO] started tweaking git repo https://github.com/duanjp8617/ringbuf
[INFO] finished tweaking git repo https://github.com/duanjp8617/ringbuf
[INFO] tweaked toml for git repo https://github.com/duanjp8617/ringbuf written to /workspace/builds/worker-3-tc2/source/Cargo.toml
[INFO] crate git repo https://github.com/duanjp8617/ringbuf already has a lockfile, it will not be regenerated
[INFO] running `Command { std: CARGO_HOME="/workspace/cargo-home" RUSTUP_HOME="/workspace/rustup-home" "/workspace/cargo-home/bin/cargo" "+beta-2023-12-22" "fetch" "--manifest-path" "Cargo.toml", kill_on_drop: false }`
[INFO] running `Command { std: "docker" "create" "-v" "/var/lib/crater-agent-workspace/builds/worker-3-tc2/target:/opt/rustwide/target:rw,Z" "-v" "/var/lib/crater-agent-workspace/builds/worker-3-tc2/source:/opt/rustwide/workdir:ro,Z" "-v" "/var/lib/crater-agent-workspace/cargo-home:/opt/rustwide/cargo-home:ro,Z" "-v" "/var/lib/crater-agent-workspace/rustup-home:/opt/rustwide/rustup-home:ro,Z" "-e" "SOURCE_DIR=/opt/rustwide/workdir" "-e" "CARGO_TARGET_DIR=/opt/rustwide/target" "-e" "CARGO_HOME=/opt/rustwide/cargo-home" "-e" "RUSTUP_HOME=/opt/rustwide/rustup-home" "-w" "/opt/rustwide/workdir" "-m" "1610612736" "--user" "0:0" "--network" "none" "ghcr.io/rust-lang/crates-build-env/linux@sha256:2788e3201cd34a07e3172128adcd8b3090168a8e3bcc40d7c032b9dda1df7d1c" "/opt/rustwide/cargo-home/bin/cargo" "+beta-2023-12-22" "metadata" "--no-deps" "--format-version=1", kill_on_drop: false }`
[INFO] [stdout] 4b290ff7976712f8a6f9bb54dfb42cacacab6739b6e8462a5d19287592d1056c
[INFO] running `Command { std: "docker" "start" "-a" "4b290ff7976712f8a6f9bb54dfb42cacacab6739b6e8462a5d19287592d1056c", kill_on_drop: false }`
[INFO] running `Command { std: "docker" "inspect" "4b290ff7976712f8a6f9bb54dfb42cacacab6739b6e8462a5d19287592d1056c", kill_on_drop: false }`
[INFO] running `Command { std: "docker" "rm" "-f" "4b290ff7976712f8a6f9bb54dfb42cacacab6739b6e8462a5d19287592d1056c", kill_on_drop: false }`
[INFO] [stdout] 4b290ff7976712f8a6f9bb54dfb42cacacab6739b6e8462a5d19287592d1056c
[INFO] running `Command { std: "docker" "create" "-v" "/var/lib/crater-agent-workspace/builds/worker-3-tc2/target:/opt/rustwide/target:rw,Z" "-v" "/var/lib/crater-agent-workspace/builds/worker-3-tc2/source:/opt/rustwide/workdir:ro,Z" "-v" "/var/lib/crater-agent-workspace/cargo-home:/opt/rustwide/cargo-home:ro,Z" "-v" "/var/lib/crater-agent-workspace/rustup-home:/opt/rustwide/rustup-home:ro,Z" "-e" "SOURCE_DIR=/opt/rustwide/workdir" "-e" "CARGO_TARGET_DIR=/opt/rustwide/target" "-e" "CARGO_INCREMENTAL=0" "-e" "RUST_BACKTRACE=full" "-e" "RUSTFLAGS=--cap-lints=warn" "-e" "RUSTDOCFLAGS=--cap-lints=warn" "-e" "CARGO_HOME=/opt/rustwide/cargo-home" "-e" "RUSTUP_HOME=/opt/rustwide/rustup-home" "-w" "/opt/rustwide/workdir" "-m" "1610612736" "--user" "0:0" "--network" "none" "ghcr.io/rust-lang/crates-build-env/linux@sha256:2788e3201cd34a07e3172128adcd8b3090168a8e3bcc40d7c032b9dda1df7d1c" "/opt/rustwide/cargo-home/bin/cargo" "+beta-2023-12-22" "build" "--frozen" "--message-format=json", kill_on_drop: false }`
[INFO] [stdout] 10fc8e750de0195f130bd4f586e811eaf6ff47437b392e10f3579e51b6b204db
[INFO] running `Command { std: "docker" "start" "-a" "10fc8e750de0195f130bd4f586e811eaf6ff47437b392e10f3579e51b6b204db", kill_on_drop: false }`
[INFO] [stderr]    Compiling lazy_static v1.4.0
[INFO] [stderr]    Compiling ringbuf v0.1.0 (/opt/rustwide/workdir)
[INFO] [stderr]     Finished dev [unoptimized + debuginfo] target(s) in 0.08s
[INFO] running `Command { std: "docker" "inspect" "10fc8e750de0195f130bd4f586e811eaf6ff47437b392e10f3579e51b6b204db", kill_on_drop: false }`
[INFO] running `Command { std: "docker" "rm" "-f" "10fc8e750de0195f130bd4f586e811eaf6ff47437b392e10f3579e51b6b204db", kill_on_drop: false }`
[INFO] [stdout] 10fc8e750de0195f130bd4f586e811eaf6ff47437b392e10f3579e51b6b204db
[INFO] running `Command { std: "docker" "create" "-v" "/var/lib/crater-agent-workspace/builds/worker-3-tc2/target:/opt/rustwide/target:rw,Z" "-v" "/var/lib/crater-agent-workspace/builds/worker-3-tc2/source:/opt/rustwide/workdir:ro,Z" "-v" "/var/lib/crater-agent-workspace/cargo-home:/opt/rustwide/cargo-home:ro,Z" "-v" "/var/lib/crater-agent-workspace/rustup-home:/opt/rustwide/rustup-home:ro,Z" "-e" "SOURCE_DIR=/opt/rustwide/workdir" "-e" "CARGO_TARGET_DIR=/opt/rustwide/target" "-e" "CARGO_INCREMENTAL=0" "-e" "RUST_BACKTRACE=full" "-e" "RUSTFLAGS=--cap-lints=warn" "-e" "RUSTDOCFLAGS=--cap-lints=warn" "-e" "CARGO_HOME=/opt/rustwide/cargo-home" "-e" "RUSTUP_HOME=/opt/rustwide/rustup-home" "-w" "/opt/rustwide/workdir" "-m" "1610612736" "--user" "0:0" "--network" "none" "ghcr.io/rust-lang/crates-build-env/linux@sha256:2788e3201cd34a07e3172128adcd8b3090168a8e3bcc40d7c032b9dda1df7d1c" "/opt/rustwide/cargo-home/bin/cargo" "+beta-2023-12-22" "test" "--frozen" "--no-run" "--message-format=json", kill_on_drop: false }`
[INFO] [stdout] 7ce7cd9e4899847e552297220c292fc90282d195e8e29c600f0f707a73d4e5c2
[INFO] running `Command { std: "docker" "start" "-a" "7ce7cd9e4899847e552297220c292fc90282d195e8e29c600f0f707a73d4e5c2", kill_on_drop: false }`
[INFO] [stderr]    Compiling ringbuf v0.1.0 (/opt/rustwide/workdir)
[INFO] [stderr]     Finished test [unoptimized + debuginfo] target(s) in 0.42s
[INFO] running `Command { std: "docker" "inspect" "7ce7cd9e4899847e552297220c292fc90282d195e8e29c600f0f707a73d4e5c2", kill_on_drop: false }`
[INFO] running `Command { std: "docker" "rm" "-f" "7ce7cd9e4899847e552297220c292fc90282d195e8e29c600f0f707a73d4e5c2", kill_on_drop: false }`
[INFO] [stdout] 7ce7cd9e4899847e552297220c292fc90282d195e8e29c600f0f707a73d4e5c2
[INFO] running `Command { std: "docker" "create" "-v" "/var/lib/crater-agent-workspace/builds/worker-3-tc2/target:/opt/rustwide/target:rw,Z" "-v" "/var/lib/crater-agent-workspace/builds/worker-3-tc2/source:/opt/rustwide/workdir:ro,Z" "-v" "/var/lib/crater-agent-workspace/cargo-home:/opt/rustwide/cargo-home:ro,Z" "-v" "/var/lib/crater-agent-workspace/rustup-home:/opt/rustwide/rustup-home:ro,Z" "-e" "SOURCE_DIR=/opt/rustwide/workdir" "-e" "CARGO_TARGET_DIR=/opt/rustwide/target" "-e" "CARGO_INCREMENTAL=0" "-e" "RUST_BACKTRACE=full" "-e" "RUSTFLAGS=--cap-lints=warn" "-e" "RUSTDOCFLAGS=--cap-lints=warn" "-e" "CARGO_HOME=/opt/rustwide/cargo-home" "-e" "RUSTUP_HOME=/opt/rustwide/rustup-home" "-w" "/opt/rustwide/workdir" "-m" "1610612736" "--user" "0:0" "--network" "none" "ghcr.io/rust-lang/crates-build-env/linux@sha256:2788e3201cd34a07e3172128adcd8b3090168a8e3bcc40d7c032b9dda1df7d1c" "/opt/rustwide/cargo-home/bin/cargo" "+beta-2023-12-22" "test" "--frozen", kill_on_drop: false }`
[INFO] [stdout] 54f04de53261ae8272c79f6a20f5aaf7d519f4c9e1cc06010b9c7e92b20f80e9
[INFO] running `Command { std: "docker" "start" "-a" "54f04de53261ae8272c79f6a20f5aaf7d519f4c9e1cc06010b9c7e92b20f80e9", kill_on_drop: false }`
[INFO] [stderr]     Finished test [unoptimized + debuginfo] target(s) in 0.00s
[INFO] [stderr]      Running unittests src/lib.rs (/opt/rustwide/target/debug/deps/ringbuf-96dd504062d25ecc)
[INFO] [stdout] 
[INFO] [stdout] running 11 tests
[INFO] [stdout] test tests::capacity ... ok
[INFO] [stdout] test tests::cache_aligned ... ok
[INFO] [stdout] test tests::batched_small_queue ... ok
[INFO] [stdout] test tests::drop ... ok
[INFO] [stdout] test tests::zero_sized_batch ... ok
[INFO] [stdout] test tests::capacity_of_one - should panic ... ok
[INFO] [stdout] test tests::super_large_capacity - should panic ... ok
[INFO] [stdout] test tests::batched_two_threads ... ok
[INFO] [stdout] test tests::zero_sized_object ... ok
[INFO] [stdout] test tests::send_around ... ok
[INFO] [stdout] test tests::two_threads ... ok
[INFO] [stdout] 
[INFO] [stdout] test result: ok. 11 passed; 0 failed; 0 ignored; 0 measured; 0 filtered out; finished in 1.61s
[INFO] [stdout] 
[INFO] [stderr]    Doc-tests ringbuf
[INFO] [stdout] 
[INFO] [stdout] running 8 tests
[INFO] [stdout] test src/lib.rs - SyncRingBuf<T>::try_send (line 127) ... FAILED
[INFO] [stdout] test src/lib.rs - SyncRingBuf<T>::try_recv (line 244) ... FAILED
[INFO] [stdout] test src/lib.rs - SyncRingBuf<T> (line 80) ... FAILED
[INFO] [stdout] test src/lib.rs - Receiver (line 454) ... FAILED
[INFO] [stdout] test src/lib.rs - SyncRingBuf (line 29) ... FAILED
[INFO] [stdout] test src/lib.rs - Sender (line 373) ... FAILED
[INFO] [stdout] test src/lib.rs - SyncRingBuf (line 40) ... FAILED
[INFO] [stdout] test src/lib.rs - SyncRingBuf<T>::send_batch (line 187) ... FAILED
[INFO] [stdout] 
[INFO] [stdout] failures:
[INFO] [stdout] 
[INFO] [stdout] ---- src/lib.rs - SyncRingBuf<T>::try_send (line 127) stdout ----
[INFO] [stdout] error[E0433]: failed to resolve: use of undeclared type `SyncRingBuf`
[INFO] [stdout]  --> src/lib.rs:128:5
[INFO] [stdout]   |
[INFO] [stdout] 3 | use SyncRingBuf::lib::SyncRingBuf;
[INFO] [stdout]   |     ^^^^^^^^^^^ use of undeclared type `SyncRingBuf`
[INFO] [stdout] 
[INFO] [stdout] error: aborting due to 1 previous error
[INFO] [stdout] 
[INFO] [stdout] For more information about this error, try `rustc --explain E0433`.
[INFO] [stdout] Couldn't compile the test.
[INFO] [stdout] ---- src/lib.rs - SyncRingBuf<T>::try_recv (line 244) stdout ----
[INFO] [stdout] error[E0433]: failed to resolve: use of undeclared type `SyncRingBuf`
[INFO] [stdout]  --> src/lib.rs:245:5
[INFO] [stdout]   |
[INFO] [stdout] 3 | use SyncRingBuf::lib::SyncRingBuf;
[INFO] [stdout]   |     ^^^^^^^^^^^ use of undeclared type `SyncRingBuf`
[INFO] [stdout] 
[INFO] [stdout] error: aborting due to 1 previous error
[INFO] [stdout] 
[INFO] [stdout] For more information about this error, try `rustc --explain E0433`.
[INFO] [stdout] Couldn't compile the test.
[INFO] [stdout] ---- src/lib.rs - SyncRingBuf<T> (line 80) stdout ----
[INFO] [stdout] error[E0433]: failed to resolve: use of undeclared type `SyncRingBuf`
[INFO] [stdout]  --> src/lib.rs:81:5
[INFO] [stdout]   |
[INFO] [stdout] 3 | use SyncRingBuf::lib::SyncRingBuf;
[INFO] [stdout]   |     ^^^^^^^^^^^ use of undeclared type `SyncRingBuf`
[INFO] [stdout] 
[INFO] [stdout] error: aborting due to 1 previous error
[INFO] [stdout] 
[INFO] [stdout] For more information about this error, try `rustc --explain E0433`.
[INFO] [stdout] Couldn't compile the test.
[INFO] [stdout] ---- src/lib.rs - Receiver (line 454) stdout ----
[INFO] [stdout] error: mismatched closing delimiter: `}`
[INFO] [stdout]   --> src/lib.rs:463:11
[INFO] [stdout]    |
[INFO] [stdout] 2  | fn main() { #[allow(non_snake_case)] fn _doctest_main_src_lib_rs_454_0() {
[INFO] [stdout]    |                                                                          - closing delimiter possibly meant for this
[INFO] [stdout] ...
[INFO] [stdout] 11 | assert_eq!(r.recv_batch(&mut batch, 0);
[INFO] [stdout]    |           ^ unclosed delimiter
[INFO] [stdout] 12 | } _doctest_main_src_lib_rs_454_0() }
[INFO] [stdout]    | ^ mismatched closing delimiter
[INFO] [stdout] 
[INFO] [stdout] error: aborting due to 1 previous error
[INFO] [stdout] 
[INFO] [stdout] Couldn't compile the test.
[INFO] [stdout] ---- src/lib.rs - SyncRingBuf (line 29) stdout ----
[INFO] [stdout] error[E0432]: unresolved import `SyncRingBuf`
[INFO] [stdout]  --> src/lib.rs:30:5
[INFO] [stdout]   |
[INFO] [stdout] 3 | use SyncRingBuf::lib;
[INFO] [stdout]   |     ^^^^^^^^^^^ use of undeclared type `SyncRingBuf`
[INFO] [stdout] 
[INFO] [stdout] error[E0433]: failed to resolve: use of undeclared type `SyncRingBuf`
[INFO] [stdout]  --> src/lib.rs:32:11
[INFO] [stdout]   |
[INFO] [stdout] 5 | let srb = SyncRingBuf::with_capacity_at_least(2);
[INFO] [stdout]   |           ^^^^^^^^^^^ use of undeclared type `SyncRingBuf`
[INFO] [stdout] 
[INFO] [stdout] error: aborting due to 2 previous errors
[INFO] [stdout] 
[INFO] [stdout] Some errors have detailed explanations: E0432, E0433.
[INFO] [stdout] For more information about an error, try `rustc --explain E0432`.
[INFO] [stdout] Couldn't compile the test.
[INFO] [stdout] ---- src/lib.rs - Sender (line 373) stdout ----
[INFO] [stdout] error[E0432]: unresolved import `SyncRingBuf`
[INFO] [stdout]  --> src/lib.rs:374:5
[INFO] [stdout]   |
[INFO] [stdout] 3 | use SyncRingBuf::lib;
[INFO] [stdout]   |     ^^^^^^^^^^^ use of undeclared type `SyncRingBuf`
[INFO] [stdout] 
[INFO] [stdout] error: cannot find macro `Vec` in this scope
[INFO] [stdout]   --> src/lib.rs:382:30
[INFO] [stdout]    |
[INFO] [stdout] 11 | assert_eq!(s.send_batch(&mut Vec!(2, 3)), 0);
[INFO] [stdout]    |                              ^^^ help: a macro with a similar name exists (notice the capitalization): `vec`
[INFO] [stdout]   --> /rustc/0e09125c6c3c2fd70d7de961bcf0e51575235fad/library/alloc/src/macros.rs:42:1
[INFO] [stdout]    |
[INFO] [stdout]    = note: similarly named macro `vec` defined here
[INFO] [stdout]    |
[INFO] [stdout]    = note: `Vec` is in scope, but it is a struct, not a macro
[INFO] [stdout] 
[INFO] [stdout] error: cannot find macro `Vec` in this scope
[INFO] [stdout]  --> src/lib.rs:379:30
[INFO] [stdout]   |
[INFO] [stdout] 8 | assert_eq!(s.send_batch(&mut Vec!(2, 3)), 2);
[INFO] [stdout]   |                              ^^^ help: a macro with a similar name exists (notice the capitalization): `vec`
[INFO] [stdout]  --> /rustc/0e09125c6c3c2fd70d7de961bcf0e51575235fad/library/alloc/src/macros.rs:42:1
[INFO] [stdout]   |
[INFO] [stdout]   = note: similarly named macro `vec` defined here
[INFO] [stdout]   |
[INFO] [stdout]   = note: `Vec` is in scope, but it is a struct, not a macro
[INFO] [stdout] 
[INFO] [stdout] error: aborting due to 3 previous errors
[INFO] [stdout] 
[INFO] [stdout] For more information about this error, try `rustc --explain E0432`.
[INFO] [stdout] Couldn't compile the test.
[INFO] [stdout] ---- src/lib.rs - SyncRingBuf (line 40) stdout ----
[INFO] [stdout] error: unknown start of token: \u{ff01}
[INFO] [stdout]  --> src/lib.rs:44:20
[INFO] [stdout]   |
[INFO] [stdout] 6 | let data_send = Vec！(1, 2, 3).as_ptr();
[INFO] [stdout]   |                    ^^
[INFO] [stdout]   |
[INFO] [stdout] help: Unicode character '！' (Fullwidth Exclamation Mark) looks like '!' (Exclamation Mark), but it is not
[INFO] [stdout]   |
[INFO] [stdout] 6 | let data_send = Vec!(1, 2, 3).as_ptr();
[INFO] [stdout]   |                    ~
[INFO] [stdout] 
[INFO] [stdout] error[E0433]: failed to resolve: use of undeclared type `SyncRingBuf`
[INFO] [stdout]  --> src/lib.rs:41:5
[INFO] [stdout]   |
[INFO] [stdout] 3 | use SyncRingBuf::lib::SyncRingBuf;
[INFO] [stdout]   |     ^^^^^^^^^^^ use of undeclared type `SyncRingBuf`
[INFO] [stdout] 
[INFO] [stdout] error: cannot find macro `Vec` in this scope
[INFO] [stdout]  --> src/lib.rs:44:17
[INFO] [stdout]   |
[INFO] [stdout] 6 | let data_send = Vec！(1, 2, 3).as_ptr();
[INFO] [stdout]   |                 ^^^ help: a macro with a similar name exists (notice the capitalization): `vec`
[INFO] [stdout]  --> /rustc/0e09125c6c3c2fd70d7de961bcf0e51575235fad/library/alloc/src/macros.rs:42:1
[INFO] [stdout]   |
[INFO] [stdout]   = note: similarly named macro `vec` defined here
[INFO] [stdout]   |
[INFO] [stdout]   = note: `Vec` is in scope, but it is a struct, not a macro
[INFO] [stdout] 
[INFO] [stdout] error: cannot find macro `Vec` in this scope
[INFO] [stdout]   --> src/lib.rs:51:27
[INFO] [stdout]    |
[INFO] [stdout] 13 |     assert_eq!(data_recv, Vec!(1, 2, 3).as_mut_ptr());
[INFO] [stdout]    |                           ^^^ help: a macro with a similar name exists (notice the capitalization): `vec`
[INFO] [stdout]   --> /rustc/0e09125c6c3c2fd70d7de961bcf0e51575235fad/library/alloc/src/macros.rs:42:1
[INFO] [stdout]    |
[INFO] [stdout]    = note: similarly named macro `vec` defined here
[INFO] [stdout]    |
[INFO] [stdout]    = note: `Vec` is in scope, but it is a struct, not a macro
[INFO] [stdout] 
[INFO] [stdout] error[E0061]: this function takes 1 argument but 0 arguments were supplied
[INFO] [stdout]  --> src/lib.rs:45:18
[INFO] [stdout]   |
[INFO] [stdout] 7 | let data_recv  = Vec::with_capacity().as_mut_ptr();
[INFO] [stdout]   |                  ^^^^^^^^^^^^^^^^^^-- an argument of type `usize` is missing
[INFO] [stdout]   |
[INFO] [stdout] note: associated function defined here
[INFO] [stdout]  --> /rustc/0e09125c6c3c2fd70d7de961bcf0e51575235fad/library/alloc/src/vec/mod.rs:480:12
[INFO] [stdout] help: provide the argument
[INFO] [stdout]   |
[INFO] [stdout] 7 | let data_recv  = Vec::with_capacity(/* usize */).as_mut_ptr();
[INFO] [stdout]   |                                    ~~~~~~~~~~~~~
[INFO] [stdout] 
[INFO] [stdout] error: aborting due to 5 previous errors
[INFO] [stdout] 
[INFO] [stdout] Some errors have detailed explanations: E0061, E0433.
[INFO] [stdout] For more information about an error, try `rustc --explain E0061`.
[INFO] [stdout] Couldn't compile the test.
[INFO] [stdout] ---- src/lib.rs - SyncRingBuf<T>::send_batch (line 187) stdout ----
[INFO] [stdout] error[E0433]: failed to resolve: use of undeclared type `SyncRingBuf`
[INFO] [stdout]  --> src/lib.rs:188:5
[INFO] [stdout]   |
[INFO] [stdout] 3 | use SyncRingBuf::lib::SyncRingBuf;
[INFO] [stdout]   |     ^^^^^^^^^^^ use of undeclared type `SyncRingBuf`
[INFO] [stdout] 
[INFO] [stdout] error: cannot find macro `Vec` in this scope
[INFO] [stdout]  --> src/lib.rs:192:13
[INFO] [stdout]   |
[INFO] [stdout] 7 | let batch = Vec!(1, 2, 3, 4, 5).as_ptr();
[INFO] [stdout]   |             ^^^ help: a macro with a similar name exists (notice the capitalization): `vec`
[INFO] [stdout]  --> /rustc/0e09125c6c3c2fd70d7de961bcf0e51575235fad/library/alloc/src/macros.rs:42:1
[INFO] [stdout]   |
[INFO] [stdout]   = note: similarly named macro `vec` defined here
[INFO] [stdout]   |
[INFO] [stdout]   = note: `Vec` is in scope, but it is a struct, not a macro
[INFO] [stdout] 
[INFO] [stdout] error: aborting due to 2 previous errors
[INFO] [stdout] 
[INFO] [stdout] For more information about this error, try `rustc --explain E0433`.
[INFO] [stdout] Couldn't compile the test.
[INFO] [stdout] 
[INFO] [stdout] failures:
[INFO] [stdout]     src/lib.rs - Receiver (line 454)
[INFO] [stdout]     src/lib.rs - Sender (line 373)
[INFO] [stdout]     src/lib.rs - SyncRingBuf (line 29)
[INFO] [stdout]     src/lib.rs - SyncRingBuf (line 40)
[INFO] [stdout]     src/lib.rs - SyncRingBuf<T> (line 80)
[INFO] [stdout]     src/lib.rs - SyncRingBuf<T>::send_batch (line 187)
[INFO] [stdout]     src/lib.rs - SyncRingBuf<T>::try_recv (line 244)
[INFO] [stdout]     src/lib.rs - SyncRingBuf<T>::try_send (line 127)
[INFO] [stdout] 
[INFO] [stdout] test result: FAILED. 0 passed; 8 failed; 0 ignored; 0 measured; 0 filtered out; finished in 0.05s
[INFO] [stdout] 
[INFO] [stderr] error: doctest failed, to rerun pass `--doc`
[INFO] running `Command { std: "docker" "inspect" "54f04de53261ae8272c79f6a20f5aaf7d519f4c9e1cc06010b9c7e92b20f80e9", kill_on_drop: false }`
[INFO] running `Command { std: "docker" "rm" "-f" "54f04de53261ae8272c79f6a20f5aaf7d519f4c9e1cc06010b9c7e92b20f80e9", kill_on_drop: false }`
[INFO] [stdout] 54f04de53261ae8272c79f6a20f5aaf7d519f4c9e1cc06010b9c7e92b20f80e9
