[INFO] cloning repository https://github.com/dswd/vpncloud.rs
[INFO] running `Command { std: "git" "-c" "credential.helper=" "-c" "credential.helper=/workspace/cargo-home/bin/git-credential-null" "clone" "--bare" "https://github.com/dswd/vpncloud.rs" "/workspace/cache/git-repos/https%3A%2F%2Fgithub.com%2Fdswd%2Fvpncloud.rs", kill_on_drop: false }`
[INFO] [stderr] Cloning into bare repository '/workspace/cache/git-repos/https%3A%2F%2Fgithub.com%2Fdswd%2Fvpncloud.rs'...
[INFO] running `Command { std: "git" "rev-parse" "HEAD", kill_on_drop: false }`
[INFO] [stdout] 5eeb125d747ee979d4a21fbdac68a57887ae92ae
[INFO] testing dswd/vpncloud.rs against 1.75.0 for beta-1.76-1
[INFO] running `Command { std: "git" "clone" "/workspace/cache/git-repos/https%3A%2F%2Fgithub.com%2Fdswd%2Fvpncloud.rs" "/workspace/builds/worker-4-tc1/source", kill_on_drop: false }`
[INFO] [stderr] Cloning into '/workspace/builds/worker-4-tc1/source'...
[INFO] [stderr] done.
[INFO] validating manifest of git repo https://github.com/dswd/vpncloud.rs on toolchain 1.75.0
[INFO] running `Command { std: CARGO_HOME="/workspace/cargo-home" RUSTUP_HOME="/workspace/rustup-home" "/workspace/cargo-home/bin/cargo" "+1.75.0" "metadata" "--manifest-path" "Cargo.toml" "--no-deps", kill_on_drop: false }`
[INFO] removed /workspace/builds/worker-4-tc1/source/.cargo/config
[INFO] started tweaking git repo https://github.com/dswd/vpncloud.rs
[INFO] finished tweaking git repo https://github.com/dswd/vpncloud.rs
[INFO] tweaked toml for git repo https://github.com/dswd/vpncloud.rs written to /workspace/builds/worker-4-tc1/source/Cargo.toml
[INFO] crate git repo https://github.com/dswd/vpncloud.rs already has a lockfile, it will not be regenerated
[INFO] running `Command { std: CARGO_HOME="/workspace/cargo-home" RUSTUP_HOME="/workspace/rustup-home" "/workspace/cargo-home/bin/cargo" "+1.75.0" "fetch" "--manifest-path" "Cargo.toml", kill_on_drop: false }`
[INFO] [stderr]     Updating crates.io index
[INFO] [stderr]     Updating git repository `https://github.com/briansmith/ring`
[INFO] [stderr]  Downloading crates ...
[INFO] [stderr]   Downloaded privdrop v0.5.4
[INFO] [stderr]   Downloaded signal v0.7.0
[INFO] running `Command { std: "docker" "create" "-v" "/var/lib/crater-agent-workspace/builds/worker-4-tc1/target:/opt/rustwide/target:rw,Z" "-v" "/var/lib/crater-agent-workspace/builds/worker-4-tc1/source:/opt/rustwide/workdir:ro,Z" "-v" "/var/lib/crater-agent-workspace/cargo-home:/opt/rustwide/cargo-home:ro,Z" "-v" "/var/lib/crater-agent-workspace/rustup-home:/opt/rustwide/rustup-home:ro,Z" "-e" "SOURCE_DIR=/opt/rustwide/workdir" "-e" "CARGO_TARGET_DIR=/opt/rustwide/target" "-e" "CARGO_HOME=/opt/rustwide/cargo-home" "-e" "RUSTUP_HOME=/opt/rustwide/rustup-home" "-w" "/opt/rustwide/workdir" "-m" "1610612736" "--user" "0:0" "--network" "none" "ghcr.io/rust-lang/crates-build-env/linux@sha256:2788e3201cd34a07e3172128adcd8b3090168a8e3bcc40d7c032b9dda1df7d1c" "/opt/rustwide/cargo-home/bin/cargo" "+1.75.0" "metadata" "--no-deps" "--format-version=1", kill_on_drop: false }`
[INFO] [stdout] 490656b43518edcf9021d78bcce578a242f2579f9226f833d4647f755422483b
[INFO] running `Command { std: "docker" "start" "-a" "490656b43518edcf9021d78bcce578a242f2579f9226f833d4647f755422483b", kill_on_drop: false }`
[INFO] running `Command { std: "docker" "inspect" "490656b43518edcf9021d78bcce578a242f2579f9226f833d4647f755422483b", kill_on_drop: false }`
[INFO] running `Command { std: "docker" "rm" "-f" "490656b43518edcf9021d78bcce578a242f2579f9226f833d4647f755422483b", kill_on_drop: false }`
[INFO] [stdout] 490656b43518edcf9021d78bcce578a242f2579f9226f833d4647f755422483b
[INFO] running `Command { std: "docker" "create" "-v" "/var/lib/crater-agent-workspace/builds/worker-4-tc1/target:/opt/rustwide/target:rw,Z" "-v" "/var/lib/crater-agent-workspace/builds/worker-4-tc1/source:/opt/rustwide/workdir:ro,Z" "-v" "/var/lib/crater-agent-workspace/cargo-home:/opt/rustwide/cargo-home:ro,Z" "-v" "/var/lib/crater-agent-workspace/rustup-home:/opt/rustwide/rustup-home:ro,Z" "-e" "SOURCE_DIR=/opt/rustwide/workdir" "-e" "CARGO_TARGET_DIR=/opt/rustwide/target" "-e" "CARGO_INCREMENTAL=0" "-e" "RUST_BACKTRACE=full" "-e" "RUSTFLAGS=--cap-lints=warn" "-e" "RUSTDOCFLAGS=--cap-lints=warn" "-e" "CARGO_HOME=/opt/rustwide/cargo-home" "-e" "RUSTUP_HOME=/opt/rustwide/rustup-home" "-w" "/opt/rustwide/workdir" "-m" "1610612736" "--user" "0:0" "--network" "none" "ghcr.io/rust-lang/crates-build-env/linux@sha256:2788e3201cd34a07e3172128adcd8b3090168a8e3bcc40d7c032b9dda1df7d1c" "/opt/rustwide/cargo-home/bin/cargo" "+1.75.0" "build" "--frozen" "--message-format=json", kill_on_drop: false }`
[INFO] [stdout] dfd2d7f7d665c0ce1bde88341309d730190e16d20be8ff627944e5f1f83b7f9e
[INFO] running `Command { std: "docker" "start" "-a" "dfd2d7f7d665c0ce1bde88341309d730190e16d20be8ff627944e5f1f83b7f9e", kill_on_drop: false }`
[INFO] [stderr]    Compiling libc v0.2.148
[INFO] [stderr]    Compiling proc-macro2 v1.0.68
[INFO] [stderr]    Compiling version_check v0.9.4
[INFO] [stderr]    Compiling unicode-ident v1.0.12
[INFO] [stderr]    Compiling autocfg v1.1.0
[INFO] [stderr]    Compiling typenum v1.17.0
[INFO] [stderr]    Compiling tinyvec_macros v0.1.1
[INFO] [stderr]    Compiling itoa v1.0.9
[INFO] [stderr]    Compiling unicode-width v0.1.11
[INFO] [stderr]    Compiling percent-encoding v2.3.0
[INFO] [stderr]    Compiling syn v1.0.109
[INFO] [stderr]    Compiling unicode-bidi v0.3.13
[INFO] [stderr]    Compiling bytes v1.5.0
[INFO] [stderr]    Compiling fnv v1.0.7
[INFO] [stderr]    Compiling thiserror v1.0.49
[INFO] [stderr]    Compiling ppv-lite86 v0.2.17
[INFO] [stderr]    Compiling tinyvec v1.6.0
[INFO] [stderr]    Compiling form_urlencoded v1.2.0
[INFO] [stderr]    Compiling rustix v0.38.17
[INFO] [stderr]    Compiling log v0.4.20
[INFO] [stderr]    Compiling nix v0.14.1
[INFO] [stderr]    Compiling httparse v1.8.0
[INFO] [stderr]    Compiling linux-raw-sys v0.4.8
[INFO] [stderr]    Compiling memoffset v0.7.1
[INFO] [stderr]    Compiling num-traits v0.2.16
[INFO] [stderr]    Compiling generic-array v0.14.7
[INFO] [stderr]    Compiling proc-macro-error-attr v1.0.4
[INFO] [stderr]    Compiling proc-macro-error v1.0.4
[INFO] [stderr]    Compiling http v0.2.9
[INFO] [stderr]    Compiling bitflags v2.4.0
[INFO] [stderr]    Compiling serde v1.0.188
[INFO] [stderr]    Compiling unicode-segmentation v1.10.1
[INFO] [stderr]    Compiling textwrap v0.11.0
[INFO] [stderr]    Compiling xml-rs v0.8.19
[INFO] [stderr]    Compiling void v1.0.2
[INFO] [stderr]    Compiling fastrand v2.0.1
[INFO] [stderr]    Compiling cpufeatures v0.2.9
[INFO] [stderr]    Compiling hashbrown v0.14.1
[INFO] [stderr]    Compiling equivalent v1.0.1
[INFO] [stderr]    Compiling wildmatch v1.1.0
[INFO] [stderr]    Compiling ansi_term v0.12.1
[INFO] [stderr]    Compiling strsim v0.8.0
[INFO] [stderr]    Compiling quote v1.0.33
[INFO] [stderr]    Compiling unicode-normalization v0.1.22
[INFO] [stderr]    Compiling heck v0.3.3
[INFO] [stderr]    Compiling shell-words v1.1.0
[INFO] [stderr]    Compiling vpncloud v2.3.0 (/opt/rustwide/workdir)
[INFO] [stderr]    Compiling syn v2.0.38
[INFO] [stderr]    Compiling utf-8 v0.7.6
[INFO] [stderr]    Compiling linked-hash-map v0.5.6
[INFO] [stderr]    Compiling iana-time-zone v0.1.57
[INFO] [stderr]    Compiling data-encoding v2.4.0
[INFO] [stderr]    Compiling indexmap v2.0.2
[INFO] [stderr]    Compiling xmltree v0.10.3
[INFO] [stderr]    Compiling untrusted v0.9.0
[INFO] [stderr]    Compiling ryu v1.0.15
[INFO] [stderr]    Compiling idna v0.4.0
[INFO] [stderr]    Compiling spin v0.9.8
[INFO] [stderr]    Compiling zeroize v1.6.0
[INFO] [stderr]    Compiling unsafe-libyaml v0.2.9
[INFO] [stderr]    Compiling byteorder v1.5.0
[INFO] [stderr]    Compiling yaml-rust v0.4.5
[INFO] [stderr]    Compiling smallvec v1.11.1
[INFO] [stderr]    Compiling getrandom v0.2.10
[INFO] [stderr]    Compiling cc v1.0.83
[INFO] [stderr]    Compiling url v2.4.1
[INFO] [stderr]    Compiling crypto-common v0.1.6
[INFO] [stderr]    Compiling block-buffer v0.10.4
[INFO] [stderr]    Compiling atty v0.2.14
[INFO] [stderr]    Compiling rand_core v0.6.4
[INFO] [stderr]    Compiling clap v2.34.0
[INFO] [stderr]    Compiling digest v0.10.7
[INFO] [stderr]    Compiling nix v0.26.4
[INFO] [stderr]    Compiling console v0.15.7
[INFO] [stderr]    Compiling rand_chacha v0.3.1
[INFO] [stderr]    Compiling sha1 v0.10.6
[INFO] [stderr]    Compiling rand v0.8.5
[INFO] [stderr]    Compiling chrono v0.4.31
[INFO] [stderr]    Compiling attohttpc v0.16.3
[INFO] [stderr]    Compiling daemonize v0.5.0
[INFO] [stderr]    Compiling tempfile v3.8.0
[INFO] [stderr]    Compiling ring v0.17.0 (https://github.com/briansmith/ring?rev=2afc921#2afc9213)
[INFO] [stderr]    Compiling igd v0.12.1
[INFO] [stderr]    Compiling structopt-derive v0.4.18
[INFO] [stderr]    Compiling signal v0.7.0
[INFO] [stderr]    Compiling thiserror-impl v1.0.49
[INFO] [stderr]    Compiling serde_derive v1.0.188
[INFO] [stderr]    Compiling privdrop v0.5.4
[INFO] [stderr]    Compiling structopt v0.3.26
[INFO] [stderr]    Compiling dialoguer v0.11.0
[INFO] [stderr]    Compiling tungstenite v0.20.1
[INFO] [stderr] warning: vpncloud@2.3.0: Error building manpage: No such file or directory (os error 2)
[INFO] [stderr] warning: vpncloud@2.3.0: The manpage will not be build. Do you have 'asciidoctor'?
[INFO] [stderr]    Compiling serde_yaml v0.9.25
[INFO] [stderr]     Finished dev [unoptimized + debuginfo] target(s) in 22.08s
[INFO] running `Command { std: "docker" "inspect" "dfd2d7f7d665c0ce1bde88341309d730190e16d20be8ff627944e5f1f83b7f9e", kill_on_drop: false }`
[INFO] running `Command { std: "docker" "rm" "-f" "dfd2d7f7d665c0ce1bde88341309d730190e16d20be8ff627944e5f1f83b7f9e", kill_on_drop: false }`
[INFO] [stdout] dfd2d7f7d665c0ce1bde88341309d730190e16d20be8ff627944e5f1f83b7f9e
[INFO] running `Command { std: "docker" "create" "-v" "/var/lib/crater-agent-workspace/builds/worker-4-tc1/target:/opt/rustwide/target:rw,Z" "-v" "/var/lib/crater-agent-workspace/builds/worker-4-tc1/source:/opt/rustwide/workdir:ro,Z" "-v" "/var/lib/crater-agent-workspace/cargo-home:/opt/rustwide/cargo-home:ro,Z" "-v" "/var/lib/crater-agent-workspace/rustup-home:/opt/rustwide/rustup-home:ro,Z" "-e" "SOURCE_DIR=/opt/rustwide/workdir" "-e" "CARGO_TARGET_DIR=/opt/rustwide/target" "-e" "CARGO_INCREMENTAL=0" "-e" "RUST_BACKTRACE=full" "-e" "RUSTFLAGS=--cap-lints=warn" "-e" "RUSTDOCFLAGS=--cap-lints=warn" "-e" "CARGO_HOME=/opt/rustwide/cargo-home" "-e" "RUSTUP_HOME=/opt/rustwide/rustup-home" "-w" "/opt/rustwide/workdir" "-m" "1610612736" "--user" "0:0" "--network" "none" "ghcr.io/rust-lang/crates-build-env/linux@sha256:2788e3201cd34a07e3172128adcd8b3090168a8e3bcc40d7c032b9dda1df7d1c" "/opt/rustwide/cargo-home/bin/cargo" "+1.75.0" "test" "--frozen" "--no-run" "--message-format=json", kill_on_drop: false }`
[INFO] [stdout] dfcc54694c24caf1b4ad8cfa0c63a4ab402b292194f2fafdaa011ae7c6518f17
[INFO] running `Command { std: "docker" "start" "-a" "dfcc54694c24caf1b4ad8cfa0c63a4ab402b292194f2fafdaa011ae7c6518f17", kill_on_drop: false }`
[INFO] [stderr]    Compiling crossbeam-utils v0.8.16
[INFO] [stderr]    Compiling memoffset v0.9.0
[INFO] [stderr]    Compiling crossbeam-epoch v0.9.15
[INFO] [stderr]    Compiling scopeguard v1.2.0
[INFO] [stderr]    Compiling either v1.9.0
[INFO] [stderr]    Compiling serde_json v1.0.107
[INFO] [stderr]    Compiling rayon-core v1.12.0
[INFO] [stderr]    Compiling anstyle v1.0.4
[INFO] [stderr]    Compiling plotters-backend v0.3.5
[INFO] [stderr]    Compiling clap_lex v0.5.1
[INFO] [stderr]    Compiling ciborium-io v0.2.1
[INFO] [stderr]    Compiling regex-syntax v0.7.5
[INFO] [stderr]    Compiling half v1.8.2
[INFO] [stderr]    Compiling cast v0.3.0
[INFO] [stderr]    Compiling walkdir v2.4.0
[INFO] [stderr]    Compiling is-terminal v0.4.9
[INFO] [stderr]    Compiling anes v0.1.6
[INFO] [stderr]    Compiling oorandom v11.1.3
[INFO] [stderr] warning: vpncloud@2.3.0: Error building manpage: No such file or directory (os error 2)
[INFO] [stderr] warning: vpncloud@2.3.0: The manpage will not be build. Do you have 'asciidoctor'?
[INFO] [stderr]    Compiling iai v0.1.1
[INFO] [stderr]    Compiling clap_builder v4.4.6
[INFO] [stderr]    Compiling plotters-svg v0.3.5
[INFO] [stderr]    Compiling itertools v0.10.5
[INFO] [stderr]    Compiling ciborium-ll v0.2.1
[INFO] [stderr]    Compiling plotters v0.3.5
[INFO] [stderr]    Compiling ciborium v0.2.1
[INFO] [stderr]    Compiling crossbeam-deque v0.8.3
[INFO] [stderr]    Compiling tinytemplate v1.2.1
[INFO] [stderr]    Compiling regex-automata v0.3.9
[INFO] [stderr]    Compiling criterion-plot v0.5.0
[INFO] [stderr]    Compiling rayon v1.8.0
[INFO] [stderr]    Compiling clap v4.4.6
[INFO] [stderr]    Compiling regex v1.9.6
[INFO] [stderr]    Compiling criterion v0.5.1
[INFO] [stderr]    Compiling vpncloud v2.3.0 (/opt/rustwide/workdir)
[INFO] [stdout] warning: unused import: `types::Range`
[INFO] [stdout]   --> src/tests/common.rs:21:5
[INFO] [stdout]    |
[INFO] [stdout] 21 |     types::Range,
[INFO] [stdout]    |     ^^^^^^^^^^^^
[INFO] [stdout]    |
[INFO] [stdout]    = note: `#[warn(unused_imports)]` on by default
[INFO] [stdout] 
[INFO] [stdout] 
[INFO] [stdout] warning: 1 warning emitted
[INFO] [stdout] 
[INFO] [stdout] 
[INFO] [stderr]     Finished test [unoptimized + debuginfo] target(s) in 15.91s
[INFO] running `Command { std: "docker" "inspect" "dfcc54694c24caf1b4ad8cfa0c63a4ab402b292194f2fafdaa011ae7c6518f17", kill_on_drop: false }`
[INFO] running `Command { std: "docker" "rm" "-f" "dfcc54694c24caf1b4ad8cfa0c63a4ab402b292194f2fafdaa011ae7c6518f17", kill_on_drop: false }`
[INFO] [stdout] dfcc54694c24caf1b4ad8cfa0c63a4ab402b292194f2fafdaa011ae7c6518f17
[INFO] running `Command { std: "docker" "create" "-v" "/var/lib/crater-agent-workspace/builds/worker-4-tc1/target:/opt/rustwide/target:rw,Z" "-v" "/var/lib/crater-agent-workspace/builds/worker-4-tc1/source:/opt/rustwide/workdir:ro,Z" "-v" "/var/lib/crater-agent-workspace/cargo-home:/opt/rustwide/cargo-home:ro,Z" "-v" "/var/lib/crater-agent-workspace/rustup-home:/opt/rustwide/rustup-home:ro,Z" "-e" "SOURCE_DIR=/opt/rustwide/workdir" "-e" "CARGO_TARGET_DIR=/opt/rustwide/target" "-e" "CARGO_INCREMENTAL=0" "-e" "RUST_BACKTRACE=full" "-e" "RUSTFLAGS=--cap-lints=warn" "-e" "RUSTDOCFLAGS=--cap-lints=warn" "-e" "CARGO_HOME=/opt/rustwide/cargo-home" "-e" "RUSTUP_HOME=/opt/rustwide/rustup-home" "-w" "/opt/rustwide/workdir" "-m" "1610612736" "--user" "0:0" "--network" "none" "ghcr.io/rust-lang/crates-build-env/linux@sha256:2788e3201cd34a07e3172128adcd8b3090168a8e3bcc40d7c032b9dda1df7d1c" "/opt/rustwide/cargo-home/bin/cargo" "+1.75.0" "test" "--frozen", kill_on_drop: false }`
[INFO] [stdout] 083f65948203fcea8eb0fd2d7aecfc85dcc8b3c3c57f49d848d5f9ffffecdf98
[INFO] running `Command { std: "docker" "start" "-a" "083f65948203fcea8eb0fd2d7aecfc85dcc8b3c3c57f49d848d5f9ffffecdf98", kill_on_drop: false }`
[INFO] [stderr] warning: vpncloud@2.3.0: Error building manpage: No such file or directory (os error 2)
[INFO] [stderr] warning: vpncloud@2.3.0: The manpage will not be build. Do you have 'asciidoctor'?
[INFO] [stderr] warning: unused import: `types::Range`
[INFO] [stderr]   --> src/tests/common.rs:21:5
[INFO] [stderr]    |
[INFO] [stderr] 21 |     types::Range,
[INFO] [stderr]    |     ^^^^^^^^^^^^
[INFO] [stderr]    |
[INFO] [stderr]    = note: `#[warn(unused_imports)]` on by default
[INFO] [stderr] 
[INFO] [stderr] warning: `vpncloud` (bin "vpncloud" test) generated 1 warning (run `cargo fix --bin "vpncloud" --tests` to apply 1 suggestion)
[INFO] [stderr]     Finished test [unoptimized + debuginfo] target(s) in 0.16s
[INFO] [stderr]      Running unittests src/main.rs (/opt/rustwide/target/debug/deps/vpncloud-94e09e9f43900e5b)
[INFO] [stdout] 
[INFO] [stdout] running 77 tests
[INFO] [stdout] test beacon::decode_offset ... ok
[INFO] [stdout] test beacon::encode_decode_file ... ok
[INFO] [stdout] test beacon::decode_split ... ok
[INFO] [stdout] test beacon::decode_multiple ... ok
[INFO] [stdout] test beacon::decode ... ok
[INFO] [stdout] test beacon::encode_decode ... ok
[INFO] [stdout] test beacon::decode_ttl ... ok
[INFO] [stdout] test beacon::decode_invalid ... ok
[INFO] [stdout] test config::config_file ... ok
[INFO] [stdout] test config::config_merge ... ok
[INFO] [stdout] test crypto::core::tests::test_encrypt_decrypt_chacha ... ok
[INFO] [stdout] test crypto::core::tests::test_encrypt_decrypt_aes128 ... ok
[INFO] [stdout] test crypto::core::tests::test_key_rotation_chacha ... ok
[INFO] [stdout] test crypto::core::tests::test_nonce_pinning_chacha ... ok
[INFO] [stdout] test crypto::core::tests::test_core_size ... ok
[INFO] [stdout] test crypto::core::tests::test_tampering_aes128 ... ok
[INFO] [stdout] test crypto::core::tests::test_tampering_aes256 ... ok
[INFO] [stdout] test crypto::core::tests::test_key_rotation_aes256 ... ok
[INFO] [stdout] test crypto::core::tests::test_key_rotation_aes128 ... ok
[INFO] [stdout] test crypto::core::tests::test_nonce ... ok
[INFO] [stdout] test crypto::init::tests::connect_to_self ... ok
[INFO] [stdout] test crypto::core::tests::test_tampering_chacha ... ok
[INFO] [stdout] test crypto::core::tests::test_nonce_pinning_aes128 ... ok
[INFO] [stdout] test crypto::core::tests::test_nonce_pinning_aes256 ... ok
[INFO] [stdout] test crypto::core::tests::test_encrypt_decrypt_aes256 ... ok
[INFO] [stdout] test config::parse_example_config ... ok
[INFO] [stdout] test beacon::encode ... ok
[INFO] [stdout] test crypto::rotate::tests::test_encode_decode_message ... ok
[INFO] [stdout] test crypto::rotate::tests::test_lost_message ... ok
[INFO] [stdout] test crypto::rotate::tests::test_normal_rotation ... ok
[INFO] [stdout] test payload::decode_frame_with_vlan ... ok
[INFO] [stdout] test crypto::rotate::tests::test_duplication ... ok
[INFO] [stdout] test payload::decode_frame_without_vlan ... ok
[INFO] [stdout] test crypto::init::tests::lost_init_sender_recovers ... ok
[INFO] [stdout] test crypto::rotate::tests::test_reflect_back ... ok
[INFO] [stdout] test crypto::init::tests::timeout ... ok
[INFO] [stdout] test crypto::init::tests::untrusted_peer ... ok
[INFO] [stdout] test payload::decode_ipv6_packet ... ok
[INFO] [stdout] test payload::decode_ipv4_packet ... ok
[INFO] [stdout] test payload::decode_invalid_packet ... ok
[INFO] [stdout] test payload::decode_invalid_frame ... ok
[INFO] [stdout] test crypto::init::tests::manipulated_message ... ok
[INFO] [stdout] test crypto::init::tests::normal_init ... ok
[INFO] [stdout] test tests::payload::switch_forgets ... ignored
[INFO] [stdout] test crypto::init::tests::lost_init_receiver_recovers ... ok
[INFO] [stdout] test tests::peers::automatic_peer_timeout ... ignored
[INFO] [stdout] test crypto::core::tests::test_speed_aes256 ... ok
[INFO] [stdout] test crypto::core::tests::test_speed_aes128 ... ok
[INFO] [stdout] test crypto::init::tests::algorithm_negotiation ... ok
[INFO] [stdout] test beacon::encode_decode_cmd ... ok
[INFO] [stdout] test crypto::core::tests::test_speed_chacha ... ok
[INFO] [stdout] test tests::peers::direct_connect_unencrypted ... ok
[INFO] [stdout] test tests::peers::lost_peer_exchange ... ignored
[INFO] [stdout] test tests::peers::peer_exchange ... ignored
[INFO] [stdout] test crypto::common::tests::normal ... ok
[INFO] [stdout] test tests::peers::remove_dead_peers ... ignored
[INFO] [stdout] test tests::peers::update_primary_address ... ignored
[INFO] [stdout] test types::tests::address_decode_encode ... ok
[INFO] [stdout] test types::tests::address_eq ... ok
[INFO] [stdout] test tests::nat::connect_nat_2_peers ... ok
[INFO] [stdout] test tests::payload::switch_delivers ... ok
[INFO] [stdout] test types::tests::address_parse_fmt ... ok
[INFO] [stdout] test util::base62 ... ok
[INFO] [stdout] test types::tests::address_range_decode_encode ... ok
[INFO] [stdout] test tests::peers::lost_init_peng ... ok
[INFO] [stdout] test tests::payload::router_delivers ... ok
[INFO] [stdout] test tests::peers::direct_connect ... ok
[INFO] [stdout] test tests::peers::reconnect_after_timeout ... ok
[INFO] [stdout] test tests::peers::lost_init_pong ... ok
[INFO] [stdout] test tests::payload::router_drops_unknown_dest ... ok
[INFO] [stdout] test tests::peers::lost_init_ping ... ok
[INFO] [stdout] test tests::payload::switch_learns ... ok
[INFO] [stdout] test tests::nat::connect_nat_3_peers ... ok
[INFO] [stdout] test tests::payload::switch_honours_vlans ... ok
[INFO] [stdout] test tests::peers::cross_connect ... ok
[INFO] [stdout] test tests::peers::connect_via_beacons ... FAILED
[INFO] [stdout] test tests::nat::nat_keepalive ... ok
[INFO] [stdout] 
[INFO] [stdout] failures:
[INFO] [stdout] 
[INFO] [stdout] ---- tests::peers::connect_via_beacons stdout ----
[INFO] [stdout] Node 1 - ERROR - Device error: Dummy devices have no IP address
[INFO] [stdout] Node 2 - INFO - Trusted keys not set, trusting only own public key
[INFO] [stdout] Node 3 - INFO - Crypto speeds: AES_128_GCM: 83.8 MiB/s, AES_256_GCM: 132.7 MiB/s, CHACHA20_POLY1305: 180.7 MiB/s
[INFO] [stdout] Node 2 - ERROR - Device error: Dummy devices have no IP address
[INFO] [stdout] Node 2 - INFO - Trusted keys not set, trusting only own public key
[INFO] [stdout] Node 1 - INFO - Crypto speeds: AES_128_GCM: 282.5 MiB/s, AES_256_GCM: 388.3 MiB/s, CHACHA20_POLY1305: 632.1 MiB/s
[INFO] [stdout] thread 'tests::peers::connect_via_beacons' panicked at src/cloud.rs:1014:9:
[INFO] [stdout] assertion failed: self.housekeep().is_ok()
[INFO] [stdout] stack backtrace:
[INFO] [stdout]    0:     0x55f0029c0d5c - std::backtrace_rs::backtrace::libunwind::trace::ha637c64ce894333a
[INFO] [stdout]                                at /rustc/82e1608dfa6e0b5569232559e3d385fea5a93112/library/std/src/../../backtrace/src/backtrace/libunwind.rs:104:5
[INFO] [stdout]    1:     0x55f0029c0d5c - std::backtrace_rs::backtrace::trace_unsynchronized::h47f62dea28e0c88d
[INFO] [stdout]                                at /rustc/82e1608dfa6e0b5569232559e3d385fea5a93112/library/std/src/../../backtrace/src/backtrace/mod.rs:66:5
[INFO] [stdout]    2:     0x55f0029c0d5c - std::sys_common::backtrace::_print_fmt::h9eef0abe20ede486
[INFO] [stdout]                                at /rustc/82e1608dfa6e0b5569232559e3d385fea5a93112/library/std/src/sys_common/backtrace.rs:67:5
[INFO] [stdout]    3:     0x55f0029c0d5c - <std::sys_common::backtrace::_print::DisplayBacktrace as core::fmt::Display>::fmt::hed7f999df88cc644
[INFO] [stdout]                                at /rustc/82e1608dfa6e0b5569232559e3d385fea5a93112/library/std/src/sys_common/backtrace.rs:44:22
[INFO] [stdout]    4:     0x55f0029f0e80 - core::fmt::rt::Argument::fmt::h1539a9308b8d058d
[INFO] [stdout]                                at /rustc/82e1608dfa6e0b5569232559e3d385fea5a93112/library/core/src/fmt/rt.rs:142:9
[INFO] [stdout]    5:     0x55f0029f0e80 - core::fmt::write::h3a39390d8560d9c9
[INFO] [stdout]                                at /rustc/82e1608dfa6e0b5569232559e3d385fea5a93112/library/core/src/fmt/mod.rs:1120:17
[INFO] [stdout]    6:     0x55f0029bd12f - std::io::Write::write_fmt::h040b369f3a0f9cbc
[INFO] [stdout]                                at /rustc/82e1608dfa6e0b5569232559e3d385fea5a93112/library/std/src/io/mod.rs:1762:15
[INFO] [stdout]    7:     0x55f0029c0b44 - std::sys_common::backtrace::_print::h894006fb5c6f3d45
[INFO] [stdout]                                at /rustc/82e1608dfa6e0b5569232559e3d385fea5a93112/library/std/src/sys_common/backtrace.rs:47:5
[INFO] [stdout]    8:     0x55f0029c0b44 - std::sys_common::backtrace::print::h23a2d212c6fff936
[INFO] [stdout]                                at /rustc/82e1608dfa6e0b5569232559e3d385fea5a93112/library/std/src/sys_common/backtrace.rs:34:9
[INFO] [stdout]    9:     0x55f0029c2887 - std::panicking::default_hook::{{closure}}::h8a1d2ee00185001a
[INFO] [stdout]   10:     0x55f0029c2573 - std::panicking::default_hook::h6038f2eba384e475
[INFO] [stdout]                                at /rustc/82e1608dfa6e0b5569232559e3d385fea5a93112/library/std/src/panicking.rs:289:9
[INFO] [stdout]   11:     0x55f0027db957 - <alloc::boxed::Box<F,A> as core::ops::function::Fn<Args>>::call::h0ad024c9bdc6d768
[INFO] [stdout]                                at /rustc/82e1608dfa6e0b5569232559e3d385fea5a93112/library/alloc/src/boxed.rs:2021:9
[INFO] [stdout]   12:     0x55f0027db957 - test::test_main::{{closure}}::h7500b54257359db6
[INFO] [stdout]                                at /rustc/82e1608dfa6e0b5569232559e3d385fea5a93112/library/test/src/lib.rs:138:21
[INFO] [stdout]   13:     0x55f0029c2e98 - <alloc::boxed::Box<F,A> as core::ops::function::Fn<Args>>::call::h1f8f335eaa9cfaee
[INFO] [stdout]                                at /rustc/82e1608dfa6e0b5569232559e3d385fea5a93112/library/alloc/src/boxed.rs:2021:9
[INFO] [stdout]   14:     0x55f0029c2e98 - std::panicking::rust_panic_with_hook::h2b5517d590cab22e
[INFO] [stdout]                                at /rustc/82e1608dfa6e0b5569232559e3d385fea5a93112/library/std/src/panicking.rs:783:13
[INFO] [stdout]   15:     0x55f0029c2bb9 - std::panicking::begin_panic_handler::{{closure}}::h233112c06e0ef43e
[INFO] [stdout]                                at /rustc/82e1608dfa6e0b5569232559e3d385fea5a93112/library/std/src/panicking.rs:649:13
[INFO] [stdout]   16:     0x55f0029c1226 - std::sys_common::backtrace::__rust_end_short_backtrace::h6e893f24d7ebbff8
[INFO] [stdout]                                at /rustc/82e1608dfa6e0b5569232559e3d385fea5a93112/library/std/src/sys_common/backtrace.rs:170:18
[INFO] [stdout]   17:     0x55f0029c2952 - rust_begin_unwind
[INFO] [stdout]                                at /rustc/82e1608dfa6e0b5569232559e3d385fea5a93112/library/std/src/panicking.rs:645:5
[INFO] [stdout]   18:     0x55f00261b655 - core::panicking::panic_fmt::hbf0e066aabfa482c
[INFO] [stdout]                                at /rustc/82e1608dfa6e0b5569232559e3d385fea5a93112/library/core/src/panicking.rs:72:14
[INFO] [stdout]   19:     0x55f00261b6f3 - core::panicking::panic::h195fc2a96298d4c3
[INFO] [stdout]                                at /rustc/82e1608dfa6e0b5569232559e3d385fea5a93112/library/core/src/panicking.rs:127:5
[INFO] [stdout]   20:     0x55f0026de285 - vpncloud::cloud::GenericCloud<vpncloud::device::MockDevice,P,vpncloud::net::MockSocket,vpncloud::util::MockTimeSource>::trigger_housekeep::hc3cc86030c13e548
[INFO] [stdout]                                at /opt/rustwide/workdir/src/cloud.rs:1014:9
[INFO] [stdout]   21:     0x55f0026e41b4 - vpncloud::tests::common::Simulator<P>::trigger_node_housekeep::h400d68fb33b483df
[INFO] [stdout]                                at /opt/rustwide/workdir/src/tests/common.rs:133:9
[INFO] [stdout]   22:     0x55f0026909c0 - vpncloud::tests::peers::connect_via_beacons::h336f64204113e936
[INFO] [stdout]                                at /opt/rustwide/workdir/src/tests/peers.rs:68:5
[INFO] [stdout]   23:     0x55f002690027 - vpncloud::tests::peers::connect_via_beacons::{{closure}}::h37c2573e66bc9a87
[INFO] [stdout]                                at /opt/rustwide/workdir/src/tests/peers.rs:59:25
[INFO] [stdout]   24:     0x55f00266a936 - core::ops::function::FnOnce::call_once::h1e2478536b49a096
[INFO] [stdout]                                at /rustc/82e1608dfa6e0b5569232559e3d385fea5a93112/library/core/src/ops/function.rs:250:5
[INFO] [stdout]   25:     0x55f0027e0faf - core::ops::function::FnOnce::call_once::h2b5d431d5046312d
[INFO] [stdout]                                at /rustc/82e1608dfa6e0b5569232559e3d385fea5a93112/library/core/src/ops/function.rs:250:5
[INFO] [stdout]   26:     0x55f0027e0faf - test::__rust_begin_short_backtrace::h7714669af176e207
[INFO] [stdout]                                at /rustc/82e1608dfa6e0b5569232559e3d385fea5a93112/library/test/src/lib.rs:628:18
[INFO] [stdout]   27:     0x55f0027dffc5 - test::run_test_in_process::{{closure}}::h85218797dcbcec12
[INFO] [stdout]                                at /rustc/82e1608dfa6e0b5569232559e3d385fea5a93112/library/test/src/lib.rs:651:60
[INFO] [stdout]   28:     0x55f0027dffc5 - <core::panic::unwind_safe::AssertUnwindSafe<F> as core::ops::function::FnOnce<()>>::call_once::h76c106ea31c14d7b
[INFO] [stdout]                                at /rustc/82e1608dfa6e0b5569232559e3d385fea5a93112/library/core/src/panic/unwind_safe.rs:272:9
[INFO] [stdout]   29:     0x55f0027dffc5 - std::panicking::try::do_call::h3bd5d0f6620ee946
[INFO] [stdout]                                at /rustc/82e1608dfa6e0b5569232559e3d385fea5a93112/library/std/src/panicking.rs:552:40
[INFO] [stdout]   30:     0x55f0027dffc5 - std::panicking::try::h232e535e4744fe31
[INFO] [stdout]                                at /rustc/82e1608dfa6e0b5569232559e3d385fea5a93112/library/std/src/panicking.rs:516:19
[INFO] [stdout]   31:     0x55f0027dffc5 - std::panic::catch_unwind::h3ce3bd6ca8dbac68
[INFO] [stdout]                                at /rustc/82e1608dfa6e0b5569232559e3d385fea5a93112/library/std/src/panic.rs:142:14
[INFO] [stdout]   32:     0x55f0027dffc5 - test::run_test_in_process::hc97b257c9621286a
[INFO] [stdout]                                at /rustc/82e1608dfa6e0b5569232559e3d385fea5a93112/library/test/src/lib.rs:651:27
[INFO] [stdout]   33:     0x55f0027dffc5 - test::run_test::{{closure}}::h2aa798823a438d38
[INFO] [stdout]                                at /rustc/82e1608dfa6e0b5569232559e3d385fea5a93112/library/test/src/lib.rs:574:43
[INFO] [stdout]   34:     0x55f0027a8286 - test::run_test::{{closure}}::h87d231c78fb59832
[INFO] [stdout]                                at /rustc/82e1608dfa6e0b5569232559e3d385fea5a93112/library/test/src/lib.rs:602:41
[INFO] [stdout]   35:     0x55f0027a8286 - std::sys_common::backtrace::__rust_begin_short_backtrace::he6df152596625789
[INFO] [stdout]                                at /rustc/82e1608dfa6e0b5569232559e3d385fea5a93112/library/std/src/sys_common/backtrace.rs:154:18
[INFO] [stdout]   36:     0x55f0027ad337 - std::thread::Builder::spawn_unchecked_::{{closure}}::{{closure}}::ha94be15d1e0acf36
[INFO] [stdout]                                at /rustc/82e1608dfa6e0b5569232559e3d385fea5a93112/library/std/src/thread/mod.rs:529:17
[INFO] [stdout]   37:     0x55f0027ad337 - <core::panic::unwind_safe::AssertUnwindSafe<F> as core::ops::function::FnOnce<()>>::call_once::h9dc6bd6372f16606
[INFO] [stdout]                                at /rustc/82e1608dfa6e0b5569232559e3d385fea5a93112/library/core/src/panic/unwind_safe.rs:272:9
[INFO] [stdout]   38:     0x55f0027ad337 - std::panicking::try::do_call::h9057517f80303cd4
[INFO] [stdout]                                at /rustc/82e1608dfa6e0b5569232559e3d385fea5a93112/library/std/src/panicking.rs:552:40
[INFO] [stdout]   39:     0x55f0027ad337 - std::panicking::try::he3a30b11ee45340c
[INFO] [stdout]                                at /rustc/82e1608dfa6e0b5569232559e3d385fea5a93112/library/std/src/panicking.rs:516:19
[INFO] [stdout]   40:     0x55f0027ad337 - std::panic::catch_unwind::h410458cfd3528b8b
[INFO] [stdout]                                at /rustc/82e1608dfa6e0b5569232559e3d385fea5a93112/library/std/src/panic.rs:142:14
[INFO] [stdout]   41:     0x55f0027ad337 - std::thread::Builder::spawn_unchecked_::{{closure}}::h72ac3bdb567b737b
[INFO] [stdout]                                at /rustc/82e1608dfa6e0b5569232559e3d385fea5a93112/library/std/src/thread/mod.rs:528:30
[INFO] [stdout]   42:     0x55f0027ad337 - core::ops::function::FnOnce::call_once{{vtable.shim}}::h38f34da3654a8344
[INFO] [stdout]                                at /rustc/82e1608dfa6e0b5569232559e3d385fea5a93112/library/core/src/ops/function.rs:250:5
[INFO] [stdout]   43:     0x55f0029c84c5 - <alloc::boxed::Box<F,A> as core::ops::function::FnOnce<Args>>::call_once::hc7eafaff61e32df9
[INFO] [stdout]                                at /rustc/82e1608dfa6e0b5569232559e3d385fea5a93112/library/alloc/src/boxed.rs:2007:9
[INFO] [stdout]   44:     0x55f0029c84c5 - <alloc::boxed::Box<F,A> as core::ops::function::FnOnce<Args>>::call_once::h6ba4a5de48dd2304
[INFO] [stdout]                                at /rustc/82e1608dfa6e0b5569232559e3d385fea5a93112/library/alloc/src/boxed.rs:2007:9
[INFO] [stdout]   45:     0x55f0029c84c5 - std::sys::unix::thread::Thread::new::thread_start::he469335aef763e45
[INFO] [stdout]                                at /rustc/82e1608dfa6e0b5569232559e3d385fea5a93112/library/std/src/sys/unix/thread.rs:108:17
[INFO] [stdout]   46:     0x7f3e9ae55ac3 - <unknown>
[INFO] [stdout]   47:     0x7f3e9aee6bf4 - __clone
[INFO] [stdout]   48:                0x0 - <unknown>
[INFO] [stdout] 
[INFO] [stdout] 
[INFO] [stdout] failures:
[INFO] [stdout]     tests::peers::connect_via_beacons
[INFO] [stdout] 
[INFO] [stdout] test result: FAILED. 70 passed; 1 failed; 6 ignored; 0 measured; 0 filtered out; finished in 1.52s
[INFO] [stdout] 
[INFO] [stderr] error: test failed, to rerun pass `--bin vpncloud`
[INFO] running `Command { std: "docker" "inspect" "083f65948203fcea8eb0fd2d7aecfc85dcc8b3c3c57f49d848d5f9ffffecdf98", kill_on_drop: false }`
[INFO] running `Command { std: "docker" "rm" "-f" "083f65948203fcea8eb0fd2d7aecfc85dcc8b3c3c57f49d848d5f9ffffecdf98", kill_on_drop: false }`
[INFO] [stdout] 083f65948203fcea8eb0fd2d7aecfc85dcc8b3c3c57f49d848d5f9ffffecdf98
