[INFO] cloning repository https://github.com/dskyberg/adventofcode_2023
[INFO] running `Command { std: "git" "-c" "credential.helper=" "-c" "credential.helper=/workspace/cargo-home/bin/git-credential-null" "clone" "--bare" "https://github.com/dskyberg/adventofcode_2023" "/workspace/cache/git-repos/https%3A%2F%2Fgithub.com%2Fdskyberg%2Fadventofcode_2023", kill_on_drop: false }`
[INFO] [stderr] Cloning into bare repository '/workspace/cache/git-repos/https%3A%2F%2Fgithub.com%2Fdskyberg%2Fadventofcode_2023'...
[INFO] running `Command { std: "git" "rev-parse" "HEAD", kill_on_drop: false }`
[INFO] [stdout] 26e9b90ece60f24da34c04e1089f815e8fa5226b
[INFO] testing dskyberg/adventofcode_2023 against 1.75.0 for beta-1.76-1
[INFO] running `Command { std: "git" "clone" "/workspace/cache/git-repos/https%3A%2F%2Fgithub.com%2Fdskyberg%2Fadventofcode_2023" "/workspace/builds/worker-5-tc1/source", kill_on_drop: false }`
[INFO] [stderr] Cloning into '/workspace/builds/worker-5-tc1/source'...
[INFO] [stderr] done.
[INFO] validating manifest of git repo https://github.com/dskyberg/adventofcode_2023 on toolchain 1.75.0
[INFO] running `Command { std: CARGO_HOME="/workspace/cargo-home" RUSTUP_HOME="/workspace/rustup-home" "/workspace/cargo-home/bin/cargo" "+1.75.0" "metadata" "--manifest-path" "Cargo.toml" "--no-deps", kill_on_drop: false }`
[INFO] started tweaking git repo https://github.com/dskyberg/adventofcode_2023
[INFO] finished tweaking git repo https://github.com/dskyberg/adventofcode_2023
[INFO] tweaked toml for git repo https://github.com/dskyberg/adventofcode_2023 written to /workspace/builds/worker-5-tc1/source/Cargo.toml
[INFO] crate git repo https://github.com/dskyberg/adventofcode_2023 already has a lockfile, it will not be regenerated
[INFO] running `Command { std: CARGO_HOME="/workspace/cargo-home" RUSTUP_HOME="/workspace/rustup-home" "/workspace/cargo-home/bin/cargo" "+1.75.0" "fetch" "--manifest-path" "Cargo.toml", kill_on_drop: false }`
[INFO] [stderr] warning: /workspace/builds/worker-5-tc1/source/day_16/Cargo.toml: dependency (lazy_static) specified without providing a local path, Git repository, version, or workspace dependency to use. This will be considered an error in future versions
[INFO] [stderr] warning: /workspace/builds/worker-5-tc1/source/day_16/Cargo.toml: unused manifest key: dependencies.lazy_static.workpace
[INFO] running `Command { std: "docker" "create" "-v" "/var/lib/crater-agent-workspace/builds/worker-5-tc1/target:/opt/rustwide/target:rw,Z" "-v" "/var/lib/crater-agent-workspace/builds/worker-5-tc1/source:/opt/rustwide/workdir:ro,Z" "-v" "/var/lib/crater-agent-workspace/cargo-home:/opt/rustwide/cargo-home:ro,Z" "-v" "/var/lib/crater-agent-workspace/rustup-home:/opt/rustwide/rustup-home:ro,Z" "-e" "SOURCE_DIR=/opt/rustwide/workdir" "-e" "CARGO_TARGET_DIR=/opt/rustwide/target" "-e" "CARGO_HOME=/opt/rustwide/cargo-home" "-e" "RUSTUP_HOME=/opt/rustwide/rustup-home" "-w" "/opt/rustwide/workdir" "-m" "1610612736" "--user" "0:0" "--network" "none" "ghcr.io/rust-lang/crates-build-env/linux@sha256:2788e3201cd34a07e3172128adcd8b3090168a8e3bcc40d7c032b9dda1df7d1c" "/opt/rustwide/cargo-home/bin/cargo" "+1.75.0" "metadata" "--no-deps" "--format-version=1", kill_on_drop: false }`
[INFO] [stdout] eca00a6417fd9c6c957a8384e535154189939542b9b91dc784a4e914d52e2940
[INFO] running `Command { std: "docker" "start" "-a" "eca00a6417fd9c6c957a8384e535154189939542b9b91dc784a4e914d52e2940", kill_on_drop: false }`
[INFO] running `Command { std: "docker" "inspect" "eca00a6417fd9c6c957a8384e535154189939542b9b91dc784a4e914d52e2940", kill_on_drop: false }`
[INFO] running `Command { std: "docker" "rm" "-f" "eca00a6417fd9c6c957a8384e535154189939542b9b91dc784a4e914d52e2940", kill_on_drop: false }`
[INFO] [stdout] eca00a6417fd9c6c957a8384e535154189939542b9b91dc784a4e914d52e2940
[INFO] running `Command { std: "docker" "create" "-v" "/var/lib/crater-agent-workspace/builds/worker-5-tc1/target:/opt/rustwide/target:rw,Z" "-v" "/var/lib/crater-agent-workspace/builds/worker-5-tc1/source:/opt/rustwide/workdir:ro,Z" "-v" "/var/lib/crater-agent-workspace/cargo-home:/opt/rustwide/cargo-home:ro,Z" "-v" "/var/lib/crater-agent-workspace/rustup-home:/opt/rustwide/rustup-home:ro,Z" "-e" "SOURCE_DIR=/opt/rustwide/workdir" "-e" "CARGO_TARGET_DIR=/opt/rustwide/target" "-e" "CARGO_INCREMENTAL=0" "-e" "RUST_BACKTRACE=full" "-e" "RUSTFLAGS=--cap-lints=warn" "-e" "RUSTDOCFLAGS=--cap-lints=warn" "-e" "CARGO_HOME=/opt/rustwide/cargo-home" "-e" "RUSTUP_HOME=/opt/rustwide/rustup-home" "-w" "/opt/rustwide/workdir" "-m" "1610612736" "--user" "0:0" "--network" "none" "ghcr.io/rust-lang/crates-build-env/linux@sha256:2788e3201cd34a07e3172128adcd8b3090168a8e3bcc40d7c032b9dda1df7d1c" "/opt/rustwide/cargo-home/bin/cargo" "+1.75.0" "build" "--frozen" "--message-format=json", kill_on_drop: false }`
[INFO] [stdout] 7d07e72a8aa0c5af189c8e3a4b6210de08bb59256b02cac8eea70850df65d201
[INFO] running `Command { std: "docker" "start" "-a" "7d07e72a8aa0c5af189c8e3a4b6210de08bb59256b02cac8eea70850df65d201", kill_on_drop: false }`
[INFO] [stderr] warning: /opt/rustwide/workdir/day_16/Cargo.toml: dependency (lazy_static) specified without providing a local path, Git repository, version, or workspace dependency to use. This will be considered an error in future versions
[INFO] [stderr] warning: /opt/rustwide/workdir/day_16/Cargo.toml: unused manifest key: dependencies.lazy_static.workpace
[INFO] [stderr]    Compiling autocfg v1.1.0
[INFO] [stderr]    Compiling anyhow v1.0.75
[INFO] [stderr]    Compiling memchr v2.6.4
[INFO] [stderr]    Compiling regex-syntax v0.8.2
[INFO] [stderr]    Compiling equivalent v1.0.1
[INFO] [stderr]    Compiling either v1.9.0
[INFO] [stderr]    Compiling hashbrown v0.14.3
[INFO] [stderr]    Compiling itertools v0.12.0
[INFO] [stderr]    Compiling num-traits v0.2.17
[INFO] [stderr]    Compiling num-integer v0.1.45
[INFO] [stderr]    Compiling num-bigint v0.4.4
[INFO] [stderr]    Compiling num-rational v0.4.1
[INFO] [stderr]    Compiling num-iter v0.1.43
[INFO] [stderr]    Compiling aho-corasick v1.1.2
[INFO] [stderr]    Compiling indexmap v2.1.0
[INFO] [stderr]    Compiling day_14 v0.1.0 (/opt/rustwide/workdir/day_14)
[INFO] [stderr]    Compiling day_1 v0.1.0 (/opt/rustwide/workdir/day_1)
[INFO] [stderr]    Compiling day_13 v0.1.0 (/opt/rustwide/workdir/day_13)
[INFO] [stderr]    Compiling day_10 v0.1.0 (/opt/rustwide/workdir/day_10)
[INFO] [stderr]    Compiling day_9 v0.1.0 (/opt/rustwide/workdir/day_9)
[INFO] [stderr]    Compiling day_7 v0.1.0 (/opt/rustwide/workdir/day_7)
[INFO] [stderr]    Compiling day_4 v0.1.0 (/opt/rustwide/workdir/day_4)
[INFO] [stderr]    Compiling day_6 v0.1.0 (/opt/rustwide/workdir/day_6)
[INFO] [stderr]    Compiling num-complex v0.4.4
[INFO] [stderr]    Compiling regex-automata v0.4.3
[INFO] [stderr]    Compiling num v0.4.1
[INFO] [stderr]    Compiling utils v0.1.0 (/opt/rustwide/workdir/utils)
[INFO] [stderr]    Compiling day_12 v0.1.0 (/opt/rustwide/workdir/day_12)
[INFO] [stderr]    Compiling day_3 v0.1.0 (/opt/rustwide/workdir/day_3)
[INFO] [stderr]    Compiling day_16 v0.1.0 (/opt/rustwide/workdir/day_16)
[INFO] [stderr]    Compiling day_11 v0.1.0 (/opt/rustwide/workdir/day_11)
[INFO] [stderr]    Compiling day_17 v0.1.0 (/opt/rustwide/workdir/day_17)
[INFO] [stderr]    Compiling regex v1.10.2
[INFO] [stderr]    Compiling day_8 v0.1.0 (/opt/rustwide/workdir/day_8)
[INFO] [stderr]    Compiling day_5 v0.1.0 (/opt/rustwide/workdir/day_5)
[INFO] [stderr]    Compiling day_15 v0.1.0 (/opt/rustwide/workdir/day_15)
[INFO] [stderr]    Compiling day_2 v0.1.0 (/opt/rustwide/workdir/day_2)
[INFO] [stderr]     Finished dev [unoptimized + debuginfo] target(s) in 6.39s
[INFO] running `Command { std: "docker" "inspect" "7d07e72a8aa0c5af189c8e3a4b6210de08bb59256b02cac8eea70850df65d201", kill_on_drop: false }`
[INFO] running `Command { std: "docker" "rm" "-f" "7d07e72a8aa0c5af189c8e3a4b6210de08bb59256b02cac8eea70850df65d201", kill_on_drop: false }`
[INFO] [stdout] 7d07e72a8aa0c5af189c8e3a4b6210de08bb59256b02cac8eea70850df65d201
[INFO] running `Command { std: "docker" "create" "-v" "/var/lib/crater-agent-workspace/builds/worker-5-tc1/target:/opt/rustwide/target:rw,Z" "-v" "/var/lib/crater-agent-workspace/builds/worker-5-tc1/source:/opt/rustwide/workdir:ro,Z" "-v" "/var/lib/crater-agent-workspace/cargo-home:/opt/rustwide/cargo-home:ro,Z" "-v" "/var/lib/crater-agent-workspace/rustup-home:/opt/rustwide/rustup-home:ro,Z" "-e" "SOURCE_DIR=/opt/rustwide/workdir" "-e" "CARGO_TARGET_DIR=/opt/rustwide/target" "-e" "CARGO_INCREMENTAL=0" "-e" "RUST_BACKTRACE=full" "-e" "RUSTFLAGS=--cap-lints=warn" "-e" "RUSTDOCFLAGS=--cap-lints=warn" "-e" "CARGO_HOME=/opt/rustwide/cargo-home" "-e" "RUSTUP_HOME=/opt/rustwide/rustup-home" "-w" "/opt/rustwide/workdir" "-m" "1610612736" "--user" "0:0" "--network" "none" "ghcr.io/rust-lang/crates-build-env/linux@sha256:2788e3201cd34a07e3172128adcd8b3090168a8e3bcc40d7c032b9dda1df7d1c" "/opt/rustwide/cargo-home/bin/cargo" "+1.75.0" "test" "--frozen" "--no-run" "--message-format=json", kill_on_drop: false }`
[INFO] [stdout] 3334f886d3f6ae45e909f3bd539f15f75a81cfdc736bfec725b2959c1afe462a
[INFO] running `Command { std: "docker" "start" "-a" "3334f886d3f6ae45e909f3bd539f15f75a81cfdc736bfec725b2959c1afe462a", kill_on_drop: false }`
[INFO] [stderr] warning: /opt/rustwide/workdir/day_16/Cargo.toml: dependency (lazy_static) specified without providing a local path, Git repository, version, or workspace dependency to use. This will be considered an error in future versions
[INFO] [stderr] warning: /opt/rustwide/workdir/day_16/Cargo.toml: unused manifest key: dependencies.lazy_static.workpace
[INFO] [stderr]    Compiling day_10 v0.1.0 (/opt/rustwide/workdir/day_10)
[INFO] [stderr]    Compiling day_13 v0.1.0 (/opt/rustwide/workdir/day_13)
[INFO] [stderr]    Compiling day_1 v0.1.0 (/opt/rustwide/workdir/day_1)
[INFO] [stderr]    Compiling day_4 v0.1.0 (/opt/rustwide/workdir/day_4)
[INFO] [stderr]    Compiling day_7 v0.1.0 (/opt/rustwide/workdir/day_7)
[INFO] [stderr]    Compiling day_9 v0.1.0 (/opt/rustwide/workdir/day_9)
[INFO] [stderr]    Compiling day_14 v0.1.0 (/opt/rustwide/workdir/day_14)
[INFO] [stderr]    Compiling day_6 v0.1.0 (/opt/rustwide/workdir/day_6)
[INFO] [stderr]    Compiling day_2 v0.1.0 (/opt/rustwide/workdir/day_2)
[INFO] [stderr]    Compiling day_15 v0.1.0 (/opt/rustwide/workdir/day_15)
[INFO] [stderr]    Compiling day_5 v0.1.0 (/opt/rustwide/workdir/day_5)
[INFO] [stderr]    Compiling day_8 v0.1.0 (/opt/rustwide/workdir/day_8)
[INFO] [stderr]    Compiling utils v0.1.0 (/opt/rustwide/workdir/utils)
[INFO] [stderr]    Compiling day_11 v0.1.0 (/opt/rustwide/workdir/day_11)
[INFO] [stderr]    Compiling day_16 v0.1.0 (/opt/rustwide/workdir/day_16)
[INFO] [stderr]    Compiling day_3 v0.1.0 (/opt/rustwide/workdir/day_3)
[INFO] [stderr]    Compiling day_17 v0.1.0 (/opt/rustwide/workdir/day_17)
[INFO] [stderr]    Compiling day_12 v0.1.0 (/opt/rustwide/workdir/day_12)
[INFO] [stderr]     Finished test [unoptimized + debuginfo] target(s) in 0.95s
[INFO] running `Command { std: "docker" "inspect" "3334f886d3f6ae45e909f3bd539f15f75a81cfdc736bfec725b2959c1afe462a", kill_on_drop: false }`
[INFO] running `Command { std: "docker" "rm" "-f" "3334f886d3f6ae45e909f3bd539f15f75a81cfdc736bfec725b2959c1afe462a", kill_on_drop: false }`
[INFO] [stdout] 3334f886d3f6ae45e909f3bd539f15f75a81cfdc736bfec725b2959c1afe462a
[INFO] running `Command { std: "docker" "create" "-v" "/var/lib/crater-agent-workspace/builds/worker-5-tc1/target:/opt/rustwide/target:rw,Z" "-v" "/var/lib/crater-agent-workspace/builds/worker-5-tc1/source:/opt/rustwide/workdir:ro,Z" "-v" "/var/lib/crater-agent-workspace/cargo-home:/opt/rustwide/cargo-home:ro,Z" "-v" "/var/lib/crater-agent-workspace/rustup-home:/opt/rustwide/rustup-home:ro,Z" "-e" "SOURCE_DIR=/opt/rustwide/workdir" "-e" "CARGO_TARGET_DIR=/opt/rustwide/target" "-e" "CARGO_INCREMENTAL=0" "-e" "RUST_BACKTRACE=full" "-e" "RUSTFLAGS=--cap-lints=warn" "-e" "RUSTDOCFLAGS=--cap-lints=warn" "-e" "CARGO_HOME=/opt/rustwide/cargo-home" "-e" "RUSTUP_HOME=/opt/rustwide/rustup-home" "-w" "/opt/rustwide/workdir" "-m" "1610612736" "--user" "0:0" "--network" "none" "ghcr.io/rust-lang/crates-build-env/linux@sha256:2788e3201cd34a07e3172128adcd8b3090168a8e3bcc40d7c032b9dda1df7d1c" "/opt/rustwide/cargo-home/bin/cargo" "+1.75.0" "test" "--frozen", kill_on_drop: false }`
[INFO] [stdout] 71790f3a67cf0fc89f69571477b8b2fa8713c8ff0aecfdc5855c4e0e50261c3d
[INFO] running `Command { std: "docker" "start" "-a" "71790f3a67cf0fc89f69571477b8b2fa8713c8ff0aecfdc5855c4e0e50261c3d", kill_on_drop: false }`
[INFO] [stderr] warning: /opt/rustwide/workdir/day_16/Cargo.toml: dependency (lazy_static) specified without providing a local path, Git repository, version, or workspace dependency to use. This will be considered an error in future versions
[INFO] [stderr] warning: /opt/rustwide/workdir/day_16/Cargo.toml: unused manifest key: dependencies.lazy_static.workpace
[INFO] [stderr]     Finished test [unoptimized + debuginfo] target(s) in 0.02s
[INFO] [stderr]      Running unittests src/main.rs (/opt/rustwide/target/debug/deps/day_1-50a49d21299b72d4)
[INFO] [stdout] 
[INFO] [stdout] running 0 tests
[INFO] [stdout] 
[INFO] [stdout] test result: ok. 0 passed; 0 failed; 0 ignored; 0 measured; 0 filtered out; finished in 0.00s
[INFO] [stdout] 
[INFO] [stderr]      Running unittests src/main.rs (/opt/rustwide/target/debug/deps/day_10-af0b83c84f79336f)
[INFO] [stdout] 
[INFO] [stdout] running 1 test
[INFO] [stdout] test tests::test_it ... ok
[INFO] [stdout] 
[INFO] [stdout] test result: ok. 1 passed; 0 failed; 0 ignored; 0 measured; 0 filtered out; finished in 13.99s
[INFO] [stdout] 
[INFO] [stderr]      Running unittests src/main.rs (/opt/rustwide/target/debug/deps/day_11-4a8d2098284f5bb4)
[INFO] [stdout] 
[INFO] [stdout] running 0 tests
[INFO] [stdout] 
[INFO] [stdout] test result: ok. 0 passed; 0 failed; 0 ignored; 0 measured; 0 filtered out; finished in 0.00s
[INFO] [stdout] 
[INFO] [stderr]      Running unittests src/main.rs (/opt/rustwide/target/debug/deps/day_12-adbc1733b01b1f14)
[INFO] [stdout] 
[INFO] [stdout] running 0 tests
[INFO] [stdout] 
[INFO] [stdout] test result: ok. 0 passed; 0 failed; 0 ignored; 0 measured; 0 filtered out; finished in 0.00s
[INFO] [stdout] 
[INFO] [stderr]      Running unittests src/main.rs (/opt/rustwide/target/debug/deps/day_13-50421f11b7ed9a1b)
[INFO] [stdout] 
[INFO] [stdout] running 0 tests
[INFO] [stdout] 
[INFO] [stdout] test result: ok. 0 passed; 0 failed; 0 ignored; 0 measured; 0 filtered out; finished in 0.00s
[INFO] [stdout] 
[INFO] [stderr]      Running unittests src/main.rs (/opt/rustwide/target/debug/deps/day_14-eae7d76b19b612a7)
[INFO] [stdout] 
[INFO] [stdout] running 0 tests
[INFO] [stdout] 
[INFO] [stdout] test result: ok. 0 passed; 0 failed; 0 ignored; 0 measured; 0 filtered out; finished in 0.00s
[INFO] [stdout] 
[INFO] [stderr]      Running unittests src/main.rs (/opt/rustwide/target/debug/deps/day_15-b236c9c77ae00540)
[INFO] [stdout] 
[INFO] [stdout] running 1 test
[INFO] [stdout] test tests::test_it ... ok
[INFO] [stdout] 
[INFO] [stdout] test result: ok. 1 passed; 0 failed; 0 ignored; 0 measured; 0 filtered out; finished in 0.01s
[INFO] [stdout] 
[INFO] [stderr]      Running unittests src/main.rs (/opt/rustwide/target/debug/deps/day_16-b1588191639513ae)
[INFO] [stdout] 
[INFO] [stdout] running 0 tests
[INFO] [stdout] 
[INFO] [stdout] test result: ok. 0 passed; 0 failed; 0 ignored; 0 measured; 0 filtered out; finished in 0.00s
[INFO] [stdout] 
[INFO] [stderr]      Running unittests src/main.rs (/opt/rustwide/target/debug/deps/day_17-6d9e1a477b55d22b)
[INFO] [stdout] 
[INFO] [stdout] running 0 tests
[INFO] [stdout] 
[INFO] [stdout] test result: ok. 0 passed; 0 failed; 0 ignored; 0 measured; 0 filtered out; finished in 0.00s
[INFO] [stdout] 
[INFO] [stderr]      Running unittests src/main.rs (/opt/rustwide/target/debug/deps/day_2-6435ee02f00aa675)
[INFO] [stdout] 
[INFO] [stdout] running 2 tests
[INFO] [stdout] test tests::test_single_hand ... ok
[INFO] [stdout] test tests::test_game ... ok
[INFO] [stdout] 
[INFO] [stdout] test result: ok. 2 passed; 0 failed; 0 ignored; 0 measured; 0 filtered out; finished in 0.02s
[INFO] [stdout] 
[INFO] [stderr]      Running unittests src/main.rs (/opt/rustwide/target/debug/deps/day_3-70de2ab67fbe9fee)
[INFO] [stdout] 
[INFO] [stdout] running 2 tests
[INFO] [stdout] test tests::test_it ... ok
[INFO] [stdout] test tests::test_row_range ... ok
[INFO] [stdout] 
[INFO] [stdout] test result: ok. 2 passed; 0 failed; 0 ignored; 0 measured; 0 filtered out; finished in 0.00s
[INFO] [stdout] 
[INFO] [stderr]      Running unittests src/main.rs (/opt/rustwide/target/debug/deps/day_4-071ba0516f599476)
[INFO] [stdout] 
[INFO] [stdout] running 0 tests
[INFO] [stdout] 
[INFO] [stdout] test result: ok. 0 passed; 0 failed; 0 ignored; 0 measured; 0 filtered out; finished in 0.00s
[INFO] [stdout] 
[INFO] [stderr]      Running unittests src/main.rs (/opt/rustwide/target/debug/deps/day_5-346504a0dd40e055)
[INFO] [stdout] 
[INFO] [stdout] running 0 tests
[INFO] [stdout] 
[INFO] [stdout] test result: ok. 0 passed; 0 failed; 0 ignored; 0 measured; 0 filtered out; finished in 0.00s
[INFO] [stdout] 
[INFO] [stderr]      Running unittests src/main.rs (/opt/rustwide/target/debug/deps/day_6-81336b7f347cab37)
[INFO] [stdout] 
[INFO] [stdout] running 0 tests
[INFO] [stdout] 
[INFO] [stdout] test result: ok. 0 passed; 0 failed; 0 ignored; 0 measured; 0 filtered out; finished in 0.00s
[INFO] [stdout] 
[INFO] [stderr]      Running unittests src/main.rs (/opt/rustwide/target/debug/deps/day_7-6d084b75f8ce4736)
[INFO] [stdout] 
[INFO] [stdout] running 3 tests
[INFO] [stdout] test tests::test_ordering ... ok
[INFO] [stdout] test tests::card_ord ... ok
[INFO] [stdout] test tests::count_cards ... ok
[INFO] [stdout] 
[INFO] [stdout] test result: ok. 3 passed; 0 failed; 0 ignored; 0 measured; 0 filtered out; finished in 0.00s
[INFO] [stdout] 
[INFO] [stderr]      Running unittests src/main.rs (/opt/rustwide/target/debug/deps/day_8-300997a953396540)
[INFO] [stdout] 
[INFO] [stdout] running 0 tests
[INFO] [stdout] 
[INFO] [stdout] test result: ok. 0 passed; 0 failed; 0 ignored; 0 measured; 0 filtered out; finished in 0.00s
[INFO] [stdout] 
[INFO] [stderr]      Running unittests src/main.rs (/opt/rustwide/target/debug/deps/day_9-98cbb3dbe9dec8d9)
[INFO] [stdout] 
[INFO] [stdout] running 0 tests
[INFO] [stdout] 
[INFO] [stdout] test result: ok. 0 passed; 0 failed; 0 ignored; 0 measured; 0 filtered out; finished in 0.00s
[INFO] [stdout] 
[INFO] [stderr]      Running unittests src/lib.rs (/opt/rustwide/target/debug/deps/utils-96286b2b5275be93)
[INFO] [stdout] 
[INFO] [stdout] running 12 tests
[INFO] [stdout] test parse::tests::test_i32 ... ok
[INFO] [stdout] test grid::tests::test_it ... ok
[INFO] [stdout] test point::tests::test_add ... ok
[INFO] [stdout] test point::tests::test_bounded ... ok
[INFO] [stdout] test point::tests::test_bounded_t_i32 ... ok
[INFO] [stdout] test point::tests::test_bounded_t_usize ... ok
[INFO] [stdout] test point::tests::test_checked_sub ... ok
[INFO] [stdout] test point::tests::test_from_str ... ok
[INFO] [stdout] test point::tests::test_manhattan_t_usize ... ok
[INFO] [stdout] test point::tests::test_froms ... ok
[INFO] [stdout] test point::tests::test_sub ... ok
[INFO] [stdout] test priority_queue::tests::test_it ... ok
[INFO] [stdout] 
[INFO] [stdout] test result: ok. 12 passed; 0 failed; 0 ignored; 0 measured; 0 filtered out; finished in 0.00s
[INFO] [stdout] 
[INFO] [stderr]    Doc-tests utils
[INFO] [stdout] 
[INFO] [stdout] running 3 tests
[INFO] [stdout] test utils/src/point.rs - point (line 17) ... FAILED
[INFO] [stdout] test utils/src/point.rs - point (line 8) ... FAILED
[INFO] [stdout] test utils/src/point.rs - point (line 26) ... FAILED
[INFO] [stdout] 
[INFO] [stdout] failures:
[INFO] [stdout] 
[INFO] [stdout] ---- utils/src/point.rs - point (line 17) stdout ----
[INFO] [stdout] error[E0433]: failed to resolve: use of undeclared type `Point`
[INFO] [stdout]  --> utils/src/point.rs:18:13
[INFO] [stdout]   |
[INFO] [stdout] 3 | let upper = Point::<i32>::origin();
[INFO] [stdout]   |             ^^^^^ use of undeclared type `Point`
[INFO] [stdout]   |
[INFO] [stdout] help: consider importing this struct
[INFO] [stdout]   |
[INFO] [stdout] 2 + use utils::Point;
[INFO] [stdout]   |
[INFO] [stdout] 
[INFO] [stdout] error[E0433]: failed to resolve: use of undeclared type `Point`
[INFO] [stdout]  --> utils/src/point.rs:19:13
[INFO] [stdout]   |
[INFO] [stdout] 4 | let lower = Point::<i32>::new(10,10);
[INFO] [stdout]   |             ^^^^^ use of undeclared type `Point`
[INFO] [stdout]   |
[INFO] [stdout] help: consider importing this struct
[INFO] [stdout]   |
[INFO] [stdout] 2 + use utils::Point;
[INFO] [stdout]   |
[INFO] [stdout] 
[INFO] [stdout] error[E0433]: failed to resolve: use of undeclared type `Point`
[INFO] [stdout]  --> utils/src/point.rs:20:14
[INFO] [stdout]   |
[INFO] [stdout] 5 | let inside = Point::<i32>::new(4,5);
[INFO] [stdout]   |              ^^^^^ use of undeclared type `Point`
[INFO] [stdout]   |
[INFO] [stdout] help: consider importing this struct
[INFO] [stdout]   |
[INFO] [stdout] 2 + use utils::Point;
[INFO] [stdout]   |
[INFO] [stdout] 
[INFO] [stdout] error: aborting due to 3 previous errors
[INFO] [stdout] 
[INFO] [stdout] For more information about this error, try `rustc --explain E0433`.
[INFO] [stdout] Couldn't compile the test.
[INFO] [stdout] ---- utils/src/point.rs - point (line 8) stdout ----
[INFO] [stdout] error[E0433]: failed to resolve: use of undeclared type `Point`
[INFO] [stdout]  --> utils/src/point.rs:9:11
[INFO] [stdout]   |
[INFO] [stdout] 3 | let lhs = Point::<i32>::new(1,1);
[INFO] [stdout]   |           ^^^^^ use of undeclared type `Point`
[INFO] [stdout]   |
[INFO] [stdout] help: consider importing this struct
[INFO] [stdout]   |
[INFO] [stdout] 2 + use utils::Point;
[INFO] [stdout]   |
[INFO] [stdout] 
[INFO] [stdout] error[E0433]: failed to resolve: use of undeclared type `Point`
[INFO] [stdout]  --> utils/src/point.rs:10:11
[INFO] [stdout]   |
[INFO] [stdout] 4 | let rhs = Point::<i32>::new(2,2);
[INFO] [stdout]   |           ^^^^^ use of undeclared type `Point`
[INFO] [stdout]   |
[INFO] [stdout] help: consider importing this struct
[INFO] [stdout]   |
[INFO] [stdout] 2 + use utils::Point;
[INFO] [stdout]   |
[INFO] [stdout] 
[INFO] [stdout] error[E0433]: failed to resolve: use of undeclared type `Point`
[INFO] [stdout]  --> utils/src/point.rs:12:22
[INFO] [stdout]   |
[INFO] [stdout] 6 | assert_eq!(&result, &Point::<i32>::new(3,3));
[INFO] [stdout]   |                      ^^^^^ use of undeclared type `Point`
[INFO] [stdout]   |
[INFO] [stdout] help: consider importing this struct
[INFO] [stdout]   |
[INFO] [stdout] 2 + use utils::Point;
[INFO] [stdout]   |
[INFO] [stdout] 
[INFO] [stdout] error: aborting due to 3 previous errors
[INFO] [stdout] 
[INFO] [stdout] For more information about this error, try `rustc --explain E0433`.
[INFO] [stdout] Couldn't compile the test.
[INFO] [stdout] ---- utils/src/point.rs - point (line 26) stdout ----
[INFO] [stdout] error: unknown start of token: `
[INFO] [stdout]  --> utils/src/point.rs:32:1
[INFO] [stdout]   |
[INFO] [stdout] 8 | ```rust
[INFO] [stdout]   | ^^^
[INFO] [stdout]   |
[INFO] [stdout]   = note: character appears 2 more times
[INFO] [stdout] help: Unicode character '`' (Grave Accent) looks like ''' (Single Quote), but it is not
[INFO] [stdout]   |
[INFO] [stdout] 8 | '''rust
[INFO] [stdout]   | ~~~
[INFO] [stdout] 
[INFO] [stdout] error: unknown start of token: `
[INFO] [stdout]   --> utils/src/point.rs:39:1
[INFO] [stdout]    |
[INFO] [stdout] 15 | ```rust
[INFO] [stdout]    | ^^^
[INFO] [stdout]    |
[INFO] [stdout]    = note: character appears 2 more times
[INFO] [stdout] help: Unicode character '`' (Grave Accent) looks like ''' (Single Quote), but it is not
[INFO] [stdout]    |
[INFO] [stdout] 15 | '''rust
[INFO] [stdout]    | ~~~
[INFO] [stdout] 
[INFO] [stdout] error: expected one of `!`, `.`, `::`, `;`, `?`, `{`, `}`, or an operator, found `the`
[INFO] [stdout]  --> utils/src/point.rs:31:6
[INFO] [stdout]   |
[INFO] [stdout] 7 | Find the distance between 2 points:
[INFO] [stdout]   |      ^^^ expected one of 8 possible tokens
[INFO] [stdout] 
[INFO] [stdout] error[E0433]: failed to resolve: use of undeclared type `Point`
[INFO] [stdout]  --> utils/src/point.rs:27:13
[INFO] [stdout]   |
[INFO] [stdout] 3 | let lower = Point::<i32>::new(10,10);
[INFO] [stdout]   |             ^^^^^ use of undeclared type `Point`
[INFO] [stdout]   |
[INFO] [stdout] help: consider importing this struct
[INFO] [stdout]   |
[INFO] [stdout] 2 + use utils::Point;
[INFO] [stdout]   |
[INFO] [stdout] 
[INFO] [stdout] error[E0433]: failed to resolve: use of undeclared type `Point`
[INFO] [stdout]  --> utils/src/point.rs:28:14
[INFO] [stdout]   |
[INFO] [stdout] 4 | let inside = Point::<i32>::new(4,5);
[INFO] [stdout]   |              ^^^^^ use of undeclared type `Point`
[INFO] [stdout]   |
[INFO] [stdout] help: consider importing this struct
[INFO] [stdout]   |
[INFO] [stdout] 2 + use utils::Point;
[INFO] [stdout]   |
[INFO] [stdout] 
[INFO] [stdout] error: aborting due to 5 previous errors
[INFO] [stdout] 
[INFO] [stdout] For more information about this error, try `rustc --explain E0433`.
[INFO] [stdout] Couldn't compile the test.
[INFO] [stdout] 
[INFO] [stdout] failures:
[INFO] [stdout]     utils/src/point.rs - point (line 17)
[INFO] [stdout]     utils/src/point.rs - point (line 26)
[INFO] [stdout]     utils/src/point.rs - point (line 8)
[INFO] [stdout] 
[INFO] [stdout] test result: FAILED. 0 passed; 3 failed; 0 ignored; 0 measured; 0 filtered out; finished in 0.05s
[INFO] [stdout] 
[INFO] [stderr] error: doctest failed, to rerun pass `-p utils --doc`
[INFO] running `Command { std: "docker" "inspect" "71790f3a67cf0fc89f69571477b8b2fa8713c8ff0aecfdc5855c4e0e50261c3d", kill_on_drop: false }`
[INFO] running `Command { std: "docker" "rm" "-f" "71790f3a67cf0fc89f69571477b8b2fa8713c8ff0aecfdc5855c4e0e50261c3d", kill_on_drop: false }`
[INFO] [stdout] 71790f3a67cf0fc89f69571477b8b2fa8713c8ff0aecfdc5855c4e0e50261c3d
[INFO] testing dskyberg/adventofcode_2023 against beta-2023-12-22 for beta-1.76-1
[INFO] running `Command { std: "git" "clone" "/workspace/cache/git-repos/https%3A%2F%2Fgithub.com%2Fdskyberg%2Fadventofcode_2023" "/workspace/builds/worker-5-tc2/source", kill_on_drop: false }`
[INFO] [stderr] Cloning into '/workspace/builds/worker-5-tc2/source'...
[INFO] [stderr] done.
[INFO] validating manifest of git repo https://github.com/dskyberg/adventofcode_2023 on toolchain beta-2023-12-22
[INFO] running `Command { std: CARGO_HOME="/workspace/cargo-home" RUSTUP_HOME="/workspace/rustup-home" "/workspace/cargo-home/bin/cargo" "+beta-2023-12-22" "metadata" "--manifest-path" "Cargo.toml" "--no-deps", kill_on_drop: false }`
[INFO] started tweaking git repo https://github.com/dskyberg/adventofcode_2023
[INFO] finished tweaking git repo https://github.com/dskyberg/adventofcode_2023
[INFO] tweaked toml for git repo https://github.com/dskyberg/adventofcode_2023 written to /workspace/builds/worker-5-tc2/source/Cargo.toml
[INFO] crate git repo https://github.com/dskyberg/adventofcode_2023 already has a lockfile, it will not be regenerated
[INFO] running `Command { std: CARGO_HOME="/workspace/cargo-home" RUSTUP_HOME="/workspace/rustup-home" "/workspace/cargo-home/bin/cargo" "+beta-2023-12-22" "fetch" "--manifest-path" "Cargo.toml", kill_on_drop: false }`
[INFO] [stderr] warning: /workspace/builds/worker-5-tc2/source/day_16/Cargo.toml: dependency (lazy_static) specified without providing a local path, Git repository, version, or workspace dependency to use. This will be considered an error in future versions
[INFO] [stderr] warning: /workspace/builds/worker-5-tc2/source/day_16/Cargo.toml: unused manifest key: dependencies.lazy_static.workpace
[INFO] running `Command { std: "docker" "create" "-v" "/var/lib/crater-agent-workspace/builds/worker-5-tc2/target:/opt/rustwide/target:rw,Z" "-v" "/var/lib/crater-agent-workspace/builds/worker-5-tc2/source:/opt/rustwide/workdir:ro,Z" "-v" "/var/lib/crater-agent-workspace/cargo-home:/opt/rustwide/cargo-home:ro,Z" "-v" "/var/lib/crater-agent-workspace/rustup-home:/opt/rustwide/rustup-home:ro,Z" "-e" "SOURCE_DIR=/opt/rustwide/workdir" "-e" "CARGO_TARGET_DIR=/opt/rustwide/target" "-e" "CARGO_HOME=/opt/rustwide/cargo-home" "-e" "RUSTUP_HOME=/opt/rustwide/rustup-home" "-w" "/opt/rustwide/workdir" "-m" "1610612736" "--user" "0:0" "--network" "none" "ghcr.io/rust-lang/crates-build-env/linux@sha256:2788e3201cd34a07e3172128adcd8b3090168a8e3bcc40d7c032b9dda1df7d1c" "/opt/rustwide/cargo-home/bin/cargo" "+beta-2023-12-22" "metadata" "--no-deps" "--format-version=1", kill_on_drop: false }`
[INFO] [stdout] 427400e47305df6a5364fdfc4d331a458425252b1801aa955df92b7500a2b911
[INFO] running `Command { std: "docker" "start" "-a" "427400e47305df6a5364fdfc4d331a458425252b1801aa955df92b7500a2b911", kill_on_drop: false }`
[INFO] running `Command { std: "docker" "inspect" "427400e47305df6a5364fdfc4d331a458425252b1801aa955df92b7500a2b911", kill_on_drop: false }`
[INFO] running `Command { std: "docker" "rm" "-f" "427400e47305df6a5364fdfc4d331a458425252b1801aa955df92b7500a2b911", kill_on_drop: false }`
[INFO] [stdout] 427400e47305df6a5364fdfc4d331a458425252b1801aa955df92b7500a2b911
[INFO] running `Command { std: "docker" "create" "-v" "/var/lib/crater-agent-workspace/builds/worker-5-tc2/target:/opt/rustwide/target:rw,Z" "-v" "/var/lib/crater-agent-workspace/builds/worker-5-tc2/source:/opt/rustwide/workdir:ro,Z" "-v" "/var/lib/crater-agent-workspace/cargo-home:/opt/rustwide/cargo-home:ro,Z" "-v" "/var/lib/crater-agent-workspace/rustup-home:/opt/rustwide/rustup-home:ro,Z" "-e" "SOURCE_DIR=/opt/rustwide/workdir" "-e" "CARGO_TARGET_DIR=/opt/rustwide/target" "-e" "CARGO_INCREMENTAL=0" "-e" "RUST_BACKTRACE=full" "-e" "RUSTFLAGS=--cap-lints=warn" "-e" "RUSTDOCFLAGS=--cap-lints=warn" "-e" "CARGO_HOME=/opt/rustwide/cargo-home" "-e" "RUSTUP_HOME=/opt/rustwide/rustup-home" "-w" "/opt/rustwide/workdir" "-m" "1610612736" "--user" "0:0" "--network" "none" "ghcr.io/rust-lang/crates-build-env/linux@sha256:2788e3201cd34a07e3172128adcd8b3090168a8e3bcc40d7c032b9dda1df7d1c" "/opt/rustwide/cargo-home/bin/cargo" "+beta-2023-12-22" "build" "--frozen" "--message-format=json", kill_on_drop: false }`
[INFO] [stdout] 74632658cafebe0947b83ab2dac724d774d48749c39d95e30c19212727852e35
[INFO] running `Command { std: "docker" "start" "-a" "74632658cafebe0947b83ab2dac724d774d48749c39d95e30c19212727852e35", kill_on_drop: false }`
[INFO] [stderr] warning: /opt/rustwide/workdir/day_16/Cargo.toml: dependency (lazy_static) specified without providing a local path, Git repository, version, or workspace dependency to use. This will be considered an error in future versions
[INFO] [stderr] warning: /opt/rustwide/workdir/day_16/Cargo.toml: unused manifest key: dependencies.lazy_static.workpace
[INFO] [stderr]    Compiling autocfg v1.1.0
[INFO] [stderr]    Compiling anyhow v1.0.75
[INFO] [stderr]    Compiling memchr v2.6.4
[INFO] [stderr]    Compiling regex-syntax v0.8.2
[INFO] [stderr]    Compiling either v1.9.0
[INFO] [stderr]    Compiling equivalent v1.0.1
[INFO] [stderr]    Compiling hashbrown v0.14.3
[INFO] [stderr]    Compiling itertools v0.12.0
[INFO] [stderr]    Compiling num-traits v0.2.17
[INFO] [stderr]    Compiling num-integer v0.1.45
[INFO] [stderr]    Compiling num-bigint v0.4.4
[INFO] [stderr]    Compiling num-iter v0.1.43
[INFO] [stderr]    Compiling num-rational v0.4.1
[INFO] [stderr]    Compiling aho-corasick v1.1.2
[INFO] [stderr]    Compiling day_14 v0.1.0 (/opt/rustwide/workdir/day_14)
[INFO] [stderr]    Compiling day_6 v0.1.0 (/opt/rustwide/workdir/day_6)
[INFO] [stderr]    Compiling day_10 v0.1.0 (/opt/rustwide/workdir/day_10)
[INFO] [stderr]    Compiling day_4 v0.1.0 (/opt/rustwide/workdir/day_4)
[INFO] [stderr]    Compiling day_7 v0.1.0 (/opt/rustwide/workdir/day_7)
[INFO] [stderr]    Compiling day_13 v0.1.0 (/opt/rustwide/workdir/day_13)
[INFO] [stderr]    Compiling day_1 v0.1.0 (/opt/rustwide/workdir/day_1)
[INFO] [stderr]    Compiling day_9 v0.1.0 (/opt/rustwide/workdir/day_9)
[INFO] [stderr]    Compiling indexmap v2.1.0
[INFO] [stderr]    Compiling num-complex v0.4.4
[INFO] [stderr]    Compiling regex-automata v0.4.3
[INFO] [stderr]    Compiling num v0.4.1
[INFO] [stderr]    Compiling utils v0.1.0 (/opt/rustwide/workdir/utils)
[INFO] [stderr]    Compiling day_11 v0.1.0 (/opt/rustwide/workdir/day_11)
[INFO] [stderr]    Compiling day_12 v0.1.0 (/opt/rustwide/workdir/day_12)
[INFO] [stderr]    Compiling day_3 v0.1.0 (/opt/rustwide/workdir/day_3)
[INFO] [stderr]    Compiling day_16 v0.1.0 (/opt/rustwide/workdir/day_16)
[INFO] [stderr]    Compiling day_17 v0.1.0 (/opt/rustwide/workdir/day_17)
[INFO] [stderr]    Compiling regex v1.10.2
[INFO] [stderr]    Compiling day_15 v0.1.0 (/opt/rustwide/workdir/day_15)
[INFO] [stderr]    Compiling day_8 v0.1.0 (/opt/rustwide/workdir/day_8)
[INFO] [stderr]    Compiling day_5 v0.1.0 (/opt/rustwide/workdir/day_5)
[INFO] [stderr]    Compiling day_2 v0.1.0 (/opt/rustwide/workdir/day_2)
[INFO] [stderr]     Finished dev [unoptimized + debuginfo] target(s) in 4.76s
[INFO] running `Command { std: "docker" "inspect" "74632658cafebe0947b83ab2dac724d774d48749c39d95e30c19212727852e35", kill_on_drop: false }`
[INFO] running `Command { std: "docker" "rm" "-f" "74632658cafebe0947b83ab2dac724d774d48749c39d95e30c19212727852e35", kill_on_drop: false }`
[INFO] [stdout] 74632658cafebe0947b83ab2dac724d774d48749c39d95e30c19212727852e35
[INFO] running `Command { std: "docker" "create" "-v" "/var/lib/crater-agent-workspace/builds/worker-5-tc2/target:/opt/rustwide/target:rw,Z" "-v" "/var/lib/crater-agent-workspace/builds/worker-5-tc2/source:/opt/rustwide/workdir:ro,Z" "-v" "/var/lib/crater-agent-workspace/cargo-home:/opt/rustwide/cargo-home:ro,Z" "-v" "/var/lib/crater-agent-workspace/rustup-home:/opt/rustwide/rustup-home:ro,Z" "-e" "SOURCE_DIR=/opt/rustwide/workdir" "-e" "CARGO_TARGET_DIR=/opt/rustwide/target" "-e" "CARGO_INCREMENTAL=0" "-e" "RUST_BACKTRACE=full" "-e" "RUSTFLAGS=--cap-lints=warn" "-e" "RUSTDOCFLAGS=--cap-lints=warn" "-e" "CARGO_HOME=/opt/rustwide/cargo-home" "-e" "RUSTUP_HOME=/opt/rustwide/rustup-home" "-w" "/opt/rustwide/workdir" "-m" "1610612736" "--user" "0:0" "--network" "none" "ghcr.io/rust-lang/crates-build-env/linux@sha256:2788e3201cd34a07e3172128adcd8b3090168a8e3bcc40d7c032b9dda1df7d1c" "/opt/rustwide/cargo-home/bin/cargo" "+beta-2023-12-22" "test" "--frozen" "--no-run" "--message-format=json", kill_on_drop: false }`
[INFO] [stdout] b9f02ed91f867cd9f52bed6c0bb7c343c525088d8663fc8412fa5b2e69a6687f
[INFO] running `Command { std: "docker" "start" "-a" "b9f02ed91f867cd9f52bed6c0bb7c343c525088d8663fc8412fa5b2e69a6687f", kill_on_drop: false }`
[INFO] [stderr] warning: /opt/rustwide/workdir/day_16/Cargo.toml: dependency (lazy_static) specified without providing a local path, Git repository, version, or workspace dependency to use. This will be considered an error in future versions
[INFO] [stderr] warning: /opt/rustwide/workdir/day_16/Cargo.toml: unused manifest key: dependencies.lazy_static.workpace
[INFO] [stderr]    Compiling day_13 v0.1.0 (/opt/rustwide/workdir/day_13)
[INFO] [stderr]    Compiling day_1 v0.1.0 (/opt/rustwide/workdir/day_1)
[INFO] [stderr]    Compiling day_4 v0.1.0 (/opt/rustwide/workdir/day_4)
[INFO] [stderr]    Compiling day_6 v0.1.0 (/opt/rustwide/workdir/day_6)
[INFO] [stderr]    Compiling day_7 v0.1.0 (/opt/rustwide/workdir/day_7)
[INFO] [stderr]    Compiling day_9 v0.1.0 (/opt/rustwide/workdir/day_9)
[INFO] [stderr]    Compiling day_14 v0.1.0 (/opt/rustwide/workdir/day_14)
[INFO] [stderr]    Compiling day_10 v0.1.0 (/opt/rustwide/workdir/day_10)
[INFO] [stderr]    Compiling day_15 v0.1.0 (/opt/rustwide/workdir/day_15)
[INFO] [stderr]    Compiling day_5 v0.1.0 (/opt/rustwide/workdir/day_5)
[INFO] [stderr]    Compiling day_8 v0.1.0 (/opt/rustwide/workdir/day_8)
[INFO] [stderr]    Compiling day_2 v0.1.0 (/opt/rustwide/workdir/day_2)
[INFO] [stderr]    Compiling utils v0.1.0 (/opt/rustwide/workdir/utils)
[INFO] [stderr]    Compiling day_17 v0.1.0 (/opt/rustwide/workdir/day_17)
[INFO] [stderr]    Compiling day_12 v0.1.0 (/opt/rustwide/workdir/day_12)
[INFO] [stderr]    Compiling day_3 v0.1.0 (/opt/rustwide/workdir/day_3)
[INFO] [stderr]    Compiling day_11 v0.1.0 (/opt/rustwide/workdir/day_11)
[INFO] [stderr]    Compiling day_16 v0.1.0 (/opt/rustwide/workdir/day_16)
[INFO] [stderr]     Finished test [unoptimized + debuginfo] target(s) in 2.04s
[INFO] running `Command { std: "docker" "inspect" "b9f02ed91f867cd9f52bed6c0bb7c343c525088d8663fc8412fa5b2e69a6687f", kill_on_drop: false }`
[INFO] running `Command { std: "docker" "rm" "-f" "b9f02ed91f867cd9f52bed6c0bb7c343c525088d8663fc8412fa5b2e69a6687f", kill_on_drop: false }`
[INFO] [stdout] b9f02ed91f867cd9f52bed6c0bb7c343c525088d8663fc8412fa5b2e69a6687f
[INFO] running `Command { std: "docker" "create" "-v" "/var/lib/crater-agent-workspace/builds/worker-5-tc2/target:/opt/rustwide/target:rw,Z" "-v" "/var/lib/crater-agent-workspace/builds/worker-5-tc2/source:/opt/rustwide/workdir:ro,Z" "-v" "/var/lib/crater-agent-workspace/cargo-home:/opt/rustwide/cargo-home:ro,Z" "-v" "/var/lib/crater-agent-workspace/rustup-home:/opt/rustwide/rustup-home:ro,Z" "-e" "SOURCE_DIR=/opt/rustwide/workdir" "-e" "CARGO_TARGET_DIR=/opt/rustwide/target" "-e" "CARGO_INCREMENTAL=0" "-e" "RUST_BACKTRACE=full" "-e" "RUSTFLAGS=--cap-lints=warn" "-e" "RUSTDOCFLAGS=--cap-lints=warn" "-e" "CARGO_HOME=/opt/rustwide/cargo-home" "-e" "RUSTUP_HOME=/opt/rustwide/rustup-home" "-w" "/opt/rustwide/workdir" "-m" "1610612736" "--user" "0:0" "--network" "none" "ghcr.io/rust-lang/crates-build-env/linux@sha256:2788e3201cd34a07e3172128adcd8b3090168a8e3bcc40d7c032b9dda1df7d1c" "/opt/rustwide/cargo-home/bin/cargo" "+beta-2023-12-22" "test" "--frozen", kill_on_drop: false }`
[INFO] [stdout] bad237c53eced34bd273725e6079da0453879ed3e58fa25cb6e8f128a1e36dc7
[INFO] running `Command { std: "docker" "start" "-a" "bad237c53eced34bd273725e6079da0453879ed3e58fa25cb6e8f128a1e36dc7", kill_on_drop: false }`
[INFO] [stderr] warning: /opt/rustwide/workdir/day_16/Cargo.toml: dependency (lazy_static) specified without providing a local path, Git repository, version, or workspace dependency to use. This will be considered an error in future versions
[INFO] [stderr] warning: /opt/rustwide/workdir/day_16/Cargo.toml: unused manifest key: dependencies.lazy_static.workpace
[INFO] [stderr]     Finished test [unoptimized + debuginfo] target(s) in 0.04s
[INFO] [stderr]      Running unittests src/main.rs (/opt/rustwide/target/debug/deps/day_1-0b17271059750a2b)
[INFO] [stdout] 
[INFO] [stdout] running 0 tests
[INFO] [stdout] 
[INFO] [stdout] test result: ok. 0 passed; 0 failed; 0 ignored; 0 measured; 0 filtered out; finished in 0.00s
[INFO] [stdout] 
[INFO] [stderr]      Running unittests src/main.rs (/opt/rustwide/target/debug/deps/day_10-ae2e6ac9654d4759)
[INFO] [stdout] 
[INFO] [stdout] running 1 test
[INFO] [stdout] test tests::test_it ... ok
[INFO] [stdout] 
[INFO] [stdout] test result: ok. 1 passed; 0 failed; 0 ignored; 0 measured; 0 filtered out; finished in 20.82s
[INFO] [stdout] 
[INFO] [stderr]      Running unittests src/main.rs (/opt/rustwide/target/debug/deps/day_11-42162b18ccf0098c)
[INFO] [stdout] 
[INFO] [stdout] running 0 tests
[INFO] [stdout] 
[INFO] [stdout] test result: ok. 0 passed; 0 failed; 0 ignored; 0 measured; 0 filtered out; finished in 0.00s
[INFO] [stdout] 
[INFO] [stderr]      Running unittests src/main.rs (/opt/rustwide/target/debug/deps/day_12-ac1f28a1309b4c43)
[INFO] [stdout] 
[INFO] [stderr]      Running unittests src/main.rs (/opt/rustwide/target/debug/deps/day_13-a97522d6922b724b)
[INFO] [stdout] running 0 tests
[INFO] [stdout] 
[INFO] [stdout] test result: ok. 0 passed; 0 failed; 0 ignored; 0 measured; 0 filtered out; finished in 0.00s
[INFO] [stdout] 
[INFO] [stdout] 
[INFO] [stdout] running 0 tests
[INFO] [stdout] 
[INFO] [stdout] test result: ok. 0 passed; 0 failed; 0 ignored; 0 measured; 0 filtered out; finished in 0.00s
[INFO] [stdout] 
[INFO] [stderr]      Running unittests src/main.rs (/opt/rustwide/target/debug/deps/day_14-86caaeff90a2536d)
[INFO] [stdout] 
[INFO] [stdout] running 0 tests
[INFO] [stdout] 
[INFO] [stdout] test result: ok. 0 passed; 0 failed; 0 ignored; 0 measured; 0 filtered out; finished in 0.00s
[INFO] [stdout] 
[INFO] [stderr]      Running unittests src/main.rs (/opt/rustwide/target/debug/deps/day_15-6f8920806a936a0f)
[INFO] [stdout] 
[INFO] [stdout] running 1 test
[INFO] [stdout] test tests::test_it ... ok
[INFO] [stdout] 
[INFO] [stdout] test result: ok. 1 passed; 0 failed; 0 ignored; 0 measured; 0 filtered out; finished in 0.02s
[INFO] [stdout] 
[INFO] [stderr]      Running unittests src/main.rs (/opt/rustwide/target/debug/deps/day_16-444cbc24bd3ac82e)
[INFO] [stdout] 
[INFO] [stdout] running 0 tests
[INFO] [stdout] 
[INFO] [stdout] test result: ok. 0 passed; 0 failed; 0 ignored; 0 measured; 0 filtered out; finished in 0.00s
[INFO] [stdout] 
[INFO] [stderr]      Running unittests src/main.rs (/opt/rustwide/target/debug/deps/day_17-46f97fb1a4055bd6)
[INFO] [stdout] 
[INFO] [stdout] running 0 tests
[INFO] [stdout] 
[INFO] [stdout] test result: ok. 0 passed; 0 failed; 0 ignored; 0 measured; 0 filtered out; finished in 0.00s
[INFO] [stdout] 
[INFO] [stderr]      Running unittests src/main.rs (/opt/rustwide/target/debug/deps/day_2-03effba88d91e90f)
[INFO] [stdout] 
[INFO] [stdout] running 2 tests
[INFO] [stdout] test tests::test_single_hand ... ok
[INFO] [stdout] test tests::test_game ... ok
[INFO] [stdout] 
[INFO] [stdout] test result: ok. 2 passed; 0 failed; 0 ignored; 0 measured; 0 filtered out; finished in 0.05s
[INFO] [stdout] 
[INFO] [stderr]      Running unittests src/main.rs (/opt/rustwide/target/debug/deps/day_3-18c5bab79328b469)
[INFO] [stdout] 
[INFO] [stdout] running 2 tests
[INFO] [stdout] test tests::test_row_range ... ok
[INFO] [stdout] test tests::test_it ... ok
[INFO] [stdout] 
[INFO] [stdout] test result: ok. 2 passed; 0 failed; 0 ignored; 0 measured; 0 filtered out; finished in 0.01s
[INFO] [stdout] 
[INFO] [stderr]      Running unittests src/main.rs (/opt/rustwide/target/debug/deps/day_4-37d29613cb0e5cda)
[INFO] [stdout] 
[INFO] [stdout] running 0 tests
[INFO] [stdout] 
[INFO] [stdout] test result: ok. 0 passed; 0 failed; 0 ignored; 0 measured; 0 filtered out; finished in 0.00s
[INFO] [stdout] 
[INFO] [stderr]      Running unittests src/main.rs (/opt/rustwide/target/debug/deps/day_5-2bbac9c0a6cf18f4)
[INFO] [stdout] 
[INFO] [stdout] running 0 tests
[INFO] [stdout] 
[INFO] [stdout] test result: ok. 0 passed; 0 failed; 0 ignored; 0 measured; 0 filtered out; finished in 0.00s
[INFO] [stdout] 
[INFO] [stderr]      Running unittests src/main.rs (/opt/rustwide/target/debug/deps/day_6-d8a4e64ec439753a)
[INFO] [stdout] 
[INFO] [stdout] running 0 tests
[INFO] [stdout] 
[INFO] [stdout] test result: ok. 0 passed; 0 failed; 0 ignored; 0 measured; 0 filtered out; finished in 0.00s
[INFO] [stdout] 
[INFO] [stderr]      Running unittests src/main.rs (/opt/rustwide/target/debug/deps/day_7-a383126924406aee)
[INFO] [stdout] 
[INFO] [stdout] running 3 tests
[INFO] [stdout] test tests::test_ordering ... ok
[INFO] [stdout] test tests::card_ord ... ok
[INFO] [stderr]      Running unittests src/main.rs (/opt/rustwide/target/debug/deps/day_8-d345e171bc3c9826)
[INFO] [stdout] test tests::count_cards ... ok
[INFO] [stdout] 
[INFO] [stdout] test result: ok. 3 passed; 0 failed; 0 ignored; 0 measured; 0 filtered out; finished in 0.03s
[INFO] [stdout] 
[INFO] [stdout] 
[INFO] [stdout] running 0 tests
[INFO] [stdout] 
[INFO] [stdout] test result: ok. 0 passed; 0 failed; 0 ignored; 0 measured; 0 filtered out; finished in 0.00s
[INFO] [stdout] 
[INFO] [stderr]      Running unittests src/main.rs (/opt/rustwide/target/debug/deps/day_9-b0dbd7a71f579ed8)
[INFO] [stdout] 
[INFO] [stdout] running 0 tests
[INFO] [stdout] 
[INFO] [stdout] test result: ok. 0 passed; 0 failed; 0 ignored; 0 measured; 0 filtered out; finished in 0.00s
[INFO] [stdout] 
[INFO] [stderr]      Running unittests src/lib.rs (/opt/rustwide/target/debug/deps/utils-b1ad16b048b6a26e)
[INFO] [stdout] 
[INFO] [stdout] running 12 tests
[INFO] [stdout] test point::tests::test_bounded_t_usize ... ok
[INFO] [stdout] test point::tests::test_bounded_t_i32 ... ok
[INFO] [stdout] test point::tests::test_bounded ... ok
[INFO] [stdout] test grid::tests::test_it ... ok
[INFO] [stdout] test point::tests::test_checked_sub ... ok
[INFO] [stdout] test parse::tests::test_i32 ... ok
[INFO] [stdout] test point::tests::test_add ... ok
[INFO] [stdout] test point::tests::test_froms ... ok
[INFO] [stdout] test point::tests::test_from_str ... ok
[INFO] [stdout] test point::tests::test_manhattan_t_usize ... ok
[INFO] [stdout] test priority_queue::tests::test_it ... ok
[INFO] [stdout] test point::tests::test_sub ... ok
[INFO] [stdout] 
[INFO] [stdout] test result: ok. 12 passed; 0 failed; 0 ignored; 0 measured; 0 filtered out; finished in 0.07s
[INFO] [stdout] 
[INFO] [stderr]    Doc-tests utils
[INFO] [stdout] 
[INFO] [stdout] running 3 tests
[INFO] [stdout] test utils/src/point.rs - point (line 26) ... FAILED
[INFO] [stdout] test utils/src/point.rs - point (line 8) ... FAILED
[INFO] [stdout] test utils/src/point.rs - point (line 17) ... FAILED
[INFO] [stdout] 
[INFO] [stdout] failures:
[INFO] [stdout] 
[INFO] [stdout] ---- utils/src/point.rs - point (line 26) stdout ----
[INFO] [stdout] error: unknown start of token: `
[INFO] [stdout]  --> utils/src/point.rs:32:1
[INFO] [stdout]   |
[INFO] [stdout] 8 | ```rust
[INFO] [stdout]   | ^^^
[INFO] [stdout]   |
[INFO] [stdout]   = note: character appears 2 more times
[INFO] [stdout] help: Unicode character '`' (Grave Accent) looks like ''' (Single Quote), but it is not
[INFO] [stdout]   |
[INFO] [stdout] 8 | '''rust
[INFO] [stdout]   | ~~~
[INFO] [stdout] 
[INFO] [stdout] error: unknown start of token: `
[INFO] [stdout]   --> utils/src/point.rs:39:1
[INFO] [stdout]    |
[INFO] [stdout] 15 | ```rust
[INFO] [stdout]    | ^^^
[INFO] [stdout]    |
[INFO] [stdout]    = note: character appears 2 more times
[INFO] [stdout] help: Unicode character '`' (Grave Accent) looks like ''' (Single Quote), but it is not
[INFO] [stdout]    |
[INFO] [stdout] 15 | '''rust
[INFO] [stdout]    | ~~~
[INFO] [stdout] 
[INFO] [stdout] error: expected one of `!`, `.`, `::`, `;`, `?`, `{`, `}`, or an operator, found `the`
[INFO] [stdout]  --> utils/src/point.rs:31:6
[INFO] [stdout]   |
[INFO] [stdout] 7 | Find the distance between 2 points:
[INFO] [stdout]   |      ^^^ expected one of 8 possible tokens
[INFO] [stdout] 
[INFO] [stdout] error[E0433]: failed to resolve: use of undeclared type `Point`
[INFO] [stdout]  --> utils/src/point.rs:27:13
[INFO] [stdout]   |
[INFO] [stdout] 3 | let lower = Point::<i32>::new(10,10);
[INFO] [stdout]   |             ^^^^^ use of undeclared type `Point`
[INFO] [stdout]   |
[INFO] [stdout] help: consider importing this struct
[INFO] [stdout]   |
[INFO] [stdout] 2 + use utils::Point;
[INFO] [stdout]   |
[INFO] [stdout] 
[INFO] [stdout] error[E0433]: failed to resolve: use of undeclared type `Point`
[INFO] [stdout]  --> utils/src/point.rs:28:14
[INFO] [stdout]   |
[INFO] [stdout] 4 | let inside = Point::<i32>::new(4,5);
[INFO] [stdout]   |              ^^^^^ use of undeclared type `Point`
[INFO] [stdout]   |
[INFO] [stdout] help: consider importing this struct
[INFO] [stdout]   |
[INFO] [stdout] 2 + use utils::Point;
[INFO] [stdout]   |
[INFO] [stdout] 
[INFO] [stdout] error: aborting due to 5 previous errors
[INFO] [stdout] 
[INFO] [stdout] For more information about this error, try `rustc --explain E0433`.
[INFO] [stdout] Couldn't compile the test.
[INFO] [stdout] ---- utils/src/point.rs - point (line 8) stdout ----
[INFO] [stdout] error[E0433]: failed to resolve: use of undeclared type `Point`
[INFO] [stdout]  --> utils/src/point.rs:9:11
[INFO] [stdout]   |
[INFO] [stdout] 3 | let lhs = Point::<i32>::new(1,1);
[INFO] [stdout]   |           ^^^^^ use of undeclared type `Point`
[INFO] [stdout]   |
[INFO] [stdout] help: consider importing this struct
[INFO] [stdout]   |
[INFO] [stdout] 2 + use utils::Point;
[INFO] [stdout]   |
[INFO] [stdout] 
[INFO] [stdout] error[E0433]: failed to resolve: use of undeclared type `Point`
[INFO] [stdout]  --> utils/src/point.rs:10:11
[INFO] [stdout]   |
[INFO] [stdout] 4 | let rhs = Point::<i32>::new(2,2);
[INFO] [stdout]   |           ^^^^^ use of undeclared type `Point`
[INFO] [stdout]   |
[INFO] [stdout] help: consider importing this struct
[INFO] [stdout]   |
[INFO] [stdout] 2 + use utils::Point;
[INFO] [stdout]   |
[INFO] [stdout] 
[INFO] [stdout] error[E0433]: failed to resolve: use of undeclared type `Point`
[INFO] [stdout]  --> utils/src/point.rs:12:22
[INFO] [stdout]   |
[INFO] [stdout] 6 | assert_eq!(&result, &Point::<i32>::new(3,3));
[INFO] [stdout]   |                      ^^^^^ use of undeclared type `Point`
[INFO] [stdout]   |
[INFO] [stdout] help: consider importing this struct
[INFO] [stdout]   |
[INFO] [stdout] 2 + use utils::Point;
[INFO] [stdout]   |
[INFO] [stdout] 
[INFO] [stdout] error: aborting due to 3 previous errors
[INFO] [stdout] 
[INFO] [stdout] For more information about this error, try `rustc --explain E0433`.
[INFO] [stdout] Couldn't compile the test.
[INFO] [stdout] ---- utils/src/point.rs - point (line 17) stdout ----
[INFO] [stdout] error[E0433]: failed to resolve: use of undeclared type `Point`
[INFO] [stdout]  --> utils/src/point.rs:18:13
[INFO] [stdout]   |
[INFO] [stdout] 3 | let upper = Point::<i32>::origin();
[INFO] [stdout]   |             ^^^^^ use of undeclared type `Point`
[INFO] [stdout]   |
[INFO] [stdout] help: consider importing this struct
[INFO] [stdout]   |
[INFO] [stdout] 2 + use utils::Point;
[INFO] [stdout]   |
[INFO] [stdout] 
[INFO] [stdout] error[E0433]: failed to resolve: use of undeclared type `Point`
[INFO] [stdout]  --> utils/src/point.rs:19:13
[INFO] [stdout]   |
[INFO] [stdout] 4 | let lower = Point::<i32>::new(10,10);
[INFO] [stdout]   |             ^^^^^ use of undeclared type `Point`
[INFO] [stdout]   |
[INFO] [stdout] help: consider importing this struct
[INFO] [stdout]   |
[INFO] [stdout] 2 + use utils::Point;
[INFO] [stdout]   |
[INFO] [stdout] 
[INFO] [stdout] error[E0433]: failed to resolve: use of undeclared type `Point`
[INFO] [stdout]  --> utils/src/point.rs:20:14
[INFO] [stdout]   |
[INFO] [stdout] 5 | let inside = Point::<i32>::new(4,5);
[INFO] [stdout]   |              ^^^^^ use of undeclared type `Point`
[INFO] [stdout]   |
[INFO] [stdout] help: consider importing this struct
[INFO] [stdout]   |
[INFO] [stdout] 2 + use utils::Point;
[INFO] [stdout]   |
[INFO] [stdout] 
[INFO] [stdout] error: aborting due to 3 previous errors
[INFO] [stdout] 
[INFO] [stdout] For more information about this error, try `rustc --explain E0433`.
[INFO] [stdout] Couldn't compile the test.
[INFO] [stdout] 
[INFO] [stdout] failures:
[INFO] [stdout]     utils/src/point.rs - point (line 17)
[INFO] [stdout]     utils/src/point.rs - point (line 26)
[INFO] [stdout]     utils/src/point.rs - point (line 8)
[INFO] [stdout] 
[INFO] [stdout] test result: FAILED. 0 passed; 3 failed; 0 ignored; 0 measured; 0 filtered out; finished in 0.14s
[INFO] [stdout] 
[INFO] [stderr] error: doctest failed, to rerun pass `-p utils --doc`
[INFO] running `Command { std: "docker" "inspect" "bad237c53eced34bd273725e6079da0453879ed3e58fa25cb6e8f128a1e36dc7", kill_on_drop: false }`
[INFO] running `Command { std: "docker" "rm" "-f" "bad237c53eced34bd273725e6079da0453879ed3e58fa25cb6e8f128a1e36dc7", kill_on_drop: false }`
[INFO] [stdout] bad237c53eced34bd273725e6079da0453879ed3e58fa25cb6e8f128a1e36dc7
