[INFO] cloning repository https://github.com/drahnr/fancybook
[INFO] running `Command { std: "git" "-c" "credential.helper=" "-c" "credential.helper=/workspace/cargo-home/bin/git-credential-null" "clone" "--bare" "https://github.com/drahnr/fancybook" "/workspace/cache/git-repos/https%3A%2F%2Fgithub.com%2Fdrahnr%2Ffancybook", kill_on_drop: false }`
[INFO] [stderr] Cloning into bare repository '/workspace/cache/git-repos/https%3A%2F%2Fgithub.com%2Fdrahnr%2Ffancybook'...
[INFO] running `Command { std: "git" "rev-parse" "HEAD", kill_on_drop: false }`
[INFO] [stdout] 203e98bef82aa8a03114586dad293a53760592c1
[INFO] testing drahnr/fancybook against 1.75.0 for beta-1.76-1
[INFO] running `Command { std: "git" "clone" "/workspace/cache/git-repos/https%3A%2F%2Fgithub.com%2Fdrahnr%2Ffancybook" "/workspace/builds/worker-2-tc1/source", kill_on_drop: false }`
[INFO] [stderr] Cloning into '/workspace/builds/worker-2-tc1/source'...
[INFO] [stderr] done.
[INFO] validating manifest of git repo https://github.com/drahnr/fancybook on toolchain 1.75.0
[INFO] running `Command { std: CARGO_HOME="/workspace/cargo-home" RUSTUP_HOME="/workspace/rustup-home" "/workspace/cargo-home/bin/cargo" "+1.75.0" "metadata" "--manifest-path" "Cargo.toml" "--no-deps", kill_on_drop: false }`
[INFO] started tweaking git repo https://github.com/drahnr/fancybook
[INFO] finished tweaking git repo https://github.com/drahnr/fancybook
[INFO] tweaked toml for git repo https://github.com/drahnr/fancybook written to /workspace/builds/worker-2-tc1/source/Cargo.toml
[INFO] crate git repo https://github.com/drahnr/fancybook already has a lockfile, it will not be regenerated
[INFO] running `Command { std: CARGO_HOME="/workspace/cargo-home" RUSTUP_HOME="/workspace/rustup-home" "/workspace/cargo-home/bin/cargo" "+1.75.0" "fetch" "--manifest-path" "Cargo.toml", kill_on_drop: false }`
[INFO] [stderr]     Updating git repository `https://github.com/drahnr/pulldown-cmark.git`
[INFO] [stderr]     Updating git repository `https://github.com/drahnr/pulldown-cmark-to-cmark.git`
[INFO] [stderr]     Updating crates.io index
[INFO] [stderr]  Downloading crates ...
[INFO] [stderr]   Downloaded fontdb v0.10.0
[INFO] [stderr]   Downloaded nom_locate v1.0.0
[INFO] [stderr]   Downloaded fontconfig-parser v0.5.1
[INFO] [stderr]   Downloaded clap_complete v4.1.0
[INFO] [stderr]   Downloaded tiny-skia-path v0.8.2
[INFO] [stderr]   Downloaded resvg v0.28.0
[INFO] [stderr]   Downloaded tiny-skia v0.8.2
[INFO] [stderr]   Downloaded mdbook v0.4.25
[INFO] [stderr]   Downloaded rustybuzz v0.6.0
[INFO] [stderr]   Downloaded usvg-text-layout v0.28.0
[INFO] [stderr]   Downloaded usvg v0.28.0
[INFO] [stderr]   Downloaded imagesize v0.10.1
[INFO] [stderr]   Downloaded nom-tracable v0.5.2
[INFO] [stderr]   Downloaded nom-bibtex v0.3.0
[INFO] [stderr]   Downloaded nom-tracable-macros v0.5.2
[INFO] running `Command { std: "docker" "create" "-v" "/var/lib/crater-agent-workspace/builds/worker-2-tc1/target:/opt/rustwide/target:rw,Z" "-v" "/var/lib/crater-agent-workspace/builds/worker-2-tc1/source:/opt/rustwide/workdir:ro,Z" "-v" "/var/lib/crater-agent-workspace/cargo-home:/opt/rustwide/cargo-home:ro,Z" "-v" "/var/lib/crater-agent-workspace/rustup-home:/opt/rustwide/rustup-home:ro,Z" "-e" "SOURCE_DIR=/opt/rustwide/workdir" "-e" "CARGO_TARGET_DIR=/opt/rustwide/target" "-e" "CARGO_HOME=/opt/rustwide/cargo-home" "-e" "RUSTUP_HOME=/opt/rustwide/rustup-home" "-w" "/opt/rustwide/workdir" "-m" "1610612736" "--user" "0:0" "--network" "none" "ghcr.io/rust-lang/crates-build-env/linux@sha256:2788e3201cd34a07e3172128adcd8b3090168a8e3bcc40d7c032b9dda1df7d1c" "/opt/rustwide/cargo-home/bin/cargo" "+1.75.0" "metadata" "--no-deps" "--format-version=1", kill_on_drop: false }`
[INFO] [stdout] b9265cf07551a61673bf5e9ef8f6a0fb5d53022abe8368e0ba442b7f987885dd
[INFO] running `Command { std: "docker" "start" "-a" "b9265cf07551a61673bf5e9ef8f6a0fb5d53022abe8368e0ba442b7f987885dd", kill_on_drop: false }`
[INFO] running `Command { std: "docker" "inspect" "b9265cf07551a61673bf5e9ef8f6a0fb5d53022abe8368e0ba442b7f987885dd", kill_on_drop: false }`
[INFO] running `Command { std: "docker" "rm" "-f" "b9265cf07551a61673bf5e9ef8f6a0fb5d53022abe8368e0ba442b7f987885dd", kill_on_drop: false }`
[INFO] [stdout] b9265cf07551a61673bf5e9ef8f6a0fb5d53022abe8368e0ba442b7f987885dd
[INFO] running `Command { std: "docker" "create" "-v" "/var/lib/crater-agent-workspace/builds/worker-2-tc1/target:/opt/rustwide/target:rw,Z" "-v" "/var/lib/crater-agent-workspace/builds/worker-2-tc1/source:/opt/rustwide/workdir:ro,Z" "-v" "/var/lib/crater-agent-workspace/cargo-home:/opt/rustwide/cargo-home:ro,Z" "-v" "/var/lib/crater-agent-workspace/rustup-home:/opt/rustwide/rustup-home:ro,Z" "-e" "SOURCE_DIR=/opt/rustwide/workdir" "-e" "CARGO_TARGET_DIR=/opt/rustwide/target" "-e" "CARGO_INCREMENTAL=0" "-e" "RUST_BACKTRACE=full" "-e" "RUSTFLAGS=--cap-lints=warn" "-e" "RUSTDOCFLAGS=--cap-lints=warn" "-e" "CARGO_HOME=/opt/rustwide/cargo-home" "-e" "RUSTUP_HOME=/opt/rustwide/rustup-home" "-w" "/opt/rustwide/workdir" "-m" "1610612736" "--user" "0:0" "--network" "none" "ghcr.io/rust-lang/crates-build-env/linux@sha256:2788e3201cd34a07e3172128adcd8b3090168a8e3bcc40d7c032b9dda1df7d1c" "/opt/rustwide/cargo-home/bin/cargo" "+1.75.0" "build" "--frozen" "--message-format=json", kill_on_drop: false }`
[INFO] [stdout] 95b70dd4df3605c947dedb4c608ddcd60e869b8f1e913cefe646a036e277facf
[INFO] running `Command { std: "docker" "start" "-a" "95b70dd4df3605c947dedb4c608ddcd60e869b8f1e913cefe646a036e277facf", kill_on_drop: false }`
[INFO] [stderr]    Compiling cfg-if v1.0.0
[INFO] [stderr]    Compiling proc-macro2 v1.0.50
[INFO] [stderr]    Compiling unicode-ident v1.0.6
[INFO] [stderr]    Compiling quote v1.0.23
[INFO] [stderr]    Compiling version_check v0.9.4
[INFO] [stderr]    Compiling syn v1.0.107
[INFO] [stderr]    Compiling libc v0.2.139
[INFO] [stderr]    Compiling memchr v2.5.0
[INFO] [stderr]    Compiling bitflags v1.3.2
[INFO] [stderr]    Compiling once_cell v1.17.0
[INFO] [stderr]    Compiling autocfg v1.1.0
[INFO] [stderr]    Compiling log v0.4.17
[INFO] [stderr]    Compiling serde_derive v1.0.152
[INFO] [stderr]    Compiling serde v1.0.152
[INFO] [stderr]    Compiling siphasher v0.3.10
[INFO] [stderr]    Compiling adler v1.0.2
[INFO] [stderr]    Compiling io-lifetimes v1.0.4
[INFO] [stderr]    Compiling thiserror v1.0.38
[INFO] [stderr]    Compiling miniz_oxide v0.6.2
[INFO] [stderr]    Compiling rustix v0.36.7
[INFO] [stderr]    Compiling phf_shared v0.10.0
[INFO] [stderr]    Compiling unicase v2.6.0
[INFO] [stderr]    Compiling proc-macro-error-attr v1.0.4
[INFO] [stderr]    Compiling linux-raw-sys v0.1.4
[INFO] [stderr]    Compiling ryu v1.0.12
[INFO] [stderr]    Compiling getrandom v0.2.8
[INFO] [stderr]    Compiling ppv-lite86 v0.2.17
[INFO] [stderr]    Compiling aho-corasick v0.7.20
[INFO] [stderr]    Compiling proc-macro-error v1.0.4
[INFO] [stderr]    Compiling rand_core v0.6.4
[INFO] [stderr]    Compiling regex-syntax v0.6.28
[INFO] [stderr]    Compiling smallvec v1.10.0
[INFO] [stderr]    Compiling rand_chacha v0.3.1
[INFO] [stderr]    Compiling tracing-core v0.1.30
[INFO] [stderr]    Compiling rand v0.8.5
[INFO] [stderr]    Compiling typenum v1.16.0
[INFO] [stderr]    Compiling sharded-slab v0.1.4
[INFO] [stderr]    Compiling lock_api v0.4.9
[INFO] [stderr]    Compiling phf_generator v0.10.0
[INFO] [stderr]    Compiling generic-array v0.14.6
[INFO] [stderr]    Compiling thread_local v1.1.4
[INFO] [stderr]    Compiling is-terminal v0.4.2
[INFO] [stderr]    Compiling cc v1.0.78
[INFO] [stderr]    Compiling parking_lot_core v0.9.6
[INFO] [stderr]    Compiling pin-project-lite v0.2.9
[INFO] [stderr]    Compiling termcolor v1.2.0
[INFO] [stderr]    Compiling os_str_bytes v6.4.1
[INFO] [stderr]    Compiling heck v0.4.0
[INFO] [stderr]    Compiling regex v1.7.1
[INFO] [stderr]    Compiling ucd-trie v0.1.5
[INFO] [stderr]    Compiling clap_lex v0.3.1
[INFO] [stderr]    Compiling tracing v0.1.37
[INFO] [stderr]    Compiling tracing-subscriber v0.3.16
[INFO] [stderr]    Compiling terminal_size v0.2.3
[INFO] [stderr]    Compiling num-traits v0.2.15
[INFO] [stderr]    Compiling scopeguard v1.1.0
[INFO] [stderr]    Compiling eyre v0.6.8
[INFO] [stderr]    Compiling pulldown-cmark v0.9.2 (https://github.com/drahnr/pulldown-cmark.git?branch=math#cbcdf26d)
[INFO] [stderr]    Compiling backtrace v0.3.67
[INFO] [stderr]    Compiling strsim v0.10.0
[INFO] [stderr]    Compiling gimli v0.27.1
[INFO] [stderr]    Compiling crc32fast v1.3.2
[INFO] [stderr]    Compiling new_debug_unreachable v1.0.4
[INFO] [stderr]    Compiling unicode-width v0.1.10
[INFO] [stderr]    Compiling either v1.8.0
[INFO] [stderr]    Compiling tracing-error v0.2.0
[INFO] [stderr]    Compiling getopts v0.2.21
[INFO] [stderr]    Compiling phf_codegen v0.10.0
[INFO] [stderr]    Compiling string_cache_codegen v0.5.2
[INFO] [stderr]    Compiling object v0.30.3
[INFO] [stderr]    Compiling num-integer v0.1.45
[INFO] [stderr]    Compiling rustc-demangle v0.1.21
[INFO] [stderr]    Compiling owo-colors v3.5.0
[INFO] [stderr]    Compiling serde_json v1.0.91
[INFO] [stderr]    Compiling float-cmp v0.9.0
[INFO] [stderr]    Compiling indenter v0.3.3
[INFO] [stderr]    Compiling humantime v2.1.0
[INFO] [stderr]    Compiling mac v0.1.1
[INFO] [stderr]    Compiling addr2line v0.19.0
[INFO] [stderr]    Compiling bytemuck v1.13.0
[INFO] [stderr]    Compiling env_logger v0.10.0
[INFO] [stderr]    Compiling futf v0.1.5
[INFO] [stderr]    Compiling color-spantrace v0.2.0
[INFO] [stderr]    Compiling markup5ever v0.11.0
[INFO] [stderr]    Compiling parking_lot v0.12.1
[INFO] [stderr]    Compiling pulldown-cmark v0.9.2
[INFO] [stderr]    Compiling utf-8 v0.7.6
[INFO] [stderr]    Compiling regex-automata v0.1.10
[INFO] [stderr]    Compiling lexical-core v0.7.6
[INFO] [stderr]    Compiling thiserror-impl v1.0.38
[INFO] [stderr]    Compiling clap_derive v4.1.0
[INFO] [stderr]    Compiling anyhow v1.0.68
[INFO] [stderr]    Compiling xmlparser v0.13.5
[INFO] [stderr]    Compiling itoa v1.0.5
[INFO] [stderr]    Compiling precomputed-hash v0.1.1
[INFO] [stderr]    Compiling pulldown-cmark-to-cmark v10.0.4 (https://github.com/drahnr/pulldown-cmark-to-cmark.git?branch=math#d8e41401)
[INFO] [stderr]    Compiling roxmltree v0.15.1
[INFO] [stderr]    Compiling bstr v0.2.17
[INFO] [stderr]    Compiling color-eyre v0.6.2
[INFO] [stderr]    Compiling tendril v0.4.3
[INFO] [stderr]    Compiling flate2 v1.0.25
[INFO] [stderr]    Compiling strict-num v0.1.0
[INFO] [stderr]    Compiling pest v2.5.3
[INFO] [stderr]    Compiling crypto-common v0.1.6
[INFO] [stderr]    Compiling block-buffer v0.10.3
[INFO] [stderr]    Compiling time v0.1.45
[INFO] [stderr]    Compiling phf v0.10.1
[INFO] [stderr]    Compiling nom v5.1.2
[INFO] [stderr]    Compiling fastrand v1.8.0
[INFO] [stderr]    Compiling semver v1.0.16
[INFO] [stderr]    Compiling remove_dir_all v0.5.3
[INFO] [stderr]    Compiling arrayvec v0.7.2
[INFO] [stderr]    Compiling unicode-general-category v0.6.0
[INFO] [stderr]    Compiling fs-err v2.9.0
[INFO] [stderr]    Compiling static_assertions v1.1.0
[INFO] [stderr]    Compiling arrayvec v0.5.2
[INFO] [stderr]    Compiling iana-time-zone v0.1.53
[INFO] [stderr]    Compiling chrono v0.4.23
[INFO] [stderr]    Compiling tempfile v3.3.0
[INFO] [stderr]    Compiling digest v0.10.6
[INFO] [stderr]    Compiling pest_meta v2.5.3
[INFO] [stderr]    Compiling clap v4.1.1
[INFO] [stderr]    Compiling opener v0.5.0
[INFO] [stderr]    Compiling pest_generator v2.5.3
[INFO] [stderr]    Compiling html5ever v0.26.0
[INFO] [stderr]    Compiling shlex v1.1.0
[INFO] [stderr]    Compiling topological-sort v0.2.2
[INFO] [stderr]    Compiling ttf-parser v0.17.1
[INFO] [stderr]    Compiling cpufeatures v0.2.5
[INFO] [stderr]    Compiling sha2 v0.10.6
[INFO] [stderr]    Compiling pest_derive v2.5.3
[INFO] [stderr]    Compiling clap_complete v4.1.0
[INFO] [stderr]    Compiling kurbo v0.8.3
[INFO] [stderr]    Compiling fontconfig-parser v0.5.1
[INFO] [stderr]    Compiling itertools v0.10.5
[INFO] [stderr]    Compiling which v4.4.0
[INFO] [stderr]    Compiling memmap2 v0.5.8
[INFO] [stderr]    Compiling simplecss v0.2.1
[INFO] [stderr]    Compiling miniz_oxide v0.5.4
[INFO] [stderr]    Compiling svgtypes v0.8.2
[INFO] [stderr]    Compiling unicode-ccc v0.1.2
[INFO] [stderr]    Compiling imagesize v0.10.1
[INFO] [stderr]    Compiling arrayref v0.3.6
[INFO] [stderr]    Compiling unicode-bidi-mirroring v0.1.0
[INFO] [stderr]    Compiling data-url v0.2.0
[INFO] [stderr]    Compiling unicode-script v0.5.5
[INFO] [stderr]    Compiling base64 v0.13.1
[INFO] [stderr]    Compiling rctree v0.5.0
[INFO] [stderr]    Compiling mathyank v0.0.1 (/opt/rustwide/workdir/mathyank)
[INFO] [stderr]    Compiling usvg v0.28.0
[INFO] [stderr]    Compiling tiny-skia-path v0.8.2
[INFO] [stderr]    Compiling png v0.17.6
[INFO] [stderr]    Compiling fontdb v0.10.0
[INFO] [stderr]    Compiling rustybuzz v0.6.0
[INFO] [stderr]    Compiling rgb v0.8.34
[INFO] [stderr]    Compiling string_cache v0.8.4
[INFO] [stderr]    Compiling toml v0.5.11
[INFO] [stderr]    Compiling unicode-bidi v0.3.10
[INFO] [stderr]    Compiling handlebars v4.3.6
[INFO] [stderr]    Compiling xml5ever v0.17.0
[INFO] [stderr]    Compiling bytecount v0.3.2
[INFO] [stderr]    Compiling color_quant v1.1.0
[INFO] [stderr]    Compiling unicode-vo v0.1.0
[INFO] [stderr]    Compiling bytecount v0.6.3
[INFO] [stderr]    Compiling weezl v0.1.7
[INFO] [stderr]    Compiling nom_locate v2.1.0
[INFO] [stderr]    Compiling markup5ever_rcdom v0.2.0
[INFO] [stderr]    Compiling mdbook v0.4.25
[INFO] [stderr]    Compiling usvg-text-layout v0.28.0
[INFO] [stderr]    Compiling gif v0.11.4
[INFO] [stderr]    Compiling nom_locate v1.0.0
[INFO] [stderr]    Compiling tiny-skia v0.8.2
[INFO] [stderr]    Compiling svgfilters v0.4.0
[INFO] [stderr]    Compiling nom-tracable-macros v0.5.2
[INFO] [stderr]    Compiling pico-args v0.5.0
[INFO] [stderr]    Compiling same-file v1.0.6
[INFO] [stderr]    Compiling jpeg-decoder v0.3.0
[INFO] [stderr]    Compiling percent-encoding v2.2.0
[INFO] [stderr]    Compiling walkdir v2.3.2
[INFO] [stderr]    Compiling Inflector v0.11.4
[INFO] [stderr]    Compiling html2md v0.2.14
[INFO] [stderr]    Compiling quick-error v1.2.3
[INFO] [stderr]    Compiling nom-tracable v0.5.2
[INFO] [stderr]    Compiling nom-bibtex v0.3.0
[INFO] [stderr]    Compiling mdbook-boilerplate v0.1.0 (/opt/rustwide/workdir/mdbook-boilerplate)
[INFO] [stderr]    Compiling resvg v0.28.0
[INFO] [stderr]    Compiling mdbook-scientific v0.5.0-beta.3 (/opt/rustwide/workdir/mdbook-scientific)
[INFO] [stdout] warning: private item shadows public glob re-export
[INFO] [stdout]   --> mdbook-scientific/src/lib.rs:6:5
[INFO] [stdout]    |
[INFO] [stdout] 6  | use crate::errors::ScientificError;
[INFO] [stdout]    |     ^^^^^^^^^^^^^^^^^^^^^^^^^^^^^^
[INFO] [stdout]    |
[INFO] [stdout] note: the name `ScientificError` in the type namespace is supposed to be publicly re-exported here
[INFO] [stdout]   --> mdbook-scientific/src/lib.rs:20:9
[INFO] [stdout]    |
[INFO] [stdout] 20 | pub use self::errors::*;
[INFO] [stdout]    |         ^^^^^^^^^^^^^^^
[INFO] [stdout] note: but the private item here shadows it
[INFO] [stdout]   --> mdbook-scientific/src/lib.rs:6:5
[INFO] [stdout]    |
[INFO] [stdout] 6  | use crate::errors::ScientificError;
[INFO] [stdout]    |     ^^^^^^^^^^^^^^^^^^^^^^^^^^^^^^
[INFO] [stdout]    = note: `#[warn(hidden_glob_reexports)]` on by default
[INFO] [stdout] 
[INFO] [stdout] 
[INFO] [stderr]    Compiling mdbook-fishextract v0.1.0 (/opt/rustwide/workdir/mdbook-fishextract)
[INFO] [stdout] warning: private item shadows public glob re-export
[INFO] [stdout]   --> mdbook-fishextract/src/lib.rs:3:5
[INFO] [stdout]    |
[INFO] [stdout] 3  | use crate::errors::Error;
[INFO] [stdout]    |     ^^^^^^^^^^^^^^^^^^^^
[INFO] [stdout]    |
[INFO] [stdout] note: the name `Error` in the type namespace is supposed to be publicly re-exported here
[INFO] [stdout]   --> mdbook-fishextract/src/lib.rs:17:9
[INFO] [stdout]    |
[INFO] [stdout] 17 | pub use self::errors::*;
[INFO] [stdout]    |         ^^^^^^^^^^^^^^^
[INFO] [stdout] note: but the private item here shadows it
[INFO] [stdout]   --> mdbook-fishextract/src/lib.rs:3:5
[INFO] [stdout]    |
[INFO] [stdout] 3  | use crate::errors::Error;
[INFO] [stdout]    |     ^^^^^^^^^^^^^^^^^^^^
[INFO] [stdout]    = note: `#[warn(hidden_glob_reexports)]` on by default
[INFO] [stdout] 
[INFO] [stdout] 
[INFO] [stdout] warning: 1 warning emitted
[INFO] [stdout] 
[INFO] [stdout] 
[INFO] [stdout] warning: 1 warning emitted
[INFO] [stdout] 
[INFO] [stdout] 
[INFO] [stderr]    Compiling cmark2tex v0.4.0-beta.1 (/opt/rustwide/workdir/cmark2tex)
[INFO] [stdout] warning: variable does not need to be mutable
[INFO] [stdout]    --> cmark2tex/src/lib.rs:314:21
[INFO] [stdout]     |
[INFO] [stdout] 314 |                 let mut path_str = path.clone().into_string();
[INFO] [stdout]     |                     ----^^^^^^^^
[INFO] [stdout]     |                     |
[INFO] [stdout]     |                     help: remove this `mut`
[INFO] [stdout]     |
[INFO] [stdout]     = note: `#[warn(unused_mut)]` on by default
[INFO] [stdout] 
[INFO] [stdout] 
[INFO] [stdout] warning: 1 warning emitted
[INFO] [stdout] 
[INFO] [stdout] 
[INFO] [stderr]    Compiling mdbook-tectonic v0.3.0-beta.4 (/opt/rustwide/workdir/mdbook-tectonic)
[INFO] [stdout] warning: unused import: `std::collections::HashSet`
[INFO] [stdout]  --> mdbook-tectonic/src/main.rs:9:5
[INFO] [stdout]   |
[INFO] [stdout] 9 | use std::collections::HashSet;
[INFO] [stdout]   |     ^^^^^^^^^^^^^^^^^^^^^^^^^
[INFO] [stdout]   |
[INFO] [stdout]   = note: `#[warn(unused_imports)]` on by default
[INFO] [stdout] 
[INFO] [stdout] 
[INFO] [stdout] warning: 1 warning emitted
[INFO] [stdout] 
[INFO] [stdout] 
[INFO] [stderr]     Finished dev [unoptimized + debuginfo] target(s) in 1m 14s
[INFO] [stderr] warning: the following packages contain code that will be rejected by a future version of Rust: nom v5.1.2
[INFO] [stderr] note: to see what the problems were, use the option `--future-incompat-report`, or run `cargo report future-incompatibilities --id 2`
[INFO] running `Command { std: "docker" "inspect" "95b70dd4df3605c947dedb4c608ddcd60e869b8f1e913cefe646a036e277facf", kill_on_drop: false }`
[INFO] running `Command { std: "docker" "rm" "-f" "95b70dd4df3605c947dedb4c608ddcd60e869b8f1e913cefe646a036e277facf", kill_on_drop: false }`
[INFO] [stdout] 95b70dd4df3605c947dedb4c608ddcd60e869b8f1e913cefe646a036e277facf
[INFO] running `Command { std: "docker" "create" "-v" "/var/lib/crater-agent-workspace/builds/worker-2-tc1/target:/opt/rustwide/target:rw,Z" "-v" "/var/lib/crater-agent-workspace/builds/worker-2-tc1/source:/opt/rustwide/workdir:ro,Z" "-v" "/var/lib/crater-agent-workspace/cargo-home:/opt/rustwide/cargo-home:ro,Z" "-v" "/var/lib/crater-agent-workspace/rustup-home:/opt/rustwide/rustup-home:ro,Z" "-e" "SOURCE_DIR=/opt/rustwide/workdir" "-e" "CARGO_TARGET_DIR=/opt/rustwide/target" "-e" "CARGO_INCREMENTAL=0" "-e" "RUST_BACKTRACE=full" "-e" "RUSTFLAGS=--cap-lints=warn" "-e" "RUSTDOCFLAGS=--cap-lints=warn" "-e" "CARGO_HOME=/opt/rustwide/cargo-home" "-e" "RUSTUP_HOME=/opt/rustwide/rustup-home" "-w" "/opt/rustwide/workdir" "-m" "1610612736" "--user" "0:0" "--network" "none" "ghcr.io/rust-lang/crates-build-env/linux@sha256:2788e3201cd34a07e3172128adcd8b3090168a8e3bcc40d7c032b9dda1df7d1c" "/opt/rustwide/cargo-home/bin/cargo" "+1.75.0" "test" "--frozen" "--no-run" "--message-format=json", kill_on_drop: false }`
[INFO] [stdout] 26659b03f29ae563502543b5438b11ffc305d758062a37d56a8724430d3b7d9d
[INFO] running `Command { std: "docker" "start" "-a" "26659b03f29ae563502543b5438b11ffc305d758062a37d56a8724430d3b7d9d", kill_on_drop: false }`
[INFO] [stderr]    Compiling assert_matches v1.5.0
[INFO] [stderr]    Compiling mdbook-fishextract v0.1.0 (/opt/rustwide/workdir/mdbook-fishextract)
[INFO] [stdout] warning: private item shadows public glob re-export
[INFO] [stdout]   --> mdbook-fishextract/src/lib.rs:3:5
[INFO] [stdout]    |
[INFO] [stdout] 3  | use crate::errors::Error;
[INFO] [stdout]    |     ^^^^^^^^^^^^^^^^^^^^
[INFO] [stdout]    |
[INFO] [stdout] note: the name `Error` in the type namespace is supposed to be publicly re-exported here
[INFO] [stdout]   --> mdbook-fishextract/src/lib.rs:17:9
[INFO] [stdout]    |
[INFO] [stdout] 17 | pub use self::errors::*;
[INFO] [stdout]    |         ^^^^^^^^^^^^^^^
[INFO] [stdout] note: but the private item here shadows it
[INFO] [stdout]   --> mdbook-fishextract/src/lib.rs:3:5
[INFO] [stdout]    |
[INFO] [stdout] 3  | use crate::errors::Error;
[INFO] [stdout]    |     ^^^^^^^^^^^^^^^^^^^^
[INFO] [stdout]    = note: `#[warn(hidden_glob_reexports)]` on by default
[INFO] [stdout] 
[INFO] [stdout] 
[INFO] [stdout] warning: 1 warning emitted
[INFO] [stdout] 
[INFO] [stdout] 
[INFO] [stderr]    Compiling cmark2tex v0.4.0-beta.1 (/opt/rustwide/workdir/cmark2tex)
[INFO] [stdout] warning: variable does not need to be mutable
[INFO] [stdout]    --> cmark2tex/src/lib.rs:314:21
[INFO] [stdout]     |
[INFO] [stdout] 314 |                 let mut path_str = path.clone().into_string();
[INFO] [stdout]     |                     ----^^^^^^^^
[INFO] [stdout]     |                     |
[INFO] [stdout]     |                     help: remove this `mut`
[INFO] [stdout]     |
[INFO] [stdout]     = note: `#[warn(unused_mut)]` on by default
[INFO] [stdout] 
[INFO] [stdout] 
[INFO] [stderr]    Compiling mathyank v0.0.1 (/opt/rustwide/workdir/mathyank)
[INFO] [stdout] warning: 1 warning emitted
[INFO] [stdout] 
[INFO] [stdout] 
[INFO] [stderr]    Compiling mdbook-boilerplate v0.1.0 (/opt/rustwide/workdir/mdbook-boilerplate)
[INFO] [stderr]    Compiling mdbook-tectonic v0.3.0-beta.4 (/opt/rustwide/workdir/mdbook-tectonic)
[INFO] [stdout] warning: private item shadows public glob re-export
[INFO] [stdout]   --> mdbook-scientific/src/lib.rs:6:5
[INFO] [stdout]    |
[INFO] [stdout] 6  | use crate::errors::ScientificError;
[INFO] [stdout]    |     ^^^^^^^^^^^^^^^^^^^^^^^^^^^^^^
[INFO] [stdout]    |
[INFO] [stdout] note: the name `ScientificError` in the type namespace is supposed to be publicly re-exported here
[INFO] [stdout]   --> mdbook-scientific/src/lib.rs:20:9
[INFO] [stdout]    |
[INFO] [stdout] 20 | pub use self::errors::*;
[INFO] [stdout]    |         ^^^^^^^^^^^^^^^
[INFO] [stdout] note: but the private item here shadows it
[INFO] [stdout]   --> mdbook-scientific/src/lib.rs:6:5
[INFO] [stdout]    |
[INFO] [stdout] 6  | use crate::errors::ScientificError;
[INFO] [stdout]    |     ^^^^^^^^^^^^^^^^^^^^^^^^^^^^^^
[INFO] [stdout]    = note: `#[warn(hidden_glob_reexports)]` on by default
[INFO] [stdout] 
[INFO] [stdout] 
[INFO] [stderr]    Compiling mdbook-scientific v0.5.0-beta.3 (/opt/rustwide/workdir/mdbook-scientific)
[INFO] [stdout] warning: 1 warning emitted
[INFO] [stdout] 
[INFO] [stdout] 
[INFO] [stdout] warning: private item shadows public glob re-export
[INFO] [stdout]   --> mdbook-fishextract/src/lib.rs:3:5
[INFO] [stdout]    |
[INFO] [stdout] 3  | use crate::errors::Error;
[INFO] [stdout]    |     ^^^^^^^^^^^^^^^^^^^^
[INFO] [stdout]    |
[INFO] [stdout] note: the name `Error` in the type namespace is supposed to be publicly re-exported here
[INFO] [stdout]   --> mdbook-fishextract/src/lib.rs:17:9
[INFO] [stdout]    |
[INFO] [stdout] 17 | pub use self::errors::*;
[INFO] [stdout]    |         ^^^^^^^^^^^^^^^
[INFO] [stdout] note: but the private item here shadows it
[INFO] [stdout]   --> mdbook-fishextract/src/lib.rs:3:5
[INFO] [stdout]    |
[INFO] [stdout] 3  | use crate::errors::Error;
[INFO] [stdout]    |     ^^^^^^^^^^^^^^^^^^^^
[INFO] [stdout]    = note: `#[warn(hidden_glob_reexports)]` on by default
[INFO] [stdout] 
[INFO] [stdout] 
[INFO] [stdout] warning: unused variable: `maybe_params`
[INFO] [stdout]    --> mathyank/src/parse/tests.rs:128:21
[INFO] [stdout]     |
[INFO] [stdout] 128 |                 let maybe_params: Option<&str> = $maybe_params;
[INFO] [stdout]     |                     ^^^^^^^^^^^^ help: if this is intentional, prefix it with an underscore: `_maybe_params`
[INFO] [stdout] ...
[INFO] [stdout] 157 |     test_dollarless!(boring_inline: r###"$xyz$"### => 1/2..1/4, "xyz", );
[INFO] [stdout]     |     -------------------------------------------------------------------- in this macro invocation
[INFO] [stdout]     |
[INFO] [stdout]     = note: `#[warn(unused_variables)]` on by default
[INFO] [stdout]     = note: this warning originates in the macro `test_dollarless` (in Nightly builds, run with -Z macro-backtrace for more info)
[INFO] [stdout] 
[INFO] [stdout] 
[INFO] [stdout] warning: unused variable: `maybe_params`
[INFO] [stdout]    --> mathyank/src/parse/tests.rs:128:21
[INFO] [stdout]     |
[INFO] [stdout] 128 |                   let maybe_params: Option<&str> = $maybe_params;
[INFO] [stdout]     |                       ^^^^^^^^^^^^ help: if this is intentional, prefix it with an underscore: `_maybe_params`
[INFO] [stdout] ...
[INFO] [stdout] 159 | /     test_dollarless!(block_w_params: r###"$$params,params,params
[INFO] [stdout] 160 | | fo’
[INFO] [stdout] 161 | | $$"### => 2/1..2/4, r###"fo’"###, "params,params,params");
[INFO] [stdout]     | |_________________________________________________________- in this macro invocation
[INFO] [stdout]     |
[INFO] [stdout]     = note: this warning originates in the macro `test_dollarless` (in Nightly builds, run with -Z macro-backtrace for more info)
[INFO] [stdout] 
[INFO] [stdout] 
[INFO] [stdout] warning: unused variable: `maybe_params`
[INFO] [stdout]    --> mathyank/src/parse/tests.rs:128:21
[INFO] [stdout]     |
[INFO] [stdout] 128 |                   let maybe_params: Option<&str> = $maybe_params;
[INFO] [stdout]     |                       ^^^^^^^^^^^^ help: if this is intentional, prefix it with an underscore: `_maybe_params`
[INFO] [stdout] ...
[INFO] [stdout] 163 | /     test_dollarless!(empty_block: r###"$$
[INFO] [stdout] 164 | | $$"### => 2/1..1/2, r###""###);
[INFO] [stdout]     | |______________________________- in this macro invocation
[INFO] [stdout]     |
[INFO] [stdout]     = note: this warning originates in the macro `test_dollarless` (in Nightly builds, run with -Z macro-backtrace for more info)
[INFO] [stdout] 
[INFO] [stdout] 
[INFO] [stdout] warning: unused variable: `maybe_params`
[INFO] [stdout]    --> mathyank/src/parse/tests.rs:128:21
[INFO] [stdout]     |
[INFO] [stdout] 128 |                   let maybe_params: Option<&str> = $maybe_params;
[INFO] [stdout]     |                       ^^^^^^^^^^^^ help: if this is intentional, prefix it with an underscore: `_maybe_params`
[INFO] [stdout] ...
[INFO] [stdout] 166 | /     test_dollarless!(boring_block_w_nonascii: r###"$$
[INFO] [stdout] 167 | | hel℃⅌ charlie$
[INFO] [stdout] 168 | | $$"### => 2/1..2/15, r###"hel℃⅌ charlie$"###);
[INFO] [stdout]     | |_____________________________________________- in this macro invocation
[INFO] [stdout]     |
[INFO] [stdout]     = note: this warning originates in the macro `test_dollarless` (in Nightly builds, run with -Z macro-backtrace for more info)
[INFO] [stdout] 
[INFO] [stdout] 
[INFO] [stdout] warning: unused import: `std::collections::HashSet`
[INFO] [stdout]  --> mdbook-tectonic/src/main.rs:9:5
[INFO] [stdout]   |
[INFO] [stdout] 9 | use std::collections::HashSet;
[INFO] [stdout]   |     ^^^^^^^^^^^^^^^^^^^^^^^^^
[INFO] [stdout]   |
[INFO] [stdout]   = note: `#[warn(unused_imports)]` on by default
[INFO] [stdout] 
[INFO] [stdout] 
[INFO] [stdout] warning: unused variable: `respath`
[INFO] [stdout]   --> mdbook-tectonic/src/tests.rs:30:9
[INFO] [stdout]    |
[INFO] [stdout] 30 |     let respath = Path::new("/tmp/target_asset_dir/somewhere/images/chap/foo.png");
[INFO] [stdout]    |         ^^^^^^^ help: if this is intentional, prefix it with an underscore: `_respath`
[INFO] [stdout]    |
[INFO] [stdout]    = note: `#[warn(unused_variables)]` on by default
[INFO] [stdout] 
[INFO] [stdout] 
[INFO] [stdout] warning: variable does not need to be mutable
[INFO] [stdout]    --> cmark2tex/src/lib.rs:314:21
[INFO] [stdout]     |
[INFO] [stdout] 314 |                 let mut path_str = path.clone().into_string();
[INFO] [stdout]     |                     ----^^^^^^^^
[INFO] [stdout]     |                     |
[INFO] [stdout]     |                     help: remove this `mut`
[INFO] [stdout]     |
[INFO] [stdout]     = note: `#[warn(unused_mut)]` on by default
[INFO] [stdout] 
[INFO] [stdout] 
[INFO] [stdout] warning: private item shadows public glob re-export
[INFO] [stdout]   --> mdbook-scientific/src/lib.rs:6:5
[INFO] [stdout]    |
[INFO] [stdout] 6  | use crate::errors::ScientificError;
[INFO] [stdout]    |     ^^^^^^^^^^^^^^^^^^^^^^^^^^^^^^
[INFO] [stdout]    |
[INFO] [stdout] note: the name `ScientificError` in the type namespace is supposed to be publicly re-exported here
[INFO] [stdout]   --> mdbook-scientific/src/lib.rs:20:9
[INFO] [stdout]    |
[INFO] [stdout] 20 | pub use self::errors::*;
[INFO] [stdout]    |         ^^^^^^^^^^^^^^^
[INFO] [stdout] note: but the private item here shadows it
[INFO] [stdout]   --> mdbook-scientific/src/lib.rs:6:5
[INFO] [stdout]    |
[INFO] [stdout] 6  | use crate::errors::ScientificError;
[INFO] [stdout]    |     ^^^^^^^^^^^^^^^^^^^^^^^^^^^^^^
[INFO] [stdout]    = note: `#[warn(hidden_glob_reexports)]` on by default
[INFO] [stdout] 
[INFO] [stdout] 
[INFO] [stdout] warning: 1 warning emitted
[INFO] [stdout] 
[INFO] [stdout] 
[INFO] [stdout] warning: 4 warnings emitted
[INFO] [stdout] 
[INFO] [stdout] 
[INFO] [stdout] warning: 1 warning emitted
[INFO] [stdout] 
[INFO] [stdout] 
[INFO] [stdout] warning: 1 warning emitted
[INFO] [stdout] 
[INFO] [stdout] 
[INFO] [stdout] warning: 2 warnings emitted
[INFO] [stdout] 
[INFO] [stdout] 
[INFO] [stderr]     Finished test [unoptimized + debuginfo] target(s) in 9.58s
[INFO] [stderr] warning: the following packages contain code that will be rejected by a future version of Rust: nom v5.1.2
[INFO] [stderr] note: to see what the problems were, use the option `--future-incompat-report`, or run `cargo report future-incompatibilities --id 2`
[INFO] running `Command { std: "docker" "inspect" "26659b03f29ae563502543b5438b11ffc305d758062a37d56a8724430d3b7d9d", kill_on_drop: false }`
[INFO] running `Command { std: "docker" "rm" "-f" "26659b03f29ae563502543b5438b11ffc305d758062a37d56a8724430d3b7d9d", kill_on_drop: false }`
[INFO] [stdout] 26659b03f29ae563502543b5438b11ffc305d758062a37d56a8724430d3b7d9d
[INFO] running `Command { std: "docker" "create" "-v" "/var/lib/crater-agent-workspace/builds/worker-2-tc1/target:/opt/rustwide/target:rw,Z" "-v" "/var/lib/crater-agent-workspace/builds/worker-2-tc1/source:/opt/rustwide/workdir:ro,Z" "-v" "/var/lib/crater-agent-workspace/cargo-home:/opt/rustwide/cargo-home:ro,Z" "-v" "/var/lib/crater-agent-workspace/rustup-home:/opt/rustwide/rustup-home:ro,Z" "-e" "SOURCE_DIR=/opt/rustwide/workdir" "-e" "CARGO_TARGET_DIR=/opt/rustwide/target" "-e" "CARGO_INCREMENTAL=0" "-e" "RUST_BACKTRACE=full" "-e" "RUSTFLAGS=--cap-lints=warn" "-e" "RUSTDOCFLAGS=--cap-lints=warn" "-e" "CARGO_HOME=/opt/rustwide/cargo-home" "-e" "RUSTUP_HOME=/opt/rustwide/rustup-home" "-w" "/opt/rustwide/workdir" "-m" "1610612736" "--user" "0:0" "--network" "none" "ghcr.io/rust-lang/crates-build-env/linux@sha256:2788e3201cd34a07e3172128adcd8b3090168a8e3bcc40d7c032b9dda1df7d1c" "/opt/rustwide/cargo-home/bin/cargo" "+1.75.0" "test" "--frozen", kill_on_drop: false }`
[INFO] [stdout] ed071384c18e3d339e09a481e8b0f60c37756fe0bc3421b3343991fb5bdf7d92
[INFO] running `Command { std: "docker" "start" "-a" "ed071384c18e3d339e09a481e8b0f60c37756fe0bc3421b3343991fb5bdf7d92", kill_on_drop: false }`
[INFO] [stderr] warning: private item shadows public glob re-export
[INFO] [stderr]   --> mdbook-fishextract/src/lib.rs:3:5
[INFO] [stderr]    |
[INFO] [stderr] 3  | use crate::errors::Error;
[INFO] [stderr]    |     ^^^^^^^^^^^^^^^^^^^^
[INFO] [stderr]    |
[INFO] [stderr] note: the name `Error` in the type namespace is supposed to be publicly re-exported here
[INFO] [stderr]   --> mdbook-fishextract/src/lib.rs:17:9
[INFO] [stderr]    |
[INFO] [stderr] 17 | pub use self::errors::*;
[INFO] [stderr]    |         ^^^^^^^^^^^^^^^
[INFO] [stderr] note: but the private item here shadows it
[INFO] [stderr]   --> mdbook-fishextract/src/lib.rs:3:5
[INFO] [stderr]    |
[INFO] [stderr] 3  | use crate::errors::Error;
[INFO] [stderr]    |     ^^^^^^^^^^^^^^^^^^^^
[INFO] [stderr]    = note: `#[warn(hidden_glob_reexports)]` on by default
[INFO] [stderr] 
[INFO] [stderr] warning: `mdbook-fishextract` (lib) generated 1 warning
[INFO] [stderr] warning: `mdbook-fishextract` (lib test) generated 1 warning (1 duplicate)
[INFO] [stderr] warning: unused variable: `maybe_params`
[INFO] [stderr]    --> mathyank/src/parse/tests.rs:128:21
[INFO] [stderr]     |
[INFO] [stderr] 128 |                 let maybe_params: Option<&str> = $maybe_params;
[INFO] [stderr]     |                     ^^^^^^^^^^^^ help: if this is intentional, prefix it with an underscore: `_maybe_params`
[INFO] [stderr] ...
[INFO] [stderr] 157 |     test_dollarless!(boring_inline: r###"$xyz$"### => 1/2..1/4, "xyz", );
[INFO] [stderr]     |     -------------------------------------------------------------------- in this macro invocation
[INFO] [stderr]     |
[INFO] [stderr]     = note: `#[warn(unused_variables)]` on by default
[INFO] [stderr]     = note: this warning originates in the macro `test_dollarless` (in Nightly builds, run with -Z macro-backtrace for more info)
[INFO] [stderr] 
[INFO] [stderr] warning: unused variable: `maybe_params`
[INFO] [stderr]    --> mathyank/src/parse/tests.rs:128:21
[INFO] [stderr]     |
[INFO] [stderr] 128 |                   let maybe_params: Option<&str> = $maybe_params;
[INFO] [stderr]     |                       ^^^^^^^^^^^^ help: if this is intentional, prefix it with an underscore: `_maybe_params`
[INFO] [stderr] ...
[INFO] [stderr] 159 | /     test_dollarless!(block_w_params: r###"$$params,params,params
[INFO] [stderr] 160 | | fo’
[INFO] [stderr] 161 | | $$"### => 2/1..2/4, r###"fo’"###, "params,params,params");
[INFO] [stderr]     | |_________________________________________________________- in this macro invocation
[INFO] [stderr]     |
[INFO] [stderr]     = note: this warning originates in the macro `test_dollarless` (in Nightly builds, run with -Z macro-backtrace for more info)
[INFO] [stderr] 
[INFO] [stderr] warning: unused variable: `maybe_params`
[INFO] [stderr]    --> mathyank/src/parse/tests.rs:128:21
[INFO] [stderr]     |
[INFO] [stderr] 128 |                   let maybe_params: Option<&str> = $maybe_params;
[INFO] [stderr]     |                       ^^^^^^^^^^^^ help: if this is intentional, prefix it with an underscore: `_maybe_params`
[INFO] [stderr] ...
[INFO] [stderr] 163 | /     test_dollarless!(empty_block: r###"$$
[INFO] [stderr] 164 | | $$"### => 2/1..1/2, r###""###);
[INFO] [stderr]     | |______________________________- in this macro invocation
[INFO] [stderr]     |
[INFO] [stderr]     = note: this warning originates in the macro `test_dollarless` (in Nightly builds, run with -Z macro-backtrace for more info)
[INFO] [stderr] 
[INFO] [stderr] warning: unused variable: `maybe_params`
[INFO] [stderr]    --> mathyank/src/parse/tests.rs:128:21
[INFO] [stderr]     |
[INFO] [stderr] 128 |                   let maybe_params: Option<&str> = $maybe_params;
[INFO] [stderr]     |                       ^^^^^^^^^^^^ help: if this is intentional, prefix it with an underscore: `_maybe_params`
[INFO] [stderr] ...
[INFO] [stderr] 166 | /     test_dollarless!(boring_block_w_nonascii: r###"$$
[INFO] [stderr] 167 | | hel℃⅌ charlie$
[INFO] [stderr] 168 | | $$"### => 2/1..2/15, r###"hel℃⅌ charlie$"###);
[INFO] [stderr]     | |_____________________________________________- in this macro invocation
[INFO] [stderr]     |
[INFO] [stderr]     = note: this warning originates in the macro `test_dollarless` (in Nightly builds, run with -Z macro-backtrace for more info)
[INFO] [stderr] 
[INFO] [stderr] warning: `mathyank` (lib test) generated 4 warnings (run `cargo fix --lib -p mathyank --tests` to apply 4 suggestions)
[INFO] [stderr] warning: variable does not need to be mutable
[INFO] [stderr]    --> cmark2tex/src/lib.rs:314:21
[INFO] [stderr]     |
[INFO] [stderr] 314 |                 let mut path_str = path.clone().into_string();
[INFO] [stderr]     |                     ----^^^^^^^^
[INFO] [stderr]     |                     |
[INFO] [stderr]     |                     help: remove this `mut`
[INFO] [stderr]     |
[INFO] [stderr]     = note: `#[warn(unused_mut)]` on by default
[INFO] [stderr] 
[INFO] [stderr] warning: private item shadows public glob re-export
[INFO] [stderr]   --> mdbook-scientific/src/lib.rs:6:5
[INFO] [stderr]    |
[INFO] [stderr] 6  | use crate::errors::ScientificError;
[INFO] [stderr]    |     ^^^^^^^^^^^^^^^^^^^^^^^^^^^^^^
[INFO] [stderr]    |
[INFO] [stderr] note: the name `ScientificError` in the type namespace is supposed to be publicly re-exported here
[INFO] [stderr]   --> mdbook-scientific/src/lib.rs:20:9
[INFO] [stderr]    |
[INFO] [stderr] 20 | pub use self::errors::*;
[INFO] [stderr]    |         ^^^^^^^^^^^^^^^
[INFO] [stderr] note: but the private item here shadows it
[INFO] [stderr]   --> mdbook-scientific/src/lib.rs:6:5
[INFO] [stderr]    |
[INFO] [stderr] 6  | use crate::errors::ScientificError;
[INFO] [stderr]    |     ^^^^^^^^^^^^^^^^^^^^^^^^^^^^^^
[INFO] [stderr]    = note: `#[warn(hidden_glob_reexports)]` on by default
[INFO] [stderr] 
[INFO] [stderr] warning: `cmark2tex` (lib) generated 1 warning (run `cargo fix --lib -p cmark2tex` to apply 1 suggestion)
[INFO] [stderr] warning: `mdbook-scientific` (lib) generated 1 warning
[INFO] [stderr] warning: `cmark2tex` (lib test) generated 1 warning (1 duplicate)
[INFO] [stderr] warning: `mdbook-scientific` (lib test) generated 1 warning (1 duplicate)
[INFO] [stderr] warning: unused import: `std::collections::HashSet`
[INFO] [stderr]  --> mdbook-tectonic/src/main.rs:9:5
[INFO] [stderr]   |
[INFO] [stderr] 9 | use std::collections::HashSet;
[INFO] [stderr]   |     ^^^^^^^^^^^^^^^^^^^^^^^^^
[INFO] [stderr]   |
[INFO] [stderr]   = note: `#[warn(unused_imports)]` on by default
[INFO] [stderr] 
[INFO] [stderr] warning: unused variable: `respath`
[INFO] [stderr]   --> mdbook-tectonic/src/tests.rs:30:9
[INFO] [stderr]    |
[INFO] [stderr] 30 |     let respath = Path::new("/tmp/target_asset_dir/somewhere/images/chap/foo.png");
[INFO] [stderr]    |         ^^^^^^^ help: if this is intentional, prefix it with an underscore: `_respath`
[INFO] [stderr]    |
[INFO] [stderr]    = note: `#[warn(unused_variables)]` on by default
[INFO] [stderr] 
[INFO] [stderr] warning: `mdbook-tectonic` (bin "mdbook-tectonic" test) generated 2 warnings (run `cargo fix --bin "mdbook-tectonic" --tests` to apply 2 suggestions)
[INFO] [stderr]     Finished test [unoptimized + debuginfo] target(s) in 0.41s
[INFO] [stderr] warning: the following packages contain code that will be rejected by a future version of Rust: nom v5.1.2
[INFO] [stderr] note: to see what the problems were, use the option `--future-incompat-report`, or run `cargo report future-incompatibilities --id 2`
[INFO] [stderr]      Running unittests src/lib.rs (/opt/rustwide/target/debug/deps/cmark2tex-cd29b8a05d0469b4)
[INFO] [stdout] 
[INFO] [stdout] running 6 tests
[INFO] [stdout] test tests::cmark_to_tex_basic ... ok
[INFO] [stderr]      Running unittests src/main.rs (/opt/rustwide/target/debug/deps/cmark2tex-4abf5fda035a6d65)
[INFO] [stdout] test tests::cmark_to_tex_w_math_block_anon ... ok
[INFO] [stdout] test tests::cmark_to_tex_image ... ok
[INFO] [stdout] test tests::cmark_to_tex_w_math_inline ... ok
[INFO] [stdout] test tests::cmark_to_tex_large ... ok
[INFO] [stdout] test tests::cmark_to_tex_w_math_block_reference ... ok
[INFO] [stdout] 
[INFO] [stdout] test result: ok. 6 passed; 0 failed; 0 ignored; 0 measured; 0 filtered out; finished in 0.02s
[INFO] [stdout] 
[INFO] [stdout] 
[INFO] [stdout] running 0 tests
[INFO] [stdout] 
[INFO] [stdout] test result: ok. 0 passed; 0 failed; 0 ignored; 0 measured; 0 filtered out; finished in 0.00s
[INFO] [stdout] 
[INFO] [stderr]      Running unittests src/lib.rs (/opt/rustwide/target/debug/deps/mathyank-b8e3d671c1dde35e)
[INFO] [stdout] 
[INFO] [stdout] running 24 tests
[INFO] [stdout] test parse::tests::dollarless::boring_inline ... ok
[INFO] [stdout] test parse::tests::dollarless::block_w_params ... ok
[INFO] [stdout] test parse::tests::dollarsplit::missing_trailing_inline ... ok
[INFO] [stdout] test parse::tests::dollarsplit::iter_over_empty_intra_line_sequences ... ok
[INFO] [stdout] test parse::tests::dollarsplit::all_in_code_block ... ok
[INFO] [stdout] test parse::tests::dollarsplit::dollar_block_1 ... ok
[INFO] [stdout] test parse::tests::dollarsplit::bare ... ok
[INFO] [stdout] test parse::tests::dollarless::boring_block_w_nonascii ... ok
[INFO] [stdout] test parse::tests::dollarsplit::nonascii_oneline ... ok
[INFO] [stdout] test parse::tests::dollarsplit::oneline ... ok
[INFO] [stdout] test parse::tests::dollarsplit::pre_block_w_unclosed_inlines ... ok
[INFO] [stdout] test parse::tests::dollarsplit::oneline_unclosed ... ok
[INFO] [stdout] test parse::tests::dollarless::empty_block ... ok
[INFO] [stdout] test parse::tests::sequester::oneblockje ... ok
[INFO] [stdout] test parse::tests::sequester::nonascii_prefix ... ok
[INFO] [stdout] test parse::tests::sequester::oneblockje_w_prefix ... ok
[INFO] [stdout] test parse::tests::sequester::oneblockje_w_suffix ... ok
[INFO] [stdout] test parse::tests::sequester::soolarge ... ok
[INFO] [stdout] test parse::types::block_equ::parses_with_refer_and_title ... ok
[INFO] [stdout] test parse::tests::sequester::onelinje ... ok
[INFO] [stdout] test parse::tests::sequester::reference ... ok
[INFO] [stdout] test parse::tests::sequester::singlje_x ... ok
[INFO] [stdout] test parse::tests::sequester::doublje_x_y ... ok
[INFO] [stderr]      Running unittests src/lib.rs (/opt/rustwide/target/debug/deps/mdbook_boilerplate-2f7d2068a6359f8f)
[INFO] [stdout] test parse::tests::sequester::nope ... ok
[INFO] [stdout] 
[INFO] [stdout] test result: ok. 24 passed; 0 failed; 0 ignored; 0 measured; 0 filtered out; finished in 0.03s
[INFO] [stdout] 
[INFO] [stdout] 
[INFO] [stdout] running 2 tests
[INFO] [stdout] test tests::clap_supports_no_sub ... ok
[INFO] [stderr]      Running unittests src/lib.rs (/opt/rustwide/target/debug/deps/mdbook_fishextract-6f1cb12718c54a91)
[INFO] [stdout] test tests::clap_supports ... ok
[INFO] [stdout] 
[INFO] [stdout] test result: ok. 2 passed; 0 failed; 0 ignored; 0 measured; 0 filtered out; finished in 0.01s
[INFO] [stdout] 
[INFO] [stdout] 
[INFO] [stdout] running 1 test
[INFO] [stdout] test tests::gen_mermaid_svg_and_replace ... FAILED
[INFO] [stdout] 
[INFO] [stdout] failures:
[INFO] [stdout] 
[INFO] [stdout] ---- tests::gen_mermaid_svg_and_replace stdout ----
[INFO] [stdout] thread 'tests::gen_mermaid_svg_and_replace' panicked at mdbook-fishextract/src/tests.rs:26:6:
[INFO] [stdout] called `Result::unwrap()` on an `Err` value: Boilerplate(Which { source: CannotFindBinaryPath, name: "mmdc" })
[INFO] [stdout] stack backtrace:
[INFO] [stdout]    0:     0x561cd246df4c - std::backtrace_rs::backtrace::libunwind::trace::ha637c64ce894333a
[INFO] [stdout]                                at /rustc/82e1608dfa6e0b5569232559e3d385fea5a93112/library/std/src/../../backtrace/src/backtrace/libunwind.rs:104:5
[INFO] [stdout]    1:     0x561cd246df4c - std::backtrace_rs::backtrace::trace_unsynchronized::h47f62dea28e0c88d
[INFO] [stdout]                                at /rustc/82e1608dfa6e0b5569232559e3d385fea5a93112/library/std/src/../../backtrace/src/backtrace/mod.rs:66:5
[INFO] [stdout]    2:     0x561cd246df4c - std::sys_common::backtrace::_print_fmt::h9eef0abe20ede486
[INFO] [stdout]                                at /rustc/82e1608dfa6e0b5569232559e3d385fea5a93112/library/std/src/sys_common/backtrace.rs:67:5
[INFO] [stdout]    3:     0x561cd246df4c - <std::sys_common::backtrace::_print::DisplayBacktrace as core::fmt::Display>::fmt::hed7f999df88cc644
[INFO] [stdout]                                at /rustc/82e1608dfa6e0b5569232559e3d385fea5a93112/library/std/src/sys_common/backtrace.rs:44:22
[INFO] [stdout]    4:     0x561cd2497d60 - core::fmt::rt::Argument::fmt::h1539a9308b8d058d
[INFO] [stdout]                                at /rustc/82e1608dfa6e0b5569232559e3d385fea5a93112/library/core/src/fmt/rt.rs:142:9
[INFO] [stdout]    5:     0x561cd2497d60 - core::fmt::write::h3a39390d8560d9c9
[INFO] [stdout]                                at /rustc/82e1608dfa6e0b5569232559e3d385fea5a93112/library/core/src/fmt/mod.rs:1120:17
[INFO] [stdout]    6:     0x561cd246b56f - std::io::Write::write_fmt::h040b369f3a0f9cbc
[INFO] [stdout]                                at /rustc/82e1608dfa6e0b5569232559e3d385fea5a93112/library/std/src/io/mod.rs:1762:15
[INFO] [stdout]    7:     0x561cd246dd34 - std::sys_common::backtrace::_print::h894006fb5c6f3d45
[INFO] [stdout]                                at /rustc/82e1608dfa6e0b5569232559e3d385fea5a93112/library/std/src/sys_common/backtrace.rs:47:5
[INFO] [stdout]    8:     0x561cd246dd34 - std::sys_common::backtrace::print::h23a2d212c6fff936
[INFO] [stdout]                                at /rustc/82e1608dfa6e0b5569232559e3d385fea5a93112/library/std/src/sys_common/backtrace.rs:34:9
[INFO] [stdout]    9:     0x561cd246f9f7 - std::panicking::default_hook::{{closure}}::h8a1d2ee00185001a
[INFO] [stdout]   10:     0x561cd246f6e3 - std::panicking::default_hook::h6038f2eba384e475
[INFO] [stdout]                                at /rustc/82e1608dfa6e0b5569232559e3d385fea5a93112/library/std/src/panicking.rs:289:9
[INFO] [stdout]   11:     0x561cd23a7357 - <alloc::boxed::Box<F,A> as core::ops::function::Fn<Args>>::call::h0ad024c9bdc6d768
[INFO] [stdout]                                at /rustc/82e1608dfa6e0b5569232559e3d385fea5a93112/library/alloc/src/boxed.rs:2021:9
[INFO] [stdout]   12:     0x561cd23a7357 - test::test_main::{{closure}}::h7500b54257359db6
[INFO] [stdout]                                at /rustc/82e1608dfa6e0b5569232559e3d385fea5a93112/library/test/src/lib.rs:138:21
[INFO] [stdout]   13:     0x561cd2470008 - <alloc::boxed::Box<F,A> as core::ops::function::Fn<Args>>::call::h1f8f335eaa9cfaee
[INFO] [stdout]                                at /rustc/82e1608dfa6e0b5569232559e3d385fea5a93112/library/alloc/src/boxed.rs:2021:9
[INFO] [stdout]   14:     0x561cd2470008 - std::panicking::rust_panic_with_hook::h2b5517d590cab22e
[INFO] [stdout]                                at /rustc/82e1608dfa6e0b5569232559e3d385fea5a93112/library/std/src/panicking.rs:783:13
[INFO] [stdout]   15:     0x561cd246fd5e - std::panicking::begin_panic_handler::{{closure}}::h233112c06e0ef43e
[INFO] [stdout]                                at /rustc/82e1608dfa6e0b5569232559e3d385fea5a93112/library/std/src/panicking.rs:657:13
[INFO] [stdout]   16:     0x561cd246e416 - std::sys_common::backtrace::__rust_end_short_backtrace::h6e893f24d7ebbff8
[INFO] [stdout]                                at /rustc/82e1608dfa6e0b5569232559e3d385fea5a93112/library/std/src/sys_common/backtrace.rs:170:18
[INFO] [stdout]   17:     0x561cd246fac2 - rust_begin_unwind
[INFO] [stdout]                                at /rustc/82e1608dfa6e0b5569232559e3d385fea5a93112/library/std/src/panicking.rs:645:5
[INFO] [stdout]   18:     0x561cd234f1e5 - core::panicking::panic_fmt::hbf0e066aabfa482c
[INFO] [stdout]                                at /rustc/82e1608dfa6e0b5569232559e3d385fea5a93112/library/core/src/panicking.rs:72:14
[INFO] [stdout]   19:     0x561cd234f773 - core::result::unwrap_failed::hddb4fea594200c52
[INFO] [stdout]                                at /rustc/82e1608dfa6e0b5569232559e3d385fea5a93112/library/core/src/result.rs:1653:5
[INFO] [stdout]   20:     0x561cd235a653 - core::result::Result<T,E>::unwrap::h10ff462e12199baa
[INFO] [stdout]                                at /rustc/82e1608dfa6e0b5569232559e3d385fea5a93112/library/core/src/result.rs:1077:23
[INFO] [stdout]   21:     0x561cd23560cc - mdbook_fishextract::tests::gen_mermaid_svg_and_replace::h11e35bb977037e43
[INFO] [stdout]                                at /opt/rustwide/workdir/mdbook-fishextract/src/tests.rs:11:20
[INFO] [stdout]   22:     0x561cd2355d77 - mdbook_fishextract::tests::gen_mermaid_svg_and_replace::{{closure}}::h6280f2ce72277bdc
[INFO] [stdout]                                at /opt/rustwide/workdir/mdbook-fishextract/src/tests.rs:8:33
[INFO] [stdout]   23:     0x561cd2358596 - core::ops::function::FnOnce::call_once::h1d408ea2d754df04
[INFO] [stdout]                                at /rustc/82e1608dfa6e0b5569232559e3d385fea5a93112/library/core/src/ops/function.rs:250:5
[INFO] [stdout]   24:     0x561cd23ac9af - core::ops::function::FnOnce::call_once::h2b5d431d5046312d
[INFO] [stdout]                                at /rustc/82e1608dfa6e0b5569232559e3d385fea5a93112/library/core/src/ops/function.rs:250:5
[INFO] [stdout]   25:     0x561cd23ac9af - test::__rust_begin_short_backtrace::h7714669af176e207
[INFO] [stdout]                                at /rustc/82e1608dfa6e0b5569232559e3d385fea5a93112/library/test/src/lib.rs:628:18
[INFO] [stdout]   26:     0x561cd23ab9c5 - test::run_test_in_process::{{closure}}::h85218797dcbcec12
[INFO] [stdout]                                at /rustc/82e1608dfa6e0b5569232559e3d385fea5a93112/library/test/src/lib.rs:651:60
[INFO] [stdout]   27:     0x561cd23ab9c5 - <core::panic::unwind_safe::AssertUnwindSafe<F> as core::ops::function::FnOnce<()>>::call_once::h76c106ea31c14d7b
[INFO] [stdout]                                at /rustc/82e1608dfa6e0b5569232559e3d385fea5a93112/library/core/src/panic/unwind_safe.rs:272:9
[INFO] [stdout]   28:     0x561cd23ab9c5 - std::panicking::try::do_call::h3bd5d0f6620ee946
[INFO] [stdout]                                at /rustc/82e1608dfa6e0b5569232559e3d385fea5a93112/library/std/src/panicking.rs:552:40
[INFO] [stdout]   29:     0x561cd23ab9c5 - std::panicking::try::h232e535e4744fe31
[INFO] [stdout]                                at /rustc/82e1608dfa6e0b5569232559e3d385fea5a93112/library/std/src/panicking.rs:516:19
[INFO] [stdout]   30:     0x561cd23ab9c5 - std::panic::catch_unwind::h3ce3bd6ca8dbac68
[INFO] [stdout]                                at /rustc/82e1608dfa6e0b5569232559e3d385fea5a93112/library/std/src/panic.rs:142:14
[INFO] [stdout]   31:     0x561cd23ab9c5 - test::run_test_in_process::hc97b257c9621286a
[INFO] [stdout]                                at /rustc/82e1608dfa6e0b5569232559e3d385fea5a93112/library/test/src/lib.rs:651:27
[INFO] [stdout]   32:     0x561cd23ab9c5 - test::run_test::{{closure}}::h2aa798823a438d38
[INFO] [stdout]                                at /rustc/82e1608dfa6e0b5569232559e3d385fea5a93112/library/test/src/lib.rs:574:43
[INFO] [stdout]   33:     0x561cd2373c86 - test::run_test::{{closure}}::h87d231c78fb59832
[INFO] [stdout]                                at /rustc/82e1608dfa6e0b5569232559e3d385fea5a93112/library/test/src/lib.rs:602:41
[INFO] [stdout]   34:     0x561cd2373c86 - std::sys_common::backtrace::__rust_begin_short_backtrace::he6df152596625789
[INFO] [stdout]                                at /rustc/82e1608dfa6e0b5569232559e3d385fea5a93112/library/std/src/sys_common/backtrace.rs:154:18
[INFO] [stdout]   35:     0x561cd2378d37 - std::thread::Builder::spawn_unchecked_::{{closure}}::{{closure}}::ha94be15d1e0acf36
[INFO] [stdout]                                at /rustc/82e1608dfa6e0b5569232559e3d385fea5a93112/library/std/src/thread/mod.rs:529:17
[INFO] [stdout]   36:     0x561cd2378d37 - <core::panic::unwind_safe::AssertUnwindSafe<F> as core::ops::function::FnOnce<()>>::call_once::h9dc6bd6372f16606
[INFO] [stdout]                                at /rustc/82e1608dfa6e0b5569232559e3d385fea5a93112/library/core/src/panic/unwind_safe.rs:272:9
[INFO] [stdout]   37:     0x561cd2378d37 - std::panicking::try::do_call::h9057517f80303cd4
[INFO] [stdout]                                at /rustc/82e1608dfa6e0b5569232559e3d385fea5a93112/library/std/src/panicking.rs:552:40
[INFO] [stdout]   38:     0x561cd2378d37 - std::panicking::try::he3a30b11ee45340c
[INFO] [stdout]                                at /rustc/82e1608dfa6e0b5569232559e3d385fea5a93112/library/std/src/panicking.rs:516:19
[INFO] [stdout]   39:     0x561cd2378d37 - std::panic::catch_unwind::h410458cfd3528b8b
[INFO] [stdout]                                at /rustc/82e1608dfa6e0b5569232559e3d385fea5a93112/library/std/src/panic.rs:142:14
[INFO] [stdout]   40:     0x561cd2378d37 - std::thread::Builder::spawn_unchecked_::{{closure}}::h72ac3bdb567b737b
[INFO] [stdout]                                at /rustc/82e1608dfa6e0b5569232559e3d385fea5a93112/library/std/src/thread/mod.rs:528:30
[INFO] [stdout]   41:     0x561cd2378d37 - core::ops::function::FnOnce::call_once{{vtable.shim}}::h38f34da3654a8344
[INFO] [stdout]                                at /rustc/82e1608dfa6e0b5569232559e3d385fea5a93112/library/core/src/ops/function.rs:250:5
[INFO] [stdout]   42:     0x561cd2474c35 - <alloc::boxed::Box<F,A> as core::ops::function::FnOnce<Args>>::call_once::hc7eafaff61e32df9
[INFO] [stdout]                                at /rustc/82e1608dfa6e0b5569232559e3d385fea5a93112/library/alloc/src/boxed.rs:2007:9
[INFO] [stdout]   43:     0x561cd2474c35 - <alloc::boxed::Box<F,A> as core::ops::function::FnOnce<Args>>::call_once::h6ba4a5de48dd2304
[INFO] [stdout]                                at /rustc/82e1608dfa6e0b5569232559e3d385fea5a93112/library/alloc/src/boxed.rs:2007:9
[INFO] [stdout]   44:     0x561cd2474c35 - std::sys::unix::thread::Thread::new::thread_start::he469335aef763e45
[INFO] [stdout]                                at /rustc/82e1608dfa6e0b5569232559e3d385fea5a93112/library/std/src/sys/unix/thread.rs:108:17
[INFO] [stdout]   45:     0x7fc4fba4bac3 - <unknown>
[INFO] [stdout]   46:     0x7fc4fbadcbf4 - __clone
[INFO] [stdout]   47:                0x0 - <unknown>
[INFO] [stdout] 
[INFO] [stdout] 
[INFO] [stdout] failures:
[INFO] [stdout]     tests::gen_mermaid_svg_and_replace
[INFO] [stdout] 
[INFO] [stdout] test result: FAILED. 0 passed; 1 failed; 0 ignored; 0 measured; 0 filtered out; finished in 0.08s
[INFO] [stdout] 
[INFO] [stderr] error: test failed, to rerun pass `-p mdbook-fishextract --lib`
[INFO] running `Command { std: "docker" "inspect" "ed071384c18e3d339e09a481e8b0f60c37756fe0bc3421b3343991fb5bdf7d92", kill_on_drop: false }`
[INFO] running `Command { std: "docker" "rm" "-f" "ed071384c18e3d339e09a481e8b0f60c37756fe0bc3421b3343991fb5bdf7d92", kill_on_drop: false }`
[INFO] [stdout] ed071384c18e3d339e09a481e8b0f60c37756fe0bc3421b3343991fb5bdf7d92
