[INFO] cloning repository https://github.com/dphilipson/advent-of-code-2023
[INFO] running `Command { std: "git" "-c" "credential.helper=" "-c" "credential.helper=/workspace/cargo-home/bin/git-credential-null" "clone" "--bare" "https://github.com/dphilipson/advent-of-code-2023" "/workspace/cache/git-repos/https%3A%2F%2Fgithub.com%2Fdphilipson%2Fadvent-of-code-2023", kill_on_drop: false }`
[INFO] [stderr] Cloning into bare repository '/workspace/cache/git-repos/https%3A%2F%2Fgithub.com%2Fdphilipson%2Fadvent-of-code-2023'...
[INFO] running `Command { std: "git" "rev-parse" "HEAD", kill_on_drop: false }`
[INFO] [stdout] 89f29ad62dc9e0120c6431c376db19ee3f4eaec5
[INFO] testing dphilipson/advent-of-code-2023 against 1.75.0 for beta-1.76-1
[INFO] running `Command { std: "git" "clone" "/workspace/cache/git-repos/https%3A%2F%2Fgithub.com%2Fdphilipson%2Fadvent-of-code-2023" "/workspace/builds/worker-4-tc1/source", kill_on_drop: false }`
[INFO] [stderr] Cloning into '/workspace/builds/worker-4-tc1/source'...
[INFO] [stderr] done.
[INFO] validating manifest of git repo https://github.com/dphilipson/advent-of-code-2023 on toolchain 1.75.0
[INFO] running `Command { std: CARGO_HOME="/workspace/cargo-home" RUSTUP_HOME="/workspace/rustup-home" "/workspace/cargo-home/bin/cargo" "+1.75.0" "metadata" "--manifest-path" "Cargo.toml" "--no-deps", kill_on_drop: false }`
[INFO] started tweaking git repo https://github.com/dphilipson/advent-of-code-2023
[INFO] finished tweaking git repo https://github.com/dphilipson/advent-of-code-2023
[INFO] tweaked toml for git repo https://github.com/dphilipson/advent-of-code-2023 written to /workspace/builds/worker-4-tc1/source/Cargo.toml
[INFO] crate git repo https://github.com/dphilipson/advent-of-code-2023 already has a lockfile, it will not be regenerated
[INFO] running `Command { std: CARGO_HOME="/workspace/cargo-home" RUSTUP_HOME="/workspace/rustup-home" "/workspace/cargo-home/bin/cargo" "+1.75.0" "fetch" "--manifest-path" "Cargo.toml", kill_on_drop: false }`
[INFO] [stderr]  Downloading crates ...
[INFO] [stderr]   Downloaded num v0.4.1
[INFO] [stderr]   Downloaded ndarray v0.15.6
[INFO] running `Command { std: "docker" "create" "-v" "/var/lib/crater-agent-workspace/builds/worker-4-tc1/target:/opt/rustwide/target:rw,Z" "-v" "/var/lib/crater-agent-workspace/builds/worker-4-tc1/source:/opt/rustwide/workdir:ro,Z" "-v" "/var/lib/crater-agent-workspace/cargo-home:/opt/rustwide/cargo-home:ro,Z" "-v" "/var/lib/crater-agent-workspace/rustup-home:/opt/rustwide/rustup-home:ro,Z" "-e" "SOURCE_DIR=/opt/rustwide/workdir" "-e" "CARGO_TARGET_DIR=/opt/rustwide/target" "-e" "CARGO_HOME=/opt/rustwide/cargo-home" "-e" "RUSTUP_HOME=/opt/rustwide/rustup-home" "-w" "/opt/rustwide/workdir" "-m" "1610612736" "--user" "0:0" "--network" "none" "ghcr.io/rust-lang/crates-build-env/linux@sha256:2788e3201cd34a07e3172128adcd8b3090168a8e3bcc40d7c032b9dda1df7d1c" "/opt/rustwide/cargo-home/bin/cargo" "+1.75.0" "metadata" "--no-deps" "--format-version=1", kill_on_drop: false }`
[INFO] [stdout] e7978a936b014eae2220faa6c3bc837887040e4825ed0652c4021f2df95071de
[INFO] running `Command { std: "docker" "start" "-a" "e7978a936b014eae2220faa6c3bc837887040e4825ed0652c4021f2df95071de", kill_on_drop: false }`
[INFO] running `Command { std: "docker" "inspect" "e7978a936b014eae2220faa6c3bc837887040e4825ed0652c4021f2df95071de", kill_on_drop: false }`
[INFO] running `Command { std: "docker" "rm" "-f" "e7978a936b014eae2220faa6c3bc837887040e4825ed0652c4021f2df95071de", kill_on_drop: false }`
[INFO] [stdout] e7978a936b014eae2220faa6c3bc837887040e4825ed0652c4021f2df95071de
[INFO] running `Command { std: "docker" "create" "-v" "/var/lib/crater-agent-workspace/builds/worker-4-tc1/target:/opt/rustwide/target:rw,Z" "-v" "/var/lib/crater-agent-workspace/builds/worker-4-tc1/source:/opt/rustwide/workdir:ro,Z" "-v" "/var/lib/crater-agent-workspace/cargo-home:/opt/rustwide/cargo-home:ro,Z" "-v" "/var/lib/crater-agent-workspace/rustup-home:/opt/rustwide/rustup-home:ro,Z" "-e" "SOURCE_DIR=/opt/rustwide/workdir" "-e" "CARGO_TARGET_DIR=/opt/rustwide/target" "-e" "CARGO_INCREMENTAL=0" "-e" "RUST_BACKTRACE=full" "-e" "RUSTFLAGS=--cap-lints=warn" "-e" "RUSTDOCFLAGS=--cap-lints=warn" "-e" "CARGO_HOME=/opt/rustwide/cargo-home" "-e" "RUSTUP_HOME=/opt/rustwide/rustup-home" "-w" "/opt/rustwide/workdir" "-m" "1610612736" "--user" "0:0" "--network" "none" "ghcr.io/rust-lang/crates-build-env/linux@sha256:2788e3201cd34a07e3172128adcd8b3090168a8e3bcc40d7c032b9dda1df7d1c" "/opt/rustwide/cargo-home/bin/cargo" "+1.75.0" "build" "--frozen" "--message-format=json", kill_on_drop: false }`
[INFO] [stdout] b6f45a627cd792464f4d171c0d0a05ec799c6acd294f030484a7958428e1bf4a
[INFO] running `Command { std: "docker" "start" "-a" "b6f45a627cd792464f4d171c0d0a05ec799c6acd294f030484a7958428e1bf4a", kill_on_drop: false }`
[INFO] [stderr]    Compiling autocfg v1.0.1
[INFO] [stderr]    Compiling syn v1.0.82
[INFO] [stderr]    Compiling rawpointer v0.2.1
[INFO] [stderr]    Compiling unicode-xid v0.2.2
[INFO] [stderr]    Compiling regex-syntax v0.8.2
[INFO] [stderr]    Compiling aho-corasick v1.1.2
[INFO] [stderr]    Compiling convert_case v0.4.0
[INFO] [stderr]    Compiling arrayvec v0.7.4
[INFO] [stderr]    Compiling matrixmultiply v0.3.2
[INFO] [stderr]    Compiling num-traits v0.2.17
[INFO] [stderr]    Compiling num-integer v0.1.45
[INFO] [stderr]    Compiling num-bigint v0.4.3
[INFO] [stderr]    Compiling num-iter v0.1.43
[INFO] [stderr]    Compiling num-rational v0.4.1
[INFO] [stderr]    Compiling num-complex v0.4.4
[INFO] [stderr]    Compiling regex-automata v0.4.3
[INFO] [stderr]    Compiling ndarray v0.15.6
[INFO] [stderr]    Compiling derive_more v0.99.17
[INFO] [stderr]    Compiling num v0.4.1
[INFO] [stderr]    Compiling regex v1.10.2
[INFO] [stderr]    Compiling advent-of-code-2023 v0.1.0 (/opt/rustwide/workdir)
[INFO] [stderr]     Finished dev [unoptimized + debuginfo] target(s) in 8.66s
[INFO] running `Command { std: "docker" "inspect" "b6f45a627cd792464f4d171c0d0a05ec799c6acd294f030484a7958428e1bf4a", kill_on_drop: false }`
[INFO] running `Command { std: "docker" "rm" "-f" "b6f45a627cd792464f4d171c0d0a05ec799c6acd294f030484a7958428e1bf4a", kill_on_drop: false }`
[INFO] [stdout] b6f45a627cd792464f4d171c0d0a05ec799c6acd294f030484a7958428e1bf4a
[INFO] running `Command { std: "docker" "create" "-v" "/var/lib/crater-agent-workspace/builds/worker-4-tc1/target:/opt/rustwide/target:rw,Z" "-v" "/var/lib/crater-agent-workspace/builds/worker-4-tc1/source:/opt/rustwide/workdir:ro,Z" "-v" "/var/lib/crater-agent-workspace/cargo-home:/opt/rustwide/cargo-home:ro,Z" "-v" "/var/lib/crater-agent-workspace/rustup-home:/opt/rustwide/rustup-home:ro,Z" "-e" "SOURCE_DIR=/opt/rustwide/workdir" "-e" "CARGO_TARGET_DIR=/opt/rustwide/target" "-e" "CARGO_INCREMENTAL=0" "-e" "RUST_BACKTRACE=full" "-e" "RUSTFLAGS=--cap-lints=warn" "-e" "RUSTDOCFLAGS=--cap-lints=warn" "-e" "CARGO_HOME=/opt/rustwide/cargo-home" "-e" "RUSTUP_HOME=/opt/rustwide/rustup-home" "-w" "/opt/rustwide/workdir" "-m" "1610612736" "--user" "0:0" "--network" "none" "ghcr.io/rust-lang/crates-build-env/linux@sha256:2788e3201cd34a07e3172128adcd8b3090168a8e3bcc40d7c032b9dda1df7d1c" "/opt/rustwide/cargo-home/bin/cargo" "+1.75.0" "test" "--frozen" "--no-run" "--message-format=json", kill_on_drop: false }`
[INFO] [stdout] 4fc93e8f91a7c4abd535537e42ea4a5acb05912db71794ec4c7ccdd8ff0dfe6e
[INFO] running `Command { std: "docker" "start" "-a" "4fc93e8f91a7c4abd535537e42ea4a5acb05912db71794ec4c7ccdd8ff0dfe6e", kill_on_drop: false }`
[INFO] [stderr]    Compiling advent-of-code-2023 v0.1.0 (/opt/rustwide/workdir)
[INFO] [stderr]     Finished test [unoptimized + debuginfo] target(s) in 2.09s
[INFO] running `Command { std: "docker" "inspect" "4fc93e8f91a7c4abd535537e42ea4a5acb05912db71794ec4c7ccdd8ff0dfe6e", kill_on_drop: false }`
[INFO] running `Command { std: "docker" "rm" "-f" "4fc93e8f91a7c4abd535537e42ea4a5acb05912db71794ec4c7ccdd8ff0dfe6e", kill_on_drop: false }`
[INFO] [stdout] 4fc93e8f91a7c4abd535537e42ea4a5acb05912db71794ec4c7ccdd8ff0dfe6e
[INFO] running `Command { std: "docker" "create" "-v" "/var/lib/crater-agent-workspace/builds/worker-4-tc1/target:/opt/rustwide/target:rw,Z" "-v" "/var/lib/crater-agent-workspace/builds/worker-4-tc1/source:/opt/rustwide/workdir:ro,Z" "-v" "/var/lib/crater-agent-workspace/cargo-home:/opt/rustwide/cargo-home:ro,Z" "-v" "/var/lib/crater-agent-workspace/rustup-home:/opt/rustwide/rustup-home:ro,Z" "-e" "SOURCE_DIR=/opt/rustwide/workdir" "-e" "CARGO_TARGET_DIR=/opt/rustwide/target" "-e" "CARGO_INCREMENTAL=0" "-e" "RUST_BACKTRACE=full" "-e" "RUSTFLAGS=--cap-lints=warn" "-e" "RUSTDOCFLAGS=--cap-lints=warn" "-e" "CARGO_HOME=/opt/rustwide/cargo-home" "-e" "RUSTUP_HOME=/opt/rustwide/rustup-home" "-w" "/opt/rustwide/workdir" "-m" "1610612736" "--user" "0:0" "--network" "none" "ghcr.io/rust-lang/crates-build-env/linux@sha256:2788e3201cd34a07e3172128adcd8b3090168a8e3bcc40d7c032b9dda1df7d1c" "/opt/rustwide/cargo-home/bin/cargo" "+1.75.0" "test" "--frozen", kill_on_drop: false }`
[INFO] [stdout] 08bb0b7ba3e6056199efdfd16d3a20a499e9534d9c3b7ec72df395d4d5899918
[INFO] running `Command { std: "docker" "start" "-a" "08bb0b7ba3e6056199efdfd16d3a20a499e9534d9c3b7ec72df395d4d5899918", kill_on_drop: false }`
[INFO] [stderr]     Finished test [unoptimized + debuginfo] target(s) in 0.02s
[INFO] [stderr]      Running unittests src/main.rs (/opt/rustwide/target/debug/deps/advent_of_code_2023-86a97bd8c20a62c6)
[INFO] [stdout] 
[INFO] [stdout] running 15 tests
[INFO] [stdout] test util::coords::tests::test_coord2 ... ok
[INFO] [stdout] test util::coords::tests::test_coord3 ... ok
[INFO] [stdout] test util::crt::test::test_solve_congruence_pair ... ok
[INFO] [stdout] test util::crt::test::test_solve_congruences ... ok
[INFO] [stdout] test util::grid::tests::test_orthogonal_neighbors ... ok
[INFO] [stdout] test util::grid::tests::test_parse_digits ... ok
[INFO] [stdout] test util::grid::tests::test_neighbors ... ok
[INFO] [stdout] test util::search::dijkstra::tests::test_dijkstra ... ok
[INFO] [stdout] test util::search::bfs::tests::test_bfs ... ok
[INFO] [stdout] test util::string_enum::tests::test_string_enum ... ok
[INFO] [stdout] test util::re::tests::test_parse_match ... ok
[INFO] [stdout] test harness::panics::tests::catching_todo_allows_other_panics - should panic ... ok
[INFO] [stdout] test harness::panics::tests::catching_todo_catches_todo_with_message ... FAILED
[INFO] [stdout] test harness::panics::tests::catching_todo_catches_todo ... ok
[INFO] [stdout] test harness::panics::tests::catching_todo_on_no_panic ... ok
[INFO] [stdout] 
[INFO] [stdout] failures:
[INFO] [stdout] 
[INFO] [stdout] failures:
[INFO] [stdout]     harness::panics::tests::catching_todo_catches_todo_with_message
[INFO] [stdout] 
[INFO] [stdout] test result: FAILED. 14 passed; 1 failed; 0 ignored; 0 measured; 0 filtered out; finished in 0.02s
[INFO] [stdout] 
[INFO] [stderr] error: test failed, to rerun pass `--bin advent-of-code-2023`
[INFO] running `Command { std: "docker" "inspect" "08bb0b7ba3e6056199efdfd16d3a20a499e9534d9c3b7ec72df395d4d5899918", kill_on_drop: false }`
[INFO] running `Command { std: "docker" "rm" "-f" "08bb0b7ba3e6056199efdfd16d3a20a499e9534d9c3b7ec72df395d4d5899918", kill_on_drop: false }`
[INFO] [stdout] 08bb0b7ba3e6056199efdfd16d3a20a499e9534d9c3b7ec72df395d4d5899918
[INFO] testing dphilipson/advent-of-code-2023 against beta-2023-12-22 for beta-1.76-1
[INFO] running `Command { std: "git" "clone" "/workspace/cache/git-repos/https%3A%2F%2Fgithub.com%2Fdphilipson%2Fadvent-of-code-2023" "/workspace/builds/worker-4-tc2/source", kill_on_drop: false }`
[INFO] [stderr] Cloning into '/workspace/builds/worker-4-tc2/source'...
[INFO] [stderr] done.
[INFO] validating manifest of git repo https://github.com/dphilipson/advent-of-code-2023 on toolchain beta-2023-12-22
[INFO] running `Command { std: CARGO_HOME="/workspace/cargo-home" RUSTUP_HOME="/workspace/rustup-home" "/workspace/cargo-home/bin/cargo" "+beta-2023-12-22" "metadata" "--manifest-path" "Cargo.toml" "--no-deps", kill_on_drop: false }`
[INFO] started tweaking git repo https://github.com/dphilipson/advent-of-code-2023
[INFO] finished tweaking git repo https://github.com/dphilipson/advent-of-code-2023
[INFO] tweaked toml for git repo https://github.com/dphilipson/advent-of-code-2023 written to /workspace/builds/worker-4-tc2/source/Cargo.toml
[INFO] crate git repo https://github.com/dphilipson/advent-of-code-2023 already has a lockfile, it will not be regenerated
[INFO] running `Command { std: CARGO_HOME="/workspace/cargo-home" RUSTUP_HOME="/workspace/rustup-home" "/workspace/cargo-home/bin/cargo" "+beta-2023-12-22" "fetch" "--manifest-path" "Cargo.toml", kill_on_drop: false }`
[INFO] running `Command { std: "docker" "create" "-v" "/var/lib/crater-agent-workspace/builds/worker-4-tc2/target:/opt/rustwide/target:rw,Z" "-v" "/var/lib/crater-agent-workspace/builds/worker-4-tc2/source:/opt/rustwide/workdir:ro,Z" "-v" "/var/lib/crater-agent-workspace/cargo-home:/opt/rustwide/cargo-home:ro,Z" "-v" "/var/lib/crater-agent-workspace/rustup-home:/opt/rustwide/rustup-home:ro,Z" "-e" "SOURCE_DIR=/opt/rustwide/workdir" "-e" "CARGO_TARGET_DIR=/opt/rustwide/target" "-e" "CARGO_HOME=/opt/rustwide/cargo-home" "-e" "RUSTUP_HOME=/opt/rustwide/rustup-home" "-w" "/opt/rustwide/workdir" "-m" "1610612736" "--user" "0:0" "--network" "none" "ghcr.io/rust-lang/crates-build-env/linux@sha256:2788e3201cd34a07e3172128adcd8b3090168a8e3bcc40d7c032b9dda1df7d1c" "/opt/rustwide/cargo-home/bin/cargo" "+beta-2023-12-22" "metadata" "--no-deps" "--format-version=1", kill_on_drop: false }`
[INFO] [stdout] 8fd478e90e2c39fcde04223fd642118286aaf259b4705dd1b6ddcadd8b73d6cd
[INFO] running `Command { std: "docker" "start" "-a" "8fd478e90e2c39fcde04223fd642118286aaf259b4705dd1b6ddcadd8b73d6cd", kill_on_drop: false }`
[INFO] running `Command { std: "docker" "inspect" "8fd478e90e2c39fcde04223fd642118286aaf259b4705dd1b6ddcadd8b73d6cd", kill_on_drop: false }`
[INFO] running `Command { std: "docker" "rm" "-f" "8fd478e90e2c39fcde04223fd642118286aaf259b4705dd1b6ddcadd8b73d6cd", kill_on_drop: false }`
[INFO] [stdout] 8fd478e90e2c39fcde04223fd642118286aaf259b4705dd1b6ddcadd8b73d6cd
[INFO] running `Command { std: "docker" "create" "-v" "/var/lib/crater-agent-workspace/builds/worker-4-tc2/target:/opt/rustwide/target:rw,Z" "-v" "/var/lib/crater-agent-workspace/builds/worker-4-tc2/source:/opt/rustwide/workdir:ro,Z" "-v" "/var/lib/crater-agent-workspace/cargo-home:/opt/rustwide/cargo-home:ro,Z" "-v" "/var/lib/crater-agent-workspace/rustup-home:/opt/rustwide/rustup-home:ro,Z" "-e" "SOURCE_DIR=/opt/rustwide/workdir" "-e" "CARGO_TARGET_DIR=/opt/rustwide/target" "-e" "CARGO_INCREMENTAL=0" "-e" "RUST_BACKTRACE=full" "-e" "RUSTFLAGS=--cap-lints=warn" "-e" "RUSTDOCFLAGS=--cap-lints=warn" "-e" "CARGO_HOME=/opt/rustwide/cargo-home" "-e" "RUSTUP_HOME=/opt/rustwide/rustup-home" "-w" "/opt/rustwide/workdir" "-m" "1610612736" "--user" "0:0" "--network" "none" "ghcr.io/rust-lang/crates-build-env/linux@sha256:2788e3201cd34a07e3172128adcd8b3090168a8e3bcc40d7c032b9dda1df7d1c" "/opt/rustwide/cargo-home/bin/cargo" "+beta-2023-12-22" "build" "--frozen" "--message-format=json", kill_on_drop: false }`
[INFO] [stdout] 3c1817be02fd9c446464441c090d85949c8fc336b914ff7dfc8d9790559f6322
[INFO] running `Command { std: "docker" "start" "-a" "3c1817be02fd9c446464441c090d85949c8fc336b914ff7dfc8d9790559f6322", kill_on_drop: false }`
[INFO] [stderr]    Compiling autocfg v1.0.1
[INFO] [stderr]    Compiling syn v1.0.82
[INFO] [stderr]    Compiling regex-syntax v0.8.2
[INFO] [stderr]    Compiling rawpointer v0.2.1
[INFO] [stderr]    Compiling unicode-xid v0.2.2
[INFO] [stderr]    Compiling aho-corasick v1.1.2
[INFO] [stderr]    Compiling convert_case v0.4.0
[INFO] [stderr]    Compiling arrayvec v0.7.4
[INFO] [stderr]    Compiling matrixmultiply v0.3.2
[INFO] [stderr]    Compiling num-traits v0.2.17
[INFO] [stderr]    Compiling num-integer v0.1.45
[INFO] [stderr]    Compiling num-bigint v0.4.3
[INFO] [stderr]    Compiling num-iter v0.1.43
[INFO] [stderr]    Compiling num-rational v0.4.1
[INFO] [stderr]    Compiling regex-automata v0.4.3
[INFO] [stderr]    Compiling num-complex v0.4.4
[INFO] [stderr]    Compiling ndarray v0.15.6
[INFO] [stderr]    Compiling derive_more v0.99.17
[INFO] [stderr]    Compiling num v0.4.1
[INFO] [stderr]    Compiling regex v1.10.2
[INFO] [stderr]    Compiling advent-of-code-2023 v0.1.0 (/opt/rustwide/workdir)
[INFO] [stderr]     Finished dev [unoptimized + debuginfo] target(s) in 6.90s
[INFO] running `Command { std: "docker" "inspect" "3c1817be02fd9c446464441c090d85949c8fc336b914ff7dfc8d9790559f6322", kill_on_drop: false }`
[INFO] running `Command { std: "docker" "rm" "-f" "3c1817be02fd9c446464441c090d85949c8fc336b914ff7dfc8d9790559f6322", kill_on_drop: false }`
[INFO] [stdout] 3c1817be02fd9c446464441c090d85949c8fc336b914ff7dfc8d9790559f6322
[INFO] running `Command { std: "docker" "create" "-v" "/var/lib/crater-agent-workspace/builds/worker-4-tc2/target:/opt/rustwide/target:rw,Z" "-v" "/var/lib/crater-agent-workspace/builds/worker-4-tc2/source:/opt/rustwide/workdir:ro,Z" "-v" "/var/lib/crater-agent-workspace/cargo-home:/opt/rustwide/cargo-home:ro,Z" "-v" "/var/lib/crater-agent-workspace/rustup-home:/opt/rustwide/rustup-home:ro,Z" "-e" "SOURCE_DIR=/opt/rustwide/workdir" "-e" "CARGO_TARGET_DIR=/opt/rustwide/target" "-e" "CARGO_INCREMENTAL=0" "-e" "RUST_BACKTRACE=full" "-e" "RUSTFLAGS=--cap-lints=warn" "-e" "RUSTDOCFLAGS=--cap-lints=warn" "-e" "CARGO_HOME=/opt/rustwide/cargo-home" "-e" "RUSTUP_HOME=/opt/rustwide/rustup-home" "-w" "/opt/rustwide/workdir" "-m" "1610612736" "--user" "0:0" "--network" "none" "ghcr.io/rust-lang/crates-build-env/linux@sha256:2788e3201cd34a07e3172128adcd8b3090168a8e3bcc40d7c032b9dda1df7d1c" "/opt/rustwide/cargo-home/bin/cargo" "+beta-2023-12-22" "test" "--frozen" "--no-run" "--message-format=json", kill_on_drop: false }`
[INFO] [stdout] 45ad27401e3d8d2be58996a62293f5a358275ccd8b9573f62bd501b577a4ff4c
[INFO] running `Command { std: "docker" "start" "-a" "45ad27401e3d8d2be58996a62293f5a358275ccd8b9573f62bd501b577a4ff4c", kill_on_drop: false }`
[INFO] [stderr]    Compiling advent-of-code-2023 v0.1.0 (/opt/rustwide/workdir)
[INFO] [stderr]     Finished test [unoptimized + debuginfo] target(s) in 1.32s
[INFO] running `Command { std: "docker" "inspect" "45ad27401e3d8d2be58996a62293f5a358275ccd8b9573f62bd501b577a4ff4c", kill_on_drop: false }`
[INFO] running `Command { std: "docker" "rm" "-f" "45ad27401e3d8d2be58996a62293f5a358275ccd8b9573f62bd501b577a4ff4c", kill_on_drop: false }`
[INFO] [stdout] 45ad27401e3d8d2be58996a62293f5a358275ccd8b9573f62bd501b577a4ff4c
[INFO] running `Command { std: "docker" "create" "-v" "/var/lib/crater-agent-workspace/builds/worker-4-tc2/target:/opt/rustwide/target:rw,Z" "-v" "/var/lib/crater-agent-workspace/builds/worker-4-tc2/source:/opt/rustwide/workdir:ro,Z" "-v" "/var/lib/crater-agent-workspace/cargo-home:/opt/rustwide/cargo-home:ro,Z" "-v" "/var/lib/crater-agent-workspace/rustup-home:/opt/rustwide/rustup-home:ro,Z" "-e" "SOURCE_DIR=/opt/rustwide/workdir" "-e" "CARGO_TARGET_DIR=/opt/rustwide/target" "-e" "CARGO_INCREMENTAL=0" "-e" "RUST_BACKTRACE=full" "-e" "RUSTFLAGS=--cap-lints=warn" "-e" "RUSTDOCFLAGS=--cap-lints=warn" "-e" "CARGO_HOME=/opt/rustwide/cargo-home" "-e" "RUSTUP_HOME=/opt/rustwide/rustup-home" "-w" "/opt/rustwide/workdir" "-m" "1610612736" "--user" "0:0" "--network" "none" "ghcr.io/rust-lang/crates-build-env/linux@sha256:2788e3201cd34a07e3172128adcd8b3090168a8e3bcc40d7c032b9dda1df7d1c" "/opt/rustwide/cargo-home/bin/cargo" "+beta-2023-12-22" "test" "--frozen", kill_on_drop: false }`
[INFO] [stdout] 93726dd861d1f366fd7719668055a2a54301f6aa3fe9374680653001cf7af67f
[INFO] running `Command { std: "docker" "start" "-a" "93726dd861d1f366fd7719668055a2a54301f6aa3fe9374680653001cf7af67f", kill_on_drop: false }`
[INFO] [stderr]     Finished test [unoptimized + debuginfo] target(s) in 0.02s
[INFO] [stdout] 
[INFO] [stderr]      Running unittests src/main.rs (/opt/rustwide/target/debug/deps/advent_of_code_2023-1e809bd9ed3ad0f5)
[INFO] [stdout] running 15 tests
[INFO] [stdout] test util::crt::test::test_solve_congruences ... ok
[INFO] [stdout] test harness::panics::tests::catching_todo_catches_todo ... ok
[INFO] [stdout] test harness::panics::tests::catching_todo_on_no_panic ... ok
[INFO] [stdout] test util::coords::tests::test_coord3 ... ok
[INFO] [stdout] test util::grid::tests::test_orthogonal_neighbors ... ok
[INFO] [stdout] test util::search::bfs::tests::test_bfs ... ok
[INFO] [stdout] test util::crt::test::test_solve_congruence_pair ... ok
[INFO] [stdout] test util::coords::tests::test_coord2 ... ok
[INFO] [stdout] test util::string_enum::tests::test_string_enum ... ok
[INFO] [stdout] test util::re::tests::test_parse_match ... ok
[INFO] [stdout] test util::grid::tests::test_parse_digits ... ok
[INFO] [stdout] test util::grid::tests::test_neighbors ... ok
[INFO] [stdout] test util::search::dijkstra::tests::test_dijkstra ... ok
[INFO] [stdout] test harness::panics::tests::catching_todo_allows_other_panics - should panic ... ok
[INFO] [stdout] test harness::panics::tests::catching_todo_catches_todo_with_message ... FAILED
[INFO] [stdout] 
[INFO] [stdout] failures:
[INFO] [stdout] 
[INFO] [stdout] failures:
[INFO] [stdout]     harness::panics::tests::catching_todo_catches_todo_with_message
[INFO] [stdout] 
[INFO] [stdout] test result: FAILED. 14 passed; 1 failed; 0 ignored; 0 measured; 0 filtered out; finished in 0.05s
[INFO] [stdout] 
[INFO] [stderr] error: test failed, to rerun pass `--bin advent-of-code-2023`
[INFO] running `Command { std: "docker" "inspect" "93726dd861d1f366fd7719668055a2a54301f6aa3fe9374680653001cf7af67f", kill_on_drop: false }`
[INFO] running `Command { std: "docker" "rm" "-f" "93726dd861d1f366fd7719668055a2a54301f6aa3fe9374680653001cf7af67f", kill_on_drop: false }`
[INFO] [stdout] 93726dd861d1f366fd7719668055a2a54301f6aa3fe9374680653001cf7af67f
