[INFO] cloning repository https://github.com/dolphin2410/sonet-rs
[INFO] running `Command { std: "git" "-c" "credential.helper=" "-c" "credential.helper=/workspace/cargo-home/bin/git-credential-null" "clone" "--bare" "https://github.com/dolphin2410/sonet-rs" "/workspace/cache/git-repos/https%3A%2F%2Fgithub.com%2Fdolphin2410%2Fsonet-rs", kill_on_drop: false }`
[INFO] [stderr] Cloning into bare repository '/workspace/cache/git-repos/https%3A%2F%2Fgithub.com%2Fdolphin2410%2Fsonet-rs'...
[INFO] running `Command { std: "git" "rev-parse" "HEAD", kill_on_drop: false }`
[INFO] [stdout] 1bb5dae952dde24fffd9759683d34f17b436439f
[INFO] testing dolphin2410/sonet-rs against 1.75.0 for beta-1.76-1
[INFO] running `Command { std: "git" "clone" "/workspace/cache/git-repos/https%3A%2F%2Fgithub.com%2Fdolphin2410%2Fsonet-rs" "/workspace/builds/worker-5-tc1/source", kill_on_drop: false }`
[INFO] [stderr] Cloning into '/workspace/builds/worker-5-tc1/source'...
[INFO] [stderr] done.
[INFO] validating manifest of git repo https://github.com/dolphin2410/sonet-rs on toolchain 1.75.0
[INFO] running `Command { std: CARGO_HOME="/workspace/cargo-home" RUSTUP_HOME="/workspace/rustup-home" "/workspace/cargo-home/bin/cargo" "+1.75.0" "metadata" "--manifest-path" "Cargo.toml" "--no-deps", kill_on_drop: false }`
[INFO] started tweaking git repo https://github.com/dolphin2410/sonet-rs
[INFO] finished tweaking git repo https://github.com/dolphin2410/sonet-rs
[INFO] tweaked toml for git repo https://github.com/dolphin2410/sonet-rs written to /workspace/builds/worker-5-tc1/source/Cargo.toml
[INFO] crate git repo https://github.com/dolphin2410/sonet-rs already has a lockfile, it will not be regenerated
[INFO] running `Command { std: CARGO_HOME="/workspace/cargo-home" RUSTUP_HOME="/workspace/rustup-home" "/workspace/cargo-home/bin/cargo" "+1.75.0" "fetch" "--manifest-path" "Cargo.toml", kill_on_drop: false }`
[INFO] running `Command { std: "docker" "create" "-v" "/var/lib/crater-agent-workspace/builds/worker-5-tc1/target:/opt/rustwide/target:rw,Z" "-v" "/var/lib/crater-agent-workspace/builds/worker-5-tc1/source:/opt/rustwide/workdir:ro,Z" "-v" "/var/lib/crater-agent-workspace/cargo-home:/opt/rustwide/cargo-home:ro,Z" "-v" "/var/lib/crater-agent-workspace/rustup-home:/opt/rustwide/rustup-home:ro,Z" "-e" "SOURCE_DIR=/opt/rustwide/workdir" "-e" "CARGO_TARGET_DIR=/opt/rustwide/target" "-e" "CARGO_HOME=/opt/rustwide/cargo-home" "-e" "RUSTUP_HOME=/opt/rustwide/rustup-home" "-w" "/opt/rustwide/workdir" "-m" "1610612736" "--user" "0:0" "--network" "none" "ghcr.io/rust-lang/crates-build-env/linux@sha256:2788e3201cd34a07e3172128adcd8b3090168a8e3bcc40d7c032b9dda1df7d1c" "/opt/rustwide/cargo-home/bin/cargo" "+1.75.0" "metadata" "--no-deps" "--format-version=1", kill_on_drop: false }`
[INFO] [stdout] 4f58fe55365ca42b502399f152befcf84676d8cc6d06b41b645457b22180be09
[INFO] running `Command { std: "docker" "start" "-a" "4f58fe55365ca42b502399f152befcf84676d8cc6d06b41b645457b22180be09", kill_on_drop: false }`
[INFO] running `Command { std: "docker" "inspect" "4f58fe55365ca42b502399f152befcf84676d8cc6d06b41b645457b22180be09", kill_on_drop: false }`
[INFO] running `Command { std: "docker" "rm" "-f" "4f58fe55365ca42b502399f152befcf84676d8cc6d06b41b645457b22180be09", kill_on_drop: false }`
[INFO] [stdout] 4f58fe55365ca42b502399f152befcf84676d8cc6d06b41b645457b22180be09
[INFO] running `Command { std: "docker" "create" "-v" "/var/lib/crater-agent-workspace/builds/worker-5-tc1/target:/opt/rustwide/target:rw,Z" "-v" "/var/lib/crater-agent-workspace/builds/worker-5-tc1/source:/opt/rustwide/workdir:ro,Z" "-v" "/var/lib/crater-agent-workspace/cargo-home:/opt/rustwide/cargo-home:ro,Z" "-v" "/var/lib/crater-agent-workspace/rustup-home:/opt/rustwide/rustup-home:ro,Z" "-e" "SOURCE_DIR=/opt/rustwide/workdir" "-e" "CARGO_TARGET_DIR=/opt/rustwide/target" "-e" "CARGO_INCREMENTAL=0" "-e" "RUST_BACKTRACE=full" "-e" "RUSTFLAGS=--cap-lints=warn" "-e" "RUSTDOCFLAGS=--cap-lints=warn" "-e" "CARGO_HOME=/opt/rustwide/cargo-home" "-e" "RUSTUP_HOME=/opt/rustwide/rustup-home" "-w" "/opt/rustwide/workdir" "-m" "1610612736" "--user" "0:0" "--network" "none" "ghcr.io/rust-lang/crates-build-env/linux@sha256:2788e3201cd34a07e3172128adcd8b3090168a8e3bcc40d7c032b9dda1df7d1c" "/opt/rustwide/cargo-home/bin/cargo" "+1.75.0" "build" "--frozen" "--message-format=json", kill_on_drop: false }`
[INFO] [stdout] 0dfab2944b39609f745e0aea67942ea0ecfa36606e9f518090af4366ee5f2caf
[INFO] running `Command { std: "docker" "start" "-a" "0dfab2944b39609f745e0aea67942ea0ecfa36606e9f518090af4366ee5f2caf", kill_on_drop: false }`
[INFO] [stderr]    Compiling proc-macro2 v1.0.34
[INFO] [stderr]    Compiling unicode-xid v0.2.2
[INFO] [stderr]    Compiling libc v0.2.107
[INFO] [stderr]    Compiling syn v1.0.81
[INFO] [stderr]    Compiling cfg-if v1.0.0
[INFO] [stderr]    Compiling futures-core v0.3.19
[INFO] [stderr]    Compiling memchr v2.4.1
[INFO] [stderr]    Compiling futures-task v0.3.19
[INFO] [stderr]    Compiling futures-channel v0.3.19
[INFO] [stderr]    Compiling futures-sink v0.3.19
[INFO] [stderr]    Compiling futures-util v0.3.19
[INFO] [stderr]    Compiling parking_lot_core v0.8.5
[INFO] [stderr]    Compiling pin-project-lite v0.2.7
[INFO] [stderr]    Compiling log v0.4.14
[INFO] [stderr]    Compiling smallvec v1.7.0
[INFO] [stderr]    Compiling pin-utils v0.1.0
[INFO] [stderr]    Compiling instant v0.1.12
[INFO] [stderr]    Compiling scopeguard v1.1.0
[INFO] [stderr]    Compiling slab v0.4.5
[INFO] [stderr]    Compiling autocfg v1.0.1
[INFO] [stderr]    Compiling futures-io v0.3.19
[INFO] [stderr]    Compiling lock_api v0.4.5
[INFO] [stderr]    Compiling bytes v1.1.0
[INFO] [stderr]    Compiling once_cell v1.8.0
[INFO] [stderr]    Compiling tokio v1.14.0
[INFO] [stderr]    Compiling quote v1.0.10
[INFO] [stderr]    Compiling mio v0.7.14
[INFO] [stderr]    Compiling signal-hook-registry v1.4.0
[INFO] [stderr]    Compiling num_cpus v1.13.0
[INFO] [stderr]    Compiling parking_lot v0.11.2
[INFO] [stderr]    Compiling futures-macro v0.3.19
[INFO] [stderr]    Compiling tokio-macros v1.6.0
[INFO] [stderr]    Compiling futures-executor v0.3.19
[INFO] [stderr]    Compiling futures v0.3.19
[INFO] [stderr]    Compiling sonet-rs v1.0.0 (/opt/rustwide/workdir)
[INFO] [stderr]     Finished dev [unoptimized + debuginfo] target(s) in 7.52s
[INFO] running `Command { std: "docker" "inspect" "0dfab2944b39609f745e0aea67942ea0ecfa36606e9f518090af4366ee5f2caf", kill_on_drop: false }`
[INFO] running `Command { std: "docker" "rm" "-f" "0dfab2944b39609f745e0aea67942ea0ecfa36606e9f518090af4366ee5f2caf", kill_on_drop: false }`
[INFO] [stdout] 0dfab2944b39609f745e0aea67942ea0ecfa36606e9f518090af4366ee5f2caf
[INFO] running `Command { std: "docker" "create" "-v" "/var/lib/crater-agent-workspace/builds/worker-5-tc1/target:/opt/rustwide/target:rw,Z" "-v" "/var/lib/crater-agent-workspace/builds/worker-5-tc1/source:/opt/rustwide/workdir:ro,Z" "-v" "/var/lib/crater-agent-workspace/cargo-home:/opt/rustwide/cargo-home:ro,Z" "-v" "/var/lib/crater-agent-workspace/rustup-home:/opt/rustwide/rustup-home:ro,Z" "-e" "SOURCE_DIR=/opt/rustwide/workdir" "-e" "CARGO_TARGET_DIR=/opt/rustwide/target" "-e" "CARGO_INCREMENTAL=0" "-e" "RUST_BACKTRACE=full" "-e" "RUSTFLAGS=--cap-lints=warn" "-e" "RUSTDOCFLAGS=--cap-lints=warn" "-e" "CARGO_HOME=/opt/rustwide/cargo-home" "-e" "RUSTUP_HOME=/opt/rustwide/rustup-home" "-w" "/opt/rustwide/workdir" "-m" "1610612736" "--user" "0:0" "--network" "none" "ghcr.io/rust-lang/crates-build-env/linux@sha256:2788e3201cd34a07e3172128adcd8b3090168a8e3bcc40d7c032b9dda1df7d1c" "/opt/rustwide/cargo-home/bin/cargo" "+1.75.0" "test" "--frozen" "--no-run" "--message-format=json", kill_on_drop: false }`
[INFO] [stdout] bfd3a0847e6263b1c7345e9a06bb552885a68f600320366b8ef5f8943ebe08e9
[INFO] running `Command { std: "docker" "start" "-a" "bfd3a0847e6263b1c7345e9a06bb552885a68f600320366b8ef5f8943ebe08e9", kill_on_drop: false }`
[INFO] [stderr]    Compiling sonet-rs v1.0.0 (/opt/rustwide/workdir)
[INFO] [stderr]     Finished test [unoptimized + debuginfo] target(s) in 0.31s
[INFO] running `Command { std: "docker" "inspect" "bfd3a0847e6263b1c7345e9a06bb552885a68f600320366b8ef5f8943ebe08e9", kill_on_drop: false }`
[INFO] running `Command { std: "docker" "rm" "-f" "bfd3a0847e6263b1c7345e9a06bb552885a68f600320366b8ef5f8943ebe08e9", kill_on_drop: false }`
[INFO] [stdout] bfd3a0847e6263b1c7345e9a06bb552885a68f600320366b8ef5f8943ebe08e9
[INFO] running `Command { std: "docker" "create" "-v" "/var/lib/crater-agent-workspace/builds/worker-5-tc1/target:/opt/rustwide/target:rw,Z" "-v" "/var/lib/crater-agent-workspace/builds/worker-5-tc1/source:/opt/rustwide/workdir:ro,Z" "-v" "/var/lib/crater-agent-workspace/cargo-home:/opt/rustwide/cargo-home:ro,Z" "-v" "/var/lib/crater-agent-workspace/rustup-home:/opt/rustwide/rustup-home:ro,Z" "-e" "SOURCE_DIR=/opt/rustwide/workdir" "-e" "CARGO_TARGET_DIR=/opt/rustwide/target" "-e" "CARGO_INCREMENTAL=0" "-e" "RUST_BACKTRACE=full" "-e" "RUSTFLAGS=--cap-lints=warn" "-e" "RUSTDOCFLAGS=--cap-lints=warn" "-e" "CARGO_HOME=/opt/rustwide/cargo-home" "-e" "RUSTUP_HOME=/opt/rustwide/rustup-home" "-w" "/opt/rustwide/workdir" "-m" "1610612736" "--user" "0:0" "--network" "none" "ghcr.io/rust-lang/crates-build-env/linux@sha256:2788e3201cd34a07e3172128adcd8b3090168a8e3bcc40d7c032b9dda1df7d1c" "/opt/rustwide/cargo-home/bin/cargo" "+1.75.0" "test" "--frozen", kill_on_drop: false }`
[INFO] [stdout] c0de406acd1236c3ba290c4f6e574dbdfc23a5cf024ace0f7ca61736444388e9
[INFO] running `Command { std: "docker" "start" "-a" "c0de406acd1236c3ba290c4f6e574dbdfc23a5cf024ace0f7ca61736444388e9", kill_on_drop: false }`
[INFO] [stderr]     Finished test [unoptimized + debuginfo] target(s) in 0.02s
[INFO] [stderr]      Running unittests src/lib.rs (/opt/rustwide/target/debug/deps/sonet_rs-216946559f4cdef7)
[INFO] [stdout] 
[INFO] [stdout] running 0 tests
[INFO] [stdout] 
[INFO] [stdout] test result: ok. 0 passed; 0 failed; 0 ignored; 0 measured; 0 filtered out; finished in 0.00s
[INFO] [stdout] 
[INFO] [stderr]    Doc-tests sonet-rs
[INFO] [stdout] 
[INFO] [stdout] running 1 test
[INFO] [stdout] test src/packet.rs - packet::packet (line 143) ... FAILED
[INFO] [stdout] 
[INFO] [stdout] failures:
[INFO] [stdout] 
[INFO] [stdout] ---- src/packet.rs - packet::packet (line 143) stdout ----
[INFO] [stdout] error: cannot find macro `packet` in this scope
[INFO] [stdout]  --> src/packet.rs:144:1
[INFO] [stdout]   |
[INFO] [stdout] 3 | packet! {
[INFO] [stdout]   | ^^^^^^
[INFO] [stdout]   |
[INFO] [stdout] help: consider importing this macro
[INFO] [stdout]   |
[INFO] [stdout] 2 + use sonet_rs::packet;
[INFO] [stdout]   |
[INFO] [stdout] 
[INFO] [stdout] error: aborting due to previous error
[INFO] [stdout] 
[INFO] [stdout] Couldn't compile the test.
[INFO] [stdout] 
[INFO] [stdout] failures:
[INFO] [stdout]     src/packet.rs - packet::packet (line 143)
[INFO] [stdout] 
[INFO] [stdout] test result: FAILED. 0 passed; 1 failed; 0 ignored; 0 measured; 0 filtered out; finished in 0.05s
[INFO] [stdout] 
[INFO] [stderr] error: doctest failed, to rerun pass `--doc`
[INFO] running `Command { std: "docker" "inspect" "c0de406acd1236c3ba290c4f6e574dbdfc23a5cf024ace0f7ca61736444388e9", kill_on_drop: false }`
[INFO] running `Command { std: "docker" "rm" "-f" "c0de406acd1236c3ba290c4f6e574dbdfc23a5cf024ace0f7ca61736444388e9", kill_on_drop: false }`
[INFO] [stdout] c0de406acd1236c3ba290c4f6e574dbdfc23a5cf024ace0f7ca61736444388e9
[INFO] testing dolphin2410/sonet-rs against beta-2023-12-22 for beta-1.76-1
[INFO] running `Command { std: "git" "clone" "/workspace/cache/git-repos/https%3A%2F%2Fgithub.com%2Fdolphin2410%2Fsonet-rs" "/workspace/builds/worker-5-tc2/source", kill_on_drop: false }`
[INFO] [stderr] Cloning into '/workspace/builds/worker-5-tc2/source'...
[INFO] [stderr] done.
[INFO] validating manifest of git repo https://github.com/dolphin2410/sonet-rs on toolchain beta-2023-12-22
[INFO] running `Command { std: CARGO_HOME="/workspace/cargo-home" RUSTUP_HOME="/workspace/rustup-home" "/workspace/cargo-home/bin/cargo" "+beta-2023-12-22" "metadata" "--manifest-path" "Cargo.toml" "--no-deps", kill_on_drop: false }`
[INFO] started tweaking git repo https://github.com/dolphin2410/sonet-rs
[INFO] finished tweaking git repo https://github.com/dolphin2410/sonet-rs
[INFO] tweaked toml for git repo https://github.com/dolphin2410/sonet-rs written to /workspace/builds/worker-5-tc2/source/Cargo.toml
[INFO] crate git repo https://github.com/dolphin2410/sonet-rs already has a lockfile, it will not be regenerated
[INFO] running `Command { std: CARGO_HOME="/workspace/cargo-home" RUSTUP_HOME="/workspace/rustup-home" "/workspace/cargo-home/bin/cargo" "+beta-2023-12-22" "fetch" "--manifest-path" "Cargo.toml", kill_on_drop: false }`
[INFO] running `Command { std: "docker" "create" "-v" "/var/lib/crater-agent-workspace/builds/worker-5-tc2/target:/opt/rustwide/target:rw,Z" "-v" "/var/lib/crater-agent-workspace/builds/worker-5-tc2/source:/opt/rustwide/workdir:ro,Z" "-v" "/var/lib/crater-agent-workspace/cargo-home:/opt/rustwide/cargo-home:ro,Z" "-v" "/var/lib/crater-agent-workspace/rustup-home:/opt/rustwide/rustup-home:ro,Z" "-e" "SOURCE_DIR=/opt/rustwide/workdir" "-e" "CARGO_TARGET_DIR=/opt/rustwide/target" "-e" "CARGO_HOME=/opt/rustwide/cargo-home" "-e" "RUSTUP_HOME=/opt/rustwide/rustup-home" "-w" "/opt/rustwide/workdir" "-m" "1610612736" "--user" "0:0" "--network" "none" "ghcr.io/rust-lang/crates-build-env/linux@sha256:2788e3201cd34a07e3172128adcd8b3090168a8e3bcc40d7c032b9dda1df7d1c" "/opt/rustwide/cargo-home/bin/cargo" "+beta-2023-12-22" "metadata" "--no-deps" "--format-version=1", kill_on_drop: false }`
[INFO] [stdout] 5f8dc5da642bc3b606fece965324b2f742440ea6a70b7c4b25db436e4b6d1dc8
[INFO] running `Command { std: "docker" "start" "-a" "5f8dc5da642bc3b606fece965324b2f742440ea6a70b7c4b25db436e4b6d1dc8", kill_on_drop: false }`
[INFO] running `Command { std: "docker" "inspect" "5f8dc5da642bc3b606fece965324b2f742440ea6a70b7c4b25db436e4b6d1dc8", kill_on_drop: false }`
[INFO] running `Command { std: "docker" "rm" "-f" "5f8dc5da642bc3b606fece965324b2f742440ea6a70b7c4b25db436e4b6d1dc8", kill_on_drop: false }`
[INFO] [stdout] 5f8dc5da642bc3b606fece965324b2f742440ea6a70b7c4b25db436e4b6d1dc8
[INFO] running `Command { std: "docker" "create" "-v" "/var/lib/crater-agent-workspace/builds/worker-5-tc2/target:/opt/rustwide/target:rw,Z" "-v" "/var/lib/crater-agent-workspace/builds/worker-5-tc2/source:/opt/rustwide/workdir:ro,Z" "-v" "/var/lib/crater-agent-workspace/cargo-home:/opt/rustwide/cargo-home:ro,Z" "-v" "/var/lib/crater-agent-workspace/rustup-home:/opt/rustwide/rustup-home:ro,Z" "-e" "SOURCE_DIR=/opt/rustwide/workdir" "-e" "CARGO_TARGET_DIR=/opt/rustwide/target" "-e" "CARGO_INCREMENTAL=0" "-e" "RUST_BACKTRACE=full" "-e" "RUSTFLAGS=--cap-lints=warn" "-e" "RUSTDOCFLAGS=--cap-lints=warn" "-e" "CARGO_HOME=/opt/rustwide/cargo-home" "-e" "RUSTUP_HOME=/opt/rustwide/rustup-home" "-w" "/opt/rustwide/workdir" "-m" "1610612736" "--user" "0:0" "--network" "none" "ghcr.io/rust-lang/crates-build-env/linux@sha256:2788e3201cd34a07e3172128adcd8b3090168a8e3bcc40d7c032b9dda1df7d1c" "/opt/rustwide/cargo-home/bin/cargo" "+beta-2023-12-22" "build" "--frozen" "--message-format=json", kill_on_drop: false }`
[INFO] [stdout] 702470a5f198aa12edb713c4bf233ecd0e5e0b1a7bfd594031752e0e735800f5
[INFO] running `Command { std: "docker" "start" "-a" "702470a5f198aa12edb713c4bf233ecd0e5e0b1a7bfd594031752e0e735800f5", kill_on_drop: false }`
[INFO] [stderr]    Compiling proc-macro2 v1.0.34
[INFO] [stderr]    Compiling unicode-xid v0.2.2
[INFO] [stderr]    Compiling syn v1.0.81
[INFO] [stderr]    Compiling libc v0.2.107
[INFO] [stderr]    Compiling cfg-if v1.0.0
[INFO] [stderr]    Compiling memchr v2.4.1
[INFO] [stderr]    Compiling futures-core v0.3.19
[INFO] [stderr]    Compiling futures-channel v0.3.19
[INFO] [stderr]    Compiling futures-task v0.3.19
[INFO] [stderr]    Compiling futures-sink v0.3.19
[INFO] [stderr]    Compiling pin-project-lite v0.2.7
[INFO] [stderr]    Compiling log v0.4.14
[INFO] [stderr]    Compiling parking_lot_core v0.8.5
[INFO] [stderr]    Compiling futures-util v0.3.19
[INFO] [stderr]    Compiling smallvec v1.7.0
[INFO] [stderr]    Compiling slab v0.4.5
[INFO] [stderr]    Compiling instant v0.1.12
[INFO] [stderr]    Compiling scopeguard v1.1.0
[INFO] [stderr]    Compiling autocfg v1.0.1
[INFO] [stderr]    Compiling futures-io v0.3.19
[INFO] [stderr]    Compiling pin-utils v0.1.0
[INFO] [stderr]    Compiling lock_api v0.4.5
[INFO] [stderr]    Compiling bytes v1.1.0
[INFO] [stderr]    Compiling once_cell v1.8.0
[INFO] [stderr]    Compiling tokio v1.14.0
[INFO] [stderr]    Compiling quote v1.0.10
[INFO] [stderr]    Compiling mio v0.7.14
[INFO] [stderr]    Compiling num_cpus v1.13.0
[INFO] [stderr]    Compiling signal-hook-registry v1.4.0
[INFO] [stderr]    Compiling parking_lot v0.11.2
[INFO] [stderr]    Compiling futures-macro v0.3.19
[INFO] [stderr]    Compiling tokio-macros v1.6.0
[INFO] [stderr]    Compiling futures-executor v0.3.19
[INFO] [stderr]    Compiling futures v0.3.19
[INFO] [stderr]    Compiling sonet-rs v1.0.0 (/opt/rustwide/workdir)
[INFO] [stderr]     Finished dev [unoptimized + debuginfo] target(s) in 10.87s
[INFO] running `Command { std: "docker" "inspect" "702470a5f198aa12edb713c4bf233ecd0e5e0b1a7bfd594031752e0e735800f5", kill_on_drop: false }`
[INFO] running `Command { std: "docker" "rm" "-f" "702470a5f198aa12edb713c4bf233ecd0e5e0b1a7bfd594031752e0e735800f5", kill_on_drop: false }`
[INFO] [stdout] 702470a5f198aa12edb713c4bf233ecd0e5e0b1a7bfd594031752e0e735800f5
[INFO] running `Command { std: "docker" "create" "-v" "/var/lib/crater-agent-workspace/builds/worker-5-tc2/target:/opt/rustwide/target:rw,Z" "-v" "/var/lib/crater-agent-workspace/builds/worker-5-tc2/source:/opt/rustwide/workdir:ro,Z" "-v" "/var/lib/crater-agent-workspace/cargo-home:/opt/rustwide/cargo-home:ro,Z" "-v" "/var/lib/crater-agent-workspace/rustup-home:/opt/rustwide/rustup-home:ro,Z" "-e" "SOURCE_DIR=/opt/rustwide/workdir" "-e" "CARGO_TARGET_DIR=/opt/rustwide/target" "-e" "CARGO_INCREMENTAL=0" "-e" "RUST_BACKTRACE=full" "-e" "RUSTFLAGS=--cap-lints=warn" "-e" "RUSTDOCFLAGS=--cap-lints=warn" "-e" "CARGO_HOME=/opt/rustwide/cargo-home" "-e" "RUSTUP_HOME=/opt/rustwide/rustup-home" "-w" "/opt/rustwide/workdir" "-m" "1610612736" "--user" "0:0" "--network" "none" "ghcr.io/rust-lang/crates-build-env/linux@sha256:2788e3201cd34a07e3172128adcd8b3090168a8e3bcc40d7c032b9dda1df7d1c" "/opt/rustwide/cargo-home/bin/cargo" "+beta-2023-12-22" "test" "--frozen" "--no-run" "--message-format=json", kill_on_drop: false }`
[INFO] [stdout] cf7ec4191c8211e298ed3ec0eee82ee2a60a8dc4fa96a1d337c0cb357371372f
[INFO] running `Command { std: "docker" "start" "-a" "cf7ec4191c8211e298ed3ec0eee82ee2a60a8dc4fa96a1d337c0cb357371372f", kill_on_drop: false }`
[INFO] [stderr]    Compiling sonet-rs v1.0.0 (/opt/rustwide/workdir)
[INFO] [stderr]     Finished test [unoptimized + debuginfo] target(s) in 0.36s
[INFO] running `Command { std: "docker" "inspect" "cf7ec4191c8211e298ed3ec0eee82ee2a60a8dc4fa96a1d337c0cb357371372f", kill_on_drop: false }`
[INFO] running `Command { std: "docker" "rm" "-f" "cf7ec4191c8211e298ed3ec0eee82ee2a60a8dc4fa96a1d337c0cb357371372f", kill_on_drop: false }`
[INFO] [stdout] cf7ec4191c8211e298ed3ec0eee82ee2a60a8dc4fa96a1d337c0cb357371372f
[INFO] running `Command { std: "docker" "create" "-v" "/var/lib/crater-agent-workspace/builds/worker-5-tc2/target:/opt/rustwide/target:rw,Z" "-v" "/var/lib/crater-agent-workspace/builds/worker-5-tc2/source:/opt/rustwide/workdir:ro,Z" "-v" "/var/lib/crater-agent-workspace/cargo-home:/opt/rustwide/cargo-home:ro,Z" "-v" "/var/lib/crater-agent-workspace/rustup-home:/opt/rustwide/rustup-home:ro,Z" "-e" "SOURCE_DIR=/opt/rustwide/workdir" "-e" "CARGO_TARGET_DIR=/opt/rustwide/target" "-e" "CARGO_INCREMENTAL=0" "-e" "RUST_BACKTRACE=full" "-e" "RUSTFLAGS=--cap-lints=warn" "-e" "RUSTDOCFLAGS=--cap-lints=warn" "-e" "CARGO_HOME=/opt/rustwide/cargo-home" "-e" "RUSTUP_HOME=/opt/rustwide/rustup-home" "-w" "/opt/rustwide/workdir" "-m" "1610612736" "--user" "0:0" "--network" "none" "ghcr.io/rust-lang/crates-build-env/linux@sha256:2788e3201cd34a07e3172128adcd8b3090168a8e3bcc40d7c032b9dda1df7d1c" "/opt/rustwide/cargo-home/bin/cargo" "+beta-2023-12-22" "test" "--frozen", kill_on_drop: false }`
[INFO] [stdout] b6bae8f158b0ea213d5fed281a55e7832eebf212a3a05d371f8dd2caa9b063a1
[INFO] running `Command { std: "docker" "start" "-a" "b6bae8f158b0ea213d5fed281a55e7832eebf212a3a05d371f8dd2caa9b063a1", kill_on_drop: false }`
[INFO] [stderr]     Finished test [unoptimized + debuginfo] target(s) in 0.04s
[INFO] [stderr]      Running unittests src/lib.rs (/opt/rustwide/target/debug/deps/sonet_rs-178699ccb62cf3ee)
[INFO] [stdout] 
[INFO] [stdout] running 0 tests
[INFO] [stdout] 
[INFO] [stdout] test result: ok. 0 passed; 0 failed; 0 ignored; 0 measured; 0 filtered out; finished in 0.00s
[INFO] [stdout] 
[INFO] [stderr]    Doc-tests sonet-rs
[INFO] [stdout] 
[INFO] [stdout] running 1 test
[INFO] [stdout] test src/packet.rs - packet::packet (line 143) ... FAILED
[INFO] [stdout] 
[INFO] [stdout] failures:
[INFO] [stdout] 
[INFO] [stdout] ---- src/packet.rs - packet::packet (line 143) stdout ----
[INFO] [stdout] error: cannot find macro `packet` in this scope
[INFO] [stdout]  --> src/packet.rs:144:1
[INFO] [stdout]   |
[INFO] [stdout] 3 | packet! {
[INFO] [stdout]   | ^^^^^^
[INFO] [stdout]   |
[INFO] [stdout] help: consider importing this macro
[INFO] [stdout]   |
[INFO] [stdout] 2 + use sonet_rs::packet;
[INFO] [stdout]   |
[INFO] [stdout] 
[INFO] [stdout] error: aborting due to 1 previous error
[INFO] [stdout] 
[INFO] [stdout] Couldn't compile the test.
[INFO] [stdout] 
[INFO] [stdout] failures:
[INFO] [stdout]     src/packet.rs - packet::packet (line 143)
[INFO] [stdout] 
[INFO] [stdout] test result: FAILED. 0 passed; 1 failed; 0 ignored; 0 measured; 0 filtered out; finished in 0.09s
[INFO] [stdout] 
[INFO] [stderr] error: doctest failed, to rerun pass `--doc`
[INFO] running `Command { std: "docker" "inspect" "b6bae8f158b0ea213d5fed281a55e7832eebf212a3a05d371f8dd2caa9b063a1", kill_on_drop: false }`
[INFO] running `Command { std: "docker" "rm" "-f" "b6bae8f158b0ea213d5fed281a55e7832eebf212a3a05d371f8dd2caa9b063a1", kill_on_drop: false }`
[INFO] [stdout] b6bae8f158b0ea213d5fed281a55e7832eebf212a3a05d371f8dd2caa9b063a1
