[INFO] cloning repository https://github.com/dmtrKovalenko/blendr
[INFO] running `Command { std: "git" "-c" "credential.helper=" "-c" "credential.helper=/workspace/cargo-home/bin/git-credential-null" "clone" "--bare" "https://github.com/dmtrKovalenko/blendr" "/workspace/cache/git-repos/https%3A%2F%2Fgithub.com%2FdmtrKovalenko%2Fblendr", kill_on_drop: false }`
[INFO] [stderr] Cloning into bare repository '/workspace/cache/git-repos/https%3A%2F%2Fgithub.com%2FdmtrKovalenko%2Fblendr'...
[INFO] running `Command { std: "git" "rev-parse" "HEAD", kill_on_drop: false }`
[INFO] [stdout] 1198720ac12ae9a0591f4115a9dd3f561e85ee0d
[INFO] testing dmtrKovalenko/blendr against 1.75.0 for beta-1.76-1
[INFO] running `Command { std: "git" "clone" "/workspace/cache/git-repos/https%3A%2F%2Fgithub.com%2FdmtrKovalenko%2Fblendr" "/workspace/builds/worker-2-tc1/source", kill_on_drop: false }`
[INFO] [stderr] Cloning into '/workspace/builds/worker-2-tc1/source'...
[INFO] [stderr] done.
[INFO] validating manifest of git repo https://github.com/dmtrKovalenko/blendr on toolchain 1.75.0
[INFO] running `Command { std: CARGO_HOME="/workspace/cargo-home" RUSTUP_HOME="/workspace/rustup-home" "/workspace/cargo-home/bin/cargo" "+1.75.0" "metadata" "--manifest-path" "Cargo.toml" "--no-deps", kill_on_drop: false }`
[INFO] started tweaking git repo https://github.com/dmtrKovalenko/blendr
[INFO] finished tweaking git repo https://github.com/dmtrKovalenko/blendr
[INFO] tweaked toml for git repo https://github.com/dmtrKovalenko/blendr written to /workspace/builds/worker-2-tc1/source/Cargo.toml
[INFO] crate git repo https://github.com/dmtrKovalenko/blendr already has a lockfile, it will not be regenerated
[INFO] running `Command { std: CARGO_HOME="/workspace/cargo-home" RUSTUP_HOME="/workspace/rustup-home" "/workspace/cargo-home/bin/cargo" "+1.75.0" "fetch" "--manifest-path" "Cargo.toml", kill_on_drop: false }`
[INFO] [stderr]     Updating crates.io index
[INFO] [stderr]  Downloading crates ...
[INFO] [stderr]   Downloaded ansi-to-tui v3.1.0
[INFO] [stderr]   Downloaded ratatui v0.21.0
[INFO] [stderr]   Downloaded hexyl v0.13.0
[INFO] running `Command { std: "docker" "create" "-v" "/var/lib/crater-agent-workspace/builds/worker-2-tc1/target:/opt/rustwide/target:rw,Z" "-v" "/var/lib/crater-agent-workspace/builds/worker-2-tc1/source:/opt/rustwide/workdir:ro,Z" "-v" "/var/lib/crater-agent-workspace/cargo-home:/opt/rustwide/cargo-home:ro,Z" "-v" "/var/lib/crater-agent-workspace/rustup-home:/opt/rustwide/rustup-home:ro,Z" "-e" "SOURCE_DIR=/opt/rustwide/workdir" "-e" "CARGO_TARGET_DIR=/opt/rustwide/target" "-e" "CARGO_HOME=/opt/rustwide/cargo-home" "-e" "RUSTUP_HOME=/opt/rustwide/rustup-home" "-w" "/opt/rustwide/workdir" "-m" "1610612736" "--user" "0:0" "--network" "none" "ghcr.io/rust-lang/crates-build-env/linux@sha256:2788e3201cd34a07e3172128adcd8b3090168a8e3bcc40d7c032b9dda1df7d1c" "/opt/rustwide/cargo-home/bin/cargo" "+1.75.0" "metadata" "--no-deps" "--format-version=1", kill_on_drop: false }`
[INFO] [stdout] 5ff7ba9b63c2de794a4b84bfb43f5c8fdf07296c62e4b2d1b87bc755ef82beb5
[INFO] running `Command { std: "docker" "start" "-a" "5ff7ba9b63c2de794a4b84bfb43f5c8fdf07296c62e4b2d1b87bc755ef82beb5", kill_on_drop: false }`
[INFO] running `Command { std: "docker" "inspect" "5ff7ba9b63c2de794a4b84bfb43f5c8fdf07296c62e4b2d1b87bc755ef82beb5", kill_on_drop: false }`
[INFO] running `Command { std: "docker" "rm" "-f" "5ff7ba9b63c2de794a4b84bfb43f5c8fdf07296c62e4b2d1b87bc755ef82beb5", kill_on_drop: false }`
[INFO] [stdout] 5ff7ba9b63c2de794a4b84bfb43f5c8fdf07296c62e4b2d1b87bc755ef82beb5
[INFO] running `Command { std: "docker" "create" "-v" "/var/lib/crater-agent-workspace/builds/worker-2-tc1/target:/opt/rustwide/target:rw,Z" "-v" "/var/lib/crater-agent-workspace/builds/worker-2-tc1/source:/opt/rustwide/workdir:ro,Z" "-v" "/var/lib/crater-agent-workspace/cargo-home:/opt/rustwide/cargo-home:ro,Z" "-v" "/var/lib/crater-agent-workspace/rustup-home:/opt/rustwide/rustup-home:ro,Z" "-e" "SOURCE_DIR=/opt/rustwide/workdir" "-e" "CARGO_TARGET_DIR=/opt/rustwide/target" "-e" "CARGO_INCREMENTAL=0" "-e" "RUST_BACKTRACE=full" "-e" "RUSTFLAGS=--cap-lints=warn" "-e" "RUSTDOCFLAGS=--cap-lints=warn" "-e" "CARGO_HOME=/opt/rustwide/cargo-home" "-e" "RUSTUP_HOME=/opt/rustwide/rustup-home" "-w" "/opt/rustwide/workdir" "-m" "1610612736" "--user" "0:0" "--network" "none" "ghcr.io/rust-lang/crates-build-env/linux@sha256:2788e3201cd34a07e3172128adcd8b3090168a8e3bcc40d7c032b9dda1df7d1c" "/opt/rustwide/cargo-home/bin/cargo" "+1.75.0" "build" "--frozen" "--message-format=json", kill_on_drop: false }`
[INFO] [stdout] c96ea7573892de44236b3c7513f0c0f7859e77b4670912e01cdbf66defab8121
[INFO] running `Command { std: "docker" "start" "-a" "c96ea7573892de44236b3c7513f0c0f7859e77b4670912e01cdbf66defab8121", kill_on_drop: false }`
[INFO] [stderr]    Compiling libc v0.2.150
[INFO] [stderr]    Compiling proc-macro2 v1.0.66
[INFO] [stderr]    Compiling unicode-ident v1.0.9
[INFO] [stderr]    Compiling autocfg v1.1.0
[INFO] [stderr]    Compiling cfg-if v1.0.0
[INFO] [stderr]    Compiling bitflags v1.3.2
[INFO] [stderr]    Compiling once_cell v1.18.0
[INFO] [stderr]    Compiling pkg-config v0.3.27
[INFO] [stderr]    Compiling smallvec v1.10.0
[INFO] [stderr]    Compiling memchr v2.5.0
[INFO] [stderr]    Compiling log v0.4.20
[INFO] [stderr]    Compiling io-lifetimes v1.0.11
[INFO] [stderr]    Compiling parking_lot_core v0.9.8
[INFO] [stderr]    Compiling xml-rs v0.8.14
[INFO] [stderr]    Compiling lock_api v0.4.10
[INFO] [stderr]    Compiling memoffset v0.6.5
[INFO] [stderr]    Compiling futures-core v0.3.29
[INFO] [stderr]    Compiling scopeguard v1.1.0
[INFO] [stderr]    Compiling rustix v0.37.20
[INFO] [stderr]    Compiling linux-raw-sys v0.3.8
[INFO] [stderr]    Compiling pin-project-lite v0.2.12
[INFO] [stderr]    Compiling quote v1.0.33
[INFO] [stderr]    Compiling lazy_static v1.4.0
[INFO] [stderr]    Compiling futures-sink v0.3.29
[INFO] [stderr]    Compiling slab v0.4.8
[INFO] [stderr]    Compiling syn v2.0.29
[INFO] [stderr]    Compiling wayland-scanner v0.29.5
[INFO] [stderr]    Compiling futures-channel v0.3.29
[INFO] [stderr]    Compiling utf8parse v0.2.1
[INFO] [stderr]    Compiling futures-task v0.3.29
[INFO] [stderr]    Compiling anstyle-parse v0.2.0
[INFO] [stderr]    Compiling wayland-sys v0.29.5
[INFO] [stderr]    Compiling libloading v0.8.0
[INFO] [stderr]    Compiling anstyle v1.0.0
[INFO] [stderr]    Compiling signal-hook-registry v1.4.1
[INFO] [stderr]    Compiling mio v0.8.9
[INFO] [stderr]    Compiling parking_lot v0.12.1
[INFO] [stderr]    Compiling nix v0.24.3
[INFO] [stderr]    Compiling futures-util v0.3.29
[INFO] [stderr]    Compiling anstyle-query v1.0.0
[INFO] [stderr]    Compiling colorchoice v1.0.0
[INFO] [stderr]    Compiling dlib v0.5.2
[INFO] [stderr]    Compiling strsim v0.10.0
[INFO] [stderr]    Compiling cc v1.0.79
[INFO] [stderr]    Compiling pin-utils v0.1.0
[INFO] [stderr]    Compiling clap_lex v0.5.0
[INFO] [stderr]    Compiling futures-io v0.3.29
[INFO] [stderr]    Compiling wayland-client v0.29.5
[INFO] [stderr]    Compiling signal-hook v0.3.15
[INFO] [stderr]    Compiling thiserror v1.0.50
[INFO] [stderr]    Compiling minimal-lexical v0.2.1
[INFO] [stderr]    Compiling is-terminal v0.4.7
[INFO] [stderr]    Compiling heck v0.4.1
[INFO] [stderr]    Compiling anstream v0.3.2
[INFO] [stderr]    Compiling nom v7.1.3
[INFO] [stderr]    Compiling socket2 v0.5.5
[INFO] [stderr]    Compiling num_cpus v1.15.0
[INFO] [stderr]    Compiling scoped-tls v1.0.1
[INFO] [stderr]    Compiling libdbus-sys v0.2.5
[INFO] [stderr]    Compiling downcast-rs v1.2.0
[INFO] [stderr]    Compiling bytes v1.4.0
[INFO] [stderr]    Compiling wayland-protocols v0.29.5
[INFO] [stderr]    Compiling serde v1.0.164
[INFO] [stderr]    Compiling signal-hook-mio v0.2.3
[INFO] [stderr]    Compiling clap_builder v4.3.4
[INFO] [stderr]    Compiling smithay-client-toolkit v0.16.0
[INFO] [stderr]    Compiling uuid v1.6.1
[INFO] [stderr]    Compiling xcursor v0.3.4
[INFO] [stderr]    Compiling wayland-commons v0.29.5
[INFO] [stderr]    Compiling crossbeam-utils v0.8.16
[INFO] [stderr]    Compiling async-trait v0.1.74
[INFO] [stderr]    Compiling x11rb-protocol v0.10.0
[INFO] [stderr]    Compiling terminal_size v0.2.6
[INFO] [stderr]    Compiling memmap2 v0.5.10
[INFO] [stderr]    Compiling gethostname v0.2.3
[INFO] [stderr]    Compiling num-traits v0.2.15
[INFO] [stderr]    Compiling tracing-core v0.1.31
[INFO] [stderr]    Compiling unicode-xid v0.2.4
[INFO] [stderr]    Compiling either v1.8.1
[INFO] [stderr]    Compiling wayland-cursor v0.29.5
[INFO] [stderr]    Compiling futures-macro v0.3.29
[INFO] [stderr]    Compiling clap_derive v4.3.2
[INFO] [stderr]    Compiling tokio-macros v2.2.0
[INFO] [stderr]    Compiling thiserror-impl v1.0.50
[INFO] [stderr]    Compiling tokio v1.34.0
[INFO] [stderr]    Compiling serde_derive v1.0.164
[INFO] [stderr]    Compiling clap v4.3.4
[INFO] [stderr]    Compiling anyhow v1.0.71
[INFO] [stderr]    Compiling roff v0.2.1
[INFO] [stderr]    Compiling clap_mangen v0.2.12
[INFO] [stderr]    Compiling itertools v0.10.5
[INFO] [stderr]    Compiling futures-executor v0.3.29
[INFO] [stderr]    Compiling futures v0.3.29
[INFO] [stderr]    Compiling const_format_proc_macros v0.2.31
[INFO] [stderr]    Compiling x11rb v0.10.1
[INFO] [stderr]    Compiling dbus v0.9.7
[INFO] [stderr]    Compiling tokio-util v0.7.8
[INFO] [stderr]    Compiling crossterm v0.26.1
[INFO] [stderr]    Compiling atty v0.2.14
[INFO] [stderr]    Compiling sharded-slab v0.1.4
[INFO] [stderr]    Compiling thread_local v1.1.7
[INFO] [stderr]    Compiling time-core v0.1.1
[INFO] [stderr]    Compiling cassowary v0.3.0
[INFO] [stderr]    Compiling hashbrown v0.14.3
[INFO] [stderr]    Compiling dbus-tokio v0.7.6
[INFO] [stderr]    Compiling bluez-generated v0.3.0
[INFO] [stderr]    Compiling unicode-width v0.1.10
[INFO] [stderr]    Compiling is_ci v1.1.1
[INFO] [stderr]    Compiling unicode-segmentation v1.10.1
[INFO] [stderr]    Compiling serde-xml-rs v0.6.0
[INFO] [stderr]    Compiling itoa v1.0.6
[INFO] [stderr]    Compiling bitflags v2.4.1
[INFO] [stderr]    Compiling time v0.3.22
[INFO] [stderr]    Compiling bluez-async v0.7.2
[INFO] [stderr]    Compiling ratatui v0.21.0
[INFO] [stderr]    Compiling supports-color v1.3.1
[INFO] [stderr]    Compiling dashmap v5.5.3
[INFO] [stderr]    Compiling tracing-subscriber v0.3.17
[INFO] [stderr]    Compiling x11-clipboard v0.7.1
[INFO] [stderr]    Compiling tokio-stream v0.1.14
[INFO] [stderr]    Compiling const_format v0.2.31
[INFO] [stderr]    Compiling crossbeam-channel v0.5.8
[INFO] [stderr]    Compiling blendr v1.3.1 (/opt/rustwide/workdir)
[INFO] [stderr]    Compiling tracing-attributes v0.1.24
[INFO] [stderr]    Compiling time v0.1.45
[INFO] [stderr]    Compiling aho-corasick v1.0.2
[INFO] [stderr]    Compiling regex-syntax v0.7.2
[INFO] [stderr]    Compiling iana-time-zone v0.1.57
[INFO] [stderr]    Compiling owo-colors v3.5.0
[INFO] [stderr]    Compiling static_assertions v1.1.0
[INFO] [stderr]    Compiling btleplug v0.11.3
[INFO] [stderr]    Compiling chrono v0.4.26
[INFO] [stderr]    Compiling tracing-appender v0.2.2
[INFO] [stderr]    Compiling tracing v0.1.37
[INFO] [stderr]    Compiling hexyl v0.13.0
[INFO] [stderr]    Compiling ansi-to-tui v3.1.0
[INFO] [stderr]    Compiling crossterm v0.25.0
[INFO] [stderr]    Compiling byteorder v1.4.3
[INFO] [stderr]    Compiling regex v1.8.4
[INFO] [stderr]    Compiling smithay-clipboard v0.6.6
[INFO] [stderr]    Compiling copypasta v0.8.2
[INFO] [stdout] warning: method `apply_sort` is never used
[INFO] [stdout]   --> src/cli_args.rs:92:12
[INFO] [stdout]    |
[INFO] [stdout] 91 | impl GeneralSort {
[INFO] [stdout]    | ---------------- method in this implementation
[INFO] [stdout] 92 |     pub fn apply_sort<T: GeneralSortable>(&self, a: &T, b: &T) -> std::cmp::Ordering {
[INFO] [stdout]    |            ^^^^^^^^^^
[INFO] [stdout]    |
[INFO] [stdout]    = note: `#[warn(dead_code)]` on by default
[INFO] [stdout] 
[INFO] [stdout] 
[INFO] [stdout] warning: 1 warning emitted
[INFO] [stdout] 
[INFO] [stdout] 
[INFO] [stderr]     Finished dev [unoptimized + debuginfo] target(s) in 1m 29s
[INFO] running `Command { std: "docker" "inspect" "c96ea7573892de44236b3c7513f0c0f7859e77b4670912e01cdbf66defab8121", kill_on_drop: false }`
[INFO] running `Command { std: "docker" "rm" "-f" "c96ea7573892de44236b3c7513f0c0f7859e77b4670912e01cdbf66defab8121", kill_on_drop: false }`
[INFO] [stdout] c96ea7573892de44236b3c7513f0c0f7859e77b4670912e01cdbf66defab8121
[INFO] running `Command { std: "docker" "create" "-v" "/var/lib/crater-agent-workspace/builds/worker-2-tc1/target:/opt/rustwide/target:rw,Z" "-v" "/var/lib/crater-agent-workspace/builds/worker-2-tc1/source:/opt/rustwide/workdir:ro,Z" "-v" "/var/lib/crater-agent-workspace/cargo-home:/opt/rustwide/cargo-home:ro,Z" "-v" "/var/lib/crater-agent-workspace/rustup-home:/opt/rustwide/rustup-home:ro,Z" "-e" "SOURCE_DIR=/opt/rustwide/workdir" "-e" "CARGO_TARGET_DIR=/opt/rustwide/target" "-e" "CARGO_INCREMENTAL=0" "-e" "RUST_BACKTRACE=full" "-e" "RUSTFLAGS=--cap-lints=warn" "-e" "RUSTDOCFLAGS=--cap-lints=warn" "-e" "CARGO_HOME=/opt/rustwide/cargo-home" "-e" "RUSTUP_HOME=/opt/rustwide/rustup-home" "-w" "/opt/rustwide/workdir" "-m" "1610612736" "--user" "0:0" "--network" "none" "ghcr.io/rust-lang/crates-build-env/linux@sha256:2788e3201cd34a07e3172128adcd8b3090168a8e3bcc40d7c032b9dda1df7d1c" "/opt/rustwide/cargo-home/bin/cargo" "+1.75.0" "test" "--frozen" "--no-run" "--message-format=json", kill_on_drop: false }`
[INFO] [stdout] 86f091c6d8798ed56415e388cc0b1d9d5f7466c8e7c127245684256547e5767d
[INFO] running `Command { std: "docker" "start" "-a" "86f091c6d8798ed56415e388cc0b1d9d5f7466c8e7c127245684256547e5767d", kill_on_drop: false }`
[INFO] [stderr]    Compiling blendr v1.3.1 (/opt/rustwide/workdir)
[INFO] [stdout] warning: method `apply_sort` is never used
[INFO] [stdout]   --> src/cli_args.rs:92:12
[INFO] [stdout]    |
[INFO] [stdout] 91 | impl GeneralSort {
[INFO] [stdout]    | ---------------- method in this implementation
[INFO] [stdout] 92 |     pub fn apply_sort<T: GeneralSortable>(&self, a: &T, b: &T) -> std::cmp::Ordering {
[INFO] [stdout]    |            ^^^^^^^^^^
[INFO] [stdout]    |
[INFO] [stdout]    = note: `#[warn(dead_code)]` on by default
[INFO] [stdout] 
[INFO] [stdout] 
[INFO] [stdout] warning: 1 warning emitted
[INFO] [stdout] 
[INFO] [stdout] 
[INFO] [stderr]     Finished test [unoptimized + debuginfo] target(s) in 4.32s
[INFO] running `Command { std: "docker" "inspect" "86f091c6d8798ed56415e388cc0b1d9d5f7466c8e7c127245684256547e5767d", kill_on_drop: false }`
[INFO] running `Command { std: "docker" "rm" "-f" "86f091c6d8798ed56415e388cc0b1d9d5f7466c8e7c127245684256547e5767d", kill_on_drop: false }`
[INFO] [stdout] 86f091c6d8798ed56415e388cc0b1d9d5f7466c8e7c127245684256547e5767d
[INFO] running `Command { std: "docker" "create" "-v" "/var/lib/crater-agent-workspace/builds/worker-2-tc1/target:/opt/rustwide/target:rw,Z" "-v" "/var/lib/crater-agent-workspace/builds/worker-2-tc1/source:/opt/rustwide/workdir:ro,Z" "-v" "/var/lib/crater-agent-workspace/cargo-home:/opt/rustwide/cargo-home:ro,Z" "-v" "/var/lib/crater-agent-workspace/rustup-home:/opt/rustwide/rustup-home:ro,Z" "-e" "SOURCE_DIR=/opt/rustwide/workdir" "-e" "CARGO_TARGET_DIR=/opt/rustwide/target" "-e" "CARGO_INCREMENTAL=0" "-e" "RUST_BACKTRACE=full" "-e" "RUSTFLAGS=--cap-lints=warn" "-e" "RUSTDOCFLAGS=--cap-lints=warn" "-e" "CARGO_HOME=/opt/rustwide/cargo-home" "-e" "RUSTUP_HOME=/opt/rustwide/rustup-home" "-w" "/opt/rustwide/workdir" "-m" "1610612736" "--user" "0:0" "--network" "none" "ghcr.io/rust-lang/crates-build-env/linux@sha256:2788e3201cd34a07e3172128adcd8b3090168a8e3bcc40d7c032b9dda1df7d1c" "/opt/rustwide/cargo-home/bin/cargo" "+1.75.0" "test" "--frozen", kill_on_drop: false }`
[INFO] [stdout] 92ff89addec6a67fe47526d8422a838434fc9ec0e1d2f79e2012571f67faf49e
[INFO] running `Command { std: "docker" "start" "-a" "92ff89addec6a67fe47526d8422a838434fc9ec0e1d2f79e2012571f67faf49e", kill_on_drop: false }`
[INFO] [stderr] warning: method `apply_sort` is never used
[INFO] [stderr]   --> src/cli_args.rs:92:12
[INFO] [stderr]    |
[INFO] [stderr] 91 | impl GeneralSort {
[INFO] [stderr]    | ---------------- method in this implementation
[INFO] [stderr] 92 |     pub fn apply_sort<T: GeneralSortable>(&self, a: &T, b: &T) -> std::cmp::Ordering {
[INFO] [stderr]    |            ^^^^^^^^^^
[INFO] [stderr]    |
[INFO] [stderr]    = note: `#[warn(dead_code)]` on by default
[INFO] [stderr] 
[INFO] [stderr] warning: `blendr` (bin "blendr" test) generated 1 warning
[INFO] [stderr]     Finished test [unoptimized + debuginfo] target(s) in 0.11s
[INFO] [stderr]      Running unittests src/main.rs (/opt/rustwide/target/debug/deps/blendr-1fab0f86c6e572b4)
[INFO] [stdout] 
[INFO] [stdout] running 2 tests
[INFO] [stdout] test bluetooth::ble_default_services::resolves_special_services ... ok
[INFO] [stdout] test cli_args::test_parse_name_map ... FAILED
[INFO] [stdout] 
[INFO] [stdout] failures:
[INFO] [stdout] 
[INFO] [stdout] ---- cli_args::test_parse_name_map stdout ----
[INFO] [stdout] thread 'cli_args::test_parse_name_map' panicked at src/cli_args.rs:50:10:
[INFO] [stdout] Unable to write file: Os { code: 30, kind: ReadOnlyFilesystem, message: "Read-only file system" }
[INFO] [stdout] stack backtrace:
[INFO] [stdout]    0:     0x5638efd69ecc - std::backtrace_rs::backtrace::libunwind::trace::ha637c64ce894333a
[INFO] [stdout]                                at /rustc/82e1608dfa6e0b5569232559e3d385fea5a93112/library/std/src/../../backtrace/src/backtrace/libunwind.rs:104:5
[INFO] [stdout]    1:     0x5638efd69ecc - std::backtrace_rs::backtrace::trace_unsynchronized::h47f62dea28e0c88d
[INFO] [stdout]                                at /rustc/82e1608dfa6e0b5569232559e3d385fea5a93112/library/std/src/../../backtrace/src/backtrace/mod.rs:66:5
[INFO] [stdout]    2:     0x5638efd69ecc - std::sys_common::backtrace::_print_fmt::h9eef0abe20ede486
[INFO] [stdout]                                at /rustc/82e1608dfa6e0b5569232559e3d385fea5a93112/library/std/src/sys_common/backtrace.rs:67:5
[INFO] [stdout]    3:     0x5638efd69ecc - <std::sys_common::backtrace::_print::DisplayBacktrace as core::fmt::Display>::fmt::hed7f999df88cc644
[INFO] [stdout]                                at /rustc/82e1608dfa6e0b5569232559e3d385fea5a93112/library/std/src/sys_common/backtrace.rs:44:22
[INFO] [stdout]    4:     0x5638efd93e30 - core::fmt::rt::Argument::fmt::h1539a9308b8d058d
[INFO] [stdout]                                at /rustc/82e1608dfa6e0b5569232559e3d385fea5a93112/library/core/src/fmt/rt.rs:142:9
[INFO] [stdout]    5:     0x5638efd93e30 - core::fmt::write::h3a39390d8560d9c9
[INFO] [stdout]                                at /rustc/82e1608dfa6e0b5569232559e3d385fea5a93112/library/core/src/fmt/mod.rs:1120:17
[INFO] [stdout]    6:     0x5638efd677ff - std::io::Write::write_fmt::h040b369f3a0f9cbc
[INFO] [stdout]                                at /rustc/82e1608dfa6e0b5569232559e3d385fea5a93112/library/std/src/io/mod.rs:1762:15
[INFO] [stdout]    7:     0x5638efd69cb4 - std::sys_common::backtrace::_print::h894006fb5c6f3d45
[INFO] [stdout]                                at /rustc/82e1608dfa6e0b5569232559e3d385fea5a93112/library/std/src/sys_common/backtrace.rs:47:5
[INFO] [stdout]    8:     0x5638efd69cb4 - std::sys_common::backtrace::print::h23a2d212c6fff936
[INFO] [stdout]                                at /rustc/82e1608dfa6e0b5569232559e3d385fea5a93112/library/std/src/sys_common/backtrace.rs:34:9
[INFO] [stdout]    9:     0x5638efd6b977 - std::panicking::default_hook::{{closure}}::h8a1d2ee00185001a
[INFO] [stdout]   10:     0x5638efd6b663 - std::panicking::default_hook::h6038f2eba384e475
[INFO] [stdout]                                at /rustc/82e1608dfa6e0b5569232559e3d385fea5a93112/library/std/src/panicking.rs:289:9
[INFO] [stdout]   11:     0x5638efd25717 - <alloc::boxed::Box<F,A> as core::ops::function::Fn<Args>>::call::h0ad024c9bdc6d768
[INFO] [stdout]                                at /rustc/82e1608dfa6e0b5569232559e3d385fea5a93112/library/alloc/src/boxed.rs:2021:9
[INFO] [stdout]   12:     0x5638efd25717 - test::test_main::{{closure}}::h7500b54257359db6
[INFO] [stdout]                                at /rustc/82e1608dfa6e0b5569232559e3d385fea5a93112/library/test/src/lib.rs:138:21
[INFO] [stdout]   13:     0x5638efd6bf88 - <alloc::boxed::Box<F,A> as core::ops::function::Fn<Args>>::call::h1f8f335eaa9cfaee
[INFO] [stdout]                                at /rustc/82e1608dfa6e0b5569232559e3d385fea5a93112/library/alloc/src/boxed.rs:2021:9
[INFO] [stdout]   14:     0x5638efd6bf88 - std::panicking::rust_panic_with_hook::h2b5517d590cab22e
[INFO] [stdout]                                at /rustc/82e1608dfa6e0b5569232559e3d385fea5a93112/library/std/src/panicking.rs:783:13
[INFO] [stdout]   15:     0x5638efd6bcde - std::panicking::begin_panic_handler::{{closure}}::h233112c06e0ef43e
[INFO] [stdout]                                at /rustc/82e1608dfa6e0b5569232559e3d385fea5a93112/library/std/src/panicking.rs:657:13
[INFO] [stdout]   16:     0x5638efd6a396 - std::sys_common::backtrace::__rust_end_short_backtrace::h6e893f24d7ebbff8
[INFO] [stdout]                                at /rustc/82e1608dfa6e0b5569232559e3d385fea5a93112/library/std/src/sys_common/backtrace.rs:170:18
[INFO] [stdout]   17:     0x5638efd6ba42 - rust_begin_unwind
[INFO] [stdout]                                at /rustc/82e1608dfa6e0b5569232559e3d385fea5a93112/library/std/src/panicking.rs:645:5
[INFO] [stdout]   18:     0x5638efce0d95 - core::panicking::panic_fmt::hbf0e066aabfa482c
[INFO] [stdout]                                at /rustc/82e1608dfa6e0b5569232559e3d385fea5a93112/library/core/src/panicking.rs:72:14
[INFO] [stdout]   19:     0x5638efce1363 - core::result::unwrap_failed::hddb4fea594200c52
[INFO] [stdout]                                at /rustc/82e1608dfa6e0b5569232559e3d385fea5a93112/library/core/src/result.rs:1653:5
[INFO] [stdout]   20:     0x5638efd3c65f - core::result::Result<T,E>::expect::heac254a35645a5fb
[INFO] [stdout]                                at /rustc/82e1608dfa6e0b5569232559e3d385fea5a93112/library/core/src/result.rs:1034:23
[INFO] [stdout]   21:     0x5638efcf0b98 - blendr::cli_args::test_parse_name_map::hb640b7276fbe744b
[INFO] [stdout]                                at /opt/rustwide/workdir/src/cli_args.rs:49:5
[INFO] [stdout]   22:     0x5638efcf0b07 - blendr::cli_args::test_parse_name_map::{{closure}}::hf9c2d26709e8bd8a
[INFO] [stdout]                                at /opt/rustwide/workdir/src/cli_args.rs:47:25
[INFO] [stdout]   23:     0x5638efcedca6 - core::ops::function::FnOnce::call_once::hd83bacb2775539c6
[INFO] [stdout]                                at /rustc/82e1608dfa6e0b5569232559e3d385fea5a93112/library/core/src/ops/function.rs:250:5
[INFO] [stdout]   24:     0x5638efd2ad6f - core::ops::function::FnOnce::call_once::h2b5d431d5046312d
[INFO] [stdout]                                at /rustc/82e1608dfa6e0b5569232559e3d385fea5a93112/library/core/src/ops/function.rs:250:5
[INFO] [stdout]   25:     0x5638efd2ad6f - test::__rust_begin_short_backtrace::h7714669af176e207
[INFO] [stdout]                                at /rustc/82e1608dfa6e0b5569232559e3d385fea5a93112/library/test/src/lib.rs:628:18
[INFO] [stdout]   26:     0x5638efd29d85 - test::run_test_in_process::{{closure}}::h85218797dcbcec12
[INFO] [stdout]                                at /rustc/82e1608dfa6e0b5569232559e3d385fea5a93112/library/test/src/lib.rs:651:60
[INFO] [stdout]   27:     0x5638efd29d85 - <core::panic::unwind_safe::AssertUnwindSafe<F> as core::ops::function::FnOnce<()>>::call_once::h76c106ea31c14d7b
[INFO] [stdout]                                at /rustc/82e1608dfa6e0b5569232559e3d385fea5a93112/library/core/src/panic/unwind_safe.rs:272:9
[INFO] [stdout]   28:     0x5638efd29d85 - std::panicking::try::do_call::h3bd5d0f6620ee946
[INFO] [stdout]                                at /rustc/82e1608dfa6e0b5569232559e3d385fea5a93112/library/std/src/panicking.rs:552:40
[INFO] [stdout]   29:     0x5638efd29d85 - std::panicking::try::h232e535e4744fe31
[INFO] [stdout]                                at /rustc/82e1608dfa6e0b5569232559e3d385fea5a93112/library/std/src/panicking.rs:516:19
[INFO] [stdout]   30:     0x5638efd29d85 - std::panic::catch_unwind::h3ce3bd6ca8dbac68
[INFO] [stdout]                                at /rustc/82e1608dfa6e0b5569232559e3d385fea5a93112/library/std/src/panic.rs:142:14
[INFO] [stdout]   31:     0x5638efd29d85 - test::run_test_in_process::hc97b257c9621286a
[INFO] [stdout]                                at /rustc/82e1608dfa6e0b5569232559e3d385fea5a93112/library/test/src/lib.rs:651:27
[INFO] [stdout]   32:     0x5638efd29d85 - test::run_test::{{closure}}::h2aa798823a438d38
[INFO] [stdout]                                at /rustc/82e1608dfa6e0b5569232559e3d385fea5a93112/library/test/src/lib.rs:574:43
[INFO] [stdout]   33:     0x5638efcf2046 - test::run_test::{{closure}}::h87d231c78fb59832
[INFO] [stdout]                                at /rustc/82e1608dfa6e0b5569232559e3d385fea5a93112/library/test/src/lib.rs:602:41
[INFO] [stdout]   34:     0x5638efcf2046 - std::sys_common::backtrace::__rust_begin_short_backtrace::he6df152596625789
[INFO] [stdout]                                at /rustc/82e1608dfa6e0b5569232559e3d385fea5a93112/library/std/src/sys_common/backtrace.rs:154:18
[INFO] [stdout]   35:     0x5638efcf70f7 - std::thread::Builder::spawn_unchecked_::{{closure}}::{{closure}}::ha94be15d1e0acf36
[INFO] [stdout]                                at /rustc/82e1608dfa6e0b5569232559e3d385fea5a93112/library/std/src/thread/mod.rs:529:17
[INFO] [stdout]   36:     0x5638efcf70f7 - <core::panic::unwind_safe::AssertUnwindSafe<F> as core::ops::function::FnOnce<()>>::call_once::h9dc6bd6372f16606
[INFO] [stdout]                                at /rustc/82e1608dfa6e0b5569232559e3d385fea5a93112/library/core/src/panic/unwind_safe.rs:272:9
[INFO] [stdout]   37:     0x5638efcf70f7 - std::panicking::try::do_call::h9057517f80303cd4
[INFO] [stdout]                                at /rustc/82e1608dfa6e0b5569232559e3d385fea5a93112/library/std/src/panicking.rs:552:40
[INFO] [stdout]   38:     0x5638efcf70f7 - std::panicking::try::he3a30b11ee45340c
[INFO] [stdout]                                at /rustc/82e1608dfa6e0b5569232559e3d385fea5a93112/library/std/src/panicking.rs:516:19
[INFO] [stdout]   39:     0x5638efcf70f7 - std::panic::catch_unwind::h410458cfd3528b8b
[INFO] [stdout]                                at /rustc/82e1608dfa6e0b5569232559e3d385fea5a93112/library/std/src/panic.rs:142:14
[INFO] [stdout]   40:     0x5638efcf70f7 - std::thread::Builder::spawn_unchecked_::{{closure}}::h72ac3bdb567b737b
[INFO] [stdout]                                at /rustc/82e1608dfa6e0b5569232559e3d385fea5a93112/library/std/src/thread/mod.rs:528:30
[INFO] [stdout]   41:     0x5638efcf70f7 - core::ops::function::FnOnce::call_once{{vtable.shim}}::h38f34da3654a8344
[INFO] [stdout]                                at /rustc/82e1608dfa6e0b5569232559e3d385fea5a93112/library/core/src/ops/function.rs:250:5
[INFO] [stdout]   42:     0x5638efd70ac5 - <alloc::boxed::Box<F,A> as core::ops::function::FnOnce<Args>>::call_once::hc7eafaff61e32df9
[INFO] [stdout]                                at /rustc/82e1608dfa6e0b5569232559e3d385fea5a93112/library/alloc/src/boxed.rs:2007:9
[INFO] [stdout]   43:     0x5638efd70ac5 - <alloc::boxed::Box<F,A> as core::ops::function::FnOnce<Args>>::call_once::h6ba4a5de48dd2304
[INFO] [stdout]                                at /rustc/82e1608dfa6e0b5569232559e3d385fea5a93112/library/alloc/src/boxed.rs:2007:9
[INFO] [stdout]   44:     0x5638efd70ac5 - std::sys::unix::thread::Thread::new::thread_start::he469335aef763e45
[INFO] [stdout]                                at /rustc/82e1608dfa6e0b5569232559e3d385fea5a93112/library/std/src/sys/unix/thread.rs:108:17
[INFO] [stdout]   45:     0x7f260c147ac3 - <unknown>
[INFO] [stdout]   46:     0x7f260c1d8bf4 - __clone
[INFO] [stdout]   47:                0x0 - <unknown>
[INFO] [stdout] 
[INFO] [stdout] 
[INFO] [stdout] failures:
[INFO] [stdout]     cli_args::test_parse_name_map
[INFO] [stdout] 
[INFO] [stdout] test result: FAILED. 1 passed; 1 failed; 0 ignored; 0 measured; 0 filtered out; finished in 0.13s
[INFO] [stdout] 
[INFO] [stderr] error: test failed, to rerun pass `--bin blendr`
[INFO] running `Command { std: "docker" "inspect" "92ff89addec6a67fe47526d8422a838434fc9ec0e1d2f79e2012571f67faf49e", kill_on_drop: false }`
[INFO] running `Command { std: "docker" "rm" "-f" "92ff89addec6a67fe47526d8422a838434fc9ec0e1d2f79e2012571f67faf49e", kill_on_drop: false }`
[INFO] [stdout] 92ff89addec6a67fe47526d8422a838434fc9ec0e1d2f79e2012571f67faf49e
[INFO] testing dmtrKovalenko/blendr against beta-2023-12-22 for beta-1.76-1
[INFO] running `Command { std: "git" "clone" "/workspace/cache/git-repos/https%3A%2F%2Fgithub.com%2FdmtrKovalenko%2Fblendr" "/workspace/builds/worker-2-tc2/source", kill_on_drop: false }`
[INFO] [stderr] Cloning into '/workspace/builds/worker-2-tc2/source'...
[INFO] [stderr] done.
[INFO] validating manifest of git repo https://github.com/dmtrKovalenko/blendr on toolchain beta-2023-12-22
[INFO] running `Command { std: CARGO_HOME="/workspace/cargo-home" RUSTUP_HOME="/workspace/rustup-home" "/workspace/cargo-home/bin/cargo" "+beta-2023-12-22" "metadata" "--manifest-path" "Cargo.toml" "--no-deps", kill_on_drop: false }`
[INFO] started tweaking git repo https://github.com/dmtrKovalenko/blendr
[INFO] finished tweaking git repo https://github.com/dmtrKovalenko/blendr
[INFO] tweaked toml for git repo https://github.com/dmtrKovalenko/blendr written to /workspace/builds/worker-2-tc2/source/Cargo.toml
[INFO] crate git repo https://github.com/dmtrKovalenko/blendr already has a lockfile, it will not be regenerated
[INFO] running `Command { std: CARGO_HOME="/workspace/cargo-home" RUSTUP_HOME="/workspace/rustup-home" "/workspace/cargo-home/bin/cargo" "+beta-2023-12-22" "fetch" "--manifest-path" "Cargo.toml", kill_on_drop: false }`
[INFO] running `Command { std: "docker" "create" "-v" "/var/lib/crater-agent-workspace/builds/worker-2-tc2/target:/opt/rustwide/target:rw,Z" "-v" "/var/lib/crater-agent-workspace/builds/worker-2-tc2/source:/opt/rustwide/workdir:ro,Z" "-v" "/var/lib/crater-agent-workspace/cargo-home:/opt/rustwide/cargo-home:ro,Z" "-v" "/var/lib/crater-agent-workspace/rustup-home:/opt/rustwide/rustup-home:ro,Z" "-e" "SOURCE_DIR=/opt/rustwide/workdir" "-e" "CARGO_TARGET_DIR=/opt/rustwide/target" "-e" "CARGO_HOME=/opt/rustwide/cargo-home" "-e" "RUSTUP_HOME=/opt/rustwide/rustup-home" "-w" "/opt/rustwide/workdir" "-m" "1610612736" "--user" "0:0" "--network" "none" "ghcr.io/rust-lang/crates-build-env/linux@sha256:2788e3201cd34a07e3172128adcd8b3090168a8e3bcc40d7c032b9dda1df7d1c" "/opt/rustwide/cargo-home/bin/cargo" "+beta-2023-12-22" "metadata" "--no-deps" "--format-version=1", kill_on_drop: false }`
[INFO] [stdout] 7f2989e8a38c2e703985518d80fdac3d2faed36779d3ddc0b20f08e9c44eef53
[INFO] running `Command { std: "docker" "start" "-a" "7f2989e8a38c2e703985518d80fdac3d2faed36779d3ddc0b20f08e9c44eef53", kill_on_drop: false }`
[INFO] running `Command { std: "docker" "inspect" "7f2989e8a38c2e703985518d80fdac3d2faed36779d3ddc0b20f08e9c44eef53", kill_on_drop: false }`
[INFO] running `Command { std: "docker" "rm" "-f" "7f2989e8a38c2e703985518d80fdac3d2faed36779d3ddc0b20f08e9c44eef53", kill_on_drop: false }`
[INFO] [stdout] 7f2989e8a38c2e703985518d80fdac3d2faed36779d3ddc0b20f08e9c44eef53
[INFO] running `Command { std: "docker" "create" "-v" "/var/lib/crater-agent-workspace/builds/worker-2-tc2/target:/opt/rustwide/target:rw,Z" "-v" "/var/lib/crater-agent-workspace/builds/worker-2-tc2/source:/opt/rustwide/workdir:ro,Z" "-v" "/var/lib/crater-agent-workspace/cargo-home:/opt/rustwide/cargo-home:ro,Z" "-v" "/var/lib/crater-agent-workspace/rustup-home:/opt/rustwide/rustup-home:ro,Z" "-e" "SOURCE_DIR=/opt/rustwide/workdir" "-e" "CARGO_TARGET_DIR=/opt/rustwide/target" "-e" "CARGO_INCREMENTAL=0" "-e" "RUST_BACKTRACE=full" "-e" "RUSTFLAGS=--cap-lints=warn" "-e" "RUSTDOCFLAGS=--cap-lints=warn" "-e" "CARGO_HOME=/opt/rustwide/cargo-home" "-e" "RUSTUP_HOME=/opt/rustwide/rustup-home" "-w" "/opt/rustwide/workdir" "-m" "1610612736" "--user" "0:0" "--network" "none" "ghcr.io/rust-lang/crates-build-env/linux@sha256:2788e3201cd34a07e3172128adcd8b3090168a8e3bcc40d7c032b9dda1df7d1c" "/opt/rustwide/cargo-home/bin/cargo" "+beta-2023-12-22" "build" "--frozen" "--message-format=json", kill_on_drop: false }`
[INFO] [stdout] 07ca67745cbc4540fc3d20dc4ca06bc57ccc60c8606e59a28030ca0ba3820447
[INFO] running `Command { std: "docker" "start" "-a" "07ca67745cbc4540fc3d20dc4ca06bc57ccc60c8606e59a28030ca0ba3820447", kill_on_drop: false }`
[INFO] [stderr]    Compiling libc v0.2.150
[INFO] [stderr]    Compiling proc-macro2 v1.0.66
[INFO] [stderr]    Compiling unicode-ident v1.0.9
[INFO] [stderr]    Compiling autocfg v1.1.0
[INFO] [stderr]    Compiling cfg-if v1.0.0
[INFO] [stderr]    Compiling bitflags v1.3.2
[INFO] [stderr]    Compiling once_cell v1.18.0
[INFO] [stderr]    Compiling smallvec v1.10.0
[INFO] [stderr]    Compiling pkg-config v0.3.27
[INFO] [stderr]    Compiling memchr v2.5.0
[INFO] [stderr]    Compiling log v0.4.20
[INFO] [stderr]    Compiling parking_lot_core v0.9.8
[INFO] [stderr]    Compiling io-lifetimes v1.0.11
[INFO] [stderr]    Compiling xml-rs v0.8.14
[INFO] [stderr]    Compiling lock_api v0.4.10
[INFO] [stderr]    Compiling memoffset v0.6.5
[INFO] [stderr]    Compiling futures-core v0.3.29
[INFO] [stderr]    Compiling rustix v0.37.20
[INFO] [stderr]    Compiling scopeguard v1.1.0
[INFO] [stderr]    Compiling linux-raw-sys v0.3.8
[INFO] [stderr]    Compiling quote v1.0.33
[INFO] [stderr]    Compiling pin-project-lite v0.2.12
[INFO] [stderr]    Compiling futures-sink v0.3.29
[INFO] [stderr]    Compiling syn v2.0.29
[INFO] [stderr]    Compiling lazy_static v1.4.0
[INFO] [stderr]    Compiling wayland-scanner v0.29.5
[INFO] [stderr]    Compiling slab v0.4.8
[INFO] [stderr]    Compiling futures-channel v0.3.29
[INFO] [stderr]    Compiling futures-task v0.3.29
[INFO] [stderr]    Compiling utf8parse v0.2.1
[INFO] [stderr]    Compiling anstyle-parse v0.2.0
[INFO] [stderr]    Compiling wayland-sys v0.29.5
[INFO] [stderr]    Compiling libloading v0.8.0
[INFO] [stderr]    Compiling anstyle v1.0.0
[INFO] [stderr]    Compiling colorchoice v1.0.0
[INFO] [stderr]    Compiling anstyle-query v1.0.0
[INFO] [stderr]    Compiling futures-util v0.3.29
[INFO] [stderr]    Compiling dlib v0.5.2
[INFO] [stderr]    Compiling strsim v0.10.0
[INFO] [stderr]    Compiling futures-io v0.3.29
[INFO] [stderr]    Compiling signal-hook-registry v1.4.1
[INFO] [stderr]    Compiling mio v0.8.9
[INFO] [stderr]    Compiling parking_lot v0.12.1
[INFO] [stderr]    Compiling nix v0.24.3
[INFO] [stderr]    Compiling pin-utils v0.1.0
[INFO] [stderr]    Compiling cc v1.0.79
[INFO] [stderr]    Compiling clap_lex v0.5.0
[INFO] [stderr]    Compiling wayland-client v0.29.5
[INFO] [stderr]    Compiling minimal-lexical v0.2.1
[INFO] [stderr]    Compiling heck v0.4.1
[INFO] [stderr]    Compiling signal-hook v0.3.15
[INFO] [stderr]    Compiling thiserror v1.0.50
[INFO] [stderr]    Compiling nom v7.1.3
[INFO] [stderr]    Compiling socket2 v0.5.5
[INFO] [stderr]    Compiling num_cpus v1.15.0
[INFO] [stderr]    Compiling is-terminal v0.4.7
[INFO] [stderr]    Compiling anstream v0.3.2
[INFO] [stderr]    Compiling bytes v1.4.0
[INFO] [stderr]    Compiling downcast-rs v1.2.0
[INFO] [stderr]    Compiling scoped-tls v1.0.1
[INFO] [stderr]    Compiling libdbus-sys v0.2.5
[INFO] [stderr]    Compiling wayland-protocols v0.29.5
[INFO] [stderr]    Compiling serde v1.0.164
[INFO] [stderr]    Compiling signal-hook-mio v0.2.3
[INFO] [stderr]    Compiling clap_builder v4.3.4
[INFO] [stderr]    Compiling smithay-client-toolkit v0.16.0
[INFO] [stderr]    Compiling xcursor v0.3.4
[INFO] [stderr]    Compiling crossbeam-utils v0.8.16
[INFO] [stderr]    Compiling uuid v1.6.1
[INFO] [stderr]    Compiling async-trait v0.1.74
[INFO] [stderr]    Compiling terminal_size v0.2.6
[INFO] [stderr]    Compiling memmap2 v0.5.10
[INFO] [stderr]    Compiling gethostname v0.2.3
[INFO] [stderr]    Compiling num-traits v0.2.15
[INFO] [stderr]    Compiling tracing-core v0.1.31
[INFO] [stderr]    Compiling either v1.8.1
[INFO] [stderr]    Compiling roff v0.2.1
[INFO] [stderr]    Compiling anyhow v1.0.71
[INFO] [stderr]    Compiling wayland-commons v0.29.5
[INFO] [stderr]    Compiling x11rb-protocol v0.10.0
[INFO] [stderr]    Compiling futures-macro v0.3.29
[INFO] [stderr]    Compiling thiserror-impl v1.0.50
[INFO] [stderr]    Compiling clap_derive v4.3.2
[INFO] [stderr]    Compiling tokio-macros v2.2.0
[INFO] [stderr]    Compiling tokio v1.34.0
[INFO] [stderr]    Compiling serde_derive v1.0.164
[INFO] [stderr]    Compiling clap v4.3.4
[INFO] [stderr]    Compiling unicode-xid v0.2.4
[INFO] [stderr]    Compiling const_format_proc_macros v0.2.31
[INFO] [stderr]    Compiling wayland-cursor v0.29.5
[INFO] [stderr]    Compiling futures-executor v0.3.29
[INFO] [stderr]    Compiling futures v0.3.29
[INFO] [stderr]    Compiling clap_mangen v0.2.12
[INFO] [stderr]    Compiling itertools v0.10.5
[INFO] [stderr]    Compiling dbus v0.9.7
[INFO] [stderr]    Compiling tokio-util v0.7.8
[INFO] [stderr]    Compiling x11rb v0.10.1
[INFO] [stderr]    Compiling crossterm v0.26.1
[INFO] [stderr]    Compiling bluez-generated v0.3.0
[INFO] [stderr]    Compiling dbus-tokio v0.7.6
[INFO] [stderr]    Compiling atty v0.2.14
[INFO] [stderr]    Compiling sharded-slab v0.1.4
[INFO] [stderr]    Compiling thread_local v1.1.7
[INFO] [stderr]    Compiling hashbrown v0.14.3
[INFO] [stderr]    Compiling time-core v0.1.1
[INFO] [stderr]    Compiling cassowary v0.3.0
[INFO] [stderr]    Compiling unicode-width v0.1.10
[INFO] [stderr]    Compiling bitflags v2.4.1
[INFO] [stderr]    Compiling serde-xml-rs v0.6.0
[INFO] [stderr]    Compiling itoa v1.0.6
[INFO] [stderr]    Compiling unicode-segmentation v1.10.1
[INFO] [stderr]    Compiling is_ci v1.1.1
[INFO] [stderr]    Compiling time v0.3.22
[INFO] [stderr]    Compiling supports-color v1.3.1
[INFO] [stderr]    Compiling ratatui v0.21.0
[INFO] [stderr]    Compiling bluez-async v0.7.2
[INFO] [stderr]    Compiling dashmap v5.5.3
[INFO] [stderr]    Compiling tracing-subscriber v0.3.17
[INFO] [stderr]    Compiling x11-clipboard v0.7.1
[INFO] [stderr]    Compiling tokio-stream v0.1.14
[INFO] [stderr]    Compiling crossbeam-channel v0.5.8
[INFO] [stderr]    Compiling blendr v1.3.1 (/opt/rustwide/workdir)
[INFO] [stderr]    Compiling const_format v0.2.31
[INFO] [stderr]    Compiling tracing-attributes v0.1.24
[INFO] [stderr]    Compiling time v0.1.45
[INFO] [stderr]    Compiling aho-corasick v1.0.2
[INFO] [stderr]    Compiling regex-syntax v0.7.2
[INFO] [stderr]    Compiling static_assertions v1.1.0
[INFO] [stderr]    Compiling owo-colors v3.5.0
[INFO] [stderr]    Compiling iana-time-zone v0.1.57
[INFO] [stderr]    Compiling chrono v0.4.26
[INFO] [stderr]    Compiling btleplug v0.11.3
[INFO] [stderr]    Compiling tracing-appender v0.2.2
[INFO] [stderr]    Compiling hexyl v0.13.0
[INFO] [stderr]    Compiling ansi-to-tui v3.1.0
[INFO] [stderr]    Compiling crossterm v0.25.0
[INFO] [stderr]    Compiling byteorder v1.4.3
[INFO] [stderr]    Compiling tracing v0.1.37
[INFO] [stderr]    Compiling regex v1.8.4
[INFO] [stderr]    Compiling smithay-clipboard v0.6.6
[INFO] [stderr]    Compiling copypasta v0.8.2
[INFO] [stdout] warning: method `apply_sort` is never used
[INFO] [stdout]   --> src/cli_args.rs:92:12
[INFO] [stdout]    |
[INFO] [stdout] 91 | impl GeneralSort {
[INFO] [stdout]    | ---------------- method in this implementation
[INFO] [stdout] 92 |     pub fn apply_sort<T: GeneralSortable>(&self, a: &T, b: &T) -> std::cmp::Ordering {
[INFO] [stdout]    |            ^^^^^^^^^^
[INFO] [stdout]    |
[INFO] [stdout]    = note: `#[warn(dead_code)]` on by default
[INFO] [stdout] 
[INFO] [stdout] 
[INFO] [stdout] warning: 1 warning emitted
[INFO] [stdout] 
[INFO] [stdout] 
[INFO] [stderr]     Finished dev [unoptimized + debuginfo] target(s) in 1m 53s
[INFO] running `Command { std: "docker" "inspect" "07ca67745cbc4540fc3d20dc4ca06bc57ccc60c8606e59a28030ca0ba3820447", kill_on_drop: false }`
[INFO] running `Command { std: "docker" "rm" "-f" "07ca67745cbc4540fc3d20dc4ca06bc57ccc60c8606e59a28030ca0ba3820447", kill_on_drop: false }`
[INFO] [stdout] 07ca67745cbc4540fc3d20dc4ca06bc57ccc60c8606e59a28030ca0ba3820447
[INFO] running `Command { std: "docker" "create" "-v" "/var/lib/crater-agent-workspace/builds/worker-2-tc2/target:/opt/rustwide/target:rw,Z" "-v" "/var/lib/crater-agent-workspace/builds/worker-2-tc2/source:/opt/rustwide/workdir:ro,Z" "-v" "/var/lib/crater-agent-workspace/cargo-home:/opt/rustwide/cargo-home:ro,Z" "-v" "/var/lib/crater-agent-workspace/rustup-home:/opt/rustwide/rustup-home:ro,Z" "-e" "SOURCE_DIR=/opt/rustwide/workdir" "-e" "CARGO_TARGET_DIR=/opt/rustwide/target" "-e" "CARGO_INCREMENTAL=0" "-e" "RUST_BACKTRACE=full" "-e" "RUSTFLAGS=--cap-lints=warn" "-e" "RUSTDOCFLAGS=--cap-lints=warn" "-e" "CARGO_HOME=/opt/rustwide/cargo-home" "-e" "RUSTUP_HOME=/opt/rustwide/rustup-home" "-w" "/opt/rustwide/workdir" "-m" "1610612736" "--user" "0:0" "--network" "none" "ghcr.io/rust-lang/crates-build-env/linux@sha256:2788e3201cd34a07e3172128adcd8b3090168a8e3bcc40d7c032b9dda1df7d1c" "/opt/rustwide/cargo-home/bin/cargo" "+beta-2023-12-22" "test" "--frozen" "--no-run" "--message-format=json", kill_on_drop: false }`
[INFO] [stdout] 1c4b60c5fff1be2deb5def982fa86429914311902dec9d9777f15715a20392ed
[INFO] running `Command { std: "docker" "start" "-a" "1c4b60c5fff1be2deb5def982fa86429914311902dec9d9777f15715a20392ed", kill_on_drop: false }`
[INFO] [stderr]    Compiling blendr v1.3.1 (/opt/rustwide/workdir)
[INFO] [stdout] warning: method `apply_sort` is never used
[INFO] [stdout]   --> src/cli_args.rs:92:12
[INFO] [stdout]    |
[INFO] [stdout] 91 | impl GeneralSort {
[INFO] [stdout]    | ---------------- method in this implementation
[INFO] [stdout] 92 |     pub fn apply_sort<T: GeneralSortable>(&self, a: &T, b: &T) -> std::cmp::Ordering {
[INFO] [stdout]    |            ^^^^^^^^^^
[INFO] [stdout]    |
[INFO] [stdout]    = note: `#[warn(dead_code)]` on by default
[INFO] [stdout] 
[INFO] [stdout] 
[INFO] [stdout] warning: 1 warning emitted
[INFO] [stdout] 
[INFO] [stdout] 
[INFO] [stderr]     Finished test [unoptimized + debuginfo] target(s) in 3.65s
[INFO] running `Command { std: "docker" "inspect" "1c4b60c5fff1be2deb5def982fa86429914311902dec9d9777f15715a20392ed", kill_on_drop: false }`
[INFO] running `Command { std: "docker" "rm" "-f" "1c4b60c5fff1be2deb5def982fa86429914311902dec9d9777f15715a20392ed", kill_on_drop: false }`
[INFO] [stdout] 1c4b60c5fff1be2deb5def982fa86429914311902dec9d9777f15715a20392ed
[INFO] running `Command { std: "docker" "create" "-v" "/var/lib/crater-agent-workspace/builds/worker-2-tc2/target:/opt/rustwide/target:rw,Z" "-v" "/var/lib/crater-agent-workspace/builds/worker-2-tc2/source:/opt/rustwide/workdir:ro,Z" "-v" "/var/lib/crater-agent-workspace/cargo-home:/opt/rustwide/cargo-home:ro,Z" "-v" "/var/lib/crater-agent-workspace/rustup-home:/opt/rustwide/rustup-home:ro,Z" "-e" "SOURCE_DIR=/opt/rustwide/workdir" "-e" "CARGO_TARGET_DIR=/opt/rustwide/target" "-e" "CARGO_INCREMENTAL=0" "-e" "RUST_BACKTRACE=full" "-e" "RUSTFLAGS=--cap-lints=warn" "-e" "RUSTDOCFLAGS=--cap-lints=warn" "-e" "CARGO_HOME=/opt/rustwide/cargo-home" "-e" "RUSTUP_HOME=/opt/rustwide/rustup-home" "-w" "/opt/rustwide/workdir" "-m" "1610612736" "--user" "0:0" "--network" "none" "ghcr.io/rust-lang/crates-build-env/linux@sha256:2788e3201cd34a07e3172128adcd8b3090168a8e3bcc40d7c032b9dda1df7d1c" "/opt/rustwide/cargo-home/bin/cargo" "+beta-2023-12-22" "test" "--frozen", kill_on_drop: false }`
[INFO] [stdout] 7daa08572a40ede6dd7f0e31853383260b75e5c9c6176e750e26bad77ba71e5d
[INFO] running `Command { std: "docker" "start" "-a" "7daa08572a40ede6dd7f0e31853383260b75e5c9c6176e750e26bad77ba71e5d", kill_on_drop: false }`
[INFO] [stderr] warning: method `apply_sort` is never used
[INFO] [stderr]   --> src/cli_args.rs:92:12
[INFO] [stderr]    |
[INFO] [stderr] 91 | impl GeneralSort {
[INFO] [stderr]    | ---------------- method in this implementation
[INFO] [stderr] 92 |     pub fn apply_sort<T: GeneralSortable>(&self, a: &T, b: &T) -> std::cmp::Ordering {
[INFO] [stderr]    |            ^^^^^^^^^^
[INFO] [stderr]    |
[INFO] [stderr]    = note: `#[warn(dead_code)]` on by default
[INFO] [stderr] 
[INFO] [stderr] warning: `blendr` (bin "blendr" test) generated 1 warning
[INFO] [stderr]     Finished test [unoptimized + debuginfo] target(s) in 0.09s
[INFO] [stderr]      Running unittests src/main.rs (/opt/rustwide/target/debug/deps/blendr-a4f6cd0ea26e42c8)
[INFO] [stdout] 
[INFO] [stdout] running 2 tests
[INFO] [stdout] test bluetooth::ble_default_services::resolves_special_services ... ok
[INFO] [stdout] test cli_args::test_parse_name_map ... FAILED
[INFO] [stdout] 
[INFO] [stdout] failures:
[INFO] [stdout] 
[INFO] [stdout] ---- cli_args::test_parse_name_map stdout ----
[INFO] [stdout] thread 'cli_args::test_parse_name_map' panicked at src/cli_args.rs:50:10:
[INFO] [stdout] Unable to write file: Os { code: 30, kind: ReadOnlyFilesystem, message: "Read-only file system" }
[INFO] [stdout] stack backtrace:
[INFO] [stdout]    0:     0x562036939cc6 - std::backtrace_rs::backtrace::libunwind::trace::h261606ad26a499c1
[INFO] [stdout]                                at /rustc/0e09125c6c3c2fd70d7de961bcf0e51575235fad/library/std/src/../../backtrace/src/backtrace/libunwind.rs:104:5
[INFO] [stdout]    1:     0x562036939cc6 - std::backtrace_rs::backtrace::trace_unsynchronized::hd183f0625477fb28
[INFO] [stdout]                                at /rustc/0e09125c6c3c2fd70d7de961bcf0e51575235fad/library/std/src/../../backtrace/src/backtrace/mod.rs:66:5
[INFO] [stdout]    2:     0x562036939cc6 - std::sys_common::backtrace::_print_fmt::hd7f8fef21b4eda67
[INFO] [stdout]                                at /rustc/0e09125c6c3c2fd70d7de961bcf0e51575235fad/library/std/src/sys_common/backtrace.rs:68:5
[INFO] [stdout]    3:     0x562036939cc6 - <std::sys_common::backtrace::_print::DisplayBacktrace as core::fmt::Display>::fmt::h623d9b51f2f453f1
[INFO] [stdout]                                at /rustc/0e09125c6c3c2fd70d7de961bcf0e51575235fad/library/std/src/sys_common/backtrace.rs:44:22
[INFO] [stdout]    4:     0x562036962f20 - core::fmt::rt::Argument::fmt::h9f417ac76a86f368
[INFO] [stdout]                                at /rustc/0e09125c6c3c2fd70d7de961bcf0e51575235fad/library/core/src/fmt/rt.rs:142:9
[INFO] [stdout]    5:     0x562036962f20 - core::fmt::write::hc9b6faf4ac2aeff7
[INFO] [stdout]                                at /rustc/0e09125c6c3c2fd70d7de961bcf0e51575235fad/library/core/src/fmt/mod.rs:1120:17
[INFO] [stdout]    6:     0x5620369376af - std::io::Write::write_fmt::he04625a3a989fec3
[INFO] [stdout]                                at /rustc/0e09125c6c3c2fd70d7de961bcf0e51575235fad/library/std/src/io/mod.rs:1810:15
[INFO] [stdout]    7:     0x562036939aa4 - std::sys_common::backtrace::_print::hd5d66399c7df88a2
[INFO] [stdout]                                at /rustc/0e09125c6c3c2fd70d7de961bcf0e51575235fad/library/std/src/sys_common/backtrace.rs:47:5
[INFO] [stdout]    8:     0x562036939aa4 - std::sys_common::backtrace::print::he81ed2da642d37e5
[INFO] [stdout]                                at /rustc/0e09125c6c3c2fd70d7de961bcf0e51575235fad/library/std/src/sys_common/backtrace.rs:34:9
[INFO] [stdout]    9:     0x56203693b817 - std::panicking::default_hook::{{closure}}::h85773f4fa117163d
[INFO] [stdout]   10:     0x56203693b4fd - std::panicking::default_hook::h6a1694a91d09b278
[INFO] [stdout]                                at /rustc/0e09125c6c3c2fd70d7de961bcf0e51575235fad/library/std/src/panicking.rs:289:9
[INFO] [stdout]   11:     0x5620368f4517 - <alloc::boxed::Box<F,A> as core::ops::function::Fn<Args>>::call::h616ac37fa3cd6c8f
[INFO] [stdout]                                at /rustc/0e09125c6c3c2fd70d7de961bcf0e51575235fad/library/alloc/src/boxed.rs:2029:9
[INFO] [stdout]   12:     0x5620368f4517 - test::test_main::{{closure}}::h00d84697cefdcbb6
[INFO] [stdout]                                at /rustc/0e09125c6c3c2fd70d7de961bcf0e51575235fad/library/test/src/lib.rs:138:21
[INFO] [stdout]   13:     0x56203693be36 - <alloc::boxed::Box<F,A> as core::ops::function::Fn<Args>>::call::hcb3fe3b9bb537ba8
[INFO] [stdout]                                at /rustc/0e09125c6c3c2fd70d7de961bcf0e51575235fad/library/alloc/src/boxed.rs:2029:9
[INFO] [stdout]   14:     0x56203693be36 - std::panicking::rust_panic_with_hook::h0a7ad96e90f7145b
[INFO] [stdout]                                at /rustc/0e09125c6c3c2fd70d7de961bcf0e51575235fad/library/std/src/panicking.rs:783:13
[INFO] [stdout]   15:     0x56203693bb82 - std::panicking::begin_panic_handler::{{closure}}::h7919090525c6485e
[INFO] [stdout]                                at /rustc/0e09125c6c3c2fd70d7de961bcf0e51575235fad/library/std/src/panicking.rs:657:13
[INFO] [stdout]   16:     0x56203693a1c6 - std::sys_common::backtrace::__rust_end_short_backtrace::hf3289479464f7dfe
[INFO] [stdout]                                at /rustc/0e09125c6c3c2fd70d7de961bcf0e51575235fad/library/std/src/sys_common/backtrace.rs:171:18
[INFO] [stdout]   17:     0x56203693b8e0 - rust_begin_unwind
[INFO] [stdout]                                at /rustc/0e09125c6c3c2fd70d7de961bcf0e51575235fad/library/std/src/panicking.rs:645:5
[INFO] [stdout]   18:     0x5620368aed75 - core::panicking::panic_fmt::hcc9f77c5c132af55
[INFO] [stdout]                                at /rustc/0e09125c6c3c2fd70d7de961bcf0e51575235fad/library/core/src/panicking.rs:72:14
[INFO] [stdout]   19:     0x5620368af353 - core::result::unwrap_failed::hbe14f498be1452f9
[INFO] [stdout]                                at /rustc/0e09125c6c3c2fd70d7de961bcf0e51575235fad/library/core/src/result.rs:1649:5
[INFO] [stdout]   20:     0x562036906e5f - core::result::Result<T,E>::expect::h1011b6133fb91906
[INFO] [stdout]                                at /rustc/0e09125c6c3c2fd70d7de961bcf0e51575235fad/library/core/src/result.rs:1030:23
[INFO] [stdout]   21:     0x5620368b9678 - blendr::cli_args::test_parse_name_map::h24fd5318e23a00a3
[INFO] [stdout]                                at /opt/rustwide/workdir/src/cli_args.rs:49:5
[INFO] [stdout]   22:     0x5620368b95e7 - blendr::cli_args::test_parse_name_map::{{closure}}::h6c1b06458d033642
[INFO] [stdout]                                at /opt/rustwide/workdir/src/cli_args.rs:47:25
[INFO] [stdout]   23:     0x5620368bc806 - core::ops::function::FnOnce::call_once::hd01f3a30fbe326eb
[INFO] [stdout]                                at /rustc/0e09125c6c3c2fd70d7de961bcf0e51575235fad/library/core/src/ops/function.rs:250:5
[INFO] [stdout]   24:     0x5620368f9def - core::ops::function::FnOnce::call_once::hd64d26f405258157
[INFO] [stdout]                                at /rustc/0e09125c6c3c2fd70d7de961bcf0e51575235fad/library/core/src/ops/function.rs:250:5
[INFO] [stdout]   25:     0x5620368f9def - test::__rust_begin_short_backtrace::he21b0b7a6d731bf9
[INFO] [stdout]                                at /rustc/0e09125c6c3c2fd70d7de961bcf0e51575235fad/library/test/src/lib.rs:627:18
[INFO] [stdout]   26:     0x5620368f8b71 - test::run_test_in_process::{{closure}}::hf5c73986d7bdfde2
[INFO] [stdout]                                at /rustc/0e09125c6c3c2fd70d7de961bcf0e51575235fad/library/test/src/lib.rs:650:60
[INFO] [stdout]   27:     0x5620368f8b71 - <core::panic::unwind_safe::AssertUnwindSafe<F> as core::ops::function::FnOnce<()>>::call_once::h330011ad032aadc0
[INFO] [stdout]                                at /rustc/0e09125c6c3c2fd70d7de961bcf0e51575235fad/library/core/src/panic/unwind_safe.rs:272:9
[INFO] [stdout]   28:     0x5620368f8b71 - std::panicking::try::do_call::he61b0a958b795a41
[INFO] [stdout]                                at /rustc/0e09125c6c3c2fd70d7de961bcf0e51575235fad/library/std/src/panicking.rs:552:40
[INFO] [stdout]   29:     0x5620368f8b71 - std::panicking::try::h7309da130f906eb7
[INFO] [stdout]                                at /rustc/0e09125c6c3c2fd70d7de961bcf0e51575235fad/library/std/src/panicking.rs:516:19
[INFO] [stdout]   30:     0x5620368f8b71 - std::panic::catch_unwind::hc5c3a06fdaf0a92a
[INFO] [stdout]                                at /rustc/0e09125c6c3c2fd70d7de961bcf0e51575235fad/library/std/src/panic.rs:142:14
[INFO] [stdout]   31:     0x5620368f8b71 - test::run_test_in_process::h7e7b7c71c3324e0f
[INFO] [stdout]                                at /rustc/0e09125c6c3c2fd70d7de961bcf0e51575235fad/library/test/src/lib.rs:650:27
[INFO] [stdout]   32:     0x5620368f8b71 - test::run_test::{{closure}}::h1f509f28f5cf20b1
[INFO] [stdout]                                at /rustc/0e09125c6c3c2fd70d7de961bcf0e51575235fad/library/test/src/lib.rs:573:43
[INFO] [stdout]   33:     0x5620368bfea6 - test::run_test::{{closure}}::h1754218abf443f6d
[INFO] [stdout]                                at /rustc/0e09125c6c3c2fd70d7de961bcf0e51575235fad/library/test/src/lib.rs:601:41
[INFO] [stdout]   34:     0x5620368bfea6 - std::sys_common::backtrace::__rust_begin_short_backtrace::h2ee174b9d5954948
[INFO] [stdout]                                at /rustc/0e09125c6c3c2fd70d7de961bcf0e51575235fad/library/std/src/sys_common/backtrace.rs:155:18
[INFO] [stdout]   35:     0x5620368c4f07 - std::thread::Builder::spawn_unchecked_::{{closure}}::{{closure}}::hf60bee9c1a17ef09
[INFO] [stdout]                                at /rustc/0e09125c6c3c2fd70d7de961bcf0e51575235fad/library/std/src/thread/mod.rs:529:17
[INFO] [stdout]   36:     0x5620368c4f07 - <core::panic::unwind_safe::AssertUnwindSafe<F> as core::ops::function::FnOnce<()>>::call_once::h33d0dddec5216160
[INFO] [stdout]                                at /rustc/0e09125c6c3c2fd70d7de961bcf0e51575235fad/library/core/src/panic/unwind_safe.rs:272:9
[INFO] [stdout]   37:     0x5620368c4f07 - std::panicking::try::do_call::h144b3048b546f835
[INFO] [stdout]                                at /rustc/0e09125c6c3c2fd70d7de961bcf0e51575235fad/library/std/src/panicking.rs:552:40
[INFO] [stdout]   38:     0x5620368c4f07 - std::panicking::try::h978244d04646189f
[INFO] [stdout]                                at /rustc/0e09125c6c3c2fd70d7de961bcf0e51575235fad/library/std/src/panicking.rs:516:19
[INFO] [stdout]   39:     0x5620368c4f07 - std::panic::catch_unwind::hdf436369d188fe86
[INFO] [stdout]                                at /rustc/0e09125c6c3c2fd70d7de961bcf0e51575235fad/library/std/src/panic.rs:142:14
[INFO] [stdout]   40:     0x5620368c4f07 - std::thread::Builder::spawn_unchecked_::{{closure}}::h87329cbdd33c79ec
[INFO] [stdout]                                at /rustc/0e09125c6c3c2fd70d7de961bcf0e51575235fad/library/std/src/thread/mod.rs:528:30
[INFO] [stdout]   41:     0x5620368c4f07 - core::ops::function::FnOnce::call_once{{vtable.shim}}::h401abbe67897d450
[INFO] [stdout]                                at /rustc/0e09125c6c3c2fd70d7de961bcf0e51575235fad/library/core/src/ops/function.rs:250:5
[INFO] [stdout]   42:     0x562036940995 - <alloc::boxed::Box<F,A> as core::ops::function::FnOnce<Args>>::call_once::h5d7c8f150ab9c84c
[INFO] [stdout]                                at /rustc/0e09125c6c3c2fd70d7de961bcf0e51575235fad/library/alloc/src/boxed.rs:2015:9
[INFO] [stdout]   43:     0x562036940995 - <alloc::boxed::Box<F,A> as core::ops::function::FnOnce<Args>>::call_once::h570d5b005c242c15
[INFO] [stdout]                                at /rustc/0e09125c6c3c2fd70d7de961bcf0e51575235fad/library/alloc/src/boxed.rs:2015:9
[INFO] [stdout]   44:     0x562036940995 - std::sys::unix::thread::Thread::new::thread_start::h36b0a20c0b2361ad
[INFO] [stdout]                                at /rustc/0e09125c6c3c2fd70d7de961bcf0e51575235fad/library/std/src/sys/unix/thread.rs:108:17
[INFO] [stdout]   45:     0x7ff1cfe85ac3 - <unknown>
[INFO] [stdout]   46:     0x7ff1cff16bf4 - __clone
[INFO] [stdout]   47:                0x0 - <unknown>
[INFO] [stdout] 
[INFO] [stdout] 
[INFO] [stdout] failures:
[INFO] [stdout]     cli_args::test_parse_name_map
[INFO] [stdout] 
[INFO] [stdout] test result: FAILED. 1 passed; 1 failed; 0 ignored; 0 measured; 0 filtered out; finished in 0.10s
[INFO] [stdout] 
[INFO] [stderr] error: test failed, to rerun pass `--bin blendr`
[INFO] running `Command { std: "docker" "inspect" "7daa08572a40ede6dd7f0e31853383260b75e5c9c6176e750e26bad77ba71e5d", kill_on_drop: false }`
[INFO] running `Command { std: "docker" "rm" "-f" "7daa08572a40ede6dd7f0e31853383260b75e5c9c6176e750e26bad77ba71e5d", kill_on_drop: false }`
[INFO] [stdout] 7daa08572a40ede6dd7f0e31853383260b75e5c9c6176e750e26bad77ba71e5d
