[INFO] cloning repository https://github.com/dlalic/encurtador
[INFO] running `Command { std: "git" "-c" "credential.helper=" "-c" "credential.helper=/workspace/cargo-home/bin/git-credential-null" "clone" "--bare" "https://github.com/dlalic/encurtador" "/workspace/cache/git-repos/https%3A%2F%2Fgithub.com%2Fdlalic%2Fencurtador", kill_on_drop: false }`
[INFO] [stderr] Cloning into bare repository '/workspace/cache/git-repos/https%3A%2F%2Fgithub.com%2Fdlalic%2Fencurtador'...
[INFO] running `Command { std: "git" "rev-parse" "HEAD", kill_on_drop: false }`
[INFO] [stdout] 2b8fe0fee2eeff32e4d830a9024a9b03da5c3709
[INFO] testing dlalic/encurtador against 1.75.0 for beta-1.76-1
[INFO] running `Command { std: "git" "clone" "/workspace/cache/git-repos/https%3A%2F%2Fgithub.com%2Fdlalic%2Fencurtador" "/workspace/builds/worker-2-tc1/source", kill_on_drop: false }`
[INFO] [stderr] Cloning into '/workspace/builds/worker-2-tc1/source'...
[INFO] [stderr] done.
[INFO] validating manifest of git repo https://github.com/dlalic/encurtador on toolchain 1.75.0
[INFO] running `Command { std: CARGO_HOME="/workspace/cargo-home" RUSTUP_HOME="/workspace/rustup-home" "/workspace/cargo-home/bin/cargo" "+1.75.0" "metadata" "--manifest-path" "Cargo.toml" "--no-deps", kill_on_drop: false }`
[INFO] started tweaking git repo https://github.com/dlalic/encurtador
[INFO] finished tweaking git repo https://github.com/dlalic/encurtador
[INFO] tweaked toml for git repo https://github.com/dlalic/encurtador written to /workspace/builds/worker-2-tc1/source/Cargo.toml
[INFO] crate git repo https://github.com/dlalic/encurtador already has a lockfile, it will not be regenerated
[INFO] running `Command { std: CARGO_HOME="/workspace/cargo-home" RUSTUP_HOME="/workspace/rustup-home" "/workspace/cargo-home/bin/cargo" "+1.75.0" "fetch" "--manifest-path" "Cargo.toml", kill_on_drop: false }`
[INFO] [stderr]     Updating crates.io index
[INFO] [stderr]  Downloading crates ...
[INFO] [stderr]   Downloaded cookie v0.15.2
[INFO] [stderr]   Downloaded temp-env v0.3.4
[INFO] [stderr]   Downloaded serde_derive_internals v0.28.0
[INFO] [stderr]   Downloaded gotham_derive v0.7.1
[INFO] [stderr]   Downloaded base62 v2.0.2
[INFO] [stderr]   Downloaded openapiv3 v1.0.2
[INFO] [stderr]   Downloaded openapi_type_derive v0.4.4
[INFO] [stderr]   Downloaded unindent v0.2.2
[INFO] [stderr]   Downloaded openapi_type v0.4.2
[INFO] [stderr]   Downloaded gotham_restful_derive v0.8.2
[INFO] [stderr]   Downloaded gotham_restful_redoc v0.2.1+2.0.0
[INFO] [stderr]   Downloaded gotham_middleware_diesel v0.5.0
[INFO] [stderr]   Downloaded syn-path v2.0.0
[INFO] [stderr]   Downloaded gotham_restful v0.8.3
[INFO] running `Command { std: "docker" "create" "-v" "/var/lib/crater-agent-workspace/builds/worker-2-tc1/target:/opt/rustwide/target:rw,Z" "-v" "/var/lib/crater-agent-workspace/builds/worker-2-tc1/source:/opt/rustwide/workdir:ro,Z" "-v" "/var/lib/crater-agent-workspace/cargo-home:/opt/rustwide/cargo-home:ro,Z" "-v" "/var/lib/crater-agent-workspace/rustup-home:/opt/rustwide/rustup-home:ro,Z" "-e" "SOURCE_DIR=/opt/rustwide/workdir" "-e" "CARGO_TARGET_DIR=/opt/rustwide/target" "-e" "CARGO_HOME=/opt/rustwide/cargo-home" "-e" "RUSTUP_HOME=/opt/rustwide/rustup-home" "-w" "/opt/rustwide/workdir" "-m" "1610612736" "--user" "0:0" "--network" "none" "ghcr.io/rust-lang/crates-build-env/linux@sha256:2788e3201cd34a07e3172128adcd8b3090168a8e3bcc40d7c032b9dda1df7d1c" "/opt/rustwide/cargo-home/bin/cargo" "+1.75.0" "metadata" "--no-deps" "--format-version=1", kill_on_drop: false }`
[INFO] [stdout] 9f12e7a164fc53b41fd7d23c412189c73c89002c2a3fa4811a343ae41e906e1c
[INFO] running `Command { std: "docker" "start" "-a" "9f12e7a164fc53b41fd7d23c412189c73c89002c2a3fa4811a343ae41e906e1c", kill_on_drop: false }`
[INFO] running `Command { std: "docker" "inspect" "9f12e7a164fc53b41fd7d23c412189c73c89002c2a3fa4811a343ae41e906e1c", kill_on_drop: false }`
[INFO] running `Command { std: "docker" "rm" "-f" "9f12e7a164fc53b41fd7d23c412189c73c89002c2a3fa4811a343ae41e906e1c", kill_on_drop: false }`
[INFO] [stdout] 9f12e7a164fc53b41fd7d23c412189c73c89002c2a3fa4811a343ae41e906e1c
[INFO] running `Command { std: "docker" "create" "-v" "/var/lib/crater-agent-workspace/builds/worker-2-tc1/target:/opt/rustwide/target:rw,Z" "-v" "/var/lib/crater-agent-workspace/builds/worker-2-tc1/source:/opt/rustwide/workdir:ro,Z" "-v" "/var/lib/crater-agent-workspace/cargo-home:/opt/rustwide/cargo-home:ro,Z" "-v" "/var/lib/crater-agent-workspace/rustup-home:/opt/rustwide/rustup-home:ro,Z" "-e" "SOURCE_DIR=/opt/rustwide/workdir" "-e" "CARGO_TARGET_DIR=/opt/rustwide/target" "-e" "CARGO_INCREMENTAL=0" "-e" "RUST_BACKTRACE=full" "-e" "RUSTFLAGS=--cap-lints=warn" "-e" "RUSTDOCFLAGS=--cap-lints=warn" "-e" "CARGO_HOME=/opt/rustwide/cargo-home" "-e" "RUSTUP_HOME=/opt/rustwide/rustup-home" "-w" "/opt/rustwide/workdir" "-m" "1610612736" "--user" "0:0" "--network" "none" "ghcr.io/rust-lang/crates-build-env/linux@sha256:2788e3201cd34a07e3172128adcd8b3090168a8e3bcc40d7c032b9dda1df7d1c" "/opt/rustwide/cargo-home/bin/cargo" "+1.75.0" "build" "--frozen" "--message-format=json", kill_on_drop: false }`
[INFO] [stdout] fc9eec1c5bb7dbc40bc8b02520f19a46db5f1832b841b50c37226d428d53bfe2
[INFO] running `Command { std: "docker" "start" "-a" "fc9eec1c5bb7dbc40bc8b02520f19a46db5f1832b841b50c37226d428d53bfe2", kill_on_drop: false }`
[INFO] [stderr]    Compiling proc-macro2 v1.0.66
[INFO] [stderr]    Compiling unicode-ident v1.0.11
[INFO] [stderr]    Compiling version_check v0.9.4
[INFO] [stderr]    Compiling libc v0.2.147
[INFO] [stderr]    Compiling autocfg v1.1.0
[INFO] [stderr]    Compiling serde v1.0.180
[INFO] [stderr]    Compiling serde_derive v1.0.180
[INFO] [stderr]    Compiling syn v1.0.109
[INFO] [stderr]    Compiling memchr v2.5.0
[INFO] [stderr]    Compiling parking_lot_core v0.9.8
[INFO] [stderr]    Compiling itoa v1.0.9
[INFO] [stderr]    Compiling scopeguard v1.2.0
[INFO] [stderr]    Compiling smallvec v1.11.0
[INFO] [stderr]    Compiling pin-project-lite v0.2.10
[INFO] [stderr]    Compiling once_cell v1.18.0
[INFO] [stderr]    Compiling futures-core v0.3.28
[INFO] [stderr]    Compiling regex-syntax v0.7.4
[INFO] [stderr]    Compiling futures-sink v0.3.28
[INFO] [stderr]    Compiling futures-task v0.3.28
[INFO] [stderr]    Compiling futures-channel v0.3.28
[INFO] [stderr]    Compiling ppv-lite86 v0.2.17
[INFO] [stderr]    Compiling futures-util v0.3.28
[INFO] [stderr]    Compiling proc-macro-hack v0.5.20+deprecated
[INFO] [stderr]    Compiling typenum v1.16.0
[INFO] [stderr]    Compiling bytes v1.4.0
[INFO] [stderr]    Compiling standback v0.2.17
[INFO] [stderr]    Compiling generic-array v0.14.7
[INFO] [stderr]    Compiling unicase v2.6.0
[INFO] [stderr]    Compiling lock_api v0.4.10
[INFO] [stderr]    Compiling slab v0.4.8
[INFO] [stderr]    Compiling indexmap v1.9.3
[INFO] [stderr]    Compiling tokio v1.29.1
[INFO] [stderr]    Compiling num-traits v0.2.16
[INFO] [stderr]    Compiling futures-io v0.3.28
[INFO] [stderr]    Compiling hashbrown v0.12.3
[INFO] [stderr]    Compiling log v0.4.19
[INFO] [stderr]    Compiling pin-utils v0.1.0
[INFO] [stderr]    Compiling aho-corasick v1.0.2
[INFO] [stderr]    Compiling quote v1.0.32
[INFO] [stderr]    Compiling tracing-core v0.1.31
[INFO] [stderr]    Compiling getrandom v0.2.10
[INFO] [stderr]    Compiling signal-hook-registry v1.4.1
[INFO] [stderr]    Compiling num_cpus v1.16.0
[INFO] [stderr]    Compiling syn v2.0.28
[INFO] [stderr]    Compiling parking_lot v0.12.1
[INFO] [stderr]    Compiling rand_core v0.6.4
[INFO] [stderr]    Compiling socket2 v0.4.9
[INFO] [stderr]    Compiling mio v0.8.8
[INFO] [stderr]    Compiling const_fn v0.4.9
[INFO] [stderr]    Compiling fnv v1.0.7
[INFO] [stderr]    Compiling rand_chacha v0.3.1
[INFO] [stderr]    Compiling serde_json v1.0.104
[INFO] [stderr]    Compiling bitflags v2.3.3
[INFO] [stderr]    Compiling scheduled-thread-pool v0.2.7
[INFO] [stderr]    Compiling rand v0.8.5
[INFO] [stderr]    Compiling http v0.2.9
[INFO] [stderr]    Compiling tracing v0.1.37
[INFO] [stderr]    Compiling time v0.1.45
[INFO] [stderr]    Compiling time v0.2.27
[INFO] [stderr]    Compiling byteorder v1.4.3
[INFO] [stderr]    Compiling regex-automata v0.3.4
[INFO] [stderr]    Compiling ryu v1.0.15
[INFO] [stderr]    Compiling equivalent v1.0.1
[INFO] [stderr]    Compiling httparse v1.8.0
[INFO] [stderr]    Compiling pq-sys v0.4.8
[INFO] [stderr]    Compiling hashbrown v0.14.0
[INFO] [stderr]    Compiling percent-encoding v2.3.0
[INFO] [stderr]    Compiling iana-time-zone v0.1.57
[INFO] [stderr]    Compiling mime_guess v2.0.4
[INFO] [stderr]    Compiling r2d2 v0.8.10
[INFO] [stderr]    Compiling cc v1.0.80
[INFO] [stderr]    Compiling proc-macro-error-attr v1.0.4
[INFO] [stderr]    Compiling cookie v0.15.2
[INFO] [stderr]    Compiling try-lock v0.2.4
[INFO] [stderr]    Compiling time-core v0.1.1
[INFO] [stderr]    Compiling thiserror v1.0.44
[INFO] [stderr]    Compiling tinyvec_macros v0.1.1
[INFO] [stderr]    Compiling winnow v0.5.3
[INFO] [stderr]    Compiling indexmap v2.0.0
[INFO] [stderr]    Compiling anyhow v1.0.72
[INFO] [stderr]    Compiling tinyvec v1.6.0
[INFO] [stderr]    Compiling time-macros v0.2.11
[INFO] [stderr]    Compiling want v0.3.1
[INFO] [stderr]    Compiling http-body v0.4.5
[INFO] [stderr]    Compiling crypto-common v0.1.6
[INFO] [stderr]    Compiling block-buffer v0.10.4
[INFO] [stderr]    Compiling uuid v0.8.2
[INFO] [stderr]    Compiling proc-macro-error v1.0.4
[INFO] [stderr]    Compiling tower-service v0.3.2
[INFO] [stderr]    Compiling rustix v0.38.4
[INFO] [stderr]    Compiling deranged v0.3.6
[INFO] [stderr]    Compiling paste v1.0.14
[INFO] [stderr]    Compiling mime v0.3.17
[INFO] [stderr]    Compiling base64 v0.13.1
[INFO] [stderr]    Compiling httpdate v1.0.2
[INFO] [stderr]    Compiling unicode-normalization v0.1.22
[INFO] [stderr]    Compiling toml_datetime v0.6.3
[INFO] [stderr]    Compiling chrono v0.4.26
[INFO] [stderr]    Compiling serde_spanned v0.6.3
[INFO] [stderr]    Compiling ring v0.16.20
[INFO] [stderr]    Compiling bincode v1.3.3
[INFO] [stderr]    Compiling diesel_table_macro_syntax v0.1.0
[INFO] [stderr]    Compiling serde_derive_internals v0.28.0
[INFO] [stderr]    Compiling syn-path v2.0.0
[INFO] [stderr]    Compiling digest v0.10.7
[INFO] [stderr]    Compiling spin v0.5.2
[INFO] [stderr]    Compiling borrow-bag v1.1.0
[INFO] [stderr]    Compiling regex v1.9.1
[INFO] [stderr]    Compiling toml_edit v0.19.14
[INFO] [stderr]    Compiling unicode-bidi v0.3.13
[INFO] [stderr]    Compiling cpufeatures v0.2.9
[INFO] [stderr]    Compiling linux-raw-sys v0.4.5
[INFO] [stderr]    Compiling either v1.9.0
[INFO] [stderr]    Compiling untrusted v0.7.1
[INFO] [stderr]    Compiling linked-hash-map v0.5.6
[INFO] [stderr]    Compiling validator_types v0.16.0
[INFO] [stderr]    Compiling sha2 v0.10.7
[INFO] [stderr]    Compiling time v0.3.24
[INFO] [stderr]    Compiling openapiv3 v1.0.2
[INFO] [stderr]    Compiling idna v0.4.0
[INFO] [stderr]    Compiling form_urlencoded v1.2.0
[INFO] [stderr]    Compiling unindent v0.2.2
[INFO] [stderr]    Compiling base64 v0.21.2
[INFO] [stderr]    Compiling if_chain v1.0.2
[INFO] [stderr]    Compiling url v2.4.0
[INFO] [stderr]    Compiling gotham_restful_redoc v0.2.1+2.0.0
[INFO] [stderr]    Compiling termcolor v1.2.0
[INFO] [stderr]    Compiling humantime v2.1.0
[INFO] [stderr]    Compiling base62 v2.0.2
[INFO] [stderr]    Compiling dotenv v0.15.0
[INFO] [stderr]    Compiling is-terminal v0.4.9
[INFO] [stderr]    Compiling env_logger v0.10.0
[INFO] [stderr]    Compiling toml v0.7.6
[INFO] [stderr]    Compiling futures-macro v0.3.28
[INFO] [stderr]    Compiling tokio-macros v2.1.0
[INFO] [stderr]    Compiling uuid-macro-internal v1.4.1
[INFO] [stderr]    Compiling thiserror-impl v1.0.44
[INFO] [stderr]    Compiling pin-project-internal v1.1.2
[INFO] [stderr]    Compiling diesel_derives v2.1.0
[INFO] [stderr]    Compiling gotham_derive v0.7.1
[INFO] [stderr]    Compiling migrations_internals v2.1.0
[INFO] [stderr]    Compiling openapi_type_derive v0.4.4
[INFO] [stderr]    Compiling time-macros-impl v0.1.2
[INFO] [stderr]    Compiling lazy-regex-proc_macros v2.4.1
[INFO] [stderr]    Compiling diesel_derives v1.4.1
[INFO] [stderr]    Compiling uuid v1.4.1
[INFO] [stderr]    Compiling validator_derive v0.16.0
[INFO] [stderr]    Compiling time-macros v0.1.1
[INFO] [stderr]    Compiling openapi_type v0.4.2
[INFO] [stderr]    Compiling migrations_macros v2.1.0
[INFO] [stderr]    Compiling pin-project v1.1.2
[INFO] [stderr]    Compiling lazy-regex v2.5.0
[INFO] [stderr]    Compiling gotham_restful_derive v0.8.2
[INFO] [stderr]    Compiling jsonwebtoken v8.3.0
[INFO] [stderr]    Compiling validator v0.16.1
[INFO] [stderr]    Compiling diesel v1.4.8
[INFO] [stderr]    Compiling futures-executor v0.3.28
[INFO] [stderr]    Compiling futures v0.3.28
[INFO] [stderr]    Compiling diesel v2.1.0
[INFO] [stderr]    Compiling tokio-util v0.7.8
[INFO] [stderr]    Compiling h2 v0.3.20
[INFO] [stderr]    Compiling hyper v0.14.27
[INFO] [stderr]    Compiling r2d2-diesel v1.0.0
[INFO] [stderr]    Compiling gotham v0.7.1
[INFO] [stderr]    Compiling gotham_middleware_diesel v0.5.0
[INFO] [stderr]    Compiling diesel_migrations v2.1.0
[INFO] [stderr]    Compiling gotham_restful v0.8.3
[INFO] [stderr]    Compiling encurtador v0.1.0 (/opt/rustwide/workdir)
[INFO] [stderr]     Finished dev [unoptimized + debuginfo] target(s) in 32.62s
[INFO] running `Command { std: "docker" "inspect" "fc9eec1c5bb7dbc40bc8b02520f19a46db5f1832b841b50c37226d428d53bfe2", kill_on_drop: false }`
[INFO] running `Command { std: "docker" "rm" "-f" "fc9eec1c5bb7dbc40bc8b02520f19a46db5f1832b841b50c37226d428d53bfe2", kill_on_drop: false }`
[INFO] [stdout] fc9eec1c5bb7dbc40bc8b02520f19a46db5f1832b841b50c37226d428d53bfe2
[INFO] running `Command { std: "docker" "create" "-v" "/var/lib/crater-agent-workspace/builds/worker-2-tc1/target:/opt/rustwide/target:rw,Z" "-v" "/var/lib/crater-agent-workspace/builds/worker-2-tc1/source:/opt/rustwide/workdir:ro,Z" "-v" "/var/lib/crater-agent-workspace/cargo-home:/opt/rustwide/cargo-home:ro,Z" "-v" "/var/lib/crater-agent-workspace/rustup-home:/opt/rustwide/rustup-home:ro,Z" "-e" "SOURCE_DIR=/opt/rustwide/workdir" "-e" "CARGO_TARGET_DIR=/opt/rustwide/target" "-e" "CARGO_INCREMENTAL=0" "-e" "RUST_BACKTRACE=full" "-e" "RUSTFLAGS=--cap-lints=warn" "-e" "RUSTDOCFLAGS=--cap-lints=warn" "-e" "CARGO_HOME=/opt/rustwide/cargo-home" "-e" "RUSTUP_HOME=/opt/rustwide/rustup-home" "-w" "/opt/rustwide/workdir" "-m" "1610612736" "--user" "0:0" "--network" "none" "ghcr.io/rust-lang/crates-build-env/linux@sha256:2788e3201cd34a07e3172128adcd8b3090168a8e3bcc40d7c032b9dda1df7d1c" "/opt/rustwide/cargo-home/bin/cargo" "+1.75.0" "test" "--frozen" "--no-run" "--message-format=json", kill_on_drop: false }`
[INFO] [stdout] 69431343f70b95a3a0641f2c6e485c4aa562724930d7d05e454d9b67b78a36cb
[INFO] running `Command { std: "docker" "start" "-a" "69431343f70b95a3a0641f2c6e485c4aa562724930d7d05e454d9b67b78a36cb", kill_on_drop: false }`
[INFO] [stderr]    Compiling libm v0.2.7
[INFO] [stderr]    Compiling num-traits v0.2.16
[INFO] [stderr]    Compiling vcpkg v0.2.15
[INFO] [stderr]    Compiling pkg-config v0.3.27
[INFO] [stderr]    Compiling rustix v0.38.4
[INFO] [stderr]    Compiling foreign-types-shared v0.1.1
[INFO] [stderr]    Compiling openssl v0.10.56
[INFO] [stderr]    Compiling openssl-macros v0.1.1
[INFO] [stderr]    Compiling native-tls v0.2.11
[INFO] [stderr]    Compiling proc-macro2 v0.4.30
[INFO] [stderr]    Compiling openssl-probe v0.1.5
[INFO] [stderr]    Compiling unicode-xid v0.1.0
[INFO] [stderr]    Compiling syn v0.15.44
[INFO] [stderr]    Compiling fastrand v2.0.0
[INFO] [stderr]    Compiling foreign-types v0.3.2
[INFO] [stderr]    Compiling serde_urlencoded v0.7.1
[INFO] [stderr]    Compiling wait-timeout v0.2.0
[INFO] [stderr]    Compiling encoding_rs v0.8.32
[INFO] [stderr]    Compiling quick-error v1.2.3
[INFO] [stderr]    Compiling bit-vec v0.6.3
[INFO] [stderr]    Compiling ipnet v2.8.0
[INFO] [stderr]    Compiling rand_xorshift v0.3.0
[INFO] [stderr]    Compiling unarray v0.1.4
[INFO] [stderr]    Compiling regex-syntax v0.6.29
[INFO] [stderr]    Compiling bit-set v0.5.3
[INFO] [stderr]    Compiling temp-env v0.3.4
[INFO] [stderr]    Compiling openssl-sys v0.9.91
[INFO] [stderr]    Compiling quote v0.6.13
[INFO] [stderr]    Compiling chrono v0.4.26
[INFO] [stderr]    Compiling is-terminal v0.4.9
[INFO] [stderr]    Compiling tempfile v3.7.0
[INFO] [stderr]    Compiling env_logger v0.10.0
[INFO] [stderr]    Compiling rusty-fork v0.3.0
[INFO] [stderr]    Compiling proptest v1.2.0
[INFO] [stderr]    Compiling diesel v2.1.0
[INFO] [stderr]    Compiling openapi_type v0.4.2
[INFO] [stderr]    Compiling proptest-derive v0.3.0
[INFO] [stderr]    Compiling tokio-native-tls v0.3.1
[INFO] [stderr]    Compiling hyper-tls v0.5.0
[INFO] [stderr]    Compiling reqwest v0.11.18
[INFO] [stderr]    Compiling openapi v0.1.0 (/opt/rustwide/workdir/tests/client)
[INFO] [stderr]    Compiling gotham_middleware_diesel v0.5.0
[INFO] [stderr]    Compiling diesel_migrations v2.1.0
[INFO] [stderr]    Compiling gotham_restful v0.8.3
[INFO] [stderr]    Compiling encurtador v0.1.0 (/opt/rustwide/workdir)
[INFO] [stderr]     Finished test [unoptimized + debuginfo] target(s) in 21.10s
[INFO] running `Command { std: "docker" "inspect" "69431343f70b95a3a0641f2c6e485c4aa562724930d7d05e454d9b67b78a36cb", kill_on_drop: false }`
[INFO] running `Command { std: "docker" "rm" "-f" "69431343f70b95a3a0641f2c6e485c4aa562724930d7d05e454d9b67b78a36cb", kill_on_drop: false }`
[INFO] [stdout] 69431343f70b95a3a0641f2c6e485c4aa562724930d7d05e454d9b67b78a36cb
[INFO] running `Command { std: "docker" "create" "-v" "/var/lib/crater-agent-workspace/builds/worker-2-tc1/target:/opt/rustwide/target:rw,Z" "-v" "/var/lib/crater-agent-workspace/builds/worker-2-tc1/source:/opt/rustwide/workdir:ro,Z" "-v" "/var/lib/crater-agent-workspace/cargo-home:/opt/rustwide/cargo-home:ro,Z" "-v" "/var/lib/crater-agent-workspace/rustup-home:/opt/rustwide/rustup-home:ro,Z" "-e" "SOURCE_DIR=/opt/rustwide/workdir" "-e" "CARGO_TARGET_DIR=/opt/rustwide/target" "-e" "CARGO_INCREMENTAL=0" "-e" "RUST_BACKTRACE=full" "-e" "RUSTFLAGS=--cap-lints=warn" "-e" "RUSTDOCFLAGS=--cap-lints=warn" "-e" "CARGO_HOME=/opt/rustwide/cargo-home" "-e" "RUSTUP_HOME=/opt/rustwide/rustup-home" "-w" "/opt/rustwide/workdir" "-m" "1610612736" "--user" "0:0" "--network" "none" "ghcr.io/rust-lang/crates-build-env/linux@sha256:2788e3201cd34a07e3172128adcd8b3090168a8e3bcc40d7c032b9dda1df7d1c" "/opt/rustwide/cargo-home/bin/cargo" "+1.75.0" "test" "--frozen", kill_on_drop: false }`
[INFO] [stdout] cb931d49d34de30e3ce99adcaf32bfaa80317fa27ca3b7d1608a7a65f3aaa901
[INFO] running `Command { std: "docker" "start" "-a" "cb931d49d34de30e3ce99adcaf32bfaa80317fa27ca3b7d1608a7a65f3aaa901", kill_on_drop: false }`
[INFO] [stderr]     Finished test [unoptimized + debuginfo] target(s) in 0.24s
[INFO] [stderr]      Running unittests src/lib.rs (/opt/rustwide/target/debug/deps/encurtador-ca06a877802acbd0)
[INFO] [stdout] 
[INFO] [stdout] running 5 tests
[INFO] [stdout] test config::tests::app_address_defaults ... ok
[INFO] [stdout] test config::tests::app_address_from_env ... ok
[INFO] [stdout] test resources::urls::tests::url_uniqueness_on_any_characters ... ok
[INFO] [stdout] test resources::urls::tests::url_uniqueness_on_proper_url ... ok
[INFO] [stdout] test resources::urls::tests::uniqueness_on_same_url ... ok
[INFO] [stdout] 
[INFO] [stdout] test result: ok. 5 passed; 0 failed; 0 ignored; 0 measured; 0 filtered out; finished in 0.36s
[INFO] [stdout] 
[INFO] [stderr]      Running unittests src/main.rs (/opt/rustwide/target/debug/deps/encurtador-15b817d8aaaffbb2)
[INFO] [stdout] 
[INFO] [stdout] running 0 tests
[INFO] [stdout] 
[INFO] [stdout] test result: ok. 0 passed; 0 failed; 0 ignored; 0 measured; 0 filtered out; finished in 0.00s
[INFO] [stdout] 
[INFO] [stderr]      Running tests/common.rs (/opt/rustwide/target/debug/deps/common-2e2f1209250516d9)
[INFO] [stdout] 
[INFO] [stdout] running 0 tests
[INFO] [stdout] 
[INFO] [stdout] test result: ok. 0 passed; 0 failed; 0 ignored; 0 measured; 0 filtered out; finished in 0.00s
[INFO] [stdout] 
[INFO] [stderr]      Running tests/integration.rs (/opt/rustwide/target/debug/deps/integration-cb3952844c819b80)
[INFO] [stdout] 
[INFO] [stdout] running 1 test
[INFO] [stderr] [2024-01-06T00:08:38Z INFO  integration::common] Starting: "/opt/rustwide/target/debug/encurtador"
[INFO] [stdout] test it_shortens_urls_and_counts_visits ... FAILED
[INFO] [stdout] 
[INFO] [stdout] failures:
[INFO] [stdout] 
[INFO] [stdout] ---- it_shortens_urls_and_counts_visits stdout ----
[INFO] [stdout] thread 'it_shortens_urls_and_counts_visits' panicked at tests/integration.rs:29:56:
[INFO] [stdout] called `Result::unwrap()` on an `Err` value: Reqwest(reqwest::Error { kind: Request, url: Url { scheme: "http", cannot_be_a_base: false, username: "", password: None, host: Some(Domain("localhost")), port: Some(3000), path: "/api/v1/urls", query: None, fragment: None }, source: hyper::Error(Connect, ConnectError("tcp connect error", Os { code: 99, kind: AddrNotAvailable, message: "Cannot assign requested address" })) })
[INFO] [stdout] stack backtrace:
[INFO] [stdout]    0:     0x56064978e9ac - std::backtrace_rs::backtrace::libunwind::trace::ha637c64ce894333a
[INFO] [stdout]                                at /rustc/82e1608dfa6e0b5569232559e3d385fea5a93112/library/std/src/../../backtrace/src/backtrace/libunwind.rs:104:5
[INFO] [stdout]    1:     0x56064978e9ac - std::backtrace_rs::backtrace::trace_unsynchronized::h47f62dea28e0c88d
[INFO] [stdout]                                at /rustc/82e1608dfa6e0b5569232559e3d385fea5a93112/library/std/src/../../backtrace/src/backtrace/mod.rs:66:5
[INFO] [stdout]    2:     0x56064978e9ac - std::sys_common::backtrace::_print_fmt::h9eef0abe20ede486
[INFO] [stdout]                                at /rustc/82e1608dfa6e0b5569232559e3d385fea5a93112/library/std/src/sys_common/backtrace.rs:67:5
[INFO] [stdout]    3:     0x56064978e9ac - <std::sys_common::backtrace::_print::DisplayBacktrace as core::fmt::Display>::fmt::hed7f999df88cc644
[INFO] [stdout]                                at /rustc/82e1608dfa6e0b5569232559e3d385fea5a93112/library/std/src/sys_common/backtrace.rs:44:22
[INFO] [stdout]    4:     0x5606497bbea0 - core::fmt::rt::Argument::fmt::h1539a9308b8d058d
[INFO] [stdout]                                at /rustc/82e1608dfa6e0b5569232559e3d385fea5a93112/library/core/src/fmt/rt.rs:142:9
[INFO] [stdout]    5:     0x5606497bbea0 - core::fmt::write::h3a39390d8560d9c9
[INFO] [stdout]                                at /rustc/82e1608dfa6e0b5569232559e3d385fea5a93112/library/core/src/fmt/mod.rs:1120:17
[INFO] [stdout]    6:     0x56064978b76f - std::io::Write::write_fmt::h040b369f3a0f9cbc
[INFO] [stdout]                                at /rustc/82e1608dfa6e0b5569232559e3d385fea5a93112/library/std/src/io/mod.rs:1762:15
[INFO] [stdout]    7:     0x56064978e794 - std::sys_common::backtrace::_print::h894006fb5c6f3d45
[INFO] [stdout]                                at /rustc/82e1608dfa6e0b5569232559e3d385fea5a93112/library/std/src/sys_common/backtrace.rs:47:5
[INFO] [stdout]    8:     0x56064978e794 - std::sys_common::backtrace::print::h23a2d212c6fff936
[INFO] [stdout]                                at /rustc/82e1608dfa6e0b5569232559e3d385fea5a93112/library/std/src/sys_common/backtrace.rs:34:9
[INFO] [stdout]    9:     0x560649790457 - std::panicking::default_hook::{{closure}}::h8a1d2ee00185001a
[INFO] [stdout]   10:     0x560649790143 - std::panicking::default_hook::h6038f2eba384e475
[INFO] [stdout]                                at /rustc/82e1608dfa6e0b5569232559e3d385fea5a93112/library/std/src/panicking.rs:289:9
[INFO] [stdout]   11:     0x560649008bd7 - <alloc::boxed::Box<F,A> as core::ops::function::Fn<Args>>::call::h0ad024c9bdc6d768
[INFO] [stdout]                                at /rustc/82e1608dfa6e0b5569232559e3d385fea5a93112/library/alloc/src/boxed.rs:2021:9
[INFO] [stdout]   12:     0x560649008bd7 - test::test_main::{{closure}}::h7500b54257359db6
[INFO] [stdout]                                at /rustc/82e1608dfa6e0b5569232559e3d385fea5a93112/library/test/src/lib.rs:138:21
[INFO] [stdout]   13:     0x560649790a68 - <alloc::boxed::Box<F,A> as core::ops::function::Fn<Args>>::call::h1f8f335eaa9cfaee
[INFO] [stdout]                                at /rustc/82e1608dfa6e0b5569232559e3d385fea5a93112/library/alloc/src/boxed.rs:2021:9
[INFO] [stdout]   14:     0x560649790a68 - std::panicking::rust_panic_with_hook::h2b5517d590cab22e
[INFO] [stdout]                                at /rustc/82e1608dfa6e0b5569232559e3d385fea5a93112/library/std/src/panicking.rs:783:13
[INFO] [stdout]   15:     0x5606497907be - std::panicking::begin_panic_handler::{{closure}}::h233112c06e0ef43e
[INFO] [stdout]                                at /rustc/82e1608dfa6e0b5569232559e3d385fea5a93112/library/std/src/panicking.rs:657:13
[INFO] [stdout]   16:     0x56064978ee76 - std::sys_common::backtrace::__rust_end_short_backtrace::h6e893f24d7ebbff8
[INFO] [stdout]                                at /rustc/82e1608dfa6e0b5569232559e3d385fea5a93112/library/std/src/sys_common/backtrace.rs:170:18
[INFO] [stdout]   17:     0x560649790522 - rust_begin_unwind
[INFO] [stdout]                                at /rustc/82e1608dfa6e0b5569232559e3d385fea5a93112/library/std/src/panicking.rs:645:5
[INFO] [stdout]   18:     0x560648f9b695 - core::panicking::panic_fmt::hbf0e066aabfa482c
[INFO] [stdout]                                at /rustc/82e1608dfa6e0b5569232559e3d385fea5a93112/library/core/src/panicking.rs:72:14
[INFO] [stdout]   19:     0x560648f9bcc3 - core::result::unwrap_failed::hddb4fea594200c52
[INFO] [stdout]                                at /rustc/82e1608dfa6e0b5569232559e3d385fea5a93112/library/core/src/result.rs:1653:5
[INFO] [stdout]   20:     0x560648fc7d4d - core::result::Result<T,E>::unwrap::hb2b36c1d530a643b
[INFO] [stdout]                                at /rustc/82e1608dfa6e0b5569232559e3d385fea5a93112/library/core/src/result.rs:1077:23
[INFO] [stdout]   21:     0x560648fd422e - integration::it_shortens_urls_and_counts_visits::{{closure}}::h549eb4d30337e519
[INFO] [stdout]                                at /opt/rustwide/workdir/tests/integration.rs:29:20
[INFO] [stdout]   22:     0x560648fb7368 - <core::pin::Pin<P> as core::future::future::Future>::poll::h25d4334f4cfd158b
[INFO] [stdout]                                at /rustc/82e1608dfa6e0b5569232559e3d385fea5a93112/library/core/src/future/future.rs:125:9
[INFO] [stdout]   23:     0x560648fb740b - <core::pin::Pin<P> as core::future::future::Future>::poll::h7843571b6f45bfa2
[INFO] [stdout]                                at /rustc/82e1608dfa6e0b5569232559e3d385fea5a93112/library/core/src/future/future.rs:125:9
[INFO] [stdout]   24:     0x560648fc54d4 - tokio::runtime::scheduler::current_thread::CoreGuard::block_on::{{closure}}::{{closure}}::{{closure}}::hfc5d83bb6e58415f
[INFO] [stdout]                                at /opt/rustwide/cargo-home/registry/src/index.crates.io-6f17d22bba15001f/tokio-1.29.1/src/runtime/scheduler/current_thread.rs:651:57
[INFO] [stdout]   25:     0x560648fc53fa - tokio::runtime::coop::with_budget::ha180bc888f5f3259
[INFO] [stdout]                                at /opt/rustwide/cargo-home/registry/src/index.crates.io-6f17d22bba15001f/tokio-1.29.1/src/runtime/coop.rs:107:5
[INFO] [stdout]   26:     0x560648fc53fa - tokio::runtime::coop::budget::h887bcdf4011e05f7
[INFO] [stdout]                                at /opt/rustwide/cargo-home/registry/src/index.crates.io-6f17d22bba15001f/tokio-1.29.1/src/runtime/coop.rs:73:5
[INFO] [stdout]   27:     0x560648fc53fa - tokio::runtime::scheduler::current_thread::CoreGuard::block_on::{{closure}}::{{closure}}::hdb283a82b185fdfc
[INFO] [stdout]                                at /opt/rustwide/cargo-home/registry/src/index.crates.io-6f17d22bba15001f/tokio-1.29.1/src/runtime/scheduler/current_thread.rs:651:25
[INFO] [stdout]   28:     0x560648fc408c - tokio::runtime::scheduler::current_thread::Context::enter::h7ca2b90c4dbf1fc4
[INFO] [stdout]                                at /opt/rustwide/cargo-home/registry/src/index.crates.io-6f17d22bba15001f/tokio-1.29.1/src/runtime/scheduler/current_thread.rs:410:19
[INFO] [stdout]   29:     0x560648fc4bfe - tokio::runtime::scheduler::current_thread::CoreGuard::block_on::{{closure}}::he866783a1711e840
[INFO] [stdout]                                at /opt/rustwide/cargo-home/registry/src/index.crates.io-6f17d22bba15001f/tokio-1.29.1/src/runtime/scheduler/current_thread.rs:650:36
[INFO] [stdout]   30:     0x560648fc490b - tokio::runtime::scheduler::current_thread::CoreGuard::enter::{{closure}}::h69804095c3de6afd
[INFO] [stdout]                                at /opt/rustwide/cargo-home/registry/src/index.crates.io-6f17d22bba15001f/tokio-1.29.1/src/runtime/scheduler/current_thread.rs:729:68
[INFO] [stdout]   31:     0x560648faf2cb - tokio::runtime::context::scoped::Scoped<T>::set::h36504eac76a76ab1
[INFO] [stdout]                                at /opt/rustwide/cargo-home/registry/src/index.crates.io-6f17d22bba15001f/tokio-1.29.1/src/runtime/context/scoped.rs:40:9
[INFO] [stdout]   32:     0x560648fb66f9 - tokio::runtime::context::set_scheduler::{{closure}}::h870c742770967955
[INFO] [stdout]                                at /opt/rustwide/cargo-home/registry/src/index.crates.io-6f17d22bba15001f/tokio-1.29.1/src/runtime/context.rs:176:26
[INFO] [stdout]   33:     0x560648fb9346 - std::thread::local::LocalKey<T>::try_with::hc18a21d1a0e551de
[INFO] [stdout]                                at /rustc/82e1608dfa6e0b5569232559e3d385fea5a93112/library/std/src/thread/local.rs:270:16
[INFO] [stdout]   34:     0x560648fb87da - std::thread::local::LocalKey<T>::with::h532159331c24bd38
[INFO] [stdout]                                at /rustc/82e1608dfa6e0b5569232559e3d385fea5a93112/library/std/src/thread/local.rs:246:9
[INFO] [stdout]   35:     0x560648fb66ad - tokio::runtime::context::set_scheduler::h6b813ed6106ac2bc
[INFO] [stdout]                                at /opt/rustwide/cargo-home/registry/src/index.crates.io-6f17d22bba15001f/tokio-1.29.1/src/runtime/context.rs:176:9
[INFO] [stdout]   36:     0x560648fc46a0 - tokio::runtime::scheduler::current_thread::CoreGuard::enter::h2918328f067f4622
[INFO] [stdout]                                at /opt/rustwide/cargo-home/registry/src/index.crates.io-6f17d22bba15001f/tokio-1.29.1/src/runtime/scheduler/current_thread.rs:729:27
[INFO] [stdout]   37:     0x560648fc493d - tokio::runtime::scheduler::current_thread::CoreGuard::block_on::h8abe1c57847d955c
[INFO] [stdout]                                at /opt/rustwide/cargo-home/registry/src/index.crates.io-6f17d22bba15001f/tokio-1.29.1/src/runtime/scheduler/current_thread.rs:638:19
[INFO] [stdout]   38:     0x560648fc334d - tokio::runtime::scheduler::current_thread::CurrentThread::block_on::{{closure}}::hf81b5e7a08659a38
[INFO] [stdout]                                at /opt/rustwide/cargo-home/registry/src/index.crates.io-6f17d22bba15001f/tokio-1.29.1/src/runtime/scheduler/current_thread.rs:175:28
[INFO] [stdout]   39:     0x560648fc2d1a - tokio::runtime::context::runtime::enter_runtime::hed3bd493c2f437c8
[INFO] [stdout]                                at /opt/rustwide/cargo-home/registry/src/index.crates.io-6f17d22bba15001f/tokio-1.29.1/src/runtime/context/runtime.rs:65:16
[INFO] [stdout]   40:     0x560648fc3260 - tokio::runtime::scheduler::current_thread::CurrentThread::block_on::h9e8895c4d9c6c15b
[INFO] [stdout]                                at /opt/rustwide/cargo-home/registry/src/index.crates.io-6f17d22bba15001f/tokio-1.29.1/src/runtime/scheduler/current_thread.rs:167:9
[INFO] [stdout]   41:     0x560648fcd09d - tokio::runtime::runtime::Runtime::block_on::hdb46c3d889284ea3
[INFO] [stdout]                                at /opt/rustwide/cargo-home/registry/src/index.crates.io-6f17d22bba15001f/tokio-1.29.1/src/runtime/runtime.rs:311:47
[INFO] [stdout]   42:     0x560648fd38ca - integration::it_shortens_urls_and_counts_visits::h3031e5bb4a924f77
[INFO] [stdout]                                at /opt/rustwide/workdir/tests/integration.rs:55:5
[INFO] [stdout]   43:     0x560648fd3757 - integration::it_shortens_urls_and_counts_visits::{{closure}}::hf3299858701258fe
[INFO] [stdout]                                at /opt/rustwide/workdir/tests/integration.rs:15:46
[INFO] [stdout]   44:     0x560648f9ddf6 - core::ops::function::FnOnce::call_once::h65476acdd3b17d85
[INFO] [stdout]                                at /rustc/82e1608dfa6e0b5569232559e3d385fea5a93112/library/core/src/ops/function.rs:250:5
[INFO] [stdout]   45:     0x56064900e22f - core::ops::function::FnOnce::call_once::h2b5d431d5046312d
[INFO] [stdout]                                at /rustc/82e1608dfa6e0b5569232559e3d385fea5a93112/library/core/src/ops/function.rs:250:5
[INFO] [stdout]   46:     0x56064900e22f - test::__rust_begin_short_backtrace::h7714669af176e207
[INFO] [stdout]                                at /rustc/82e1608dfa6e0b5569232559e3d385fea5a93112/library/test/src/lib.rs:628:18
[INFO] [stdout]   47:     0x56064900d245 - test::run_test_in_process::{{closure}}::h85218797dcbcec12
[INFO] [stdout]                                at /rustc/82e1608dfa6e0b5569232559e3d385fea5a93112/library/test/src/lib.rs:651:60
[INFO] [stdout]   48:     0x56064900d245 - <core::panic::unwind_safe::AssertUnwindSafe<F> as core::ops::function::FnOnce<()>>::call_once::h76c106ea31c14d7b
[INFO] [stdout]                                at /rustc/82e1608dfa6e0b5569232559e3d385fea5a93112/library/core/src/panic/unwind_safe.rs:272:9
[INFO] [stdout]   49:     0x56064900d245 - std::panicking::try::do_call::h3bd5d0f6620ee946
[INFO] [stdout]                                at /rustc/82e1608dfa6e0b5569232559e3d385fea5a93112/library/std/src/panicking.rs:552:40
[INFO] [stdout]   50:     0x56064900d245 - std::panicking::try::h232e535e4744fe31
[INFO] [stdout]                                at /rustc/82e1608dfa6e0b5569232559e3d385fea5a93112/library/std/src/panicking.rs:516:19
[INFO] [stdout]   51:     0x56064900d245 - std::panic::catch_unwind::h3ce3bd6ca8dbac68
[INFO] [stdout]                                at /rustc/82e1608dfa6e0b5569232559e3d385fea5a93112/library/std/src/panic.rs:142:14
[INFO] [stdout]   52:     0x56064900d245 - test::run_test_in_process::hc97b257c9621286a
[INFO] [stdout]                                at /rustc/82e1608dfa6e0b5569232559e3d385fea5a93112/library/test/src/lib.rs:651:27
[INFO] [stdout]   53:     0x56064900d245 - test::run_test::{{closure}}::h2aa798823a438d38
[INFO] [stdout]                                at /rustc/82e1608dfa6e0b5569232559e3d385fea5a93112/library/test/src/lib.rs:574:43
[INFO] [stdout]   54:     0x560648fd5506 - test::run_test::{{closure}}::h87d231c78fb59832
[INFO] [stdout]                                at /rustc/82e1608dfa6e0b5569232559e3d385fea5a93112/library/test/src/lib.rs:602:41
[INFO] [stdout]   55:     0x560648fd5506 - std::sys_common::backtrace::__rust_begin_short_backtrace::he6df152596625789
[INFO] [stdout]                                at /rustc/82e1608dfa6e0b5569232559e3d385fea5a93112/library/std/src/sys_common/backtrace.rs:154:18
[INFO] [stdout]   56:     0x560648fda5b7 - std::thread::Builder::spawn_unchecked_::{{closure}}::{{closure}}::ha94be15d1e0acf36
[INFO] [stdout]                                at /rustc/82e1608dfa6e0b5569232559e3d385fea5a93112/library/std/src/thread/mod.rs:529:17
[INFO] [stdout]   57:     0x560648fda5b7 - <core::panic::unwind_safe::AssertUnwindSafe<F> as core::ops::function::FnOnce<()>>::call_once::h9dc6bd6372f16606
[INFO] [stdout]                                at /rustc/82e1608dfa6e0b5569232559e3d385fea5a93112/library/core/src/panic/unwind_safe.rs:272:9
[INFO] [stdout]   58:     0x560648fda5b7 - std::panicking::try::do_call::h9057517f80303cd4
[INFO] [stdout]                                at /rustc/82e1608dfa6e0b5569232559e3d385fea5a93112/library/std/src/panicking.rs:552:40
[INFO] [stdout]   59:     0x560648fda5b7 - std::panicking::try::he3a30b11ee45340c
[INFO] [stdout]                                at /rustc/82e1608dfa6e0b5569232559e3d385fea5a93112/library/std/src/panicking.rs:516:19
[INFO] [stdout]   60:     0x560648fda5b7 - std::panic::catch_unwind::h410458cfd3528b8b
[INFO] [stdout]                                at /rustc/82e1608dfa6e0b5569232559e3d385fea5a93112/library/std/src/panic.rs:142:14
[INFO] [stdout]   61:     0x560648fda5b7 - std::thread::Builder::spawn_unchecked_::{{closure}}::h72ac3bdb567b737b
[INFO] [stdout]                                at /rustc/82e1608dfa6e0b5569232559e3d385fea5a93112/library/std/src/thread/mod.rs:528:30
[INFO] [stdout]   62:     0x560648fda5b7 - core::ops::function::FnOnce::call_once{{vtable.shim}}::h38f34da3654a8344
[INFO] [stdout]                                at /rustc/82e1608dfa6e0b5569232559e3d385fea5a93112/library/core/src/ops/function.rs:250:5
[INFO] [stdout]   63:     0x5606497958a5 - <alloc::boxed::Box<F,A> as core::ops::function::FnOnce<Args>>::call_once::hc7eafaff61e32df9
[INFO] [stdout]                                at /rustc/82e1608dfa6e0b5569232559e3d385fea5a93112/library/alloc/src/boxed.rs:2007:9
[INFO] [stdout]   64:     0x5606497958a5 - <alloc::boxed::Box<F,A> as core::ops::function::FnOnce<Args>>::call_once::h6ba4a5de48dd2304
[INFO] [stdout]                                at /rustc/82e1608dfa6e0b5569232559e3d385fea5a93112/library/alloc/src/boxed.rs:2007:9
[INFO] [stdout]   65:     0x5606497958a5 - std::sys::unix::thread::Thread::new::thread_start::he469335aef763e45
[INFO] [stdout]                                at /rustc/82e1608dfa6e0b5569232559e3d385fea5a93112/library/std/src/sys/unix/thread.rs:108:17
[INFO] [stdout]   66:     0x7ff9fb501ac3 - <unknown>
[INFO] [stdout]   67:     0x7ff9fb592bf4 - __clone
[INFO] [stdout]   68:                0x0 - <unknown>
[INFO] [stdout] 
[INFO] [stdout] 
[INFO] [stdout] failures:
[INFO] [stdout]     it_shortens_urls_and_counts_visits
[INFO] [stdout] 
[INFO] [stdout] test result: FAILED. 0 passed; 1 failed; 0 ignored; 0 measured; 0 filtered out; finished in 0.15s
[INFO] [stdout] 
[INFO] [stderr] error: test failed, to rerun pass `--test integration`
[INFO] running `Command { std: "docker" "inspect" "cb931d49d34de30e3ce99adcaf32bfaa80317fa27ca3b7d1608a7a65f3aaa901", kill_on_drop: false }`
[INFO] running `Command { std: "docker" "rm" "-f" "cb931d49d34de30e3ce99adcaf32bfaa80317fa27ca3b7d1608a7a65f3aaa901", kill_on_drop: false }`
[INFO] [stdout] cb931d49d34de30e3ce99adcaf32bfaa80317fa27ca3b7d1608a7a65f3aaa901
[INFO] testing dlalic/encurtador against beta-2023-12-22 for beta-1.76-1
[INFO] running `Command { std: "git" "clone" "/workspace/cache/git-repos/https%3A%2F%2Fgithub.com%2Fdlalic%2Fencurtador" "/workspace/builds/worker-2-tc2/source", kill_on_drop: false }`
[INFO] [stderr] Cloning into '/workspace/builds/worker-2-tc2/source'...
[INFO] [stderr] done.
[INFO] validating manifest of git repo https://github.com/dlalic/encurtador on toolchain beta-2023-12-22
[INFO] running `Command { std: CARGO_HOME="/workspace/cargo-home" RUSTUP_HOME="/workspace/rustup-home" "/workspace/cargo-home/bin/cargo" "+beta-2023-12-22" "metadata" "--manifest-path" "Cargo.toml" "--no-deps", kill_on_drop: false }`
[INFO] started tweaking git repo https://github.com/dlalic/encurtador
[INFO] finished tweaking git repo https://github.com/dlalic/encurtador
[INFO] tweaked toml for git repo https://github.com/dlalic/encurtador written to /workspace/builds/worker-2-tc2/source/Cargo.toml
[INFO] crate git repo https://github.com/dlalic/encurtador already has a lockfile, it will not be regenerated
[INFO] running `Command { std: CARGO_HOME="/workspace/cargo-home" RUSTUP_HOME="/workspace/rustup-home" "/workspace/cargo-home/bin/cargo" "+beta-2023-12-22" "fetch" "--manifest-path" "Cargo.toml", kill_on_drop: false }`
[INFO] running `Command { std: "docker" "create" "-v" "/var/lib/crater-agent-workspace/builds/worker-2-tc2/target:/opt/rustwide/target:rw,Z" "-v" "/var/lib/crater-agent-workspace/builds/worker-2-tc2/source:/opt/rustwide/workdir:ro,Z" "-v" "/var/lib/crater-agent-workspace/cargo-home:/opt/rustwide/cargo-home:ro,Z" "-v" "/var/lib/crater-agent-workspace/rustup-home:/opt/rustwide/rustup-home:ro,Z" "-e" "SOURCE_DIR=/opt/rustwide/workdir" "-e" "CARGO_TARGET_DIR=/opt/rustwide/target" "-e" "CARGO_HOME=/opt/rustwide/cargo-home" "-e" "RUSTUP_HOME=/opt/rustwide/rustup-home" "-w" "/opt/rustwide/workdir" "-m" "1610612736" "--user" "0:0" "--network" "none" "ghcr.io/rust-lang/crates-build-env/linux@sha256:2788e3201cd34a07e3172128adcd8b3090168a8e3bcc40d7c032b9dda1df7d1c" "/opt/rustwide/cargo-home/bin/cargo" "+beta-2023-12-22" "metadata" "--no-deps" "--format-version=1", kill_on_drop: false }`
[INFO] [stdout] ef6192b7b202d457fce8c403ac42a1f8bb89eeda3a1fb1f5bc8725a28ccb7c05
[INFO] running `Command { std: "docker" "start" "-a" "ef6192b7b202d457fce8c403ac42a1f8bb89eeda3a1fb1f5bc8725a28ccb7c05", kill_on_drop: false }`
[INFO] running `Command { std: "docker" "inspect" "ef6192b7b202d457fce8c403ac42a1f8bb89eeda3a1fb1f5bc8725a28ccb7c05", kill_on_drop: false }`
[INFO] running `Command { std: "docker" "rm" "-f" "ef6192b7b202d457fce8c403ac42a1f8bb89eeda3a1fb1f5bc8725a28ccb7c05", kill_on_drop: false }`
[INFO] [stdout] ef6192b7b202d457fce8c403ac42a1f8bb89eeda3a1fb1f5bc8725a28ccb7c05
[INFO] running `Command { std: "docker" "create" "-v" "/var/lib/crater-agent-workspace/builds/worker-2-tc2/target:/opt/rustwide/target:rw,Z" "-v" "/var/lib/crater-agent-workspace/builds/worker-2-tc2/source:/opt/rustwide/workdir:ro,Z" "-v" "/var/lib/crater-agent-workspace/cargo-home:/opt/rustwide/cargo-home:ro,Z" "-v" "/var/lib/crater-agent-workspace/rustup-home:/opt/rustwide/rustup-home:ro,Z" "-e" "SOURCE_DIR=/opt/rustwide/workdir" "-e" "CARGO_TARGET_DIR=/opt/rustwide/target" "-e" "CARGO_INCREMENTAL=0" "-e" "RUST_BACKTRACE=full" "-e" "RUSTFLAGS=--cap-lints=warn" "-e" "RUSTDOCFLAGS=--cap-lints=warn" "-e" "CARGO_HOME=/opt/rustwide/cargo-home" "-e" "RUSTUP_HOME=/opt/rustwide/rustup-home" "-w" "/opt/rustwide/workdir" "-m" "1610612736" "--user" "0:0" "--network" "none" "ghcr.io/rust-lang/crates-build-env/linux@sha256:2788e3201cd34a07e3172128adcd8b3090168a8e3bcc40d7c032b9dda1df7d1c" "/opt/rustwide/cargo-home/bin/cargo" "+beta-2023-12-22" "build" "--frozen" "--message-format=json", kill_on_drop: false }`
[INFO] [stdout] 3ab62493cd47558550f59661cbe069fd9ac3630a274ccdf669048327847ead11
[INFO] running `Command { std: "docker" "start" "-a" "3ab62493cd47558550f59661cbe069fd9ac3630a274ccdf669048327847ead11", kill_on_drop: false }`
[INFO] [stderr]    Compiling proc-macro2 v1.0.66
[INFO] [stderr]    Compiling unicode-ident v1.0.11
[INFO] [stderr]    Compiling version_check v0.9.4
[INFO] [stderr]    Compiling libc v0.2.147
[INFO] [stderr]    Compiling autocfg v1.1.0
[INFO] [stderr]    Compiling serde v1.0.180
[INFO] [stderr]    Compiling serde_derive v1.0.180
[INFO] [stderr]    Compiling syn v1.0.109
[INFO] [stderr]    Compiling memchr v2.5.0
[INFO] [stderr]    Compiling parking_lot_core v0.9.8
[INFO] [stderr]    Compiling itoa v1.0.9
[INFO] [stderr]    Compiling scopeguard v1.2.0
[INFO] [stderr]    Compiling smallvec v1.11.0
[INFO] [stderr]    Compiling futures-core v0.3.28
[INFO] [stderr]    Compiling pin-project-lite v0.2.10
[INFO] [stderr]    Compiling once_cell v1.18.0
[INFO] [stderr]    Compiling regex-syntax v0.7.4
[INFO] [stderr]    Compiling futures-task v0.3.28
[INFO] [stderr]    Compiling futures-sink v0.3.28
[INFO] [stderr]    Compiling futures-channel v0.3.28
[INFO] [stderr]    Compiling bytes v1.4.0
[INFO] [stderr]    Compiling futures-util v0.3.28
[INFO] [stderr]    Compiling proc-macro-hack v0.5.20+deprecated
[INFO] [stderr]    Compiling typenum v1.16.0
[INFO] [stderr]    Compiling ppv-lite86 v0.2.17
[INFO] [stderr]    Compiling log v0.4.19
[INFO] [stderr]    Compiling standback v0.2.17
[INFO] [stderr]    Compiling unicase v2.6.0
[INFO] [stderr]    Compiling lock_api v0.4.10
[INFO] [stderr]    Compiling slab v0.4.8
[INFO] [stderr]    Compiling indexmap v1.9.3
[INFO] [stderr]    Compiling num-traits v0.2.16
[INFO] [stderr]    Compiling tokio v1.29.1
[INFO] [stderr]    Compiling generic-array v0.14.7
[INFO] [stderr]    Compiling hashbrown v0.12.3
[INFO] [stderr]    Compiling futures-io v0.3.28
[INFO] [stderr]    Compiling aho-corasick v1.0.2
[INFO] [stderr]    Compiling pin-utils v0.1.0
[INFO] [stderr]    Compiling quote v1.0.32
[INFO] [stderr]    Compiling tracing-core v0.1.31
[INFO] [stderr]    Compiling bitflags v2.3.3
[INFO] [stderr]    Compiling fnv v1.0.7
[INFO] [stderr]    Compiling const_fn v0.4.9
[INFO] [stderr]    Compiling serde_json v1.0.104
[INFO] [stderr]    Compiling syn v2.0.28
[INFO] [stderr]    Compiling getrandom v0.2.10
[INFO] [stderr]    Compiling socket2 v0.4.9
[INFO] [stderr]    Compiling mio v0.8.8
[INFO] [stderr]    Compiling signal-hook-registry v1.4.1
[INFO] [stderr]    Compiling num_cpus v1.16.0
[INFO] [stderr]    Compiling rand_core v0.6.4
[INFO] [stderr]    Compiling parking_lot v0.12.1
[INFO] [stderr]    Compiling tracing v0.1.37
[INFO] [stderr]    Compiling rand_chacha v0.3.1
[INFO] [stderr]    Compiling scheduled-thread-pool v0.2.7
[INFO] [stderr]    Compiling rand v0.8.5
[INFO] [stderr]    Compiling time v0.1.45
[INFO] [stderr]    Compiling http v0.2.9
[INFO] [stderr]    Compiling time v0.2.27
[INFO] [stderr]    Compiling ryu v1.0.15
[INFO] [stderr]    Compiling iana-time-zone v0.1.57
[INFO] [stderr]    Compiling httparse v1.8.0
[INFO] [stderr]    Compiling byteorder v1.4.3
[INFO] [stderr]    Compiling pq-sys v0.4.8
[INFO] [stderr]    Compiling equivalent v1.0.1
[INFO] [stderr]    Compiling regex-automata v0.3.4
[INFO] [stderr]    Compiling hashbrown v0.14.0
[INFO] [stderr]    Compiling percent-encoding v2.3.0
[INFO] [stderr]    Compiling mime_guess v2.0.4
[INFO] [stderr]    Compiling r2d2 v0.8.10
[INFO] [stderr]    Compiling cc v1.0.80
[INFO] [stderr]    Compiling cookie v0.15.2
[INFO] [stderr]    Compiling proc-macro-error-attr v1.0.4
[INFO] [stderr]    Compiling anyhow v1.0.72
[INFO] [stderr]    Compiling tinyvec_macros v0.1.1
[INFO] [stderr]    Compiling winnow v0.5.3
[INFO] [stderr]    Compiling thiserror v1.0.44
[INFO] [stderr]    Compiling time-core v0.1.1
[INFO] [stderr]    Compiling try-lock v0.2.4
[INFO] [stderr]    Compiling time-macros v0.2.11
[INFO] [stderr]    Compiling want v0.3.1
[INFO] [stderr]    Compiling indexmap v2.0.0
[INFO] [stderr]    Compiling http-body v0.4.5
[INFO] [stderr]    Compiling tinyvec v1.6.0
[INFO] [stderr]    Compiling crypto-common v0.1.6
[INFO] [stderr]    Compiling block-buffer v0.10.4
[INFO] [stderr]    Compiling uuid v0.8.2
[INFO] [stderr]    Compiling proc-macro-error v1.0.4
[INFO] [stderr]    Compiling httpdate v1.0.2
[INFO] [stderr]    Compiling tower-service v0.3.2
[INFO] [stderr]    Compiling paste v1.0.14
[INFO] [stderr]    Compiling rustix v0.38.4
[INFO] [stderr]    Compiling deranged v0.3.6
[INFO] [stderr]    Compiling base64 v0.13.1
[INFO] [stderr]    Compiling mime v0.3.17
[INFO] [stderr]    Compiling digest v0.10.7
[INFO] [stderr]    Compiling serde_spanned v0.6.3
[INFO] [stderr]    Compiling chrono v0.4.26
[INFO] [stderr]    Compiling toml_datetime v0.6.3
[INFO] [stderr]    Compiling ring v0.16.20
[INFO] [stderr]    Compiling unicode-normalization v0.1.22
[INFO] [stderr]    Compiling bincode v1.3.3
[INFO] [stderr]    Compiling either v1.9.0
[INFO] [stderr]    Compiling spin v0.5.2
[INFO] [stderr]    Compiling untrusted v0.7.1
[INFO] [stderr]    Compiling cpufeatures v0.2.9
[INFO] [stderr]    Compiling diesel_table_macro_syntax v0.1.0
[INFO] [stderr]    Compiling syn-path v2.0.0
[INFO] [stderr]    Compiling serde_derive_internals v0.28.0
[INFO] [stderr]    Compiling linux-raw-sys v0.4.5
[INFO] [stderr]    Compiling linked-hash-map v0.5.6
[INFO] [stderr]    Compiling regex v1.9.1
[INFO] [stderr]    Compiling toml_edit v0.19.14
[INFO] [stderr]    Compiling borrow-bag v1.1.0
[INFO] [stderr]    Compiling unicode-bidi v0.3.13
[INFO] [stderr]    Compiling sha2 v0.10.7
[INFO] [stderr]    Compiling form_urlencoded v1.2.0
[INFO] [stderr]    Compiling unindent v0.2.2
[INFO] [stderr]    Compiling openapiv3 v1.0.2
[INFO] [stderr]    Compiling time v0.3.24
[INFO] [stderr]    Compiling if_chain v1.0.2
[INFO] [stderr]    Compiling base64 v0.21.2
[INFO] [stderr]    Compiling validator_types v0.16.0
[INFO] [stderr]    Compiling idna v0.4.0
[INFO] [stderr]    Compiling gotham_restful_redoc v0.2.1+2.0.0
[INFO] [stderr]    Compiling termcolor v1.2.0
[INFO] [stderr]    Compiling humantime v2.1.0
[INFO] [stderr]    Compiling base62 v2.0.2
[INFO] [stderr]    Compiling dotenv v0.15.0
[INFO] [stderr]    Compiling is-terminal v0.4.9
[INFO] [stderr]    Compiling env_logger v0.10.0
[INFO] [stderr]    Compiling url v2.4.0
[INFO] [stderr]    Compiling toml v0.7.6
[INFO] [stderr]    Compiling futures-macro v0.3.28
[INFO] [stderr]    Compiling tokio-macros v2.1.0
[INFO] [stderr]    Compiling uuid-macro-internal v1.4.1
[INFO] [stderr]    Compiling pin-project-internal v1.1.2
[INFO] [stderr]    Compiling thiserror-impl v1.0.44
[INFO] [stderr]    Compiling time-macros-impl v0.1.2
[INFO] [stderr]    Compiling diesel_derives v2.1.0
[INFO] [stderr]    Compiling gotham_derive v0.7.1
[INFO] [stderr]    Compiling diesel_derives v1.4.1
[INFO] [stderr]    Compiling lazy-regex-proc_macros v2.4.1
[INFO] [stderr]    Compiling migrations_internals v2.1.0
[INFO] [stderr]    Compiling uuid v1.4.1
[INFO] [stderr]    Compiling openapi_type_derive v0.4.4
[INFO] [stderr]    Compiling validator_derive v0.16.0
[INFO] [stderr]    Compiling time-macros v0.1.1
[INFO] [stderr]    Compiling jsonwebtoken v8.3.0
[INFO] [stderr]    Compiling migrations_macros v2.1.0
[INFO] [stderr]    Compiling pin-project v1.1.2
[INFO] [stderr]    Compiling openapi_type v0.4.2
[INFO] [stderr]    Compiling lazy-regex v2.5.0
[INFO] [stderr]    Compiling gotham_restful_derive v0.8.2
[INFO] [stderr]    Compiling validator v0.16.1
[INFO] [stderr]    Compiling diesel v1.4.8
[INFO] [stderr]    Compiling futures-executor v0.3.28
[INFO] [stderr]    Compiling futures v0.3.28
[INFO] [stderr]    Compiling diesel v2.1.0
[INFO] [stderr]    Compiling tokio-util v0.7.8
[INFO] [stderr]    Compiling h2 v0.3.20
[INFO] [stderr]    Compiling hyper v0.14.27
[INFO] [stderr]    Compiling r2d2-diesel v1.0.0
[INFO] [stderr]    Compiling gotham v0.7.1
[INFO] [stderr]    Compiling gotham_middleware_diesel v0.5.0
[INFO] [stderr]    Compiling diesel_migrations v2.1.0
[INFO] [stderr]    Compiling gotham_restful v0.8.3
[INFO] [stderr]    Compiling encurtador v0.1.0 (/opt/rustwide/workdir)
[INFO] [stderr]     Finished dev [unoptimized + debuginfo] target(s) in 30.18s
[INFO] running `Command { std: "docker" "inspect" "3ab62493cd47558550f59661cbe069fd9ac3630a274ccdf669048327847ead11", kill_on_drop: false }`
[INFO] running `Command { std: "docker" "rm" "-f" "3ab62493cd47558550f59661cbe069fd9ac3630a274ccdf669048327847ead11", kill_on_drop: false }`
[INFO] [stdout] 3ab62493cd47558550f59661cbe069fd9ac3630a274ccdf669048327847ead11
[INFO] running `Command { std: "docker" "create" "-v" "/var/lib/crater-agent-workspace/builds/worker-2-tc2/target:/opt/rustwide/target:rw,Z" "-v" "/var/lib/crater-agent-workspace/builds/worker-2-tc2/source:/opt/rustwide/workdir:ro,Z" "-v" "/var/lib/crater-agent-workspace/cargo-home:/opt/rustwide/cargo-home:ro,Z" "-v" "/var/lib/crater-agent-workspace/rustup-home:/opt/rustwide/rustup-home:ro,Z" "-e" "SOURCE_DIR=/opt/rustwide/workdir" "-e" "CARGO_TARGET_DIR=/opt/rustwide/target" "-e" "CARGO_INCREMENTAL=0" "-e" "RUST_BACKTRACE=full" "-e" "RUSTFLAGS=--cap-lints=warn" "-e" "RUSTDOCFLAGS=--cap-lints=warn" "-e" "CARGO_HOME=/opt/rustwide/cargo-home" "-e" "RUSTUP_HOME=/opt/rustwide/rustup-home" "-w" "/opt/rustwide/workdir" "-m" "1610612736" "--user" "0:0" "--network" "none" "ghcr.io/rust-lang/crates-build-env/linux@sha256:2788e3201cd34a07e3172128adcd8b3090168a8e3bcc40d7c032b9dda1df7d1c" "/opt/rustwide/cargo-home/bin/cargo" "+beta-2023-12-22" "test" "--frozen" "--no-run" "--message-format=json", kill_on_drop: false }`
[INFO] [stdout] 5d1316598174abfe5ade826000ab830d2c153888d7ce686ebdf03f222db905ff
[INFO] running `Command { std: "docker" "start" "-a" "5d1316598174abfe5ade826000ab830d2c153888d7ce686ebdf03f222db905ff", kill_on_drop: false }`
[INFO] [stderr]    Compiling libm v0.2.7
[INFO] [stderr]    Compiling num-traits v0.2.16
[INFO] [stderr]    Compiling pkg-config v0.3.27
[INFO] [stderr]    Compiling vcpkg v0.2.15
[INFO] [stderr]    Compiling rustix v0.38.4
[INFO] [stderr]    Compiling openssl v0.10.56
[INFO] [stderr]    Compiling foreign-types-shared v0.1.1
[INFO] [stderr]    Compiling openssl-macros v0.1.1
[INFO] [stderr]    Compiling native-tls v0.2.11
[INFO] [stderr]    Compiling openssl-probe v0.1.5
[INFO] [stderr]    Compiling proc-macro2 v0.4.30
[INFO] [stderr]    Compiling unicode-xid v0.1.0
[INFO] [stderr]    Compiling syn v0.15.44
[INFO] [stderr]    Compiling fastrand v2.0.0
[INFO] [stderr]    Compiling serde_urlencoded v0.7.1
[INFO] [stderr]    Compiling wait-timeout v0.2.0
[INFO] [stderr]    Compiling foreign-types v0.3.2
[INFO] [stderr]    Compiling encoding_rs v0.8.32
[INFO] [stderr]    Compiling ipnet v2.8.0
[INFO] [stderr]    Compiling quick-error v1.2.3
[INFO] [stderr]    Compiling bit-vec v0.6.3
[INFO] [stderr]    Compiling rand_xorshift v0.3.0
[INFO] [stderr]    Compiling regex-syntax v0.6.29
[INFO] [stderr]    Compiling unarray v0.1.4
[INFO] [stderr]    Compiling temp-env v0.3.4
[INFO] [stderr]    Compiling bit-set v0.5.3
[INFO] [stderr]    Compiling openssl-sys v0.9.91
[INFO] [stderr]    Compiling quote v0.6.13
[INFO] [stderr]    Compiling chrono v0.4.26
[INFO] [stderr]    Compiling is-terminal v0.4.9
[INFO] [stderr]    Compiling tempfile v3.7.0
[INFO] [stderr]    Compiling env_logger v0.10.0
[INFO] [stderr]    Compiling rusty-fork v0.3.0
[INFO] [stderr]    Compiling proptest v1.2.0
[INFO] [stderr]    Compiling diesel v2.1.0
[INFO] [stderr]    Compiling openapi_type v0.4.2
[INFO] [stderr]    Compiling proptest-derive v0.3.0
[INFO] [stderr]    Compiling tokio-native-tls v0.3.1
[INFO] [stderr]    Compiling hyper-tls v0.5.0
[INFO] [stderr]    Compiling reqwest v0.11.18
[INFO] [stderr]    Compiling openapi v0.1.0 (/opt/rustwide/workdir/tests/client)
[INFO] [stderr]    Compiling gotham_middleware_diesel v0.5.0
[INFO] [stderr]    Compiling diesel_migrations v2.1.0
[INFO] [stderr]    Compiling gotham_restful v0.8.3
[INFO] [stderr]    Compiling encurtador v0.1.0 (/opt/rustwide/workdir)
[INFO] [stderr]     Finished test [unoptimized + debuginfo] target(s) in 23.19s
[INFO] running `Command { std: "docker" "inspect" "5d1316598174abfe5ade826000ab830d2c153888d7ce686ebdf03f222db905ff", kill_on_drop: false }`
[INFO] running `Command { std: "docker" "rm" "-f" "5d1316598174abfe5ade826000ab830d2c153888d7ce686ebdf03f222db905ff", kill_on_drop: false }`
[INFO] [stdout] 5d1316598174abfe5ade826000ab830d2c153888d7ce686ebdf03f222db905ff
[INFO] running `Command { std: "docker" "create" "-v" "/var/lib/crater-agent-workspace/builds/worker-2-tc2/target:/opt/rustwide/target:rw,Z" "-v" "/var/lib/crater-agent-workspace/builds/worker-2-tc2/source:/opt/rustwide/workdir:ro,Z" "-v" "/var/lib/crater-agent-workspace/cargo-home:/opt/rustwide/cargo-home:ro,Z" "-v" "/var/lib/crater-agent-workspace/rustup-home:/opt/rustwide/rustup-home:ro,Z" "-e" "SOURCE_DIR=/opt/rustwide/workdir" "-e" "CARGO_TARGET_DIR=/opt/rustwide/target" "-e" "CARGO_INCREMENTAL=0" "-e" "RUST_BACKTRACE=full" "-e" "RUSTFLAGS=--cap-lints=warn" "-e" "RUSTDOCFLAGS=--cap-lints=warn" "-e" "CARGO_HOME=/opt/rustwide/cargo-home" "-e" "RUSTUP_HOME=/opt/rustwide/rustup-home" "-w" "/opt/rustwide/workdir" "-m" "1610612736" "--user" "0:0" "--network" "none" "ghcr.io/rust-lang/crates-build-env/linux@sha256:2788e3201cd34a07e3172128adcd8b3090168a8e3bcc40d7c032b9dda1df7d1c" "/opt/rustwide/cargo-home/bin/cargo" "+beta-2023-12-22" "test" "--frozen", kill_on_drop: false }`
[INFO] [stdout] 1843619bb75ee8b1d5a157ae0b544bc2aad652a3ddc452552ffccc50d79a8bc4
[INFO] running `Command { std: "docker" "start" "-a" "1843619bb75ee8b1d5a157ae0b544bc2aad652a3ddc452552ffccc50d79a8bc4", kill_on_drop: false }`
[INFO] [stderr]     Finished test [unoptimized + debuginfo] target(s) in 0.31s
[INFO] [stderr]      Running unittests src/lib.rs (/opt/rustwide/target/debug/deps/encurtador-5e430a977551b9fe)
[INFO] [stdout] 
[INFO] [stdout] running 5 tests
[INFO] [stdout] test config::tests::app_address_defaults ... ok
[INFO] [stdout] test config::tests::app_address_from_env ... ok
[INFO] [stdout] test resources::urls::tests::url_uniqueness_on_any_characters ... ok
[INFO] [stdout] test resources::urls::tests::url_uniqueness_on_proper_url ... ok
[INFO] [stdout] test resources::urls::tests::uniqueness_on_same_url ... ok
[INFO] [stdout] 
[INFO] [stdout] test result: ok. 5 passed; 0 failed; 0 ignored; 0 measured; 0 filtered out; finished in 0.38s
[INFO] [stdout] 
[INFO] [stderr]      Running unittests src/main.rs (/opt/rustwide/target/debug/deps/encurtador-f53cf34216aa53da)
[INFO] [stdout] 
[INFO] [stdout] running 0 tests
[INFO] [stdout] 
[INFO] [stdout] test result: ok. 0 passed; 0 failed; 0 ignored; 0 measured; 0 filtered out; finished in 0.00s
[INFO] [stdout] 
[INFO] [stderr]      Running tests/common.rs (/opt/rustwide/target/debug/deps/common-54a5685eb82810c6)
[INFO] [stdout] 
[INFO] [stdout] running 0 tests
[INFO] [stdout] 
[INFO] [stdout] test result: ok. 0 passed; 0 failed; 0 ignored; 0 measured; 0 filtered out; finished in 0.00s
[INFO] [stdout] 
[INFO] [stderr]      Running tests/integration.rs (/opt/rustwide/target/debug/deps/integration-5dd06629821e76ad)
[INFO] [stdout] 
[INFO] [stdout] running 1 test
[INFO] [stderr] [2024-01-06T00:09:36Z INFO  integration::common] Starting: "/opt/rustwide/target/debug/encurtador"
[INFO] [stdout] test it_shortens_urls_and_counts_visits ... FAILED
[INFO] [stdout] 
[INFO] [stdout] failures:
[INFO] [stdout] 
[INFO] [stdout] ---- it_shortens_urls_and_counts_visits stdout ----
[INFO] [stdout] thread 'it_shortens_urls_and_counts_visits' panicked at tests/integration.rs:29:56:
[INFO] [stdout] called `Result::unwrap()` on an `Err` value: Reqwest(reqwest::Error { kind: Request, url: Url { scheme: "http", cannot_be_a_base: false, username: "", password: None, host: Some(Domain("localhost")), port: Some(3000), path: "/api/v1/urls", query: None, fragment: None }, source: hyper::Error(Connect, ConnectError("tcp connect error", Os { code: 99, kind: AddrNotAvailable, message: "Cannot assign requested address" })) })
[INFO] [stdout] stack backtrace:
[INFO] [stdout]    0:     0x55f2bb090356 - std::backtrace_rs::backtrace::libunwind::trace::h261606ad26a499c1
[INFO] [stdout]                                at /rustc/0e09125c6c3c2fd70d7de961bcf0e51575235fad/library/std/src/../../backtrace/src/backtrace/libunwind.rs:104:5
[INFO] [stdout]    1:     0x55f2bb090356 - std::backtrace_rs::backtrace::trace_unsynchronized::hd183f0625477fb28
[INFO] [stdout]                                at /rustc/0e09125c6c3c2fd70d7de961bcf0e51575235fad/library/std/src/../../backtrace/src/backtrace/mod.rs:66:5
[INFO] [stdout]    2:     0x55f2bb090356 - std::sys_common::backtrace::_print_fmt::hd7f8fef21b4eda67
[INFO] [stdout]                                at /rustc/0e09125c6c3c2fd70d7de961bcf0e51575235fad/library/std/src/sys_common/backtrace.rs:68:5
[INFO] [stdout]    3:     0x55f2bb090356 - <std::sys_common::backtrace::_print::DisplayBacktrace as core::fmt::Display>::fmt::h623d9b51f2f453f1
[INFO] [stdout]                                at /rustc/0e09125c6c3c2fd70d7de961bcf0e51575235fad/library/std/src/sys_common/backtrace.rs:44:22
[INFO] [stdout]    4:     0x55f2bb0bcaf0 - core::fmt::rt::Argument::fmt::h9f417ac76a86f368
[INFO] [stdout]                                at /rustc/0e09125c6c3c2fd70d7de961bcf0e51575235fad/library/core/src/fmt/rt.rs:142:9
[INFO] [stdout]    5:     0x55f2bb0bcaf0 - core::fmt::write::hc9b6faf4ac2aeff7
[INFO] [stdout]                                at /rustc/0e09125c6c3c2fd70d7de961bcf0e51575235fad/library/core/src/fmt/mod.rs:1120:17
[INFO] [stdout]    6:     0x55f2bb08d0af - std::io::Write::write_fmt::he04625a3a989fec3
[INFO] [stdout]                                at /rustc/0e09125c6c3c2fd70d7de961bcf0e51575235fad/library/std/src/io/mod.rs:1810:15
[INFO] [stdout]    7:     0x55f2bb090134 - std::sys_common::backtrace::_print::hd5d66399c7df88a2
[INFO] [stdout]                                at /rustc/0e09125c6c3c2fd70d7de961bcf0e51575235fad/library/std/src/sys_common/backtrace.rs:47:5
[INFO] [stdout]    8:     0x55f2bb090134 - std::sys_common::backtrace::print::he81ed2da642d37e5
[INFO] [stdout]                                at /rustc/0e09125c6c3c2fd70d7de961bcf0e51575235fad/library/std/src/sys_common/backtrace.rs:34:9
[INFO] [stdout]    9:     0x55f2bb091ea7 - std::panicking::default_hook::{{closure}}::h85773f4fa117163d
[INFO] [stdout]   10:     0x55f2bb091b8d - std::panicking::default_hook::h6a1694a91d09b278
[INFO] [stdout]                                at /rustc/0e09125c6c3c2fd70d7de961bcf0e51575235fad/library/std/src/panicking.rs:289:9
[INFO] [stdout]   11:     0x55f2ba90d8b7 - <alloc::boxed::Box<F,A> as core::ops::function::Fn<Args>>::call::h616ac37fa3cd6c8f
[INFO] [stdout]                                at /rustc/0e09125c6c3c2fd70d7de961bcf0e51575235fad/library/alloc/src/boxed.rs:2029:9
[INFO] [stdout]   12:     0x55f2ba90d8b7 - test::test_main::{{closure}}::h00d84697cefdcbb6
[INFO] [stdout]                                at /rustc/0e09125c6c3c2fd70d7de961bcf0e51575235fad/library/test/src/lib.rs:138:21
[INFO] [stdout]   13:     0x55f2bb0924c6 - <alloc::boxed::Box<F,A> as core::ops::function::Fn<Args>>::call::hcb3fe3b9bb537ba8
[INFO] [stdout]                                at /rustc/0e09125c6c3c2fd70d7de961bcf0e51575235fad/library/alloc/src/boxed.rs:2029:9
[INFO] [stdout]   14:     0x55f2bb0924c6 - std::panicking::rust_panic_with_hook::h0a7ad96e90f7145b
[INFO] [stdout]                                at /rustc/0e09125c6c3c2fd70d7de961bcf0e51575235fad/library/std/src/panicking.rs:783:13
[INFO] [stdout]   15:     0x55f2bb092212 - std::panicking::begin_panic_handler::{{closure}}::h7919090525c6485e
[INFO] [stdout]                                at /rustc/0e09125c6c3c2fd70d7de961bcf0e51575235fad/library/std/src/panicking.rs:657:13
[INFO] [stdout]   16:     0x55f2bb090856 - std::sys_common::backtrace::__rust_end_short_backtrace::hf3289479464f7dfe
[INFO] [stdout]                                at /rustc/0e09125c6c3c2fd70d7de961bcf0e51575235fad/library/std/src/sys_common/backtrace.rs:171:18
[INFO] [stdout]   17:     0x55f2bb091f70 - rust_begin_unwind
[INFO] [stdout]                                at /rustc/0e09125c6c3c2fd70d7de961bcf0e51575235fad/library/std/src/panicking.rs:645:5
[INFO] [stdout]   18:     0x55f2ba89f675 - core::panicking::panic_fmt::hcc9f77c5c132af55
[INFO] [stdout]                                at /rustc/0e09125c6c3c2fd70d7de961bcf0e51575235fad/library/core/src/panicking.rs:72:14
[INFO] [stdout]   19:     0x55f2ba89fcb3 - core::result::unwrap_failed::hbe14f498be1452f9
[INFO] [stdout]                                at /rustc/0e09125c6c3c2fd70d7de961bcf0e51575235fad/library/core/src/result.rs:1649:5
[INFO] [stdout]   20:     0x55f2ba8c6b2d - core::result::Result<T,E>::unwrap::he1ab99820b6c366a
[INFO] [stdout]                                at /rustc/0e09125c6c3c2fd70d7de961bcf0e51575235fad/library/core/src/result.rs:1073:23
[INFO] [stdout]   21:     0x55f2ba8d2c76 - integration::it_shortens_urls_and_counts_visits::{{closure}}::h57e6eecd211fa5f0
[INFO] [stdout]                                at /opt/rustwide/workdir/tests/integration.rs:29:20
[INFO] [stdout]   22:     0x55f2ba8bf698 - <core::pin::Pin<P> as core::future::future::Future>::poll::h8898094a2a1d4d33
[INFO] [stdout]                                at /rustc/0e09125c6c3c2fd70d7de961bcf0e51575235fad/library/core/src/future/future.rs:124:9
[INFO] [stdout]   23:     0x55f2ba8bf6eb - <core::pin::Pin<P> as core::future::future::Future>::poll::h9bd40c3a255cc5bf
[INFO] [stdout]                                at /rustc/0e09125c6c3c2fd70d7de961bcf0e51575235fad/library/core/src/future/future.rs:124:9
[INFO] [stdout]   24:     0x55f2ba8b8734 - tokio::runtime::scheduler::current_thread::CoreGuard::block_on::{{closure}}::{{closure}}::{{closure}}::h784f0fb193679f0f
[INFO] [stdout]                                at /opt/rustwide/cargo-home/registry/src/index.crates.io-6f17d22bba15001f/tokio-1.29.1/src/runtime/scheduler/current_thread.rs:651:57
[INFO] [stdout]   25:     0x55f2ba8b865a - tokio::runtime::coop::with_budget::ha0ac8eb3a5836eaa
[INFO] [stdout]                                at /opt/rustwide/cargo-home/registry/src/index.crates.io-6f17d22bba15001f/tokio-1.29.1/src/runtime/coop.rs:107:5
[INFO] [stdout]   26:     0x55f2ba8b865a - tokio::runtime::coop::budget::had17a28f6a9e645f
[INFO] [stdout]                                at /opt/rustwide/cargo-home/registry/src/index.crates.io-6f17d22bba15001f/tokio-1.29.1/src/runtime/coop.rs:73:5
[INFO] [stdout]   27:     0x55f2ba8b865a - tokio::runtime::scheduler::current_thread::CoreGuard::block_on::{{closure}}::{{closure}}::h2c74deb4c5010759
[INFO] [stdout]                                at /opt/rustwide/cargo-home/registry/src/index.crates.io-6f17d22bba15001f/tokio-1.29.1/src/runtime/scheduler/current_thread.rs:651:25
[INFO] [stdout]   28:     0x55f2ba8b6fec - tokio::runtime::scheduler::current_thread::Context::enter::h2694d3ee04f626fc
[INFO] [stdout]                                at /opt/rustwide/cargo-home/registry/src/index.crates.io-6f17d22bba15001f/tokio-1.29.1/src/runtime/scheduler/current_thread.rs:410:19
[INFO] [stdout]   29:     0x55f2ba8b7e5e - tokio::runtime::scheduler::current_thread::CoreGuard::block_on::{{closure}}::h49bfd04aa75dfe31
[INFO] [stdout]                                at /opt/rustwide/cargo-home/registry/src/index.crates.io-6f17d22bba15001f/tokio-1.29.1/src/runtime/scheduler/current_thread.rs:650:36
[INFO] [stdout]   30:     0x55f2ba8b7b6b - tokio::runtime::scheduler::current_thread::CoreGuard::enter::{{closure}}::h00cc6f8f763a2921
[INFO] [stdout]                                at /opt/rustwide/cargo-home/registry/src/index.crates.io-6f17d22bba15001f/tokio-1.29.1/src/runtime/scheduler/current_thread.rs:729:68
[INFO] [stdout]   31:     0x55f2ba8b5d8b - tokio::runtime::context::scoped::Scoped<T>::set::hf4ae721f78756ed1
[INFO] [stdout]                                at /opt/rustwide/cargo-home/registry/src/index.crates.io-6f17d22bba15001f/tokio-1.29.1/src/runtime/context/scoped.rs:40:9
[INFO] [stdout]   32:     0x55f2ba8beec9 - tokio::runtime::context::set_scheduler::{{closure}}::h3bccbdffab1be777
[INFO] [stdout]                                at /opt/rustwide/cargo-home/registry/src/index.crates.io-6f17d22bba15001f/tokio-1.29.1/src/runtime/context.rs:176:26
[INFO] [stdout]   33:     0x55f2ba8b22b6 - std::thread::local::LocalKey<T>::try_with::hb50d08e5631f9b98
[INFO] [stdout]                                at /rustc/0e09125c6c3c2fd70d7de961bcf0e51575235fad/library/std/src/thread/local.rs:270:16
[INFO] [stdout]   34:     0x55f2ba8b18aa - std::thread::local::LocalKey<T>::with::hfde39ac4d49963d2
[INFO] [stdout]                                at /rustc/0e09125c6c3c2fd70d7de961bcf0e51575235fad/library/std/src/thread/local.rs:246:9
[INFO] [stdout]   35:     0x55f2ba8bee7d - tokio::runtime::context::set_scheduler::he13735c96cf35a61
[INFO] [stdout]                                at /opt/rustwide/cargo-home/registry/src/index.crates.io-6f17d22bba15001f/tokio-1.29.1/src/runtime/context.rs:176:9
[INFO] [stdout]   36:     0x55f2ba8b7900 - tokio::runtime::scheduler::current_thread::CoreGuard::enter::h9a2725fbb560d6c4
[INFO] [stdout]                                at /opt/rustwide/cargo-home/registry/src/index.crates.io-6f17d22bba15001f/tokio-1.29.1/src/runtime/scheduler/current_thread.rs:729:27
[INFO] [stdout]   37:     0x55f2ba8b7b9d - tokio::runtime::scheduler::current_thread::CoreGuard::block_on::h1078c9fa43553b8a
[INFO] [stdout]                                at /opt/rustwide/cargo-home/registry/src/index.crates.io-6f17d22bba15001f/tokio-1.29.1/src/runtime/scheduler/current_thread.rs:638:19
[INFO] [stdout]   38:     0x55f2ba8b65cd - tokio::runtime::scheduler::current_thread::CurrentThread::block_on::{{closure}}::h699189b71e709692
[INFO] [stdout]                                at /opt/rustwide/cargo-home/registry/src/index.crates.io-6f17d22bba15001f/tokio-1.29.1/src/runtime/scheduler/current_thread.rs:175:28
[INFO] [stdout]   39:     0x55f2ba8cfffa - tokio::runtime::context::runtime::enter_runtime::h8bdfaa322a064636
[INFO] [stdout]                                at /opt/rustwide/cargo-home/registry/src/index.crates.io-6f17d22bba15001f/tokio-1.29.1/src/runtime/context/runtime.rs:65:16
[INFO] [stdout]   40:     0x55f2ba8b64de - tokio::runtime::scheduler::current_thread::CurrentThread::block_on::h5c19540b5f3289dc
[INFO] [stdout]                                at /opt/rustwide/cargo-home/registry/src/index.crates.io-6f17d22bba15001f/tokio-1.29.1/src/runtime/scheduler/current_thread.rs:167:9
[INFO] [stdout]   41:     0x55f2ba8cbc2d - tokio::runtime::runtime::Runtime::block_on::h25cdeca62d2dc38a
[INFO] [stdout]                                at /opt/rustwide/cargo-home/registry/src/index.crates.io-6f17d22bba15001f/tokio-1.29.1/src/runtime/runtime.rs:311:47
[INFO] [stdout]   42:     0x55f2ba8d231a - integration::it_shortens_urls_and_counts_visits::h0b45d661c21e89fd
[INFO] [stdout]                                at /opt/rustwide/workdir/tests/integration.rs:55:5
[INFO] [stdout]   43:     0x55f2ba8d21a7 - integration::it_shortens_urls_and_counts_visits::{{closure}}::h8d25ff762f300ec5
[INFO] [stdout]                                at /opt/rustwide/workdir/tests/integration.rs:15:46
[INFO] [stdout]   44:     0x55f2ba8a21e6 - core::ops::function::FnOnce::call_once::hd6eef43269d2981b
[INFO] [stdout]                                at /rustc/0e09125c6c3c2fd70d7de961bcf0e51575235fad/library/core/src/ops/function.rs:250:5
[INFO] [stdout]   45:     0x55f2ba91318f - core::ops::function::FnOnce::call_once::hd64d26f405258157
[INFO] [stdout]                                at /rustc/0e09125c6c3c2fd70d7de961bcf0e51575235fad/library/core/src/ops/function.rs:250:5
[INFO] [stdout]   46:     0x55f2ba91318f - test::__rust_begin_short_backtrace::he21b0b7a6d731bf9
[INFO] [stdout]                                at /rustc/0e09125c6c3c2fd70d7de961bcf0e51575235fad/library/test/src/lib.rs:627:18
[INFO] [stdout]   47:     0x55f2ba911f11 - test::run_test_in_process::{{closure}}::hf5c73986d7bdfde2
[INFO] [stdout]                                at /rustc/0e09125c6c3c2fd70d7de961bcf0e51575235fad/library/test/src/lib.rs:650:60
[INFO] [stdout]   48:     0x55f2ba911f11 - <core::panic::unwind_safe::AssertUnwindSafe<F> as core::ops::function::FnOnce<()>>::call_once::h330011ad032aadc0
[INFO] [stdout]                                at /rustc/0e09125c6c3c2fd70d7de961bcf0e51575235fad/library/core/src/panic/unwind_safe.rs:272:9
[INFO] [stdout]   49:     0x55f2ba911f11 - std::panicking::try::do_call::he61b0a958b795a41
[INFO] [stdout]                                at /rustc/0e09125c6c3c2fd70d7de961bcf0e51575235fad/library/std/src/panicking.rs:552:40
[INFO] [stdout]   50:     0x55f2ba911f11 - std::panicking::try::h7309da130f906eb7
[INFO] [stdout]                                at /rustc/0e09125c6c3c2fd70d7de961bcf0e51575235fad/library/std/src/panicking.rs:516:19
[INFO] [stdout]   51:     0x55f2ba911f11 - std::panic::catch_unwind::hc5c3a06fdaf0a92a
[INFO] [stdout]                                at /rustc/0e09125c6c3c2fd70d7de961bcf0e51575235fad/library/std/src/panic.rs:142:14
[INFO] [stdout]   52:     0x55f2ba911f11 - test::run_test_in_process::h7e7b7c71c3324e0f
[INFO] [stdout]                                at /rustc/0e09125c6c3c2fd70d7de961bcf0e51575235fad/library/test/src/lib.rs:650:27
[INFO] [stdout]   53:     0x55f2ba911f11 - test::run_test::{{closure}}::h1f509f28f5cf20b1
[INFO] [stdout]                                at /rustc/0e09125c6c3c2fd70d7de961bcf0e51575235fad/library/test/src/lib.rs:573:43
[INFO] [stdout]   54:     0x55f2ba8d9246 - test::run_test::{{closure}}::h1754218abf443f6d
[INFO] [stdout]                                at /rustc/0e09125c6c3c2fd70d7de961bcf0e51575235fad/library/test/src/lib.rs:601:41
[INFO] [stdout]   55:     0x55f2ba8d9246 - std::sys_common::backtrace::__rust_begin_short_backtrace::h2ee174b9d5954948
[INFO] [stdout]                                at /rustc/0e09125c6c3c2fd70d7de961bcf0e51575235fad/library/std/src/sys_common/backtrace.rs:155:18
[INFO] [stdout]   56:     0x55f2ba8de2a7 - std::thread::Builder::spawn_unchecked_::{{closure}}::{{closure}}::hf60bee9c1a17ef09
[INFO] [stdout]                                at /rustc/0e09125c6c3c2fd70d7de961bcf0e51575235fad/library/std/src/thread/mod.rs:529:17
[INFO] [stdout]   57:     0x55f2ba8de2a7 - <core::panic::unwind_safe::AssertUnwindSafe<F> as core::ops::function::FnOnce<()>>::call_once::h33d0dddec5216160
[INFO] [stdout]                                at /rustc/0e09125c6c3c2fd70d7de961bcf0e51575235fad/library/core/src/panic/unwind_safe.rs:272:9
[INFO] [stdout]   58:     0x55f2ba8de2a7 - std::panicking::try::do_call::h144b3048b546f835
[INFO] [stdout]                                at /rustc/0e09125c6c3c2fd70d7de961bcf0e51575235fad/library/std/src/panicking.rs:552:40
[INFO] [stdout]   59:     0x55f2ba8de2a7 - std::panicking::try::h978244d04646189f
[INFO] [stdout]                                at /rustc/0e09125c6c3c2fd70d7de961bcf0e51575235fad/library/std/src/panicking.rs:516:19
[INFO] [stdout]   60:     0x55f2ba8de2a7 - std::panic::catch_unwind::hdf436369d188fe86
[INFO] [stdout]                                at /rustc/0e09125c6c3c2fd70d7de961bcf0e51575235fad/library/std/src/panic.rs:142:14
[INFO] [stdout]   61:     0x55f2ba8de2a7 - std::thread::Builder::spawn_unchecked_::{{closure}}::h87329cbdd33c79ec
[INFO] [stdout]                                at /rustc/0e09125c6c3c2fd70d7de961bcf0e51575235fad/library/std/src/thread/mod.rs:528:30
[INFO] [stdout]   62:     0x55f2ba8de2a7 - core::ops::function::FnOnce::call_once{{vtable.shim}}::h401abbe67897d450
[INFO] [stdout]                                at /rustc/0e09125c6c3c2fd70d7de961bcf0e51575235fad/library/core/src/ops/function.rs:250:5
[INFO] [stdout]   63:     0x55f2bb097315 - <alloc::boxed::Box<F,A> as core::ops::function::FnOnce<Args>>::call_once::h5d7c8f150ab9c84c
[INFO] [stdout]                                at /rustc/0e09125c6c3c2fd70d7de961bcf0e51575235fad/library/alloc/src/boxed.rs:2015:9
[INFO] [stdout]   64:     0x55f2bb097315 - <alloc::boxed::Box<F,A> as core::ops::function::FnOnce<Args>>::call_once::h570d5b005c242c15
[INFO] [stdout]                                at /rustc/0e09125c6c3c2fd70d7de961bcf0e51575235fad/library/alloc/src/boxed.rs:2015:9
[INFO] [stdout]   65:     0x55f2bb097315 - std::sys::unix::thread::Thread::new::thread_start::h36b0a20c0b2361ad
[INFO] [stdout]                                at /rustc/0e09125c6c3c2fd70d7de961bcf0e51575235fad/library/std/src/sys/unix/thread.rs:108:17
[INFO] [stdout]   66:     0x7fb2797cbac3 - <unknown>
[INFO] [stdout]   67:     0x7fb27985cbf4 - __clone
[INFO] [stdout]   68:                0x0 - <unknown>
[INFO] [stdout] 
[INFO] [stdout] 
[INFO] [stdout] failures:
[INFO] [stdout]     it_shortens_urls_and_counts_visits
[INFO] [stdout] 
[INFO] [stdout] test result: FAILED. 0 passed; 1 failed; 0 ignored; 0 measured; 0 filtered out; finished in 0.15s
[INFO] [stdout] 
[INFO] [stderr] error: test failed, to rerun pass `--test integration`
[INFO] running `Command { std: "docker" "inspect" "1843619bb75ee8b1d5a157ae0b544bc2aad652a3ddc452552ffccc50d79a8bc4", kill_on_drop: false }`
[INFO] running `Command { std: "docker" "rm" "-f" "1843619bb75ee8b1d5a157ae0b544bc2aad652a3ddc452552ffccc50d79a8bc4", kill_on_drop: false }`
[INFO] [stdout] 1843619bb75ee8b1d5a157ae0b544bc2aad652a3ddc452552ffccc50d79a8bc4
