[INFO] cloning repository https://github.com/dimfeld/roam-note-exporter
[INFO] running `Command { std: "git" "-c" "credential.helper=" "-c" "credential.helper=/workspace/cargo-home/bin/git-credential-null" "clone" "--bare" "https://github.com/dimfeld/roam-note-exporter" "/workspace/cache/git-repos/https%3A%2F%2Fgithub.com%2Fdimfeld%2Froam-note-exporter", kill_on_drop: false }`
[INFO] [stderr] Cloning into bare repository '/workspace/cache/git-repos/https%3A%2F%2Fgithub.com%2Fdimfeld%2Froam-note-exporter'...
[INFO] running `Command { std: "git" "rev-parse" "HEAD", kill_on_drop: false }`
[INFO] [stdout] dbcb91030770a85663dc4b8d84efb154e514397f
[INFO] testing dimfeld/roam-note-exporter against 1.75.0 for beta-1.76-1
[INFO] running `Command { std: "git" "clone" "/workspace/cache/git-repos/https%3A%2F%2Fgithub.com%2Fdimfeld%2Froam-note-exporter" "/workspace/builds/worker-1-tc1/source", kill_on_drop: false }`
[INFO] [stderr] Cloning into '/workspace/builds/worker-1-tc1/source'...
[INFO] [stderr] done.
[INFO] validating manifest of git repo https://github.com/dimfeld/roam-note-exporter on toolchain 1.75.0
[INFO] running `Command { std: CARGO_HOME="/workspace/cargo-home" RUSTUP_HOME="/workspace/rustup-home" "/workspace/cargo-home/bin/cargo" "+1.75.0" "metadata" "--manifest-path" "Cargo.toml" "--no-deps", kill_on_drop: false }`
[INFO] started tweaking git repo https://github.com/dimfeld/roam-note-exporter
[INFO] finished tweaking git repo https://github.com/dimfeld/roam-note-exporter
[INFO] tweaked toml for git repo https://github.com/dimfeld/roam-note-exporter written to /workspace/builds/worker-1-tc1/source/Cargo.toml
[INFO] crate git repo https://github.com/dimfeld/roam-note-exporter already has a lockfile, it will not be regenerated
[INFO] running `Command { std: CARGO_HOME="/workspace/cargo-home" RUSTUP_HOME="/workspace/rustup-home" "/workspace/cargo-home/bin/cargo" "+1.75.0" "fetch" "--manifest-path" "Cargo.toml", kill_on_drop: false }`
[INFO] [stderr]     Blocking waiting for file lock on package cache
[INFO] [stderr]     Updating crates.io index
[INFO] [stderr]     Blocking waiting for file lock on package cache
[ERROR] error running command: no output for 300 seconds
[ERROR] this task or one of its parent failed!
[ERROR] no output for 300 seconds
[ERROR] note: run with `RUST_BACKTRACE=1` to display a backtrace.
[INFO] testing dimfeld/roam-note-exporter against beta-2023-12-22 for beta-1.76-1
[INFO] running `Command { std: "git" "clone" "/workspace/cache/git-repos/https%3A%2F%2Fgithub.com%2Fdimfeld%2Froam-note-exporter" "/workspace/builds/worker-1-tc2/source", kill_on_drop: false }`
[INFO] [stderr] Cloning into '/workspace/builds/worker-1-tc2/source'...
[INFO] [stderr] done.
[INFO] validating manifest of git repo https://github.com/dimfeld/roam-note-exporter on toolchain beta-2023-12-22
[INFO] running `Command { std: CARGO_HOME="/workspace/cargo-home" RUSTUP_HOME="/workspace/rustup-home" "/workspace/cargo-home/bin/cargo" "+beta-2023-12-22" "metadata" "--manifest-path" "Cargo.toml" "--no-deps", kill_on_drop: false }`
[INFO] started tweaking git repo https://github.com/dimfeld/roam-note-exporter
[INFO] finished tweaking git repo https://github.com/dimfeld/roam-note-exporter
[INFO] tweaked toml for git repo https://github.com/dimfeld/roam-note-exporter written to /workspace/builds/worker-1-tc2/source/Cargo.toml
[INFO] crate git repo https://github.com/dimfeld/roam-note-exporter already has a lockfile, it will not be regenerated
[INFO] running `Command { std: CARGO_HOME="/workspace/cargo-home" RUSTUP_HOME="/workspace/rustup-home" "/workspace/cargo-home/bin/cargo" "+beta-2023-12-22" "fetch" "--manifest-path" "Cargo.toml", kill_on_drop: false }`
[INFO] [stderr]     Blocking waiting for file lock on package cache
[INFO] [stderr]     Blocking waiting for file lock on package cache
[ERROR] error running command: no output for 300 seconds
[INFO] testing dimfeld/roam-note-exporter against beta-2023-12-22 for beta-1.76-1
[INFO] running `Command { std: "git" "clone" "/workspace/cache/git-repos/https%3A%2F%2Fgithub.com%2Fdimfeld%2Froam-note-exporter" "/workspace/builds/worker-1-tc2/source", kill_on_drop: false }`
[INFO] [stderr] Cloning into '/workspace/builds/worker-1-tc2/source'...
[INFO] [stderr] done.
[INFO] validating manifest of git repo https://github.com/dimfeld/roam-note-exporter on toolchain beta-2023-12-22
[INFO] running `Command { std: CARGO_HOME="/workspace/cargo-home" RUSTUP_HOME="/workspace/rustup-home" "/workspace/cargo-home/bin/cargo" "+beta-2023-12-22" "metadata" "--manifest-path" "Cargo.toml" "--no-deps", kill_on_drop: false }`
[INFO] started tweaking git repo https://github.com/dimfeld/roam-note-exporter
[INFO] finished tweaking git repo https://github.com/dimfeld/roam-note-exporter
[INFO] tweaked toml for git repo https://github.com/dimfeld/roam-note-exporter written to /workspace/builds/worker-1-tc2/source/Cargo.toml
[INFO] crate git repo https://github.com/dimfeld/roam-note-exporter already has a lockfile, it will not be regenerated
[INFO] running `Command { std: CARGO_HOME="/workspace/cargo-home" RUSTUP_HOME="/workspace/rustup-home" "/workspace/cargo-home/bin/cargo" "+beta-2023-12-22" "fetch" "--manifest-path" "Cargo.toml", kill_on_drop: false }`
[INFO] [stderr]     Blocking waiting for file lock on package cache
[INFO] [stderr]     Blocking waiting for file lock on package cache
[ERROR] error running command: no output for 300 seconds
[INFO] testing dimfeld/roam-note-exporter against beta-2023-12-22 for beta-1.76-1
[INFO] running `Command { std: "git" "clone" "/workspace/cache/git-repos/https%3A%2F%2Fgithub.com%2Fdimfeld%2Froam-note-exporter" "/workspace/builds/worker-1-tc2/source", kill_on_drop: false }`
[INFO] [stderr] Cloning into '/workspace/builds/worker-1-tc2/source'...
[INFO] [stderr] done.
[INFO] validating manifest of git repo https://github.com/dimfeld/roam-note-exporter on toolchain beta-2023-12-22
[INFO] running `Command { std: CARGO_HOME="/workspace/cargo-home" RUSTUP_HOME="/workspace/rustup-home" "/workspace/cargo-home/bin/cargo" "+beta-2023-12-22" "metadata" "--manifest-path" "Cargo.toml" "--no-deps", kill_on_drop: false }`
[INFO] started tweaking git repo https://github.com/dimfeld/roam-note-exporter
[INFO] finished tweaking git repo https://github.com/dimfeld/roam-note-exporter
[INFO] tweaked toml for git repo https://github.com/dimfeld/roam-note-exporter written to /workspace/builds/worker-1-tc2/source/Cargo.toml
[INFO] crate git repo https://github.com/dimfeld/roam-note-exporter already has a lockfile, it will not be regenerated
[INFO] running `Command { std: CARGO_HOME="/workspace/cargo-home" RUSTUP_HOME="/workspace/rustup-home" "/workspace/cargo-home/bin/cargo" "+beta-2023-12-22" "fetch" "--manifest-path" "Cargo.toml", kill_on_drop: false }`
[INFO] [stderr]     Blocking waiting for file lock on package cache
[INFO] [stderr]     Blocking waiting for file lock on package cache
[ERROR] error running command: no output for 300 seconds
[INFO] testing dimfeld/roam-note-exporter against beta-2023-12-22 for beta-1.76-1
[INFO] running `Command { std: "git" "clone" "/workspace/cache/git-repos/https%3A%2F%2Fgithub.com%2Fdimfeld%2Froam-note-exporter" "/workspace/builds/worker-1-tc2/source", kill_on_drop: false }`
[INFO] [stderr] Cloning into '/workspace/builds/worker-1-tc2/source'...
[INFO] [stderr] done.
[INFO] validating manifest of git repo https://github.com/dimfeld/roam-note-exporter on toolchain beta-2023-12-22
[INFO] running `Command { std: CARGO_HOME="/workspace/cargo-home" RUSTUP_HOME="/workspace/rustup-home" "/workspace/cargo-home/bin/cargo" "+beta-2023-12-22" "metadata" "--manifest-path" "Cargo.toml" "--no-deps", kill_on_drop: false }`
[INFO] started tweaking git repo https://github.com/dimfeld/roam-note-exporter
[INFO] finished tweaking git repo https://github.com/dimfeld/roam-note-exporter
[INFO] tweaked toml for git repo https://github.com/dimfeld/roam-note-exporter written to /workspace/builds/worker-1-tc2/source/Cargo.toml
[INFO] crate git repo https://github.com/dimfeld/roam-note-exporter already has a lockfile, it will not be regenerated
[INFO] running `Command { std: CARGO_HOME="/workspace/cargo-home" RUSTUP_HOME="/workspace/rustup-home" "/workspace/cargo-home/bin/cargo" "+beta-2023-12-22" "fetch" "--manifest-path" "Cargo.toml", kill_on_drop: false }`
[INFO] [stderr]     Blocking waiting for file lock on package cache
[INFO] [stderr]     Blocking waiting for file lock on package cache
[ERROR] error running command: no output for 300 seconds
[INFO] testing dimfeld/roam-note-exporter against beta-2023-12-22 for beta-1.76-1
[INFO] running `Command { std: "git" "clone" "/workspace/cache/git-repos/https%3A%2F%2Fgithub.com%2Fdimfeld%2Froam-note-exporter" "/workspace/builds/worker-1-tc2/source", kill_on_drop: false }`
[INFO] [stderr] Cloning into '/workspace/builds/worker-1-tc2/source'...
[INFO] [stderr] done.
[INFO] validating manifest of git repo https://github.com/dimfeld/roam-note-exporter on toolchain beta-2023-12-22
[INFO] running `Command { std: CARGO_HOME="/workspace/cargo-home" RUSTUP_HOME="/workspace/rustup-home" "/workspace/cargo-home/bin/cargo" "+beta-2023-12-22" "metadata" "--manifest-path" "Cargo.toml" "--no-deps", kill_on_drop: false }`
[INFO] started tweaking git repo https://github.com/dimfeld/roam-note-exporter
[INFO] finished tweaking git repo https://github.com/dimfeld/roam-note-exporter
[INFO] tweaked toml for git repo https://github.com/dimfeld/roam-note-exporter written to /workspace/builds/worker-1-tc2/source/Cargo.toml
[INFO] crate git repo https://github.com/dimfeld/roam-note-exporter already has a lockfile, it will not be regenerated
[INFO] running `Command { std: CARGO_HOME="/workspace/cargo-home" RUSTUP_HOME="/workspace/rustup-home" "/workspace/cargo-home/bin/cargo" "+beta-2023-12-22" "fetch" "--manifest-path" "Cargo.toml", kill_on_drop: false }`
[INFO] [stderr]     Blocking waiting for file lock on package cache
[INFO] [stderr]     Blocking waiting for file lock on package cache
[INFO] [stderr]  Downloading crates ...
[INFO] [stderr]   Downloaded urlocator v0.1.4
[INFO] [stderr]   Downloaded edn-rs v0.17.4
[INFO] [stderr]   Downloaded quick-js v0.4.1
[INFO] [stderr]   Downloaded katex v0.4.6
[INFO] [stderr]   Downloaded libquickjs-sys v0.9.0
[INFO] [stderr]   Downloaded two-face v0.2.0
[INFO] running `Command { std: "docker" "create" "-v" "/var/lib/crater-agent-workspace/builds/worker-1-tc2/target:/opt/rustwide/target:rw,Z" "-v" "/var/lib/crater-agent-workspace/builds/worker-1-tc2/source:/opt/rustwide/workdir:ro,Z" "-v" "/var/lib/crater-agent-workspace/cargo-home:/opt/rustwide/cargo-home:ro,Z" "-v" "/var/lib/crater-agent-workspace/rustup-home:/opt/rustwide/rustup-home:ro,Z" "-e" "SOURCE_DIR=/opt/rustwide/workdir" "-e" "CARGO_TARGET_DIR=/opt/rustwide/target" "-e" "CARGO_HOME=/opt/rustwide/cargo-home" "-e" "RUSTUP_HOME=/opt/rustwide/rustup-home" "-w" "/opt/rustwide/workdir" "-m" "1610612736" "--user" "0:0" "--network" "none" "ghcr.io/rust-lang/crates-build-env/linux@sha256:2788e3201cd34a07e3172128adcd8b3090168a8e3bcc40d7c032b9dda1df7d1c" "/opt/rustwide/cargo-home/bin/cargo" "+beta-2023-12-22" "metadata" "--no-deps" "--format-version=1", kill_on_drop: false }`
[INFO] [stdout] 3cdf9c089dd403f7fc9e0241c428c3e9e520e0889d399599cae28101e820692e
[INFO] running `Command { std: "docker" "start" "-a" "3cdf9c089dd403f7fc9e0241c428c3e9e520e0889d399599cae28101e820692e", kill_on_drop: false }`
[INFO] running `Command { std: "docker" "inspect" "3cdf9c089dd403f7fc9e0241c428c3e9e520e0889d399599cae28101e820692e", kill_on_drop: false }`
[INFO] running `Command { std: "docker" "rm" "-f" "3cdf9c089dd403f7fc9e0241c428c3e9e520e0889d399599cae28101e820692e", kill_on_drop: false }`
[INFO] [stdout] 3cdf9c089dd403f7fc9e0241c428c3e9e520e0889d399599cae28101e820692e
[INFO] running `Command { std: "docker" "create" "-v" "/var/lib/crater-agent-workspace/builds/worker-1-tc2/target:/opt/rustwide/target:rw,Z" "-v" "/var/lib/crater-agent-workspace/builds/worker-1-tc2/source:/opt/rustwide/workdir:ro,Z" "-v" "/var/lib/crater-agent-workspace/cargo-home:/opt/rustwide/cargo-home:ro,Z" "-v" "/var/lib/crater-agent-workspace/rustup-home:/opt/rustwide/rustup-home:ro,Z" "-e" "SOURCE_DIR=/opt/rustwide/workdir" "-e" "CARGO_TARGET_DIR=/opt/rustwide/target" "-e" "CARGO_INCREMENTAL=0" "-e" "RUST_BACKTRACE=full" "-e" "RUSTFLAGS=--cap-lints=warn" "-e" "RUSTDOCFLAGS=--cap-lints=warn" "-e" "CARGO_HOME=/opt/rustwide/cargo-home" "-e" "RUSTUP_HOME=/opt/rustwide/rustup-home" "-w" "/opt/rustwide/workdir" "-m" "1610612736" "--user" "0:0" "--network" "none" "ghcr.io/rust-lang/crates-build-env/linux@sha256:2788e3201cd34a07e3172128adcd8b3090168a8e3bcc40d7c032b9dda1df7d1c" "/opt/rustwide/cargo-home/bin/cargo" "+beta-2023-12-22" "build" "--frozen" "--message-format=json", kill_on_drop: false }`
[INFO] [stdout] 96d27ba25c903aaa101ac636eb12f80bdc5a73b3d8459382c6145d1ca4ba4b96
[INFO] running `Command { std: "docker" "start" "-a" "96d27ba25c903aaa101ac636eb12f80bdc5a73b3d8459382c6145d1ca4ba4b96", kill_on_drop: false }`
[INFO] [stderr]    Compiling libc v0.2.140
[INFO] [stderr]    Compiling cfg-if v1.0.0
[INFO] [stderr]    Compiling autocfg v1.1.0
[INFO] [stderr]    Compiling version_check v0.9.4
[INFO] [stderr]    Compiling proc-macro2 v1.0.54
[INFO] [stderr]    Compiling quote v1.0.26
[INFO] [stderr]    Compiling unicode-ident v1.0.8
[INFO] [stderr]    Compiling pkg-config v0.3.26
[INFO] [stderr]    Compiling once_cell v1.18.0
[INFO] [stderr]    Compiling syn v1.0.109
[INFO] [stderr]    Compiling log v0.4.17
[INFO] [stderr]    Compiling memchr v2.5.0
[INFO] [stderr]    Compiling bitflags v1.3.2
[INFO] [stderr]    Compiling ahash v0.7.6
[INFO] [stderr]    Compiling fnv v1.0.7
[INFO] [stderr]    Compiling serde_derive v1.0.159
[INFO] [stderr]    Compiling typenum v1.16.0
[INFO] [stderr]    Compiling syn v2.0.11
[INFO] [stderr]    Compiling jobserver v0.1.26
[INFO] [stderr]    Compiling serde v1.0.159
[INFO] [stderr]    Compiling itoa v1.0.6
[INFO] [stderr]    Compiling generic-array v0.14.6
[INFO] [stderr]    Compiling cc v1.0.79
[INFO] [stderr]    Compiling thiserror v1.0.40
[INFO] [stderr]    Compiling winapi-build v0.1.1
[INFO] [stderr]    Compiling pin-project-lite v0.2.9
[INFO] [stderr]    Compiling indexmap v1.9.2
[INFO] [stderr]    Compiling kernel32-sys v0.2.2
[INFO] [stderr]    Compiling bytes v1.4.0
[INFO] [stderr]    Compiling scopeguard v1.1.0
[INFO] [stderr]    Compiling futures-core v0.3.27
[INFO] [stderr]    Compiling getrandom v0.2.8
[INFO] [stderr]    Compiling num_cpus v1.15.0
[INFO] [stderr]    Compiling tokio v1.25.0
[INFO] [stderr]    Compiling hashbrown v0.12.3
[INFO] [stderr]    Compiling adler v1.0.2
[INFO] [stderr]    Compiling openssl-sys v0.9.80
[INFO] [stderr]    Compiling smallvec v1.10.0
[INFO] [stderr]    Compiling subtle v2.4.1
[INFO] [stderr]    Compiling winapi v0.2.8
[INFO] [stderr]    Compiling socket2 v0.4.9
[INFO] [stderr]    Compiling mio v0.8.5
[INFO] [stderr]    Compiling slab v0.4.8
[INFO] [stderr]    Compiling proc-macro-error-attr v1.0.4
[INFO] [stderr]    Compiling futures-task v0.3.27
[INFO] [stderr]    Compiling ident_case v1.0.1
[INFO] [stderr]    Compiling crunchy v0.2.2
[INFO] [stderr]    Compiling strsim v0.10.0
[INFO] [stderr]    Compiling block-buffer v0.10.4
[INFO] [stderr]    Compiling crypto-common v0.1.6
[INFO] [stderr]    Compiling crossbeam-utils v0.8.15
[INFO] [stderr]    Compiling digest v0.10.6
[INFO] [stderr]    Compiling walkdir v0.1.8
[INFO] [stderr]    Compiling zstd-sys v2.0.7+zstd.1.5.4
[INFO] [stderr]    Compiling memoffset v0.8.0
[INFO] [stderr]    Compiling lock_api v0.4.9
[INFO] [stderr]    Compiling proc-macro-error v1.0.4
[INFO] [stderr]    Compiling tracing-core v0.1.30
[INFO] [stderr]    Compiling futures-util v0.3.27
[INFO] [stderr]    Compiling ryu v1.0.13
[INFO] [stderr]    Compiling openssl v0.10.45
[INFO] [stderr]    Compiling thiserror-impl v1.0.40
[INFO] [stderr]    Compiling crc32fast v1.3.2
[INFO] [stderr]    Compiling foreign-types-shared v0.1.1
[INFO] [stderr]    Compiling parking_lot_core v0.9.4
[INFO] [stderr]    Compiling tiny-keccak v2.0.2
[INFO] [stderr]    Compiling vcpkg v0.2.15
[INFO] [stderr]    Compiling serde_json v1.0.95
[INFO] [stderr]    Compiling proc-macro-hack v0.5.20+deprecated
[INFO] [stderr]    Compiling darling_core v0.14.4
[INFO] [stderr]    Compiling tracing v0.1.37
[INFO] [stderr]    Compiling foreign-types v0.3.2
[INFO] [stderr]    Compiling copy_dir v0.1.2
[INFO] [stderr]    Compiling libsqlite3-sys v0.25.2
[INFO] [stderr]    Compiling onig_sys v69.7.1
[INFO] [stderr]    Compiling http v0.2.9
[INFO] [stderr]    Compiling crossbeam-epoch v0.9.14
[INFO] [stderr]    Compiling num-traits v0.2.15
[INFO] [stderr]    Compiling futures-io v0.3.27
[INFO] [stderr]    Compiling futures-channel v0.3.27
[INFO] [stderr]    Compiling cpufeatures v0.2.5
[INFO] [stderr]    Compiling time-core v0.1.0
[INFO] [stderr]    Compiling futures-sink v0.3.27
[INFO] [stderr]    Compiling httparse v1.8.0
[INFO] [stderr]    Compiling pin-utils v0.1.0
[INFO] [stderr]    Compiling tinyvec_macros v0.1.1
[INFO] [stderr]    Compiling native-tls v0.2.11
[INFO] [stderr]    Compiling ucd-trie v0.1.5
[INFO] [stderr]    Compiling pest v2.5.6
[INFO] [stderr]    Compiling tinyvec v1.6.0
[INFO] [stderr]    Compiling tokio-util v0.7.7
[INFO] [stderr]    Compiling openssl-macros v0.1.0
[INFO] [stderr]    Compiling time v0.3.20
[INFO] [stderr]    Compiling darling_macro v0.14.4
[INFO] [stderr]    Compiling darling v0.14.4
[INFO] [stderr]    Compiling libquickjs-sys v0.9.0
[INFO] [stderr]    Compiling bzip2-sys v0.1.11+1.0.8
[INFO] [stderr]    Compiling miniz_oxide v0.6.2
[INFO] [stderr]    Compiling lazy_static v1.4.0
[INFO] [stderr]    Compiling io-lifetimes v1.0.4
[INFO] [stderr]    Compiling safemem v0.3.3
[INFO] [stderr]    Compiling zstd-safe v5.0.2+zstd.1.5.2
[INFO] [stderr]    Compiling try-lock v0.2.4
[INFO] [stderr]    Compiling percent-encoding v2.2.0
[INFO] [stderr]    Compiling openssl-probe v0.1.5
[INFO] [stderr]    Compiling form_urlencoded v1.1.0
[INFO] [stderr]    Compiling want v0.3.0
[INFO] [stderr]    Compiling const-random-macro v0.1.15
[INFO] [stderr]    Compiling line-wrap v0.1.1
[INFO] [stderr]    Compiling h2 v0.3.16
[INFO] [stderr]    Compiling flate2 v1.0.25
[INFO] [stderr]    Compiling parking_lot v0.12.1
[INFO] [stderr]    Compiling derive_builder_core v0.12.0
[INFO] [stderr]    Compiling pest_meta v2.5.6
[INFO] [stderr]    Compiling unicode-normalization v0.1.22
[INFO] [stderr]    Compiling http-body v0.4.5
[INFO] [stderr]    Compiling hashlink v0.8.1
[INFO] [stderr]    Compiling backtrace v0.3.66
[INFO] [stderr]    Compiling smartstring v1.0.1
[INFO] [stderr]    Compiling num-integer v0.1.45
[INFO] [stderr]    Compiling ahash v0.8.3
[INFO] [stderr]    Compiling fallible-iterator v0.2.0
[INFO] [stderr]    Compiling httpdate v1.0.2
[INFO] [stderr]    Compiling rand_core v0.6.4
[INFO] [stderr]    Compiling tower-service v0.3.2
[INFO] [stderr]    Compiling rayon-core v1.11.0
[INFO] [stderr]    Compiling rustix v0.36.7
[INFO] [stderr]    Compiling eyre v0.6.8
[INFO] [stderr]    Compiling unicode-segmentation v1.10.1
[INFO] [stderr]    Compiling base64ct v1.6.0
[INFO] [stderr]    Compiling unicode-width v0.1.10
[INFO] [stderr]    Compiling same-file v1.0.6
[INFO] [stderr]    Compiling either v1.8.1
[INFO] [stderr]    Compiling unicode-bidi v0.3.11
[INFO] [stderr]    Compiling xml-rs v0.8.4
[INFO] [stderr]    Compiling linked-hash-map v0.5.4
[INFO] [stderr]    Compiling fallible-streaming-iterator v0.1.9
[INFO] [stderr]    Compiling base64 v0.13.0
[INFO] [stderr]    Compiling gimli v0.26.2
[INFO] [stderr]    Compiling yaml-rust v0.4.5
[INFO] [stderr]    Compiling idna v0.3.0
[INFO] [stderr]    Compiling hyper v0.14.25
[INFO] [stderr]    Compiling plist v1.3.1
[INFO] [stderr]    Compiling password-hash v0.4.2
[INFO] [stderr]    Compiling heck v0.3.3
[INFO] [stderr]    Compiling walkdir v2.3.2
[INFO] [stderr]    Compiling textwrap v0.11.0
[INFO] [stderr]    Compiling derive_builder_macro v0.12.0
[INFO] [stderr]    Compiling pest_generator v2.5.6
[INFO] [stderr]    Compiling crossbeam-deque v0.8.3
[INFO] [stderr]    Compiling bincode v1.3.3
[INFO] [stderr]    Compiling tokio-native-tls v0.3.1
[INFO] [stderr]    Compiling scheduled-thread-pool v0.2.6
[INFO] [stderr]    Compiling const-random v0.1.15
[INFO] [stderr]    Compiling sha2 v0.10.6
[INFO] [stderr]    Compiling crossbeam-channel v0.5.7
[INFO] [stderr]    Compiling addr2line v0.17.0
[INFO] [stderr]    Compiling hmac v0.12.1
[INFO] [stderr]    Compiling cipher v0.3.0
[INFO] [stderr]    Compiling blake3 v1.3.3
[INFO] [stderr]    Compiling miniz_oxide v0.5.4
[INFO] [stderr]    Compiling atty v0.2.14
[INFO] [stderr]    Compiling object v0.29.0
[INFO] [stderr]    Compiling linux-raw-sys v0.1.4
[INFO] [stderr]    Compiling Inflector v0.11.4
[INFO] [stderr]    Compiling strsim v0.8.0
[INFO] [stderr]    Compiling ansi_term v0.12.1
[INFO] [stderr]    Compiling katex v0.4.6
[INFO] [stderr]    Compiling rustc-demangle v0.1.21
[INFO] [stderr]    Compiling vec_map v0.8.2
[INFO] [stderr]    Compiling indenter v0.3.3
[INFO] [stderr]    Compiling static_assertions v1.1.0
[INFO] [stderr]    Compiling regex-syntax v0.7.5
[INFO] [stderr]    Compiling opaque-debug v0.3.0
[INFO] [stderr]    Compiling aes v0.7.5
[INFO] [stderr]    Compiling clap v2.34.0
[INFO] [stderr]    Compiling ouroboros_macro v0.15.6
[INFO] [stderr]    Compiling pest_derive v2.5.6
[INFO] [stderr]    Compiling hyper-tls v0.5.0
[INFO] [stderr]    Compiling derive_builder v0.12.0
[INFO] [stderr]    Compiling pbkdf2 v0.11.0
[INFO] [stderr]    Compiling r2d2 v0.8.10
[INFO] [stderr]    Compiling structopt-derive v0.4.18
[INFO] [stderr]    Compiling url v2.3.1
[INFO] [stderr]    Compiling itertools v0.10.5
[INFO] [stderr]    Compiling serde_urlencoded v0.7.1
[INFO] [stderr]    Compiling rhai_codegen v1.5.0
[INFO] [stderr]    Compiling sha1 v0.10.5
[INFO] [stderr]    Compiling dirs-sys v0.3.7
[INFO] [stderr]    Compiling time v0.1.45
[INFO] [stderr]    Compiling aho-corasick v0.7.20
[INFO] [stderr]    Compiling encoding_rs v0.8.32
[INFO] [stderr]    Compiling constant_time_eq v0.1.5
[INFO] [stderr]    Compiling ipnet v2.7.1
[INFO] [stderr]    Compiling fastrand v1.9.0
[INFO] [stderr]    Compiling arrayvec v0.7.2
[INFO] [stderr]    Compiling regex-syntax v0.6.29
[INFO] [stderr]    Compiling constant_time_eq v0.2.5
[INFO] [stderr]    Compiling minimal-lexical v0.2.1
[INFO] [stderr]    Compiling mime v0.3.16
[INFO] [stderr]    Compiling owo-colors v3.5.0
[INFO] [stderr]    Compiling byteorder v1.4.3
[INFO] [stderr]    Compiling base64 v0.21.0
[INFO] [stderr]    Compiling aliasable v0.1.3
[INFO] [stderr]    Compiling iana-time-zone v0.1.53
[INFO] [stderr]    Compiling arrayref v0.3.6
[INFO] [stderr]    Compiling ouroboros v0.15.6
[INFO] [stderr]    Compiling reqwest v0.11.16
[INFO] [stderr]    Compiling chrono v0.4.24
[INFO] [stderr]    Compiling nom v7.1.3
[INFO] [stderr]    Compiling color-eyre v0.6.2
[INFO] [stderr]    Compiling rhai v1.13.0
[INFO] [stderr]    Compiling regex v1.7.3
[INFO] [stderr]    Compiling tempfile v3.4.0
[INFO] [stderr]    Compiling structopt v0.3.26
[INFO] [stderr]    Compiling dirs v4.0.0
[INFO] [stderr]    Compiling rayon v1.7.0
[INFO] [stderr]    Compiling handlebars v4.3.6
[INFO] [stderr]    Compiling uuid v1.3.0
[INFO] [stderr]    Compiling toml v0.5.11
[INFO] [stderr]    Compiling urlocator v0.1.4
[INFO] [stderr]    Compiling dotenv v0.15.0
[INFO] [stderr]    Compiling urlencoding v2.1.2
[INFO] [stderr]    Compiling edn-rs v0.17.4
[INFO] [stderr]    Compiling rusqlite v0.28.0
[INFO] [stderr]    Compiling rusqlite_migration v1.0.1
[INFO] [stderr]    Compiling r2d2_sqlite v0.21.0
[INFO] [stderr]    Compiling bzip2 v0.4.4
[INFO] [stderr]    Compiling onig v6.3.1
[INFO] [stderr]    Compiling syntect v5.1.0
[INFO] [stderr]    Compiling zstd v0.11.2+zstd.1.5.2
[INFO] [stderr]    Compiling two-face v0.2.0
[INFO] [stderr]    Compiling zip v0.6.4
[INFO] [stderr]    Compiling quick-js v0.4.1
[INFO] [stderr]    Compiling export-logseq-notes v0.4.2 (/opt/rustwide/workdir)
[INFO] [stdout] warning: unused import: `rhai::FnPtr`
[INFO] [stdout]    --> src/script.rs:310:9
[INFO] [stdout]     |
[INFO] [stdout] 310 |     use rhai::FnPtr;
[INFO] [stdout]     |         ^^^^^^^^^^^
[INFO] [stdout]     |
[INFO] [stdout]     = note: `#[warn(unused_imports)]` on by default
[INFO] [stdout] 
[INFO] [stdout] 
[INFO] [stdout] warning: use of deprecated method `chrono::NaiveDate::and_hms`: use `and_hms_opt()` instead
[INFO] [stdout]    --> src/logseq/mod.rs:266:32
[INFO] [stdout]     |
[INFO] [stdout] 266 |                     .map(|d| d.and_hms(0, 0, 0).timestamp_millis() as u64)
[INFO] [stdout]     |                                ^^^^^^^
[INFO] [stdout]     |
[INFO] [stdout]     = note: `#[warn(deprecated)]` on by default
[INFO] [stdout] 
[INFO] [stdout] 
[INFO] [stdout] warning: use of deprecated method `chrono::TimeZone::timestamp`: use `timestamp_opt()` instead
[INFO] [stdout]   --> src/template.rs:19:62
[INFO] [stdout]    |
[INFO] [stdout] 19 | handlebars_helper!(iso_time: |fmt:str, t: i64| { chrono::Utc.timestamp(t / 1000, 0).to_rfc3339() });
[INFO] [stdout]    |                                                              ^^^^^^^^^
[INFO] [stdout] 
[INFO] [stdout] 
[INFO] [stdout] warning: use of deprecated method `chrono::TimeZone::timestamp`: use `timestamp_opt()` instead
[INFO] [stdout]   --> src/template.rs:20:65
[INFO] [stdout]    |
[INFO] [stdout] 20 | handlebars_helper!(format_time: |fmt:str, t: i64| { chrono::Utc.timestamp(t / 1000, 0).format(fmt).to_string() });
[INFO] [stdout]    |                                                                 ^^^^^^^^^
[INFO] [stdout] 
[INFO] [stdout] 
[INFO] [stdout] warning: unused variable: `fmt`
[INFO] [stdout]   --> src/template.rs:19:31
[INFO] [stdout]    |
[INFO] [stdout] 19 | handlebars_helper!(iso_time: |fmt:str, t: i64| { chrono::Utc.timestamp(t / 1000, 0).to_rfc3339() });
[INFO] [stdout]    |                               ^^^
[INFO] [stdout]    |
[INFO] [stdout] help: `fmt` is captured in macro and introduced a unused variable
[INFO] [stdout]   --> src/template.rs:19:1
[INFO] [stdout]    |
[INFO] [stdout] 19 | handlebars_helper!(iso_time: |fmt:str, t: i64| { chrono::Utc.timestamp(t / 1000, 0).to_rfc3339() });
[INFO] [stdout]    | ^^^^^^^^^^^^^^^^^^^^^^^^^^^^^^^^^^^^^^^^^^^^^^^^^^^^^^^^^^^^^^^^^^^^^^^^^^^^^^^^^^^^^^^^^^^^^^^^^^^
[INFO] [stdout]    = note: `#[warn(unused_variables)]` on by default
[INFO] [stdout]    = note: this warning originates in the macro `handlebars_helper` (in Nightly builds, run with -Z macro-backtrace for more info)
[INFO] [stdout] 
[INFO] [stdout] 
[INFO] [stdout] warning: methods `block_iter`, `pages`, and `blocks_with_references` are never used
[INFO] [stdout]    --> src/graph.rs:143:8
[INFO] [stdout]     |
[INFO] [stdout] 121 | impl Graph {
[INFO] [stdout]     | ---------- methods in this implementation
[INFO] [stdout] ...
[INFO] [stdout] 143 |     fn block_iter<F: FnMut(&(&usize, &Block)) -> bool>(
[INFO] [stdout]     |        ^^^^^^^^^^
[INFO] [stdout] ...
[INFO] [stdout] 150 |     pub fn pages(&self) -> impl Iterator<Item = &Block> {
[INFO] [stdout]     |            ^^^^^
[INFO] [stdout] ...
[INFO] [stdout] 154 |     pub fn blocks_with_references<'a>(
[INFO] [stdout]     |            ^^^^^^^^^^^^^^^^^^^^^^
[INFO] [stdout]     |
[INFO] [stdout]     = note: `#[warn(dead_code)]` on by default
[INFO] [stdout] 
[INFO] [stdout] 
[INFO] [stdout] warning: function `space_between_tags` is never used
[INFO] [stdout]    --> src/logseq/blocks.rs:224:4
[INFO] [stdout]     |
[INFO] [stdout] 224 | fn space_between_tags(input: &str) -> IResult<&str, ()> {
[INFO] [stdout]     |    ^^^^^^^^^^^^^^^^^^
[INFO] [stdout] 
[INFO] [stdout] 
[INFO] [stdout] warning: type alias `SmartString` is never used
[INFO] [stdout]   --> src/script.rs:21:6
[INFO] [stdout]    |
[INFO] [stdout] 21 | type SmartString = smartstring::SmartString<smartstring::LazyCompact>;
[INFO] [stdout]    |      ^^^^^^^^^^^
[INFO] [stdout] 
[INFO] [stdout] 
[INFO] [stdout] warning: associated function `new` is never used
[INFO] [stdout]   --> src/string_builder.rs:11:12
[INFO] [stdout]    |
[INFO] [stdout] 10 | impl<'a> StringBuilder<'a> {
[INFO] [stdout]    | -------------------------- associated function in this implementation
[INFO] [stdout] 11 |     pub fn new() -> StringBuilder<'a> {
[INFO] [stdout]    |            ^^^
[INFO] [stdout] 
[INFO] [stdout] 
[INFO] [stdout] warning: 9 warnings emitted
[INFO] [stdout] 
[INFO] [stdout] 
[INFO] [stderr]     Finished dev [unoptimized + debuginfo] target(s) in 4m 35s
[INFO] running `Command { std: "docker" "inspect" "96d27ba25c903aaa101ac636eb12f80bdc5a73b3d8459382c6145d1ca4ba4b96", kill_on_drop: false }`
[INFO] running `Command { std: "docker" "rm" "-f" "96d27ba25c903aaa101ac636eb12f80bdc5a73b3d8459382c6145d1ca4ba4b96", kill_on_drop: false }`
[INFO] [stdout] 96d27ba25c903aaa101ac636eb12f80bdc5a73b3d8459382c6145d1ca4ba4b96
[INFO] running `Command { std: "docker" "create" "-v" "/var/lib/crater-agent-workspace/builds/worker-1-tc2/target:/opt/rustwide/target:rw,Z" "-v" "/var/lib/crater-agent-workspace/builds/worker-1-tc2/source:/opt/rustwide/workdir:ro,Z" "-v" "/var/lib/crater-agent-workspace/cargo-home:/opt/rustwide/cargo-home:ro,Z" "-v" "/var/lib/crater-agent-workspace/rustup-home:/opt/rustwide/rustup-home:ro,Z" "-e" "SOURCE_DIR=/opt/rustwide/workdir" "-e" "CARGO_TARGET_DIR=/opt/rustwide/target" "-e" "CARGO_INCREMENTAL=0" "-e" "RUST_BACKTRACE=full" "-e" "RUSTFLAGS=--cap-lints=warn" "-e" "RUSTDOCFLAGS=--cap-lints=warn" "-e" "CARGO_HOME=/opt/rustwide/cargo-home" "-e" "RUSTUP_HOME=/opt/rustwide/rustup-home" "-w" "/opt/rustwide/workdir" "-m" "1610612736" "--user" "0:0" "--network" "none" "ghcr.io/rust-lang/crates-build-env/linux@sha256:2788e3201cd34a07e3172128adcd8b3090168a8e3bcc40d7c032b9dda1df7d1c" "/opt/rustwide/cargo-home/bin/cargo" "+beta-2023-12-22" "test" "--frozen" "--no-run" "--message-format=json", kill_on_drop: false }`
[INFO] [stdout] 54382a4fbb8cda4ef987559f030a2f1cd98a3ff8f6fb8b30235ed5a86e73bf17
[INFO] running `Command { std: "docker" "start" "-a" "54382a4fbb8cda4ef987559f030a2f1cd98a3ff8f6fb8b30235ed5a86e73bf17", kill_on_drop: false }`
[INFO] [stderr]    Compiling indoc v1.0.9
[INFO] [stderr]    Compiling export-logseq-notes v0.4.2 (/opt/rustwide/workdir)
[INFO] [stdout] warning: unused import: `LogseqRawPage`
[INFO] [stdout]   --> src/logseq/tests.rs:10:38
[INFO] [stdout]    |
[INFO] [stdout] 10 |     logseq::{blocks::LogseqRawBlock, LogseqRawPage},
[INFO] [stdout]    |                                      ^^^^^^^^^^^^^
[INFO] [stdout]    |
[INFO] [stdout]    = note: `#[warn(unused_imports)]` on by default
[INFO] [stdout] 
[INFO] [stdout] 
[INFO] [stdout] warning: unused import: `super::*`
[INFO] [stdout]    --> src/page.rs:836:9
[INFO] [stdout]     |
[INFO] [stdout] 836 |     use super::*;
[INFO] [stdout]     |         ^^^^^^^^
[INFO] [stdout] 
[INFO] [stdout] 
[INFO] [stdout] warning: unused import: `rhai::FnPtr`
[INFO] [stdout]    --> src/script.rs:310:9
[INFO] [stdout]     |
[INFO] [stdout] 310 |     use rhai::FnPtr;
[INFO] [stdout]     |         ^^^^^^^^^^^
[INFO] [stdout] 
[INFO] [stdout] 
[INFO] [stdout] warning: use of deprecated method `chrono::NaiveDate::and_hms`: use `and_hms_opt()` instead
[INFO] [stdout]    --> src/logseq/mod.rs:266:32
[INFO] [stdout]     |
[INFO] [stdout] 266 |                     .map(|d| d.and_hms(0, 0, 0).timestamp_millis() as u64)
[INFO] [stdout]     |                                ^^^^^^^
[INFO] [stdout]     |
[INFO] [stdout]     = note: `#[warn(deprecated)]` on by default
[INFO] [stdout] 
[INFO] [stdout] 
[INFO] [stdout] warning: use of deprecated method `chrono::TimeZone::timestamp`: use `timestamp_opt()` instead
[INFO] [stdout]   --> src/template.rs:19:62
[INFO] [stdout]    |
[INFO] [stdout] 19 | handlebars_helper!(iso_time: |fmt:str, t: i64| { chrono::Utc.timestamp(t / 1000, 0).to_rfc3339() });
[INFO] [stdout]    |                                                              ^^^^^^^^^
[INFO] [stdout] 
[INFO] [stdout] 
[INFO] [stdout] warning: use of deprecated method `chrono::TimeZone::timestamp`: use `timestamp_opt()` instead
[INFO] [stdout]   --> src/template.rs:20:65
[INFO] [stdout]    |
[INFO] [stdout] 20 | handlebars_helper!(format_time: |fmt:str, t: i64| { chrono::Utc.timestamp(t / 1000, 0).format(fmt).to_string() });
[INFO] [stdout]    |                                                                 ^^^^^^^^^
[INFO] [stdout] 
[INFO] [stdout] 
[INFO] [stdout] warning: unused variable: `fmt`
[INFO] [stdout]   --> src/template.rs:19:31
[INFO] [stdout]    |
[INFO] [stdout] 19 | handlebars_helper!(iso_time: |fmt:str, t: i64| { chrono::Utc.timestamp(t / 1000, 0).to_rfc3339() });
[INFO] [stdout]    |                               ^^^
[INFO] [stdout]    |
[INFO] [stdout] help: `fmt` is captured in macro and introduced a unused variable
[INFO] [stdout]   --> src/template.rs:19:1
[INFO] [stdout]    |
[INFO] [stdout] 19 | handlebars_helper!(iso_time: |fmt:str, t: i64| { chrono::Utc.timestamp(t / 1000, 0).to_rfc3339() });
[INFO] [stdout]    | ^^^^^^^^^^^^^^^^^^^^^^^^^^^^^^^^^^^^^^^^^^^^^^^^^^^^^^^^^^^^^^^^^^^^^^^^^^^^^^^^^^^^^^^^^^^^^^^^^^^
[INFO] [stdout]    = note: `#[warn(unused_variables)]` on by default
[INFO] [stdout]    = note: this warning originates in the macro `handlebars_helper` (in Nightly builds, run with -Z macro-backtrace for more info)
[INFO] [stdout] 
[INFO] [stdout] 
[INFO] [stdout] warning: methods `block_iter`, `pages`, and `blocks_with_references` are never used
[INFO] [stdout]    --> src/graph.rs:143:8
[INFO] [stdout]     |
[INFO] [stdout] 121 | impl Graph {
[INFO] [stdout]     | ---------- methods in this implementation
[INFO] [stdout] ...
[INFO] [stdout] 143 |     fn block_iter<F: FnMut(&(&usize, &Block)) -> bool>(
[INFO] [stdout]     |        ^^^^^^^^^^
[INFO] [stdout] ...
[INFO] [stdout] 150 |     pub fn pages(&self) -> impl Iterator<Item = &Block> {
[INFO] [stdout]     |            ^^^^^
[INFO] [stdout] ...
[INFO] [stdout] 154 |     pub fn blocks_with_references<'a>(
[INFO] [stdout]     |            ^^^^^^^^^^^^^^^^^^^^^^
[INFO] [stdout]     |
[INFO] [stdout]     = note: `#[warn(dead_code)]` on by default
[INFO] [stdout] 
[INFO] [stdout] 
[INFO] [stdout] warning: function `space_between_tags` is never used
[INFO] [stdout]    --> src/logseq/blocks.rs:224:4
[INFO] [stdout]     |
[INFO] [stdout] 224 | fn space_between_tags(input: &str) -> IResult<&str, ()> {
[INFO] [stdout]     |    ^^^^^^^^^^^^^^^^^^
[INFO] [stdout] 
[INFO] [stdout] 
[INFO] [stdout] warning: type alias `SmartString` is never used
[INFO] [stdout]   --> src/script.rs:21:6
[INFO] [stdout]    |
[INFO] [stdout] 21 | type SmartString = smartstring::SmartString<smartstring::LazyCompact>;
[INFO] [stdout]    |      ^^^^^^^^^^^
[INFO] [stdout] 
[INFO] [stdout] 
[INFO] [stdout] warning: associated function `new` is never used
[INFO] [stdout]   --> src/string_builder.rs:11:12
[INFO] [stdout]    |
[INFO] [stdout] 10 | impl<'a> StringBuilder<'a> {
[INFO] [stdout]    | -------------------------- associated function in this implementation
[INFO] [stdout] 11 |     pub fn new() -> StringBuilder<'a> {
[INFO] [stdout]    |            ^^^
[INFO] [stdout] 
[INFO] [stdout] 
[INFO] [stdout] warning: 11 warnings emitted
[INFO] [stdout] 
[INFO] [stdout] 
[INFO] [stderr]     Finished test [unoptimized + debuginfo] target(s) in 10.30s
[INFO] running `Command { std: "docker" "inspect" "54382a4fbb8cda4ef987559f030a2f1cd98a3ff8f6fb8b30235ed5a86e73bf17", kill_on_drop: false }`
[INFO] running `Command { std: "docker" "rm" "-f" "54382a4fbb8cda4ef987559f030a2f1cd98a3ff8f6fb8b30235ed5a86e73bf17", kill_on_drop: false }`
[INFO] [stdout] 54382a4fbb8cda4ef987559f030a2f1cd98a3ff8f6fb8b30235ed5a86e73bf17
[INFO] running `Command { std: "docker" "create" "-v" "/var/lib/crater-agent-workspace/builds/worker-1-tc2/target:/opt/rustwide/target:rw,Z" "-v" "/var/lib/crater-agent-workspace/builds/worker-1-tc2/source:/opt/rustwide/workdir:ro,Z" "-v" "/var/lib/crater-agent-workspace/cargo-home:/opt/rustwide/cargo-home:ro,Z" "-v" "/var/lib/crater-agent-workspace/rustup-home:/opt/rustwide/rustup-home:ro,Z" "-e" "SOURCE_DIR=/opt/rustwide/workdir" "-e" "CARGO_TARGET_DIR=/opt/rustwide/target" "-e" "CARGO_INCREMENTAL=0" "-e" "RUST_BACKTRACE=full" "-e" "RUSTFLAGS=--cap-lints=warn" "-e" "RUSTDOCFLAGS=--cap-lints=warn" "-e" "CARGO_HOME=/opt/rustwide/cargo-home" "-e" "RUSTUP_HOME=/opt/rustwide/rustup-home" "-w" "/opt/rustwide/workdir" "-m" "1610612736" "--user" "0:0" "--network" "none" "ghcr.io/rust-lang/crates-build-env/linux@sha256:2788e3201cd34a07e3172128adcd8b3090168a8e3bcc40d7c032b9dda1df7d1c" "/opt/rustwide/cargo-home/bin/cargo" "+beta-2023-12-22" "test" "--frozen", kill_on_drop: false }`
[INFO] [stdout] caae984e5a0a3fba800cb7e82fba7982bc501112a367172b3bbcc2b8484070e2
[INFO] running `Command { std: "docker" "start" "-a" "caae984e5a0a3fba800cb7e82fba7982bc501112a367172b3bbcc2b8484070e2", kill_on_drop: false }`
[INFO] [stderr] warning: unused import: `LogseqRawPage`
[INFO] [stderr]   --> src/logseq/tests.rs:10:38
[INFO] [stderr]    |
[INFO] [stderr] 10 |     logseq::{blocks::LogseqRawBlock, LogseqRawPage},
[INFO] [stderr]    |                                      ^^^^^^^^^^^^^
[INFO] [stderr]    |
[INFO] [stderr]    = note: `#[warn(unused_imports)]` on by default
[INFO] [stderr] 
[INFO] [stderr] warning: unused import: `super::*`
[INFO] [stderr]    --> src/page.rs:836:9
[INFO] [stderr]     |
[INFO] [stderr] 836 |     use super::*;
[INFO] [stderr]     |         ^^^^^^^^
[INFO] [stderr] 
[INFO] [stderr] warning: unused import: `rhai::FnPtr`
[INFO] [stderr]    --> src/script.rs:310:9
[INFO] [stderr]     |
[INFO] [stderr] 310 |     use rhai::FnPtr;
[INFO] [stderr]     |         ^^^^^^^^^^^
[INFO] [stderr] 
[INFO] [stderr] warning: use of deprecated method `chrono::NaiveDate::and_hms`: use `and_hms_opt()` instead
[INFO] [stderr]    --> src/logseq/mod.rs:266:32
[INFO] [stderr]     |
[INFO] [stderr] 266 |                     .map(|d| d.and_hms(0, 0, 0).timestamp_millis() as u64)
[INFO] [stderr]     |                                ^^^^^^^
[INFO] [stderr]     |
[INFO] [stderr]     = note: `#[warn(deprecated)]` on by default
[INFO] [stderr] 
[INFO] [stderr] warning: use of deprecated method `chrono::TimeZone::timestamp`: use `timestamp_opt()` instead
[INFO] [stderr]   --> src/template.rs:19:62
[INFO] [stderr]    |
[INFO] [stderr] 19 | handlebars_helper!(iso_time: |fmt:str, t: i64| { chrono::Utc.timestamp(t / 1000, 0).to_rfc3339() });
[INFO] [stderr]    |                                                              ^^^^^^^^^
[INFO] [stderr] 
[INFO] [stderr] warning: use of deprecated method `chrono::TimeZone::timestamp`: use `timestamp_opt()` instead
[INFO] [stderr]   --> src/template.rs:20:65
[INFO] [stderr]    |
[INFO] [stderr] 20 | handlebars_helper!(format_time: |fmt:str, t: i64| { chrono::Utc.timestamp(t / 1000, 0).format(fmt).to_string() });
[INFO] [stderr]    |                                                                 ^^^^^^^^^
[INFO] [stderr] 
[INFO] [stderr] warning: unused variable: `fmt`
[INFO] [stderr]   --> src/template.rs:19:31
[INFO] [stderr]    |
[INFO] [stderr] 19 | handlebars_helper!(iso_time: |fmt:str, t: i64| { chrono::Utc.timestamp(t / 1000, 0).to_rfc3339() });
[INFO] [stderr]    |                               ^^^
[INFO] [stderr]    |
[INFO] [stderr] help: `fmt` is captured in macro and introduced a unused variable
[INFO] [stderr]   --> src/template.rs:19:1
[INFO] [stderr]    |
[INFO] [stderr] 19 | handlebars_helper!(iso_time: |fmt:str, t: i64| { chrono::Utc.timestamp(t / 1000, 0).to_rfc3339() });
[INFO] [stderr]    | ^^^^^^^^^^^^^^^^^^^^^^^^^^^^^^^^^^^^^^^^^^^^^^^^^^^^^^^^^^^^^^^^^^^^^^^^^^^^^^^^^^^^^^^^^^^^^^^^^^^
[INFO] [stderr]    = note: `#[warn(unused_variables)]` on by default
[INFO] [stderr]    = note: this warning originates in the macro `handlebars_helper` (in Nightly builds, run with -Z macro-backtrace for more info)
[INFO] [stderr] 
[INFO] [stderr] warning: methods `block_iter`, `pages`, and `blocks_with_references` are never used
[INFO] [stderr]    --> src/graph.rs:143:8
[INFO] [stderr]     |
[INFO] [stderr] 121 | impl Graph {
[INFO] [stderr]     | ---------- methods in this implementation
[INFO] [stderr] ...
[INFO] [stderr] 143 |     fn block_iter<F: FnMut(&(&usize, &Block)) -> bool>(
[INFO] [stderr]     |        ^^^^^^^^^^
[INFO] [stderr] ...
[INFO] [stderr] 150 |     pub fn pages(&self) -> impl Iterator<Item = &Block> {
[INFO] [stderr]     |            ^^^^^
[INFO] [stderr] ...
[INFO] [stderr] 154 |     pub fn blocks_with_references<'a>(
[INFO] [stderr]     |            ^^^^^^^^^^^^^^^^^^^^^^
[INFO] [stderr]     |
[INFO] [stderr]     = note: `#[warn(dead_code)]` on by default
[INFO] [stderr] 
[INFO] [stderr] warning: function `space_between_tags` is never used
[INFO] [stderr]    --> src/logseq/blocks.rs:224:4
[INFO] [stderr]     |
[INFO] [stderr] 224 | fn space_between_tags(input: &str) -> IResult<&str, ()> {
[INFO] [stderr]     |    ^^^^^^^^^^^^^^^^^^
[INFO] [stderr] 
[INFO] [stderr] warning: type alias `SmartString` is never used
[INFO] [stderr]   --> src/script.rs:21:6
[INFO] [stderr]    |
[INFO] [stderr] 21 | type SmartString = smartstring::SmartString<smartstring::LazyCompact>;
[INFO] [stderr]    |      ^^^^^^^^^^^
[INFO] [stderr] 
[INFO] [stderr] warning: associated function `new` is never used
[INFO] [stderr]   --> src/string_builder.rs:11:12
[INFO] [stderr]    |
[INFO] [stderr] 10 | impl<'a> StringBuilder<'a> {
[INFO] [stderr]    | -------------------------- associated function in this implementation
[INFO] [stderr] 11 |     pub fn new() -> StringBuilder<'a> {
[INFO] [stderr]    |            ^^^
[INFO] [stderr] 
[INFO] [stderr] warning: `export-logseq-notes` (bin "export-logseq-notes" test) generated 11 warnings (run `cargo fix --bin "export-logseq-notes" --tests` to apply 3 suggestions)
[INFO] [stderr]     Finished test [unoptimized + debuginfo] target(s) in 0.24s
[INFO] [stderr]      Running unittests src/main.rs (/opt/rustwide/target/debug/deps/export_logseq_notes-fd06e97c3d9bf606)
[INFO] [stdout] 
[INFO] [stdout] running 90 tests
[INFO] [stdout] test html::tests::needs_escape ... ok
[INFO] [stdout] test html::tests::no_escape ... ok
[INFO] [stdout] test logseq::attrs::tests::hashtags_with_commas ... ok
[INFO] [stdout] test html::tests::unicode ... ok
[INFO] [stdout] test logseq::attrs::tests::one_hashtag ... ok
[INFO] [stdout] test logseq::attrs::tests::two_hashtags ... ok
[INFO] [stdout] test logseq::attrs::tests::single_tag_values ... ok
[INFO] [stdout] test logseq::attrs::tests::two_raw_values ... ok
[INFO] [stdout] test logseq::blocks::test::evaluate_line::extra_space_before_dash ... ok
[INFO] [stdout] test logseq::blocks::test::evaluate_line::extra_spaces_same_block ... ok
[INFO] [stdout] test logseq::blocks::test::evaluate_line::empty_line ... ok
[INFO] [stdout] test logseq::attrs::tests::values_with_commas ... ok
[INFO] [stdout] test logseq::blocks::test::evaluate_line::empty_block ... ok
[INFO] [stdout] test logseq::blocks::test::evaluate_line::header1 ... ok
[INFO] [stdout] test logseq::blocks::test::evaluate_line::header3 ... ok
[INFO] [stdout] test logseq::blocks::test::evaluate_line::indent_new_block ... ok
[INFO] [stdout] test logseq::blocks::test::evaluate_line::indent_same_block ... ok
[INFO] [stdout] test logseq::blocks::test::evaluate_line::new_block_attr_line ... ok
[INFO] [stdout] test logseq::blocks::test::evaluate_line::no_indent_new_block ... ok
[INFO] [stdout] test logseq::attrs::tests::separator ... ok
[INFO] [stdout] test logseq::blocks::test::evaluate_line::hashes_on_second_line ... ok
[INFO] [stdout] test logseq::blocks::test::evaluate_line::same_block_attr_line ... ok
[INFO] [stdout] test logseq::blocks::test::evaluate_line::no_indent_same_block ... ok
[INFO] [stdout] test logseq::page_header::test::empty_yaml_frontmatter ... ok
[INFO] [stdout] test logseq::page_header::test::yaml_frontmatter ... ok
[INFO] [stdout] test logseq::page_header::test::attr_frontmatter ... ok
[INFO] [stdout] test logseq::page_header::test::no_frontmatter ... ok
[INFO] [stdout] test page::tests::table_omits_children ... ok
[INFO] [stdout] test parse_string_tests::blockquote_fake_2 ... ok
[INFO] [stdout] test page::tests::render_table ... ok
[INFO] [stdout] test page::tests::omit_blocks_with_only_unexported_links ... ok
[INFO] [stdout] test parse_string_tests::attribute_nospace ... ok
[INFO] [stdout] test parse_string_tests::blockquote_fake_1 ... ok
[INFO] [stdout] test parse_string_tests::attribute_simple ... ok
[INFO] [stdout] test parse_string_tests::blockquote_simple ... ok
[INFO] [stdout] test parse_string_tests::exclamation_point ... ok
[INFO] [stdout] test parse_string_tests::blockquote_with_nested_styles ... ok
[INFO] [stdout] test parse_string_tests::block_ref ... ok
[INFO] [stdout] test parse_string_tests::image_with_alt ... ok
[INFO] [stdout] test parse_string_tests::hashtag_brace ... ok
[INFO] [stdout] test parse_string_tests::hashtag_with_dot ... ok
[INFO] [stdout] test parse_string_tests::image ... ok
[INFO] [stdout] test parse_string_tests::link ... ok
[INFO] [stdout] test parse_string_tests::hashtag_simple ... ok
[INFO] [stdout] test parse_string_tests::hashtag_with_link ... ok
[INFO] [stdout] test parse_string_tests::isolated_attribute ... ok
[INFO] [stdout] test parse_string_tests::logseq_done ... ok
[INFO] [stdout] test parse_string_tests::logseq_todo ... ok
[INFO] [stdout] test parse_string_tests::markdown_link_with_embedded_parens ... ok
[INFO] [stdout] test parse_string_tests::link_with_enclosed_bracket ... ok
[INFO] [stdout] test parse_string_tests::multiword_with_links ... ok
[INFO] [stdout] test parse_string_tests::logseq_attribute_and_text_in_block ... ok
[INFO] [stdout] test parse_string_tests::logseq_todo_must_be_at_start ... ok
[INFO] [stdout] test parse_string_tests::logseq_colons_in_attribute_value ... ok
[INFO] [stdout] test parse_string_tests::markdown_link ... ok
[INFO] [stdout] test parse_string_tests::other_link_brace ... ok
[INFO] [stdout] test parse_string_tests::plaintext_link ... ok
[INFO] [stdout] test parse_string_tests::other_brace ... ok
[INFO] [stdout] test parse_string_tests::real_world_1 ... ok
[INFO] [stdout] test parse_string_tests::real_world_5 ... ok
[INFO] [stdout] test parse_string_tests::plaintext_link_omits_trailing_character2 ... ok
[INFO] [stdout] test parse_string_tests::real_world_2 ... ok
[INFO] [stdout] test parse_string_tests::real_world_3 ... ok
[INFO] [stdout] test parse_string_tests::plaintext_link_entire_string ... ok
[INFO] [stdout] test parse_string_tests::real_world_4 ... ok
[INFO] [stdout] test parse_string_tests::real_world_6 ... ok
[INFO] [stdout] test parse_string_tests::plaintext_link_omits_trailing_character ... ok
[INFO] [stdout] test parse_string_tests::roam_attribute_backticks_2 ... ok
[INFO] [stdout] test parse_string_tests::real_world_8 ... ok
[INFO] [stdout] test parse_string_tests::real_world_7 ... ok
[INFO] [stdout] test parse_string_tests::roam_attribute_complex ... ok
[INFO] [stdout] test parse_string_tests::roam_todo ... ok
[INFO] [stdout] test parse_string_tests::surrounding_whitespace ... ok
[INFO] [stdout] test parse_string_tests::roam_attribute_backticks_1 ... ok
[INFO] [stdout] test parse_string_tests::roam_fake_bold ... ok
[INFO] [stdout] test parse_string_tests::single_brace ... ok
[INFO] [stdout] test parse_string_tests::table_brace ... ok
[INFO] [stdout] test parse_string_tests::single_bracket ... ok
[INFO] [stdout] test parse_string_tests::table_link_brace ... ok
[INFO] [stdout] test parse_string_tests::roam_attribute_extra_colons ... ok
[INFO] [stdout] test parse_string_tests::words ... ok
[INFO] [stdout] test string_builder::tests::empty ... ok
[INFO] [stdout] test parse_string_tests::triple_backtick_1 ... ok
[INFO] [stdout] test parse_string_tests::word ... ok
[INFO] [stdout] test parse_string_tests::unicode ... ok
[INFO] [stdout] test parse_string_tests::triple_backtick_2 ... ok
[INFO] [stdout] test string_builder::tests::nested ... ok
[INFO] [stdout] test string_builder::tests::simple_string ... ok
[INFO] [stdout] test string_builder::tests::vec_of_strings ... ok
[INFO] [stdout] test logseq::tests::full_page ... FAILED
[INFO] [stdout] 
[INFO] [stdout] failures:
[INFO] [stdout] 
[INFO] [stdout] ---- logseq::tests::full_page stdout ----
[INFO] [stdout] thread 'logseq::tests::full_page' panicked at src/logseq/tests.rs:120:5:
[INFO] [stdout] assertion `left == right` failed: page attributes
[INFO] [stdout]   left: {"tags": ["Project"], "title": ["Circa"], "original_title": ["the filename"]}
[INFO] [stdout]  right: {"tags": ["Project"], "title": ["Circa"]}
[INFO] [stdout] stack backtrace:
[INFO] [stdout]    0:     0x55a7415773b6 - std::backtrace_rs::backtrace::libunwind::trace::h261606ad26a499c1
[INFO] [stdout]                                at /rustc/0e09125c6c3c2fd70d7de961bcf0e51575235fad/library/std/src/../../backtrace/src/backtrace/libunwind.rs:104:5
[INFO] [stdout]    1:     0x55a7415773b6 - std::backtrace_rs::backtrace::trace_unsynchronized::hd183f0625477fb28
[INFO] [stdout]                                at /rustc/0e09125c6c3c2fd70d7de961bcf0e51575235fad/library/std/src/../../backtrace/src/backtrace/mod.rs:66:5
[INFO] [stdout]    2:     0x55a7415773b6 - std::sys_common::backtrace::_print_fmt::hd7f8fef21b4eda67
[INFO] [stdout]                                at /rustc/0e09125c6c3c2fd70d7de961bcf0e51575235fad/library/std/src/sys_common/backtrace.rs:68:5
[INFO] [stdout]    3:     0x55a7415773b6 - <std::sys_common::backtrace::_print::DisplayBacktrace as core::fmt::Display>::fmt::h623d9b51f2f453f1
[INFO] [stdout]                                at /rustc/0e09125c6c3c2fd70d7de961bcf0e51575235fad/library/std/src/sys_common/backtrace.rs:44:22
[INFO] [stdout]    4:     0x55a7415a0dc0 - core::fmt::rt::Argument::fmt::h9f417ac76a86f368
[INFO] [stdout]                                at /rustc/0e09125c6c3c2fd70d7de961bcf0e51575235fad/library/core/src/fmt/rt.rs:142:9
[INFO] [stdout]    5:     0x55a7415a0dc0 - core::fmt::write::hc9b6faf4ac2aeff7
[INFO] [stdout]                                at /rustc/0e09125c6c3c2fd70d7de961bcf0e51575235fad/library/core/src/fmt/mod.rs:1120:17
[INFO] [stdout]    6:     0x55a741574e1f - std::io::Write::write_fmt::he04625a3a989fec3
[INFO] [stdout]                                at /rustc/0e09125c6c3c2fd70d7de961bcf0e51575235fad/library/std/src/io/mod.rs:1810:15
[INFO] [stdout]    7:     0x55a741577194 - std::sys_common::backtrace::_print::hd5d66399c7df88a2
[INFO] [stdout]                                at /rustc/0e09125c6c3c2fd70d7de961bcf0e51575235fad/library/std/src/sys_common/backtrace.rs:47:5
[INFO] [stdout]    8:     0x55a741577194 - std::sys_common::backtrace::print::he81ed2da642d37e5
[INFO] [stdout]                                at /rustc/0e09125c6c3c2fd70d7de961bcf0e51575235fad/library/std/src/sys_common/backtrace.rs:34:9
[INFO] [stdout]    9:     0x55a741578f07 - std::panicking::default_hook::{{closure}}::h85773f4fa117163d
[INFO] [stdout]   10:     0x55a741578bed - std::panicking::default_hook::h6a1694a91d09b278
[INFO] [stdout]                                at /rustc/0e09125c6c3c2fd70d7de961bcf0e51575235fad/library/std/src/panicking.rs:289:9
[INFO] [stdout]   11:     0x55a7415182b7 - <alloc::boxed::Box<F,A> as core::ops::function::Fn<Args>>::call::h616ac37fa3cd6c8f
[INFO] [stdout]                                at /rustc/0e09125c6c3c2fd70d7de961bcf0e51575235fad/library/alloc/src/boxed.rs:2029:9
[INFO] [stdout]   12:     0x55a7415182b7 - test::test_main::{{closure}}::h00d84697cefdcbb6
[INFO] [stdout]                                at /rustc/0e09125c6c3c2fd70d7de961bcf0e51575235fad/library/test/src/lib.rs:138:21
[INFO] [stdout]   13:     0x55a741579526 - <alloc::boxed::Box<F,A> as core::ops::function::Fn<Args>>::call::hcb3fe3b9bb537ba8
[INFO] [stdout]                                at /rustc/0e09125c6c3c2fd70d7de961bcf0e51575235fad/library/alloc/src/boxed.rs:2029:9
[INFO] [stdout]   14:     0x55a741579526 - std::panicking::rust_panic_with_hook::h0a7ad96e90f7145b
[INFO] [stdout]                                at /rustc/0e09125c6c3c2fd70d7de961bcf0e51575235fad/library/std/src/panicking.rs:783:13
[INFO] [stdout]   15:     0x55a741579272 - std::panicking::begin_panic_handler::{{closure}}::h7919090525c6485e
[INFO] [stdout]                                at /rustc/0e09125c6c3c2fd70d7de961bcf0e51575235fad/library/std/src/panicking.rs:657:13
[INFO] [stdout]   16:     0x55a7415778b6 - std::sys_common::backtrace::__rust_end_short_backtrace::hf3289479464f7dfe
[INFO] [stdout]                                at /rustc/0e09125c6c3c2fd70d7de961bcf0e51575235fad/library/std/src/sys_common/backtrace.rs:171:18
[INFO] [stdout]   17:     0x55a741578fd0 - rust_begin_unwind
[INFO] [stdout]                                at /rustc/0e09125c6c3c2fd70d7de961bcf0e51575235fad/library/std/src/panicking.rs:645:5
[INFO] [stdout]   18:     0x55a741480d55 - core::panicking::panic_fmt::hcc9f77c5c132af55
[INFO] [stdout]                                at /rustc/0e09125c6c3c2fd70d7de961bcf0e51575235fad/library/core/src/panicking.rs:72:14
[INFO] [stdout]   19:     0x55a7414812af - core::panicking::assert_failed_inner::h9f13e27dd63c3a08
[INFO] [stdout]                                at /rustc/0e09125c6c3c2fd70d7de961bcf0e51575235fad/library/core/src/panicking.rs:337:23
[INFO] [stdout]   20:     0x55a7414c0cae - core::panicking::assert_failed::h64a163b0da35622a
[INFO] [stdout]                                at /rustc/0e09125c6c3c2fd70d7de961bcf0e51575235fad/library/core/src/panicking.rs:297:5
[INFO] [stdout]   21:     0x55a7414a2458 - export_logseq_notes::logseq::tests::full_page::h6be74ec8dea57719
[INFO] [stdout]                                at /opt/rustwide/workdir/src/logseq/tests.rs:120:5
[INFO] [stdout]   22:     0x55a7414a0177 - export_logseq_notes::logseq::tests::full_page::{{closure}}::h5acc453edaecc7ea
[INFO] [stdout]                                at /opt/rustwide/workdir/src/logseq/tests.rs:19:15
[INFO] [stdout]   23:     0x55a7414d1e86 - core::ops::function::FnOnce::call_once::h87a9e154f27216af
[INFO] [stdout]                                at /rustc/0e09125c6c3c2fd70d7de961bcf0e51575235fad/library/core/src/ops/function.rs:250:5
[INFO] [stdout]   24:     0x55a74151db8f - core::ops::function::FnOnce::call_once::hd64d26f405258157
[INFO] [stdout]                                at /rustc/0e09125c6c3c2fd70d7de961bcf0e51575235fad/library/core/src/ops/function.rs:250:5
[INFO] [stdout]   25:     0x55a74151db8f - test::__rust_begin_short_backtrace::he21b0b7a6d731bf9
[INFO] [stdout]                                at /rustc/0e09125c6c3c2fd70d7de961bcf0e51575235fad/library/test/src/lib.rs:627:18
[INFO] [stdout]   26:     0x55a74151c911 - test::run_test_in_process::{{closure}}::hf5c73986d7bdfde2
[INFO] [stdout]                                at /rustc/0e09125c6c3c2fd70d7de961bcf0e51575235fad/library/test/src/lib.rs:650:60
[INFO] [stdout]   27:     0x55a74151c911 - <core::panic::unwind_safe::AssertUnwindSafe<F> as core::ops::function::FnOnce<()>>::call_once::h330011ad032aadc0
[INFO] [stdout]                                at /rustc/0e09125c6c3c2fd70d7de961bcf0e51575235fad/library/core/src/panic/unwind_safe.rs:272:9
[INFO] [stdout]   28:     0x55a74151c911 - std::panicking::try::do_call::he61b0a958b795a41
[INFO] [stdout]                                at /rustc/0e09125c6c3c2fd70d7de961bcf0e51575235fad/library/std/src/panicking.rs:552:40
[INFO] [stdout]   29:     0x55a74151c911 - std::panicking::try::h7309da130f906eb7
[INFO] [stdout]                                at /rustc/0e09125c6c3c2fd70d7de961bcf0e51575235fad/library/std/src/panicking.rs:516:19
[INFO] [stdout]   30:     0x55a74151c911 - std::panic::catch_unwind::hc5c3a06fdaf0a92a
[INFO] [stdout]                                at /rustc/0e09125c6c3c2fd70d7de961bcf0e51575235fad/library/std/src/panic.rs:142:14
[INFO] [stdout]   31:     0x55a74151c911 - test::run_test_in_process::h7e7b7c71c3324e0f
[INFO] [stdout]                                at /rustc/0e09125c6c3c2fd70d7de961bcf0e51575235fad/library/test/src/lib.rs:650:27
[INFO] [stdout]   32:     0x55a74151c911 - test::run_test::{{closure}}::h1f509f28f5cf20b1
[INFO] [stdout]                                at /rustc/0e09125c6c3c2fd70d7de961bcf0e51575235fad/library/test/src/lib.rs:573:43
[INFO] [stdout]   33:     0x55a7414e3c46 - test::run_test::{{closure}}::h1754218abf443f6d
[INFO] [stdout]                                at /rustc/0e09125c6c3c2fd70d7de961bcf0e51575235fad/library/test/src/lib.rs:601:41
[INFO] [stdout]   34:     0x55a7414e3c46 - std::sys_common::backtrace::__rust_begin_short_backtrace::h2ee174b9d5954948
[INFO] [stdout]                                at /rustc/0e09125c6c3c2fd70d7de961bcf0e51575235fad/library/std/src/sys_common/backtrace.rs:155:18
[INFO] [stdout]   35:     0x55a7414e8ca7 - std::thread::Builder::spawn_unchecked_::{{closure}}::{{closure}}::hf60bee9c1a17ef09
[INFO] [stdout]                                at /rustc/0e09125c6c3c2fd70d7de961bcf0e51575235fad/library/std/src/thread/mod.rs:529:17
[INFO] [stdout]   36:     0x55a7414e8ca7 - <core::panic::unwind_safe::AssertUnwindSafe<F> as core::ops::function::FnOnce<()>>::call_once::h33d0dddec5216160
[INFO] [stdout]                                at /rustc/0e09125c6c3c2fd70d7de961bcf0e51575235fad/library/core/src/panic/unwind_safe.rs:272:9
[INFO] [stdout]   37:     0x55a7414e8ca7 - std::panicking::try::do_call::h144b3048b546f835
[INFO] [stdout]                                at /rustc/0e09125c6c3c2fd70d7de961bcf0e51575235fad/library/std/src/panicking.rs:552:40
[INFO] [stdout]   38:     0x55a7414e8ca7 - std::panicking::try::h978244d04646189f
[INFO] [stdout]                                at /rustc/0e09125c6c3c2fd70d7de961bcf0e51575235fad/library/std/src/panicking.rs:516:19
[INFO] [stdout]   39:     0x55a7414e8ca7 - std::panic::catch_unwind::hdf436369d188fe86
[INFO] [stdout]                                at /rustc/0e09125c6c3c2fd70d7de961bcf0e51575235fad/library/std/src/panic.rs:142:14
[INFO] [stdout]   40:     0x55a7414e8ca7 - std::thread::Builder::spawn_unchecked_::{{closure}}::h87329cbdd33c79ec
[INFO] [stdout]                                at /rustc/0e09125c6c3c2fd70d7de961bcf0e51575235fad/library/std/src/thread/mod.rs:528:30
[INFO] [stdout]   41:     0x55a7414e8ca7 - core::ops::function::FnOnce::call_once{{vtable.shim}}::h401abbe67897d450
[INFO] [stdout]                                at /rustc/0e09125c6c3c2fd70d7de961bcf0e51575235fad/library/core/src/ops/function.rs:250:5
[INFO] [stdout]   42:     0x55a74157e015 - <alloc::boxed::Box<F,A> as core::ops::function::FnOnce<Args>>::call_once::h5d7c8f150ab9c84c
[INFO] [stdout]                                at /rustc/0e09125c6c3c2fd70d7de961bcf0e51575235fad/library/alloc/src/boxed.rs:2015:9
[INFO] [stdout]   43:     0x55a74157e015 - <alloc::boxed::Box<F,A> as core::ops::function::FnOnce<Args>>::call_once::h570d5b005c242c15
[INFO] [stdout]                                at /rustc/0e09125c6c3c2fd70d7de961bcf0e51575235fad/library/alloc/src/boxed.rs:2015:9
[INFO] [stdout]   44:     0x55a74157e015 - std::sys::unix::thread::Thread::new::thread_start::h36b0a20c0b2361ad
[INFO] [stdout]                                at /rustc/0e09125c6c3c2fd70d7de961bcf0e51575235fad/library/std/src/sys/unix/thread.rs:108:17
[INFO] [stdout]   45:     0x7f06508e7ac3 - <unknown>
[INFO] [stdout]   46:     0x7f0650978bf4 - __clone
[INFO] [stdout]   47:                0x0 - <unknown>
[INFO] [stdout] 
[INFO] [stdout] 
[INFO] [stdout] failures:
[INFO] [stdout]     logseq::tests::full_page
[INFO] [stdout] 
[INFO] [stdout] test result: FAILED. 89 passed; 1 failed; 0 ignored; 0 measured; 0 filtered out; finished in 0.29s
[INFO] [stdout] 
[INFO] [stderr] error: test failed, to rerun pass `--bin export-logseq-notes`
[INFO] running `Command { std: "docker" "inspect" "caae984e5a0a3fba800cb7e82fba7982bc501112a367172b3bbcc2b8484070e2", kill_on_drop: false }`
[INFO] running `Command { std: "docker" "rm" "-f" "caae984e5a0a3fba800cb7e82fba7982bc501112a367172b3bbcc2b8484070e2", kill_on_drop: false }`
[INFO] [stdout] caae984e5a0a3fba800cb7e82fba7982bc501112a367172b3bbcc2b8484070e2
