[INFO] cloning repository https://github.com/dhivelopers/r9cc
[INFO] running `Command { std: "git" "-c" "credential.helper=" "-c" "credential.helper=/workspace/cargo-home/bin/git-credential-null" "clone" "--bare" "https://github.com/dhivelopers/r9cc" "/workspace/cache/git-repos/https%3A%2F%2Fgithub.com%2Fdhivelopers%2Fr9cc", kill_on_drop: false }`
[INFO] [stderr] Cloning into bare repository '/workspace/cache/git-repos/https%3A%2F%2Fgithub.com%2Fdhivelopers%2Fr9cc'...
[INFO] running `Command { std: "git" "rev-parse" "HEAD", kill_on_drop: false }`
[INFO] [stdout] db745749231a391c0811a0742b0a658da5571cbe
[INFO] testing dhivelopers/r9cc against 1.75.0 for beta-1.76-1
[INFO] running `Command { std: "git" "clone" "/workspace/cache/git-repos/https%3A%2F%2Fgithub.com%2Fdhivelopers%2Fr9cc" "/workspace/builds/worker-6-tc1/source", kill_on_drop: false }`
[INFO] [stderr] Cloning into '/workspace/builds/worker-6-tc1/source'...
[INFO] [stderr] done.
[INFO] validating manifest of git repo https://github.com/dhivelopers/r9cc on toolchain 1.75.0
[INFO] running `Command { std: CARGO_HOME="/workspace/cargo-home" RUSTUP_HOME="/workspace/rustup-home" "/workspace/cargo-home/bin/cargo" "+1.75.0" "metadata" "--manifest-path" "Cargo.toml" "--no-deps", kill_on_drop: false }`
[INFO] started tweaking git repo https://github.com/dhivelopers/r9cc
[INFO] finished tweaking git repo https://github.com/dhivelopers/r9cc
[INFO] tweaked toml for git repo https://github.com/dhivelopers/r9cc written to /workspace/builds/worker-6-tc1/source/Cargo.toml
[INFO] crate git repo https://github.com/dhivelopers/r9cc already has a lockfile, it will not be regenerated
[INFO] running `Command { std: CARGO_HOME="/workspace/cargo-home" RUSTUP_HOME="/workspace/rustup-home" "/workspace/cargo-home/bin/cargo" "+1.75.0" "fetch" "--manifest-path" "Cargo.toml", kill_on_drop: false }`
[INFO] running `Command { std: "docker" "create" "-v" "/var/lib/crater-agent-workspace/builds/worker-6-tc1/target:/opt/rustwide/target:rw,Z" "-v" "/var/lib/crater-agent-workspace/builds/worker-6-tc1/source:/opt/rustwide/workdir:ro,Z" "-v" "/var/lib/crater-agent-workspace/cargo-home:/opt/rustwide/cargo-home:ro,Z" "-v" "/var/lib/crater-agent-workspace/rustup-home:/opt/rustwide/rustup-home:ro,Z" "-e" "SOURCE_DIR=/opt/rustwide/workdir" "-e" "CARGO_TARGET_DIR=/opt/rustwide/target" "-e" "CARGO_HOME=/opt/rustwide/cargo-home" "-e" "RUSTUP_HOME=/opt/rustwide/rustup-home" "-w" "/opt/rustwide/workdir" "-m" "1610612736" "--user" "0:0" "--network" "none" "ghcr.io/rust-lang/crates-build-env/linux@sha256:2788e3201cd34a07e3172128adcd8b3090168a8e3bcc40d7c032b9dda1df7d1c" "/opt/rustwide/cargo-home/bin/cargo" "+1.75.0" "metadata" "--no-deps" "--format-version=1", kill_on_drop: false }`
[INFO] [stdout] f6e592e177e0c34e9ccdddb84a46ffc4c0b2ce04cbc01b7f52fd5ddd95b7d98e
[INFO] running `Command { std: "docker" "start" "-a" "f6e592e177e0c34e9ccdddb84a46ffc4c0b2ce04cbc01b7f52fd5ddd95b7d98e", kill_on_drop: false }`
[INFO] running `Command { std: "docker" "inspect" "f6e592e177e0c34e9ccdddb84a46ffc4c0b2ce04cbc01b7f52fd5ddd95b7d98e", kill_on_drop: false }`
[INFO] running `Command { std: "docker" "rm" "-f" "f6e592e177e0c34e9ccdddb84a46ffc4c0b2ce04cbc01b7f52fd5ddd95b7d98e", kill_on_drop: false }`
[INFO] [stdout] f6e592e177e0c34e9ccdddb84a46ffc4c0b2ce04cbc01b7f52fd5ddd95b7d98e
[INFO] running `Command { std: "docker" "create" "-v" "/var/lib/crater-agent-workspace/builds/worker-6-tc1/target:/opt/rustwide/target:rw,Z" "-v" "/var/lib/crater-agent-workspace/builds/worker-6-tc1/source:/opt/rustwide/workdir:ro,Z" "-v" "/var/lib/crater-agent-workspace/cargo-home:/opt/rustwide/cargo-home:ro,Z" "-v" "/var/lib/crater-agent-workspace/rustup-home:/opt/rustwide/rustup-home:ro,Z" "-e" "SOURCE_DIR=/opt/rustwide/workdir" "-e" "CARGO_TARGET_DIR=/opt/rustwide/target" "-e" "CARGO_INCREMENTAL=0" "-e" "RUST_BACKTRACE=full" "-e" "RUSTFLAGS=--cap-lints=warn" "-e" "RUSTDOCFLAGS=--cap-lints=warn" "-e" "CARGO_HOME=/opt/rustwide/cargo-home" "-e" "RUSTUP_HOME=/opt/rustwide/rustup-home" "-w" "/opt/rustwide/workdir" "-m" "1610612736" "--user" "0:0" "--network" "none" "ghcr.io/rust-lang/crates-build-env/linux@sha256:2788e3201cd34a07e3172128adcd8b3090168a8e3bcc40d7c032b9dda1df7d1c" "/opt/rustwide/cargo-home/bin/cargo" "+1.75.0" "build" "--frozen" "--message-format=json", kill_on_drop: false }`
[INFO] [stdout] 48348eb285d2dd96edead1bacf67ebda6e8b05df5501df5d5f6b5bc9229ccbdb
[INFO] running `Command { std: "docker" "start" "-a" "48348eb285d2dd96edead1bacf67ebda6e8b05df5501df5d5f6b5bc9229ccbdb", kill_on_drop: false }`
[INFO] [stderr]    Compiling r9cc v0.1.0 (/opt/rustwide/workdir)
[INFO] [stderr]     Finished dev [unoptimized + debuginfo] target(s) in 0.64s
[INFO] running `Command { std: "docker" "inspect" "48348eb285d2dd96edead1bacf67ebda6e8b05df5501df5d5f6b5bc9229ccbdb", kill_on_drop: false }`
[INFO] running `Command { std: "docker" "rm" "-f" "48348eb285d2dd96edead1bacf67ebda6e8b05df5501df5d5f6b5bc9229ccbdb", kill_on_drop: false }`
[INFO] [stdout] 48348eb285d2dd96edead1bacf67ebda6e8b05df5501df5d5f6b5bc9229ccbdb
[INFO] running `Command { std: "docker" "create" "-v" "/var/lib/crater-agent-workspace/builds/worker-6-tc1/target:/opt/rustwide/target:rw,Z" "-v" "/var/lib/crater-agent-workspace/builds/worker-6-tc1/source:/opt/rustwide/workdir:ro,Z" "-v" "/var/lib/crater-agent-workspace/cargo-home:/opt/rustwide/cargo-home:ro,Z" "-v" "/var/lib/crater-agent-workspace/rustup-home:/opt/rustwide/rustup-home:ro,Z" "-e" "SOURCE_DIR=/opt/rustwide/workdir" "-e" "CARGO_TARGET_DIR=/opt/rustwide/target" "-e" "CARGO_INCREMENTAL=0" "-e" "RUST_BACKTRACE=full" "-e" "RUSTFLAGS=--cap-lints=warn" "-e" "RUSTDOCFLAGS=--cap-lints=warn" "-e" "CARGO_HOME=/opt/rustwide/cargo-home" "-e" "RUSTUP_HOME=/opt/rustwide/rustup-home" "-w" "/opt/rustwide/workdir" "-m" "1610612736" "--user" "0:0" "--network" "none" "ghcr.io/rust-lang/crates-build-env/linux@sha256:2788e3201cd34a07e3172128adcd8b3090168a8e3bcc40d7c032b9dda1df7d1c" "/opt/rustwide/cargo-home/bin/cargo" "+1.75.0" "test" "--frozen" "--no-run" "--message-format=json", kill_on_drop: false }`
[INFO] [stdout] 5c3521a79c402821c7d560940eda5d4487aa6c4e8c01ef2d7857bb80f2229faa
[INFO] running `Command { std: "docker" "start" "-a" "5c3521a79c402821c7d560940eda5d4487aa6c4e8c01ef2d7857bb80f2229faa", kill_on_drop: false }`
[INFO] [stderr]    Compiling r9cc v0.1.0 (/opt/rustwide/workdir)
[INFO] [stderr]     Finished test [unoptimized + debuginfo] target(s) in 0.41s
[INFO] running `Command { std: "docker" "inspect" "5c3521a79c402821c7d560940eda5d4487aa6c4e8c01ef2d7857bb80f2229faa", kill_on_drop: false }`
[INFO] running `Command { std: "docker" "rm" "-f" "5c3521a79c402821c7d560940eda5d4487aa6c4e8c01ef2d7857bb80f2229faa", kill_on_drop: false }`
[INFO] [stdout] 5c3521a79c402821c7d560940eda5d4487aa6c4e8c01ef2d7857bb80f2229faa
[INFO] running `Command { std: "docker" "create" "-v" "/var/lib/crater-agent-workspace/builds/worker-6-tc1/target:/opt/rustwide/target:rw,Z" "-v" "/var/lib/crater-agent-workspace/builds/worker-6-tc1/source:/opt/rustwide/workdir:ro,Z" "-v" "/var/lib/crater-agent-workspace/cargo-home:/opt/rustwide/cargo-home:ro,Z" "-v" "/var/lib/crater-agent-workspace/rustup-home:/opt/rustwide/rustup-home:ro,Z" "-e" "SOURCE_DIR=/opt/rustwide/workdir" "-e" "CARGO_TARGET_DIR=/opt/rustwide/target" "-e" "CARGO_INCREMENTAL=0" "-e" "RUST_BACKTRACE=full" "-e" "RUSTFLAGS=--cap-lints=warn" "-e" "RUSTDOCFLAGS=--cap-lints=warn" "-e" "CARGO_HOME=/opt/rustwide/cargo-home" "-e" "RUSTUP_HOME=/opt/rustwide/rustup-home" "-w" "/opt/rustwide/workdir" "-m" "1610612736" "--user" "0:0" "--network" "none" "ghcr.io/rust-lang/crates-build-env/linux@sha256:2788e3201cd34a07e3172128adcd8b3090168a8e3bcc40d7c032b9dda1df7d1c" "/opt/rustwide/cargo-home/bin/cargo" "+1.75.0" "test" "--frozen", kill_on_drop: false }`
[INFO] [stdout] c5ca1c079a1aa49a69eef596d2f9cd20299ca0a2dae1184d165f5e52c82e4b80
[INFO] running `Command { std: "docker" "start" "-a" "c5ca1c079a1aa49a69eef596d2f9cd20299ca0a2dae1184d165f5e52c82e4b80", kill_on_drop: false }`
[INFO] [stderr]     Finished test [unoptimized + debuginfo] target(s) in 0.00s
[INFO] [stderr]      Running unittests src/lib.rs (/opt/rustwide/target/debug/deps/r9cc-b27f804265fdead3)
[INFO] [stdout] 
[INFO] [stdout] running 7 tests
[INFO] [stdout] test tokenizer::test_ident ... ok
[INFO] [stdout] test tokenizer::test_local_var ... ok
[INFO] [stdout] test tokenizer::test_return ... ok
[INFO] [stdout] test tokenizer::test_return_like_ident ... ok
[INFO] [stdout] test tokenizer::test_semicolon ... ok
[INFO] [stdout] test tokenizer::test_tokens_iterator ... ok
[INFO] [stdout] test tokenizer::test_whitespace ... ok
[INFO] [stdout] 
[INFO] [stdout] test result: ok. 7 passed; 0 failed; 0 ignored; 0 measured; 0 filtered out; finished in 0.00s
[INFO] [stdout] 
[INFO] [stderr]      Running unittests src/main.rs (/opt/rustwide/target/debug/deps/r9cc-363f42203de335b6)
[INFO] [stdout] 
[INFO] [stdout] running 0 tests
[INFO] [stdout] 
[INFO] [stdout] test result: ok. 0 passed; 0 failed; 0 ignored; 0 measured; 0 filtered out; finished in 0.00s
[INFO] [stdout] 
[INFO] [stderr]      Running tests/integration_test.rs (/opt/rustwide/target/debug/deps/integration_test-857ce48abf9b8dd9)
[INFO] [stdout] 
[INFO] [stdout] running 1 test
[INFO] [stdout] test make_generated_test_sh ... FAILED
[INFO] [stdout] 
[INFO] [stdout] failures:
[INFO] [stdout] 
[INFO] [stdout] ---- make_generated_test_sh stdout ----
[INFO] [stdout] Error: Os { code: 30, kind: ReadOnlyFilesystem, message: "Read-only file system" }
[INFO] [stdout] 
[INFO] [stdout] 
[INFO] [stdout] failures:
[INFO] [stdout]     make_generated_test_sh
[INFO] [stdout] 
[INFO] [stdout] test result: FAILED. 0 passed; 1 failed; 0 ignored; 0 measured; 0 filtered out; finished in 0.00s
[INFO] [stdout] 
[INFO] [stderr] error: test failed, to rerun pass `--test integration_test`
[INFO] running `Command { std: "docker" "inspect" "c5ca1c079a1aa49a69eef596d2f9cd20299ca0a2dae1184d165f5e52c82e4b80", kill_on_drop: false }`
[INFO] running `Command { std: "docker" "rm" "-f" "c5ca1c079a1aa49a69eef596d2f9cd20299ca0a2dae1184d165f5e52c82e4b80", kill_on_drop: false }`
[INFO] [stdout] c5ca1c079a1aa49a69eef596d2f9cd20299ca0a2dae1184d165f5e52c82e4b80
[INFO] testing dhivelopers/r9cc against beta-2023-12-22 for beta-1.76-1
[INFO] running `Command { std: "git" "clone" "/workspace/cache/git-repos/https%3A%2F%2Fgithub.com%2Fdhivelopers%2Fr9cc" "/workspace/builds/worker-6-tc2/source", kill_on_drop: false }`
[INFO] [stderr] Cloning into '/workspace/builds/worker-6-tc2/source'...
[INFO] [stderr] done.
[INFO] validating manifest of git repo https://github.com/dhivelopers/r9cc on toolchain beta-2023-12-22
[INFO] running `Command { std: CARGO_HOME="/workspace/cargo-home" RUSTUP_HOME="/workspace/rustup-home" "/workspace/cargo-home/bin/cargo" "+beta-2023-12-22" "metadata" "--manifest-path" "Cargo.toml" "--no-deps", kill_on_drop: false }`
[INFO] started tweaking git repo https://github.com/dhivelopers/r9cc
[INFO] finished tweaking git repo https://github.com/dhivelopers/r9cc
[INFO] tweaked toml for git repo https://github.com/dhivelopers/r9cc written to /workspace/builds/worker-6-tc2/source/Cargo.toml
[INFO] crate git repo https://github.com/dhivelopers/r9cc already has a lockfile, it will not be regenerated
[INFO] running `Command { std: CARGO_HOME="/workspace/cargo-home" RUSTUP_HOME="/workspace/rustup-home" "/workspace/cargo-home/bin/cargo" "+beta-2023-12-22" "fetch" "--manifest-path" "Cargo.toml", kill_on_drop: false }`
[INFO] running `Command { std: "docker" "create" "-v" "/var/lib/crater-agent-workspace/builds/worker-6-tc2/target:/opt/rustwide/target:rw,Z" "-v" "/var/lib/crater-agent-workspace/builds/worker-6-tc2/source:/opt/rustwide/workdir:ro,Z" "-v" "/var/lib/crater-agent-workspace/cargo-home:/opt/rustwide/cargo-home:ro,Z" "-v" "/var/lib/crater-agent-workspace/rustup-home:/opt/rustwide/rustup-home:ro,Z" "-e" "SOURCE_DIR=/opt/rustwide/workdir" "-e" "CARGO_TARGET_DIR=/opt/rustwide/target" "-e" "CARGO_HOME=/opt/rustwide/cargo-home" "-e" "RUSTUP_HOME=/opt/rustwide/rustup-home" "-w" "/opt/rustwide/workdir" "-m" "1610612736" "--user" "0:0" "--network" "none" "ghcr.io/rust-lang/crates-build-env/linux@sha256:2788e3201cd34a07e3172128adcd8b3090168a8e3bcc40d7c032b9dda1df7d1c" "/opt/rustwide/cargo-home/bin/cargo" "+beta-2023-12-22" "metadata" "--no-deps" "--format-version=1", kill_on_drop: false }`
[INFO] [stdout] afbdd3d9c567ab83d20f0a07301d104bef974a2c6b3e6e3e0355184f2f23925a
[INFO] running `Command { std: "docker" "start" "-a" "afbdd3d9c567ab83d20f0a07301d104bef974a2c6b3e6e3e0355184f2f23925a", kill_on_drop: false }`
[INFO] running `Command { std: "docker" "inspect" "afbdd3d9c567ab83d20f0a07301d104bef974a2c6b3e6e3e0355184f2f23925a", kill_on_drop: false }`
[INFO] running `Command { std: "docker" "rm" "-f" "afbdd3d9c567ab83d20f0a07301d104bef974a2c6b3e6e3e0355184f2f23925a", kill_on_drop: false }`
[INFO] [stdout] afbdd3d9c567ab83d20f0a07301d104bef974a2c6b3e6e3e0355184f2f23925a
[INFO] running `Command { std: "docker" "create" "-v" "/var/lib/crater-agent-workspace/builds/worker-6-tc2/target:/opt/rustwide/target:rw,Z" "-v" "/var/lib/crater-agent-workspace/builds/worker-6-tc2/source:/opt/rustwide/workdir:ro,Z" "-v" "/var/lib/crater-agent-workspace/cargo-home:/opt/rustwide/cargo-home:ro,Z" "-v" "/var/lib/crater-agent-workspace/rustup-home:/opt/rustwide/rustup-home:ro,Z" "-e" "SOURCE_DIR=/opt/rustwide/workdir" "-e" "CARGO_TARGET_DIR=/opt/rustwide/target" "-e" "CARGO_INCREMENTAL=0" "-e" "RUST_BACKTRACE=full" "-e" "RUSTFLAGS=--cap-lints=warn" "-e" "RUSTDOCFLAGS=--cap-lints=warn" "-e" "CARGO_HOME=/opt/rustwide/cargo-home" "-e" "RUSTUP_HOME=/opt/rustwide/rustup-home" "-w" "/opt/rustwide/workdir" "-m" "1610612736" "--user" "0:0" "--network" "none" "ghcr.io/rust-lang/crates-build-env/linux@sha256:2788e3201cd34a07e3172128adcd8b3090168a8e3bcc40d7c032b9dda1df7d1c" "/opt/rustwide/cargo-home/bin/cargo" "+beta-2023-12-22" "build" "--frozen" "--message-format=json", kill_on_drop: false }`
[INFO] [stdout] 9775e9af55920bb92c273599346fe9d5f266096cbf7eb14bdcaf0f1d33d20914
[INFO] running `Command { std: "docker" "start" "-a" "9775e9af55920bb92c273599346fe9d5f266096cbf7eb14bdcaf0f1d33d20914", kill_on_drop: false }`
[INFO] [stderr]    Compiling r9cc v0.1.0 (/opt/rustwide/workdir)
[INFO] [stderr]     Finished dev [unoptimized + debuginfo] target(s) in 0.54s
[INFO] running `Command { std: "docker" "inspect" "9775e9af55920bb92c273599346fe9d5f266096cbf7eb14bdcaf0f1d33d20914", kill_on_drop: false }`
[INFO] running `Command { std: "docker" "rm" "-f" "9775e9af55920bb92c273599346fe9d5f266096cbf7eb14bdcaf0f1d33d20914", kill_on_drop: false }`
[INFO] [stdout] 9775e9af55920bb92c273599346fe9d5f266096cbf7eb14bdcaf0f1d33d20914
[INFO] running `Command { std: "docker" "create" "-v" "/var/lib/crater-agent-workspace/builds/worker-6-tc2/target:/opt/rustwide/target:rw,Z" "-v" "/var/lib/crater-agent-workspace/builds/worker-6-tc2/source:/opt/rustwide/workdir:ro,Z" "-v" "/var/lib/crater-agent-workspace/cargo-home:/opt/rustwide/cargo-home:ro,Z" "-v" "/var/lib/crater-agent-workspace/rustup-home:/opt/rustwide/rustup-home:ro,Z" "-e" "SOURCE_DIR=/opt/rustwide/workdir" "-e" "CARGO_TARGET_DIR=/opt/rustwide/target" "-e" "CARGO_INCREMENTAL=0" "-e" "RUST_BACKTRACE=full" "-e" "RUSTFLAGS=--cap-lints=warn" "-e" "RUSTDOCFLAGS=--cap-lints=warn" "-e" "CARGO_HOME=/opt/rustwide/cargo-home" "-e" "RUSTUP_HOME=/opt/rustwide/rustup-home" "-w" "/opt/rustwide/workdir" "-m" "1610612736" "--user" "0:0" "--network" "none" "ghcr.io/rust-lang/crates-build-env/linux@sha256:2788e3201cd34a07e3172128adcd8b3090168a8e3bcc40d7c032b9dda1df7d1c" "/opt/rustwide/cargo-home/bin/cargo" "+beta-2023-12-22" "test" "--frozen" "--no-run" "--message-format=json", kill_on_drop: false }`
[INFO] [stdout] bc790b9671d19a0649fbdcfa13f0df534e8cb7202ad981ad5017a3bdf0d7d0bf
[INFO] running `Command { std: "docker" "start" "-a" "bc790b9671d19a0649fbdcfa13f0df534e8cb7202ad981ad5017a3bdf0d7d0bf", kill_on_drop: false }`
[INFO] [stderr]    Compiling r9cc v0.1.0 (/opt/rustwide/workdir)
[INFO] [stderr]     Finished test [unoptimized + debuginfo] target(s) in 0.42s
[INFO] running `Command { std: "docker" "inspect" "bc790b9671d19a0649fbdcfa13f0df534e8cb7202ad981ad5017a3bdf0d7d0bf", kill_on_drop: false }`
[INFO] running `Command { std: "docker" "rm" "-f" "bc790b9671d19a0649fbdcfa13f0df534e8cb7202ad981ad5017a3bdf0d7d0bf", kill_on_drop: false }`
[INFO] [stdout] bc790b9671d19a0649fbdcfa13f0df534e8cb7202ad981ad5017a3bdf0d7d0bf
[INFO] running `Command { std: "docker" "create" "-v" "/var/lib/crater-agent-workspace/builds/worker-6-tc2/target:/opt/rustwide/target:rw,Z" "-v" "/var/lib/crater-agent-workspace/builds/worker-6-tc2/source:/opt/rustwide/workdir:ro,Z" "-v" "/var/lib/crater-agent-workspace/cargo-home:/opt/rustwide/cargo-home:ro,Z" "-v" "/var/lib/crater-agent-workspace/rustup-home:/opt/rustwide/rustup-home:ro,Z" "-e" "SOURCE_DIR=/opt/rustwide/workdir" "-e" "CARGO_TARGET_DIR=/opt/rustwide/target" "-e" "CARGO_INCREMENTAL=0" "-e" "RUST_BACKTRACE=full" "-e" "RUSTFLAGS=--cap-lints=warn" "-e" "RUSTDOCFLAGS=--cap-lints=warn" "-e" "CARGO_HOME=/opt/rustwide/cargo-home" "-e" "RUSTUP_HOME=/opt/rustwide/rustup-home" "-w" "/opt/rustwide/workdir" "-m" "1610612736" "--user" "0:0" "--network" "none" "ghcr.io/rust-lang/crates-build-env/linux@sha256:2788e3201cd34a07e3172128adcd8b3090168a8e3bcc40d7c032b9dda1df7d1c" "/opt/rustwide/cargo-home/bin/cargo" "+beta-2023-12-22" "test" "--frozen", kill_on_drop: false }`
[INFO] [stdout] 98c9654e0eb909b76b8410e8600f6ec161e0b222a241d898d0dcee8e98fda0f3
[INFO] running `Command { std: "docker" "start" "-a" "98c9654e0eb909b76b8410e8600f6ec161e0b222a241d898d0dcee8e98fda0f3", kill_on_drop: false }`
[INFO] [stderr]     Finished test [unoptimized + debuginfo] target(s) in 0.00s
[INFO] [stderr]      Running unittests src/lib.rs (/opt/rustwide/target/debug/deps/r9cc-424175f5ca66e1b3)
[INFO] [stdout] 
[INFO] [stdout] running 7 tests
[INFO] [stdout] test tokenizer::test_return ... ok
[INFO] [stdout] test tokenizer::test_local_var ... ok
[INFO] [stdout] test tokenizer::test_return_like_ident ... ok
[INFO] [stdout] test tokenizer::test_ident ... ok
[INFO] [stdout] test tokenizer::test_semicolon ... ok
[INFO] [stdout] test tokenizer::test_tokens_iterator ... ok
[INFO] [stdout] test tokenizer::test_whitespace ... ok
[INFO] [stdout] 
[INFO] [stdout] test result: ok. 7 passed; 0 failed; 0 ignored; 0 measured; 0 filtered out; finished in 0.00s
[INFO] [stdout] 
[INFO] [stderr]      Running unittests src/main.rs (/opt/rustwide/target/debug/deps/r9cc-4cb386236a2fc5fe)
[INFO] [stdout] 
[INFO] [stdout] running 0 tests
[INFO] [stdout] 
[INFO] [stdout] test result: ok. 0 passed; 0 failed; 0 ignored; 0 measured; 0 filtered out; finished in 0.00s
[INFO] [stdout] 
[INFO] [stderr]      Running tests/integration_test.rs (/opt/rustwide/target/debug/deps/integration_test-e0b47ecdf0b0e11e)
[INFO] [stdout] 
[INFO] [stdout] running 1 test
[INFO] [stdout] test make_generated_test_sh ... FAILED
[INFO] [stdout] 
[INFO] [stdout] failures:
[INFO] [stdout] 
[INFO] [stdout] ---- make_generated_test_sh stdout ----
[INFO] [stdout] Error: Os { code: 30, kind: ReadOnlyFilesystem, message: "Read-only file system" }
[INFO] [stdout] 
[INFO] [stdout] 
[INFO] [stdout] failures:
[INFO] [stdout]     make_generated_test_sh
[INFO] [stdout] 
[INFO] [stdout] test result: FAILED. 0 passed; 1 failed; 0 ignored; 0 measured; 0 filtered out; finished in 0.00s
[INFO] [stdout] 
[INFO] [stderr] error: test failed, to rerun pass `--test integration_test`
[INFO] running `Command { std: "docker" "inspect" "98c9654e0eb909b76b8410e8600f6ec161e0b222a241d898d0dcee8e98fda0f3", kill_on_drop: false }`
[INFO] running `Command { std: "docker" "rm" "-f" "98c9654e0eb909b76b8410e8600f6ec161e0b222a241d898d0dcee8e98fda0f3", kill_on_drop: false }`
[INFO] [stdout] 98c9654e0eb909b76b8410e8600f6ec161e0b222a241d898d0dcee8e98fda0f3
