[INFO] cloning repository https://github.com/devzbysiu/chester
[INFO] running `Command { std: "git" "-c" "credential.helper=" "-c" "credential.helper=/workspace/cargo-home/bin/git-credential-null" "clone" "--bare" "https://github.com/devzbysiu/chester" "/workspace/cache/git-repos/https%3A%2F%2Fgithub.com%2Fdevzbysiu%2Fchester", kill_on_drop: false }`
[INFO] [stderr] Cloning into bare repository '/workspace/cache/git-repos/https%3A%2F%2Fgithub.com%2Fdevzbysiu%2Fchester'...
[INFO] running `Command { std: "git" "rev-parse" "HEAD", kill_on_drop: false }`
[INFO] [stdout] bbc7e8c6e8d0292b7796039b8efa4a20c6b927e7
[INFO] testing devzbysiu/chester against 1.75.0 for beta-1.76-1
[INFO] running `Command { std: "git" "clone" "/workspace/cache/git-repos/https%3A%2F%2Fgithub.com%2Fdevzbysiu%2Fchester" "/workspace/builds/worker-3-tc1/source", kill_on_drop: false }`
[INFO] [stderr] Cloning into '/workspace/builds/worker-3-tc1/source'...
[INFO] [stderr] done.
[INFO] validating manifest of git repo https://github.com/devzbysiu/chester on toolchain 1.75.0
[INFO] running `Command { std: CARGO_HOME="/workspace/cargo-home" RUSTUP_HOME="/workspace/rustup-home" "/workspace/cargo-home/bin/cargo" "+1.75.0" "metadata" "--manifest-path" "Cargo.toml" "--no-deps", kill_on_drop: false }`
[INFO] started tweaking git repo https://github.com/devzbysiu/chester
[INFO] finished tweaking git repo https://github.com/devzbysiu/chester
[INFO] tweaked toml for git repo https://github.com/devzbysiu/chester written to /workspace/builds/worker-3-tc1/source/Cargo.toml
[INFO] crate git repo https://github.com/devzbysiu/chester already has a lockfile, it will not be regenerated
[INFO] running `Command { std: CARGO_HOME="/workspace/cargo-home" RUSTUP_HOME="/workspace/rustup-home" "/workspace/cargo-home/bin/cargo" "+1.75.0" "fetch" "--manifest-path" "Cargo.toml", kill_on_drop: false }`
[INFO] [stderr]     Updating crates.io index
[INFO] [stderr]  Downloading crates ...
[INFO] [stderr]   Downloaded tracing-actix-web v0.7.3
[INFO] [stderr]   Downloaded eventador v0.0.18
[INFO] running `Command { std: "docker" "create" "-v" "/var/lib/crater-agent-workspace/builds/worker-3-tc1/target:/opt/rustwide/target:rw,Z" "-v" "/var/lib/crater-agent-workspace/builds/worker-3-tc1/source:/opt/rustwide/workdir:ro,Z" "-v" "/var/lib/crater-agent-workspace/cargo-home:/opt/rustwide/cargo-home:ro,Z" "-v" "/var/lib/crater-agent-workspace/rustup-home:/opt/rustwide/rustup-home:ro,Z" "-e" "SOURCE_DIR=/opt/rustwide/workdir" "-e" "CARGO_TARGET_DIR=/opt/rustwide/target" "-e" "CARGO_HOME=/opt/rustwide/cargo-home" "-e" "RUSTUP_HOME=/opt/rustwide/rustup-home" "-w" "/opt/rustwide/workdir" "-m" "1610612736" "--user" "0:0" "--network" "none" "ghcr.io/rust-lang/crates-build-env/linux@sha256:2788e3201cd34a07e3172128adcd8b3090168a8e3bcc40d7c032b9dda1df7d1c" "/opt/rustwide/cargo-home/bin/cargo" "+1.75.0" "metadata" "--no-deps" "--format-version=1", kill_on_drop: false }`
[INFO] [stdout] 9bab239a45f56c26fee7bfd4f0aaaee7bc2742b4ff3079a4dedf9bca57cada8b
[INFO] running `Command { std: "docker" "start" "-a" "9bab239a45f56c26fee7bfd4f0aaaee7bc2742b4ff3079a4dedf9bca57cada8b", kill_on_drop: false }`
[INFO] running `Command { std: "docker" "inspect" "9bab239a45f56c26fee7bfd4f0aaaee7bc2742b4ff3079a4dedf9bca57cada8b", kill_on_drop: false }`
[INFO] running `Command { std: "docker" "rm" "-f" "9bab239a45f56c26fee7bfd4f0aaaee7bc2742b4ff3079a4dedf9bca57cada8b", kill_on_drop: false }`
[INFO] [stdout] 9bab239a45f56c26fee7bfd4f0aaaee7bc2742b4ff3079a4dedf9bca57cada8b
[INFO] running `Command { std: "docker" "create" "-v" "/var/lib/crater-agent-workspace/builds/worker-3-tc1/target:/opt/rustwide/target:rw,Z" "-v" "/var/lib/crater-agent-workspace/builds/worker-3-tc1/source:/opt/rustwide/workdir:ro,Z" "-v" "/var/lib/crater-agent-workspace/cargo-home:/opt/rustwide/cargo-home:ro,Z" "-v" "/var/lib/crater-agent-workspace/rustup-home:/opt/rustwide/rustup-home:ro,Z" "-e" "SOURCE_DIR=/opt/rustwide/workdir" "-e" "CARGO_TARGET_DIR=/opt/rustwide/target" "-e" "CARGO_INCREMENTAL=0" "-e" "RUST_BACKTRACE=full" "-e" "RUSTFLAGS=--cap-lints=warn" "-e" "RUSTDOCFLAGS=--cap-lints=warn" "-e" "CARGO_HOME=/opt/rustwide/cargo-home" "-e" "RUSTUP_HOME=/opt/rustwide/rustup-home" "-w" "/opt/rustwide/workdir" "-m" "1610612736" "--user" "0:0" "--network" "none" "ghcr.io/rust-lang/crates-build-env/linux@sha256:2788e3201cd34a07e3172128adcd8b3090168a8e3bcc40d7c032b9dda1df7d1c" "/opt/rustwide/cargo-home/bin/cargo" "+1.75.0" "build" "--frozen" "--message-format=json", kill_on_drop: false }`
[INFO] [stdout] b1b391c169f2321021f80941a6ec5bf254b8e95a91bae9aee45b4d3a7927d9c6
[INFO] running `Command { std: "docker" "start" "-a" "b1b391c169f2321021f80941a6ec5bf254b8e95a91bae9aee45b4d3a7927d9c6", kill_on_drop: false }`
[INFO] [stderr]    Compiling cfg-if v1.0.0
[INFO] [stderr]    Compiling libc v0.2.140
[INFO] [stderr]    Compiling proc-macro2 v1.0.53
[INFO] [stderr]    Compiling unicode-ident v1.0.8
[INFO] [stderr]    Compiling quote v1.0.26
[INFO] [stderr]    Compiling autocfg v1.1.0
[INFO] [stderr]    Compiling syn v1.0.109
[INFO] [stderr]    Compiling pin-project-lite v0.2.9
[INFO] [stderr]    Compiling log v0.4.17
[INFO] [stderr]    Compiling version_check v0.9.4
[INFO] [stderr]    Compiling memchr v2.5.0
[INFO] [stderr]    Compiling once_cell v1.17.1
[INFO] [stderr]    Compiling fnv v1.0.7
[INFO] [stderr]    Compiling bytes v1.4.0
[INFO] [stderr]    Compiling scopeguard v1.1.0
[INFO] [stderr]    Compiling futures-core v0.3.27
[INFO] [stderr]    Compiling itoa v1.0.6
[INFO] [stderr]    Compiling smallvec v1.10.0
[INFO] [stderr]    Compiling tracing-core v0.1.30
[INFO] [stderr]    Compiling lock_api v0.4.9
[INFO] [stderr]    Compiling parking_lot_core v0.9.7
[INFO] [stderr]    Compiling mio v0.8.6
[INFO] [stderr]    Compiling tokio v1.26.0
[INFO] [stderr]    Compiling crossbeam-utils v0.8.15
[INFO] [stderr]    Compiling jobserver v0.1.26
[INFO] [stderr]    Compiling socket2 v0.4.9
[INFO] [stderr]    Compiling parking_lot v0.12.1
[INFO] [stderr]    Compiling signal-hook-registry v1.4.1
[INFO] [stderr]    Compiling regex-syntax v0.6.29
[INFO] [stderr]    Compiling typenum v1.16.0
[INFO] [stderr]    Compiling futures-task v0.3.27
[INFO] [stderr]    Compiling cc v1.0.79
[INFO] [stderr]    Compiling syn v2.0.10
[INFO] [stderr]    Compiling getrandom v0.2.8
[INFO] [stderr]    Compiling http v0.2.9
[INFO] [stderr]    Compiling generic-array v0.14.6
[INFO] [stderr]    Compiling futures-util v0.3.27
[INFO] [stderr]    Compiling pkg-config v0.3.26
[INFO] [stderr]    Compiling aho-corasick v0.7.20
[INFO] [stderr]    Compiling serde_derive v1.0.158
[INFO] [stderr]    Compiling zstd-sys v2.0.7+zstd.1.5.4
[INFO] [stderr]    Compiling pin-utils v0.1.0
[INFO] [stderr]    Compiling paste v1.0.12
[INFO] [stderr]    Compiling regex v1.7.3
[INFO] [stderr]    Compiling bitflags v1.3.2
[INFO] [stderr]    Compiling serde v1.0.158
[INFO] [stderr]    Compiling percent-encoding v2.2.0
[INFO] [stderr]    Compiling futures-sink v0.3.27
[INFO] [stderr]    Compiling bytestring v1.3.0
[INFO] [stderr]    Compiling memoffset v0.8.0
[INFO] [stderr]    Compiling slab v0.4.8
[INFO] [stderr]    Compiling indexmap v1.9.3
[INFO] [stderr]    Compiling tinyvec_macros v0.1.1
[INFO] [stderr]    Compiling crc32fast v1.3.2
[INFO] [stderr]    Compiling alloc-no-stdlib v2.0.4
[INFO] [stderr]    Compiling zstd-safe v6.0.4+zstd.1.5.4
[INFO] [stderr]    Compiling httparse v1.8.0
[INFO] [stderr]    Compiling local-waker v0.1.3
[INFO] [stderr]    Compiling time-core v0.1.0
[INFO] [stderr]    Compiling strsim v0.10.0
[INFO] [stderr]    Compiling ident_case v1.0.1
[INFO] [stderr]    Compiling alloc-stdlib v0.2.2
[INFO] [stderr]    Compiling time-macros v0.2.8
[INFO] [stderr]    Compiling darling_core v0.14.4
[INFO] [stderr]    Compiling tinyvec v1.6.0
[INFO] [stderr]    Compiling block-buffer v0.10.4
[INFO] [stderr]    Compiling crypto-common v0.1.6
[INFO] [stderr]    Compiling rand_core v0.6.4
[INFO] [stderr]    Compiling crossbeam-channel v0.5.7
[INFO] [stderr]    Compiling ahash v0.8.3
[INFO] [stderr]    Compiling crossbeam-epoch v0.9.14
[INFO] [stderr]    Compiling ppv-lite86 v0.2.17
[INFO] [stderr]    Compiling hashbrown v0.12.3
[INFO] [stderr]    Compiling adler v1.0.2
[INFO] [stderr]    Compiling miniz_oxide v0.6.2
[INFO] [stderr]    Compiling time v0.3.20
[INFO] [stderr]    Compiling tracing v0.1.37
[INFO] [stderr]    Compiling tracing-attributes v0.1.23
[INFO] [stderr]    Compiling tokio-macros v1.8.2
[INFO] [stderr]    Compiling rand_chacha v0.3.1
[INFO] [stderr]    Compiling unicode-normalization v0.1.22
[INFO] [stderr]    Compiling darling_macro v0.14.4
[INFO] [stderr]    Compiling actix-service v2.0.2
[INFO] [stderr]    Compiling digest v0.10.6
[INFO] [stderr]    Compiling brotli-decompressor v2.3.4
[INFO] [stderr]    Compiling actix-utils v3.0.1
[INFO] [stderr]    Compiling form_urlencoded v1.1.0
[INFO] [stderr]    Compiling ahash v0.7.6
[INFO] [stderr]    Compiling cookie v0.16.2
[INFO] [stderr]    Compiling httpdate v1.0.2
[INFO] [stderr]    Compiling crossbeam-queue v0.3.8
[INFO] [stderr]    Compiling convert_case v0.4.0
[INFO] [stderr]    Compiling ryu v1.0.13
[INFO] [stderr]    Compiling cpufeatures v0.2.6
[INFO] [stderr]    Compiling serde_json v1.0.94
[INFO] [stderr]    Compiling unicode-bidi v0.3.13
[INFO] [stderr]    Compiling derive_more v0.99.17
[INFO] [stderr]    Compiling sha1 v0.10.5
[INFO] [stderr]    Compiling idna v0.3.0
[INFO] [stderr]    Compiling brotli v3.3.4
[INFO] [stderr]    Compiling darling v0.14.4
[INFO] [stderr]    Compiling flate2 v1.0.25
[INFO] [stderr]    Compiling rand v0.8.5
[INFO] [stderr]    Compiling local-channel v0.1.3
[INFO] [stderr]    Compiling regex-automata v0.1.10
[INFO] [stderr]    Compiling inotify-sys v0.1.5
[INFO] [stderr]    Compiling num_cpus v1.15.0
[INFO] [stderr]    Compiling tokio-util v0.7.7
[INFO] [stderr]    Compiling actix-rt v2.8.0
[INFO] [stderr]    Compiling actix-router v0.5.1
[INFO] [stderr]    Compiling encoding_rs v0.8.32
[INFO] [stderr]    Compiling actix-codec v0.5.0
[INFO] [stderr]    Compiling h2 v0.3.16
[INFO] [stderr]    Compiling mime v0.3.17
[INFO] [stderr]    Compiling futures-channel v0.3.27
[INFO] [stderr]    Compiling base64 v0.21.0
[INFO] [stderr]    Compiling overload v0.1.1
[INFO] [stderr]    Compiling language-tags v0.3.2
[INFO] [stderr]    Compiling same-file v1.0.6
[INFO] [stderr]    Compiling anyhow v1.0.70
[INFO] [stderr]    Compiling walkdir v2.3.3
[INFO] [stderr]    Compiling nu-ansi-term v0.46.0
[INFO] [stderr]    Compiling actix-web-codegen v4.2.0
[INFO] [stderr]    Compiling actix-server v2.2.0
[INFO] [stderr]    Compiling matchers v0.1.0
[INFO] [stderr]    Compiling serde_urlencoded v0.7.1
[INFO] [stderr]    Compiling inotify v0.9.6
[INFO] [stderr]    Compiling crossbeam-deque v0.8.3
[INFO] [stderr]    Compiling derive_builder_core v0.12.0
[INFO] [stderr]    Compiling url v2.3.1
[INFO] [stderr]    Compiling sharded-slab v0.1.4
[INFO] [stderr]    Compiling tracing-log v0.1.3
[INFO] [stderr]    Compiling pin-project-internal v1.0.12
[INFO] [stderr]    Compiling actix-macros v0.2.3
[INFO] [stderr]    Compiling filetime v0.2.20
[INFO] [stderr]    Compiling thread_local v1.1.7
[INFO] [stderr]    Compiling option-ext v0.2.0
[INFO] [stderr]    Compiling owned-alloc v0.2.0
[INFO] [stderr]    Compiling try-lock v0.2.4
[INFO] [stderr]    Compiling thiserror v1.0.40
[INFO] [stderr]    Compiling lockfree v0.5.1
[INFO] [stderr]    Compiling want v0.3.0
[INFO] [stderr]    Compiling tracing-subscriber v0.3.16
[INFO] [stderr]    Compiling dirs-sys v0.4.1
[INFO] [stderr]    Compiling notify v6.0.1
[INFO] [stderr]    Compiling derive_builder_macro v0.12.0
[INFO] [stderr]    Compiling crossbeam v0.8.2
[INFO] [stderr]    Compiling thiserror-impl v1.0.40
[INFO] [stderr]    Compiling http-body v0.4.5
[INFO] [stderr]    Compiling uuid v1.3.0
[INFO] [stderr]    Compiling tower-service v0.3.2
[INFO] [stderr]    Compiling derive_builder v0.12.0
[INFO] [stderr]    Compiling hyper v0.14.25
[INFO] [stderr]    Compiling eventador v0.0.18
[INFO] [stderr]    Compiling pin-project v1.0.12
[INFO] [stderr]    Compiling tracing-appender v0.2.2
[INFO] [stderr]    Compiling notify-debouncer-mini v0.3.0
[INFO] [stderr]    Compiling dirs v5.0.1
[INFO] [stderr]    Compiling debug-ignore v1.0.5
[INFO] [stderr]    Compiling zstd v0.12.3+zstd.1.5.2
[INFO] [stderr]    Compiling actix-http v3.3.1
[INFO] [stderr]    Compiling actix-web v4.3.1
[INFO] [stderr]    Compiling tracing-actix-web v0.7.3
[INFO] [stderr]    Compiling chester v0.1.0 (/opt/rustwide/workdir)
[INFO] [stderr]     Finished dev [unoptimized + debuginfo] target(s) in 52.02s
[INFO] running `Command { std: "docker" "inspect" "b1b391c169f2321021f80941a6ec5bf254b8e95a91bae9aee45b4d3a7927d9c6", kill_on_drop: false }`
[INFO] running `Command { std: "docker" "rm" "-f" "b1b391c169f2321021f80941a6ec5bf254b8e95a91bae9aee45b4d3a7927d9c6", kill_on_drop: false }`
[INFO] [stdout] b1b391c169f2321021f80941a6ec5bf254b8e95a91bae9aee45b4d3a7927d9c6
[INFO] running `Command { std: "docker" "create" "-v" "/var/lib/crater-agent-workspace/builds/worker-3-tc1/target:/opt/rustwide/target:rw,Z" "-v" "/var/lib/crater-agent-workspace/builds/worker-3-tc1/source:/opt/rustwide/workdir:ro,Z" "-v" "/var/lib/crater-agent-workspace/cargo-home:/opt/rustwide/cargo-home:ro,Z" "-v" "/var/lib/crater-agent-workspace/rustup-home:/opt/rustwide/rustup-home:ro,Z" "-e" "SOURCE_DIR=/opt/rustwide/workdir" "-e" "CARGO_TARGET_DIR=/opt/rustwide/target" "-e" "CARGO_INCREMENTAL=0" "-e" "RUST_BACKTRACE=full" "-e" "RUSTFLAGS=--cap-lints=warn" "-e" "RUSTDOCFLAGS=--cap-lints=warn" "-e" "CARGO_HOME=/opt/rustwide/cargo-home" "-e" "RUSTUP_HOME=/opt/rustwide/rustup-home" "-w" "/opt/rustwide/workdir" "-m" "1610612736" "--user" "0:0" "--network" "none" "ghcr.io/rust-lang/crates-build-env/linux@sha256:2788e3201cd34a07e3172128adcd8b3090168a8e3bcc40d7c032b9dda1df7d1c" "/opt/rustwide/cargo-home/bin/cargo" "+1.75.0" "test" "--frozen" "--no-run" "--message-format=json", kill_on_drop: false }`
[INFO] [stdout] 239488d24a109d4e3088a2ad2dd4fb92923d5c2e2c59e76432501ef5b634f125
[INFO] running `Command { std: "docker" "start" "-a" "239488d24a109d4e3088a2ad2dd4fb92923d5c2e2c59e76432501ef5b634f125", kill_on_drop: false }`
[INFO] [stderr]    Compiling libc v0.2.140
[INFO] [stderr]    Compiling proc-macro-error-attr v1.0.4
[INFO] [stderr]    Compiling proc-macro-error v1.0.4
[INFO] [stderr]    Compiling io-lifetimes v1.0.9
[INFO] [stderr]    Compiling rustix v0.36.11
[INFO] [stderr]    Compiling linux-raw-sys v0.1.4
[INFO] [stderr]    Compiling fastrand v1.9.0
[INFO] [stderr]    Compiling jobserver v0.1.26
[INFO] [stderr]    Compiling cc v1.0.79
[INFO] [stderr]    Compiling cmd_lib_macros v1.3.0
[INFO] [stderr]    Compiling zstd-sys v2.0.7+zstd.1.5.4
[INFO] [stderr]    Compiling mio v0.8.6
[INFO] [stderr]    Compiling parking_lot_core v0.9.7
[INFO] [stderr]    Compiling signal-hook-registry v1.4.1
[INFO] [stderr]    Compiling getrandom v0.2.8
[INFO] [stderr]    Compiling socket2 v0.4.9
[INFO] [stderr]    Compiling rand_core v0.6.4
[INFO] [stderr]    Compiling parking_lot v0.12.1
[INFO] [stderr]    Compiling rand_chacha v0.3.1
[INFO] [stderr]    Compiling ahash v0.8.3
[INFO] [stderr]    Compiling inotify-sys v0.1.5
[INFO] [stderr]    Compiling rand v0.8.5
[INFO] [stderr]    Compiling num_cpus v1.15.0
[INFO] [stderr]    Compiling tokio v1.26.0
[INFO] [stderr]    Compiling inotify v0.9.6
[INFO] [stderr]    Compiling ahash v0.7.6
[INFO] [stderr]    Compiling filetime v0.2.20
[INFO] [stderr]    Compiling notify v6.0.1
[INFO] [stderr]    Compiling uuid v1.3.0
[INFO] [stderr]    Compiling dirs-sys v0.4.1
[INFO] [stderr]    Compiling faccess v0.2.4
[INFO] [stderr]    Compiling os_pipe v0.9.2
[INFO] [stderr]    Compiling dirs v5.0.1
[INFO] [stderr]    Compiling cmd_lib v1.3.0
[INFO] [stderr]    Compiling fake v2.5.0
[INFO] [stderr]    Compiling notify-debouncer-mini v0.3.0
[INFO] [stderr]    Compiling tempfile v3.4.0
[INFO] [stderr]    Compiling tokio-util v0.7.7
[INFO] [stderr]    Compiling actix-rt v2.8.0
[INFO] [stderr]    Compiling hyper v0.14.25
[INFO] [stderr]    Compiling actix-server v2.2.0
[INFO] [stderr]    Compiling h2 v0.3.16
[INFO] [stderr]    Compiling actix-codec v0.5.0
[INFO] [stderr]    Compiling zstd-safe v6.0.4+zstd.1.5.4
[INFO] [stderr]    Compiling zstd v0.12.3+zstd.1.5.2
[INFO] [stderr]    Compiling actix-http v3.3.1
[INFO] [stderr]    Compiling actix-web v4.3.1
[INFO] [stderr]    Compiling tracing-actix-web v0.7.3
[INFO] [stderr]    Compiling chester v0.1.0 (/opt/rustwide/workdir)
[INFO] [stderr]     Finished test [unoptimized + debuginfo] target(s) in 41.46s
[INFO] running `Command { std: "docker" "inspect" "239488d24a109d4e3088a2ad2dd4fb92923d5c2e2c59e76432501ef5b634f125", kill_on_drop: false }`
[INFO] running `Command { std: "docker" "rm" "-f" "239488d24a109d4e3088a2ad2dd4fb92923d5c2e2c59e76432501ef5b634f125", kill_on_drop: false }`
[INFO] [stdout] 239488d24a109d4e3088a2ad2dd4fb92923d5c2e2c59e76432501ef5b634f125
[INFO] running `Command { std: "docker" "create" "-v" "/var/lib/crater-agent-workspace/builds/worker-3-tc1/target:/opt/rustwide/target:rw,Z" "-v" "/var/lib/crater-agent-workspace/builds/worker-3-tc1/source:/opt/rustwide/workdir:ro,Z" "-v" "/var/lib/crater-agent-workspace/cargo-home:/opt/rustwide/cargo-home:ro,Z" "-v" "/var/lib/crater-agent-workspace/rustup-home:/opt/rustwide/rustup-home:ro,Z" "-e" "SOURCE_DIR=/opt/rustwide/workdir" "-e" "CARGO_TARGET_DIR=/opt/rustwide/target" "-e" "CARGO_INCREMENTAL=0" "-e" "RUST_BACKTRACE=full" "-e" "RUSTFLAGS=--cap-lints=warn" "-e" "RUSTDOCFLAGS=--cap-lints=warn" "-e" "CARGO_HOME=/opt/rustwide/cargo-home" "-e" "RUSTUP_HOME=/opt/rustwide/rustup-home" "-w" "/opt/rustwide/workdir" "-m" "1610612736" "--user" "0:0" "--network" "none" "ghcr.io/rust-lang/crates-build-env/linux@sha256:2788e3201cd34a07e3172128adcd8b3090168a8e3bcc40d7c032b9dda1df7d1c" "/opt/rustwide/cargo-home/bin/cargo" "+1.75.0" "test" "--frozen", kill_on_drop: false }`
[INFO] [stdout] c624c02f1461f7898853285ffd1319808d337a632b690bfdab6ebffc4bbce0ee
[INFO] running `Command { std: "docker" "start" "-a" "c624c02f1461f7898853285ffd1319808d337a632b690bfdab6ebffc4bbce0ee", kill_on_drop: false }`
[INFO] [stderr]     Finished test [unoptimized + debuginfo] target(s) in 0.23s
[INFO] [stderr]      Running unittests src/main.rs (/opt/rustwide/target/debug/deps/chester-d099954bf50cd708)
[INFO] [stdout] 
[INFO] [stdout] running 80 tests
[INFO] [stdout] test configuration::config::test::cfg_works ... ok
[INFO] [stdout] test configuration::factories::test::creating_runtime_works ... ok
[INFO] [stdout] test data_providers::check_runner::test::when_check_command_fail_then_failure_status_is_returned ... ok
[INFO] [stdout] test data_providers::change_watcher::test::write_to_file_is_detected_as_change ... ok
[INFO] [stdout] test data_providers::change_watcher::test::change_in_ignored_dir_is_not_detected ... ok
[INFO] [stdout] [2m2024-01-05T23:57:41.361076Z[0m [31mERROR[0m [2mchester::data_providers::coverage_parser[0m[2m:[0m no captures in '50.05% value'
[INFO] [stdout] test data_providers::coverage_parser::test::it_fails_when_there_is_no_coverage_word ... ok
[INFO] [stdout] [2m2024-01-05T23:57:41.364435Z[0m [31mERROR[0m [2mchester::data_providers::coverage_parser[0m[2m:[0m no captures in '50% coverage'
[INFO] [stdout] test data_providers::coverage_parser::test::it_fails_when_there_is_no_decimal_point ... ok
[INFO] [stdout] [2m2024-01-05T23:57:41.369256Z[0m [31mERROR[0m [2mchester::data_providers::coverage_parser[0m[2m:[0m no captures in '50.5% coverage'
[INFO] [stdout] test data_providers::coverage_parser::test::it_fails_when_there_is_single_decimal_point ... ok
[INFO] [stdout] [2m2024-01-05T23:57:41.369738Z[0m [31mERROR[0m [2mchester::data_providers::coverage_parser[0m[2m:[0m no captures in '-0.01% coverage'
[INFO] [stdout] test data_providers::coverage_parser::test::it_fails_with_less_than_zero_value ... ok
[INFO] [stdout] test data_providers::change_watcher::test::multiple_ignored_paths_are_checked ... ok
[INFO] [stdout] [2m2024-01-05T23:57:41.381648Z[0m [31mERROR[0m [2mchester::data_providers::coverage_parser[0m[2m:[0m no captures in '50.007% coverage'
[INFO] [stdout] test data_providers::coverage_parser::test::it_fails_with_more_then_hundred_percent ... ok
[INFO] [stdout] test data_providers::coverage_parser::test::it_fails_with_three_digits_after_decimal_point ... ok
[INFO] [stdout] test data_providers::coverage_parser::test::it_works_when_decimal_digits_are_0 ... ok
[INFO] [stdout] test data_providers::coverage_parser::test::it_works_with_single_digit_percentage ... ok
[INFO] [stdout] test data_providers::coverage_parser::test::it_works_with_hundred_percents ... ok
[INFO] [stdout] [2m2024-01-05T23:57:41.408134Z[0m [31mERROR[0m [2mchester::data_providers::coverage_parser[0m[2m:[0m no captures in 'no coverage data'
[INFO] [stdout] test data_providers::coverage_parser::test::when_output_does_not_contain_coverage_percentage_it_returns_error ... ok
[INFO] [stdout] [2m2024-01-05T23:57:41.409342Z[0m [31mERROR[0m [2mchester::data_providers::coverage_parser[0m[2m:[0m no last line in command output
[INFO] [stdout] test data_providers::coverage_parser::test::with_correct_percentage_output_it_returns_percentage_value ... ok
[INFO] [stdout] test data_providers::coverage_parser::test::when_output_does_not_contain_last_line_it_return_error ... ok
[INFO] [stdout] [2m2024-01-05T23:57:41.448118Z[0m [31mERROR[0m [2mchester::data_providers::coverage_runner[0m[2m:[0m this command requires output parser
[INFO] [stdout] test data_providers::coverage_runner::test::it_fails_when_coverage_cmd_does_not_have_parser ... ok
[INFO] [stdout] [2m2024-01-05T23:57:41.450162Z[0m [31mERROR[0m [2mchester::data_providers::coverage_runner[0m[2m:[0m failed to parse the output
[INFO] [stdout] test data_providers::coverage_runner::test::it_fails_when_parser_fails ... ok
[INFO] [stdout] [2m2024-01-05T23:57:41.451463Z[0m [31mERROR[0m [2mchester::data_providers::coverage_runner[0m[2m:[0m command failed
[INFO] [stdout] test data_providers::coverage_runner::test::it_fails_with_invalid_cmd ... ok
[INFO] [stdout] test data_providers::server::test::calling_tests_status_endpoint_returns_response_with_status ... ok
[INFO] [stdout] test data_providers::coverage_runner::test::it_returns_coverage_value_when_parser_succeeds ... ok
[INFO] [stdout] test data_providers::state::test::check_status_written_to_state_can_be_read ... ok
[INFO] [stdout] test data_providers::state::test::change_in_repo_root_publishes_change_detected_message ... ok
[INFO] [stdout] test data_providers::change_watcher::test::regex_is_accepted_in_ignored_path ... ok
[INFO] [stdout] test data_providers::change_watcher::test::change_in_ignored_file_is_not_detected ... ok
[INFO] [stdout] test data_providers::state::test::empty_root_is_set_as_default ... ok
[INFO] [stdout] test data_providers::state::test::pending_check_status_is_set_as_default ... ok
[INFO] [stdout] test data_providers::state::test::coverage_status_written_to_state_can_be_read ... ok
[INFO] [stdout] test data_providers::state::test::pending_coverage_status_is_set_as_default ... ok
[INFO] [stdout] test data_providers::test_runner::test::when_tests_command_fail_then_failure_status_is_returned ... ok
[INFO] [stdout] test data_providers::state::test::repo_root_written_to_state_can_be_read ... ok
[INFO] [stdout] test data_providers::state::test::tests_status_written_to_state_can_be_read ... ok
[INFO] [stdout] test data_providers::state::test::pending_tests_status_is_set_as_default ... ok
[INFO] [stdout] test data_providers::tests_index::test::when_list_tests_command_fail_then_failure_status_is_returned ... ok
[INFO] [stdout] test data_providers::tests_index::test::when_initial_tests_set_is_empty_correct_status_is_returned ... ok
[INFO] [stdout] test data_providers::tests_index::test::when_tests_changed_correct_status_is_returned ... ok
[INFO] [stdout] test data_providers::tests_index::test::when_tests_previously_failed_tests_changed_status_is_returned ... ok
[INFO] [stdout] test data_providers::tests_index::test::when_tests_did_not_change_correct_status_is_returned ... ok
[INFO] [stdout] test entities::check::test::default_check_status_is_pending ... ok
[INFO] [stdout] test entities::coverage::test::default_coverage_status_is_pending ... ok
[INFO] [stdout] test entities::check::test::check_status_has_display_trait_implemented ... ok
[INFO] [stdout] test entities::coverage::test::tests_status_has_display_trait_implemented ... ok
[INFO] [stdout] test entities::tests::test::tests_status_has_display_trait_implemented ... ok
[INFO] [stdout] test result::test::server_error_implements_response_error ... ok
[INFO] [stdout] test entities::tests::test::default_status_is_pending ... ok
[INFO] [stdout] test startup::test::setup_shells_works ... ok
[INFO] [stdout] test use_cases::services::check_shell::test::check_is_run_when_any_change_is_detected ... ok
[INFO] [stdout] test use_cases::services::check_shell::test::when_check_fail_state_is_set_to_pending_then_failure ... ok
[INFO] [stdout] test use_cases::services::check_shell::test::when_check_fail_there_is_correct_event_on_the_bus ... ok
[INFO] [stdout] test use_cases::services::check_shell::test::when_check_pass_there_is_correct_event_on_the_bus ... ok
[INFO] [stdout] test use_cases::services::check_shell::test::when_check_runner_fails_status_is_set_to_pending_then_failure ... ok
[INFO] [stdout] test use_cases::services::check_shell::test::when_check_succeeds_state_is_set_to_pending_then_success ... ok
[INFO] [stdout] test use_cases::services::check_shell::test::when_check_runner_fails_correct_event_is_sent ... ok
[INFO] [stdout] test use_cases::services::coverage_shell::test::coverage_is_started_when_tests_changed ... ok
[INFO] [stdout] test use_cases::services::coverage_shell::test::when_coverage_fail_state_is_set_to_pending_then_failure ... ok
[INFO] [stdout] test use_cases::services::coverage_shell::test::when_coverage_pass_state_is_set_to_pending_then_failure ... ok
[INFO] [stdout] test use_cases::services::coverage_shell::test::when_coverage_runner_fail_state_is_set_to_pending_then_failure ... ok
[INFO] [stdout] test use_cases::services::tests_index_shell::test::index_is_started_when_tests_passed ... ok
[INFO] [stdout] [2m2024-01-05T23:57:42.448165Z[0m [31mERROR[0m [2mchester::use_cases::services::tests_index_shell[0m[2m:[0m index refresh failed
[INFO] [stdout] test data_providers::change_watcher::test::when_repo_root_is_changed_watcher_is_reattached ... ok
[INFO] [stdout] test data_providers::change_watcher::test::when_repo_root_is_set_to_the_same_value_watcher_is_not_reattached ... ok
[INFO] [stdout] test use_cases::services::tests_index_shell::test::when_index_fails_to_refresh_nothing_is_on_the_bus ... ok
[INFO] [stdout] [2m2024-01-05T23:57:42.652237Z[0m [31mERROR[0m [2mchester::use_cases::services::tests_index_shell[0m[2m:[0m error while running index refresh: Bus(Generic(Failure))
[INFO] [stdout] test use_cases::services::tests_index_shell::test::when_tests_changed_there_is_correct_event_on_the_bus ... ok
[INFO] [stdout] test use_cases::services::tests_index_shell::test::when_indexing_command_fails_there_is_no_event_on_the_bus ... ok
[INFO] [stdout] test use_cases::services::tests_index_shell::test::when_tests_did_not_change_there_is_correct_event_on_the_bus ... ok
[INFO] [stdout] test use_cases::services::tests_shell::test::tests_are_started_when_check_passed ... ok
[INFO] [stdout] test use_cases::services::tests_shell::test::when_test_runner_fails_state_is_set_to_pending_then_failure ... ok
[INFO] [stdout] test use_cases::services::tests_shell::test::when_tests_fail_state_is_set_to_pending_then_failure ... ok
[INFO] [stdout] test use_cases::services::tests_shell::test::when_tests_pass_state_is_set_to_pending_then_success ... ok
[INFO] [stdout] test use_cases::services::tests_shell::test::when_test_runner_fails_correct_event_is_sent ... ok
[INFO] [stdout] test use_cases::services::tests_shell::test::when_tests_fail_there_is_correct_event_on_the_bus ... ok
[INFO] [stdout] test use_cases::state::test::app_state_reader_has_debug_implemented ... ok
[INFO] [stdout] test use_cases::services::tests_shell::test::when_tests_pass_there_is_correct_event_on_the_bus ... ok
[INFO] [stdout] test data_providers::check_runner::test::when_check_fail_then_failure_status_is_returned ... ok
[INFO] [stdout] test use_cases::services::watcher_shell::test::any_change_in_watched_repo_triggers_tests ... ok
[INFO] [stdout] test data_providers::check_runner::test::when_check_succeed_then_success_status_is_returned ... ok
[INFO] [stdout] 
[INFO] [stdout] running 1 test
[INFO] [stdout] 
[INFO] [stdout] running 1 test
[INFO] [stdout] test test ... FAILED
[INFO] [stdout] 
[INFO] [stdout] failures:
[INFO] [stdout] 
[INFO] [stdout] ---- test stdout ----
[INFO] [stdout] thread 'test' panicked at src/main.rs:5:13:
[INFO] [stdout] assertion failed: false
[INFO] [stdout] stack backtrace:
[INFO] [stdout]    0:     0x55bee8994cfc - std::backtrace_rs::backtrace::libunwind::trace::ha637c64ce894333a
[INFO] [stdout]                                at /rustc/82e1608dfa6e0b5569232559e3d385fea5a93112/library/std/src/../../backtrace/src/backtrace/libunwind.rs:104:5
[INFO] [stdout]    1:     0x55bee8994cfc - std::backtrace_rs::backtrace::trace_unsynchronized::h47f62dea28e0c88d
[INFO] [stdout]                                at /rustc/82e1608dfa6e0b5569232559e3d385fea5a93112/library/std/src/../../backtrace/src/backtrace/mod.rs:66:5
[INFO] [stdout]    2:     0x55bee8994cfc - std::sys_common::backtrace::_print_fmt::h9eef0abe20ede486
[INFO] [stdout]                                at /rustc/82e1608dfa6e0b5569232559e3d385fea5a93112/library/std/src/sys_common/backtrace.rs:67:5
[INFO] [stdout]    3:     0x55bee8994cfc - <std::sys_common::backtrace::_print::DisplayBacktrace as core::fmt::Display>::fmt::hed7f999df88cc644
[INFO] [stdout]                                at /rustc/82e1608dfa6e0b5569232559e3d385fea5a93112/library/std/src/sys_common/backtrace.rs:44:22
[INFO] [stdout]    4:     0x55bee89be840 - core::fmt::rt::Argument::fmt::h1539a9308b8d058d
[INFO] [stdout]                                at /rustc/82e1608dfa6e0b5569232559e3d385fea5a93112/library/core/src/fmt/rt.rs:142:9
[INFO] [stdout]    5:     0x55bee89be840 - core::fmt::write::h3a39390d8560d9c9
[INFO] [stdout]                                at /rustc/82e1608dfa6e0b5569232559e3d385fea5a93112/library/core/src/fmt/mod.rs:1120:17
[INFO] [stdout]    6:     0x55bee89926af - std::io::Write::write_fmt::h040b369f3a0f9cbc
[INFO] [stdout]                                at /rustc/82e1608dfa6e0b5569232559e3d385fea5a93112/library/std/src/io/mod.rs:1762:15
[INFO] [stdout]    7:     0x55bee8994ae4 - std::sys_common::backtrace::_print::h894006fb5c6f3d45
[INFO] [stdout]                                at /rustc/82e1608dfa6e0b5569232559e3d385fea5a93112/library/std/src/sys_common/backtrace.rs:47:5
[INFO] [stdout]    8:     0x55bee8994ae4 - std::sys_common::backtrace::print::h23a2d212c6fff936
[INFO] [stdout]                                at /rustc/82e1608dfa6e0b5569232559e3d385fea5a93112/library/std/src/sys_common/backtrace.rs:34:9
[INFO] [stdout]    9:     0x55bee89967a7 - std::panicking::default_hook::{{closure}}::h8a1d2ee00185001a
[INFO] [stdout]   10:     0x55bee8996493 - std::panicking::default_hook::h6038f2eba384e475
[INFO] [stdout]                                at /rustc/82e1608dfa6e0b5569232559e3d385fea5a93112/library/std/src/panicking.rs:289:9
[INFO] [stdout]   11:     0x55bee8966ea7 - <alloc::boxed::Box<F,A> as core::ops::function::Fn<Args>>::call::h0ad024c9bdc6d768
[INFO] [stdout]                                at /rustc/82e1608dfa6e0b5569232559e3d385fea5a93112/library/alloc/src/boxed.rs:2021:9
[INFO] [stdout]   12:     0x55bee8966ea7 - test::test_main::{{closure}}::h7500b54257359db6
[INFO] [stdout]                                at /rustc/82e1608dfa6e0b5569232559e3d385fea5a93112/library/test/src/lib.rs:138:21
[INFO] [stdout]   13:     0x55bee8996db8 - <alloc::boxed::Box<F,A> as core::ops::function::Fn<Args>>::call::h1f8f335eaa9cfaee
[INFO] [stdout]                                at /rustc/82e1608dfa6e0b5569232559e3d385fea5a93112/library/alloc/src/boxed.rs:2021:9
[INFO] [stdout]   14:     0x55bee8996db8 - std::panicking::rust_panic_with_hook::h2b5517d590cab22e
[INFO] [stdout]                                at /rustc/82e1608dfa6e0b5569232559e3d385fea5a93112/library/std/src/panicking.rs:783:13
[INFO] [stdout]   15:     0x55bee8996ad9 - std::panicking::begin_panic_handler::{{closure}}::h233112c06e0ef43e
[INFO] [stdout]                                at /rustc/82e1608dfa6e0b5569232559e3d385fea5a93112/library/std/src/panicking.rs:649:13
[INFO] [stdout]   16:     0x55bee89951c6 - std::sys_common::backtrace::__rust_end_short_backtrace::h6e893f24d7ebbff8
[INFO] [stdout]                                at /rustc/82e1608dfa6e0b5569232559e3d385fea5a93112/library/std/src/sys_common/backtrace.rs:170:18
[INFO] [stdout]   17:     0x55bee8996872 - rust_begin_unwind
[INFO] [stdout]                                at /rustc/82e1608dfa6e0b5569232559e3d385fea5a93112/library/std/src/panicking.rs:645:5
[INFO] [stdout]   18:     0x55bee8931ce5 - core::panicking::panic_fmt::hbf0e066aabfa482c
[INFO] [stdout]                                at /rustc/82e1608dfa6e0b5569232559e3d385fea5a93112/library/core/src/panicking.rs:72:14
[INFO] [stdout]   19:     0x55bee8931d83 - core::panicking::panic::h195fc2a96298d4c3
[INFO] [stdout]                                at /rustc/82e1608dfa6e0b5569232559e3d385fea5a93112/library/core/src/panicking.rs:127:5
[INFO] [stdout]   20:     0x55bee89334d5 - test_project::test::h0b17ebb9e10dcce6
[INFO] [stdout]                                at /tmp/.tmprwhnXF/test_project/src/main.rs:5:13
[INFO] [stdout]   21:     0x55bee8933497 - test_project::test::{{closure}}::hb04507fbcb13fa65
[INFO] [stdout]                                at /tmp/.tmprwhnXF/test_project/src/main.rs:5:10
[INFO] [stdout]   22:     0x55bee8932746 - core::ops::function::FnOnce::call_once::h9979880cf17930af
[INFO] [stdout]                                at /rustc/82e1608dfa6e0b5569232559e3d385fea5a93112/library/core/src/ops/function.rs:250:5
[INFO] [stdout]   23:     0x55bee896c4ff - core::ops::function::FnOnce::call_once::h2b5d431d5046312d
[INFO] [stdout]                                at /rustc/82e1608dfa6e0b5569232559e3d385fea5a93112/library/core/src/ops/function.rs:250:5
[INFO] [stdout]   24:     0x55bee896c4ff - test::__rust_begin_short_backtrace::h7714669af176e207
[INFO] [stdout]                                at /rustc/82e1608dfa6e0b5569232559e3d385fea5a93112/library/test/src/lib.rs:628:18
[INFO] [stdout]   25:     0x55bee896b515 - test::run_test_in_process::{{closure}}::h85218797dcbcec12
[INFO] [stdout]                                at /rustc/82e1608dfa6e0b5569232559e3d385fea5a93112/library/test/src/lib.rs:651:60
[INFO] [stdout]   26:     0x55bee896b515 - <core::panic::unwind_safe::AssertUnwindSafe<F> as core::ops::function::FnOnce<()>>::call_once::h76c106ea31c14d7b
[INFO] [stdout]                                at /rustc/82e1608dfa6e0b5569232559e3d385fea5a93112/library/core/src/panic/unwind_safe.rs:272:9
[INFO] [stdout]   27:     0x55bee896b515 - std::panicking::try::do_call::h3bd5d0f6620ee946
[INFO] [stdout]                                at /rustc/82e1608dfa6e0b5569232559e3d385fea5a93112/library/std/src/panicking.rs:552:40
[INFO] [stdout]   28:     0x55bee896b515 - std::panicking::try::h232e535e4744fe31
[INFO] [stdout]                                at /rustc/82e1608dfa6e0b5569232559e3d385fea5a93112/library/std/src/panicking.rs:516:19
[INFO] [stdout]   29:     0x55bee896b515 - std::panic::catch_unwind::h3ce3bd6ca8dbac68
[INFO] [stdout]                                at /rustc/82e1608dfa6e0b5569232559e3d385fea5a93112/library/std/src/panic.rs:142:14
[INFO] [stdout]   30:     0x55bee896b515 - test::run_test_in_process::hc97b257c9621286a
[INFO] [stdout]                                at /rustc/82e1608dfa6e0b5569232559e3d385fea5a93112/library/test/src/lib.rs:651:27
[INFO] [stdout]   31:     0x55bee896b515 - test::run_test::{{closure}}::h2aa798823a438d38
[INFO] [stdout]                                at /rustc/82e1608dfa6e0b5569232559e3d385fea5a93112/library/test/src/lib.rs:574:43
[INFO] [stdout]   32:     0x55bee89337d6 - test::run_test::{{closure}}::h87d231c78fb59832
[INFO] [stdout]                                at /rustc/82e1608dfa6e0b5569232559e3d385fea5a93112/library/test/src/lib.rs:602:41
[INFO] [stdout]   33:     0x55bee89337d6 - std::sys_common::backtrace::__rust_begin_short_backtrace::he6df152596625789
[INFO] [stdout]                                at /rustc/82e1608dfa6e0b5569232559e3d385fea5a93112/library/std/src/sys_common/backtrace.rs:154:18
[INFO] [stdout]   34:     0x55bee8938887 - std::thread::Builder::spawn_unchecked_::{{closure}}::{{closure}}::ha94be15d1e0acf36
[INFO] [stdout]                                at /rustc/82e1608dfa6e0b5569232559e3d385fea5a93112/library/std/src/thread/mod.rs:529:17
[INFO] [stdout]   35:     0x55bee8938887 - <core::panic::unwind_safe::AssertUnwindSafe<F> as core::ops::function::FnOnce<()>>::call_once::h9dc6bd6372f16606
[INFO] [stdout]                                at /rustc/82e1608dfa6e0b5569232559e3d385fea5a93112/library/core/src/panic/unwind_safe.rs:272:9
[INFO] [stdout]   36:     0x55bee8938887 - std::panicking::try::do_call::h9057517f80303cd4
[INFO] [stdout]                                at /rustc/82e1608dfa6e0b5569232559e3d385fea5a93112/library/std/src/panicking.rs:552:40
[INFO] [stdout]   37:     0x55bee8938887 - std::panicking::try::he3a30b11ee45340c
[INFO] [stdout]                                at /rustc/82e1608dfa6e0b5569232559e3d385fea5a93112/library/std/src/panicking.rs:516:19
[INFO] [stdout]   38:     0x55bee8938887 - std::panic::catch_unwind::h410458cfd3528b8b
[INFO] [stdout]                                at /rustc/82e1608dfa6e0b5569232559e3d385fea5a93112/library/std/src/panic.rs:142:14
[INFO] [stdout]   39:     0x55bee8938887 - std::thread::Builder::spawn_unchecked_::{{closure}}::h72ac3bdb567b737b
[INFO] [stdout]                                at /rustc/82e1608dfa6e0b5569232559e3d385fea5a93112/library/std/src/thread/mod.rs:528:30
[INFO] [stdout]   40:     0x55bee8938887 - core::ops::function::FnOnce::call_once{{vtable.shim}}::h38f34da3654a8344
[INFO] [stdout]                                at /rustc/82e1608dfa6e0b5569232559e3d385fea5a93112/library/core/src/ops/function.rs:250:5
[INFO] [stdout]   41:     0x55bee899b845 - <alloc::boxed::Box<F,A> as core::ops::function::FnOnce<Args>>::call_once::hc7eafaff61e32df9
[INFO] [stdout]                                at /rustc/82e1608dfa6e0b5569232559e3d385fea5a93112/library/alloc/src/boxed.rs:2007:9
[INFO] [stdout]   42:     0x55bee899b845 - <alloc::boxed::Box<F,A> as core::ops::function::FnOnce<Args>>::call_once::h6ba4a5de48dd2304
[INFO] [stdout]                                at /rustc/82e1608dfa6e0b5569232559e3d385fea5a93112/library/alloc/src/boxed.rs:2007:9
[INFO] [stdout]   43:     0x55bee899b845 - std::sys::unix::thread::Thread::new::thread_start::he469335aef763e45
[INFO] [stdout]                                at /rustc/82e1608dfa6e0b5569232559e3d385fea5a93112/library/std/src/sys/unix/thread.rs:108:17
[INFO] [stdout]   44:     0x7f13edae3ac3 - <unknown>
[INFO] [stdout]   45:     0x7f13edb74bf4 - __clone
[INFO] [stdout]   46:                0x0 - <unknown>
[INFO] [stdout] 
[INFO] [stdout] 
[INFO] [stdout] failures:
[INFO] [stdout]     test
[INFO] [stdout] 
[INFO] [stdout] test result: FAILED. 0 passed; 1 failed; 0 ignored; 0 measured; 0 filtered out; finished in 0.01s
[INFO] [stdout] 
[INFO] [stdout] test test ... FAILED
[INFO] [stdout] 
[INFO] [stdout] failures:
[INFO] [stdout] 
[INFO] [stdout] ---- test stdout ----
[INFO] [stdout] thread 'test' panicked at src/main.rs:5:13:
[INFO] [stdout] assertion failed: false
[INFO] [stdout] stack backtrace:
[INFO] [stdout]    0:     0x55d1d9c73cfc - std::backtrace_rs::backtrace::libunwind::trace::ha637c64ce894333a
[INFO] [stdout]                                at /rustc/82e1608dfa6e0b5569232559e3d385fea5a93112/library/std/src/../../backtrace/src/backtrace/libunwind.rs:104:5
[INFO] [stdout]    1:     0x55d1d9c73cfc - std::backtrace_rs::backtrace::trace_unsynchronized::h47f62dea28e0c88d
[INFO] [stdout]                                at /rustc/82e1608dfa6e0b5569232559e3d385fea5a93112/library/std/src/../../backtrace/src/backtrace/mod.rs:66:5
[INFO] [stdout]    2:     0x55d1d9c73cfc - std::sys_common::backtrace::_print_fmt::h9eef0abe20ede486
[INFO] [stdout]                                at /rustc/82e1608dfa6e0b5569232559e3d385fea5a93112/library/std/src/sys_common/backtrace.rs:67:5
[INFO] [stdout]    3:     0x55d1d9c73cfc - <std::sys_common::backtrace::_print::DisplayBacktrace as core::fmt::Display>::fmt::hed7f999df88cc644
[INFO] [stdout]                                at /rustc/82e1608dfa6e0b5569232559e3d385fea5a93112/library/std/src/sys_common/backtrace.rs:44:22
[INFO] [stdout]    4:     0x55d1d9c9d840 - core::fmt::rt::Argument::fmt::h1539a9308b8d058d
[INFO] [stdout]                                at /rustc/82e1608dfa6e0b5569232559e3d385fea5a93112/library/core/src/fmt/rt.rs:142:9
[INFO] [stdout]    5:     0x55d1d9c9d840 - core::fmt::write::h3a39390d8560d9c9
[INFO] [stdout]                                at /rustc/82e1608dfa6e0b5569232559e3d385fea5a93112/library/core/src/fmt/mod.rs:1120:17
[INFO] [stdout]    6:     0x55d1d9c716af - std::io::Write::write_fmt::h040b369f3a0f9cbc
[INFO] [stdout]                                at /rustc/82e1608dfa6e0b5569232559e3d385fea5a93112/library/std/src/io/mod.rs:1762:15
[INFO] [stdout]    7:     0x55d1d9c73ae4 - std::sys_common::backtrace::_print::h894006fb5c6f3d45
[INFO] [stdout]                                at /rustc/82e1608dfa6e0b5569232559e3d385fea5a93112/library/std/src/sys_common/backtrace.rs:47:5
[INFO] [stdout]    8:     0x55d1d9c73ae4 - std::sys_common::backtrace::print::h23a2d212c6fff936
[INFO] [stdout]                                at /rustc/82e1608dfa6e0b5569232559e3d385fea5a93112/library/std/src/sys_common/backtrace.rs:34:9
[INFO] [stdout]    9:     0x55d1d9c757a7 - std::panicking::default_hook::{{closure}}::h8a1d2ee00185001a
[INFO] [stdout]   10:     0x55d1d9c75493 - std::panicking::default_hook::h6038f2eba384e475
[INFO] [stdout]                                at /rustc/82e1608dfa6e0b5569232559e3d385fea5a93112/library/std/src/panicking.rs:289:9
[INFO] [stdout]   11:     0x55d1d9c45ea7 - <alloc::boxed::Box<F,A> as core::ops::function::Fn<Args>>::call::h0ad024c9bdc6d768
[INFO] [stdout]                                at /rustc/82e1608dfa6e0b5569232559e3d385fea5a93112/library/alloc/src/boxed.rs:2021:9
[INFO] [stdout]   12:     0x55d1d9c45ea7 - test::test_main::{{closure}}::h7500b54257359db6
[INFO] [stdout]                                at /rustc/82e1608dfa6e0b5569232559e3d385fea5a93112/library/test/src/lib.rs:138:21
[INFO] [stdout]   13:     0x55d1d9c75db8 - <alloc::boxed::Box<F,A> as core::ops::function::Fn<Args>>::call::h1f8f335eaa9cfaee
[INFO] [stdout]                                at /rustc/82e1608dfa6e0b5569232559e3d385fea5a93112/library/alloc/src/boxed.rs:2021:9
[INFO] [stdout]   14:     0x55d1d9c75db8 - std::panicking::rust_panic_with_hook::h2b5517d590cab22e
[INFO] [stdout]                                at /rustc/82e1608dfa6e0b5569232559e3d385fea5a93112/library/std/src/panicking.rs:783:13
[INFO] [stdout]   15:     0x55d1d9c75ad9 - std::panicking::begin_panic_handler::{{closure}}::h233112c06e0ef43e
[INFO] [stdout]                                at /rustc/82e1608dfa6e0b5569232559e3d385fea5a93112/library/std/src/panicking.rs:649:13
[INFO] [stdout]   16:     0x55d1d9c741c6 - std::sys_common::backtrace::__rust_end_short_backtrace::h6e893f24d7ebbff8
[INFO] [stdout]                                at /rustc/82e1608dfa6e0b5569232559e3d385fea5a93112/library/std/src/sys_common/backtrace.rs:170:18
[INFO] [stdout]   17:     0x55d1d9c75872 - rust_begin_unwind
[INFO] [stdout]                                at /rustc/82e1608dfa6e0b5569232559e3d385fea5a93112/library/std/src/panicking.rs:645:5
[INFO] [stdout]   18:     0x55d1d9c10ce5 - core::panicking::panic_fmt::hbf0e066aabfa482c
[INFO] [stdout]                                at /rustc/82e1608dfa6e0b5569232559e3d385fea5a93112/library/core/src/panicking.rs:72:14
[INFO] [stdout]   19:     0x55d1d9c10d83 - core::panicking::panic::h195fc2a96298d4c3
[INFO] [stdout]                                at /rustc/82e1608dfa6e0b5569232559e3d385fea5a93112/library/core/src/panicking.rs:127:5
[INFO] [stdout]   20:     0x55d1d9c124d5 - test_project::test::h0b17ebb9e10dcce6
[INFO] [stdout]                                at /tmp/.tmprwhnXF/test_project/src/main.rs:5:13
[INFO] [stdout]   21:     0x55d1d9c12497 - test_project::test::{{closure}}::hb04507fbcb13fa65
[INFO] [stdout]                                at /tmp/.tmprwhnXF/test_project/src/main.rs:5:10
[INFO] [stdout]   22:     0x55d1d9c11746 - core::ops::function::FnOnce::call_once::h9979880cf17930af
[INFO] [stdout]                                at /rustc/82e1608dfa6e0b5569232559e3d385fea5a93112/library/core/src/ops/function.rs:250:5
[INFO] [stdout]   23:     0x55d1d9c4b4ff - core::ops::function::FnOnce::call_once::h2b5d431d5046312d
[INFO] [stdout]                                at /rustc/82e1608dfa6e0b5569232559e3d385fea5a93112/library/core/src/ops/function.rs:250:5
[INFO] [stdout]   24:     0x55d1d9c4b4ff - test::__rust_begin_short_backtrace::h7714669af176e207
[INFO] [stdout]                                at /rustc/82e1608dfa6e0b5569232559e3d385fea5a93112/library/test/src/lib.rs:628:18
[INFO] [stdout]   25:     0x55d1d9c4a515 - test::run_test_in_process::{{closure}}::h85218797dcbcec12
[INFO] [stdout]                                at /rustc/82e1608dfa6e0b5569232559e3d385fea5a93112/library/test/src/lib.rs:651:60
[INFO] [stdout]   26:     0x55d1d9c4a515 - <core::panic::unwind_safe::AssertUnwindSafe<F> as core::ops::function::FnOnce<()>>::call_once::h76c106ea31c14d7b
[INFO] [stdout]                                at /rustc/82e1608dfa6e0b5569232559e3d385fea5a93112/library/core/src/panic/unwind_safe.rs:272:9
[INFO] [stdout]   27:     0x55d1d9c4a515 - std::panicking::try::do_call::h3bd5d0f6620ee946
[INFO] [stdout]                                at /rustc/82e1608dfa6e0b5569232559e3d385fea5a93112/library/std/src/panicking.rs:552:40
[INFO] [stdout]   28:     0x55d1d9c4a515 - std::panicking::try::h232e535e4744fe31
[INFO] [stdout]                                at /rustc/82e1608dfa6e0b5569232559e3d385fea5a93112/library/std/src/panicking.rs:516:19
[INFO] [stdout]   29:     0x55d1d9c4a515 - std::panic::catch_unwind::h3ce3bd6ca8dbac68
[INFO] [stdout]                                at /rustc/82e1608dfa6e0b5569232559e3d385fea5a93112/library/std/src/panic.rs:142:14
[INFO] [stdout]   30:     0x55d1d9c4a515 - test::run_test_in_process::hc97b257c9621286a
[INFO] [stdout]                                at /rustc/82e1608dfa6e0b5569232559e3d385fea5a93112/library/test/src/lib.rs:651:27
[INFO] [stdout]   31:     0x55d1d9c4a515 - test::run_test::{{closure}}::h2aa798823a438d38
[INFO] [stdout]                                at /rustc/82e1608dfa6e0b5569232559e3d385fea5a93112/library/test/src/lib.rs:574:43
[INFO] [stdout]   32:     0x55d1d9c127d6 - test::run_test::{{closure}}::h87d231c78fb59832
[INFO] [stdout]                                at /rustc/82e1608dfa6e0b5569232559e3d385fea5a93112/library/test/src/lib.rs:602:41
[INFO] [stdout]   33:     0x55d1d9c127d6 - std::sys_common::backtrace::__rust_begin_short_backtrace::he6df152596625789
[INFO] [stdout]                                at /rustc/82e1608dfa6e0b5569232559e3d385fea5a93112/library/std/src/sys_common/backtrace.rs:154:18
[INFO] [stdout]   34:     0x55d1d9c17887 - std::thread::Builder::spawn_unchecked_::{{closure}}::{{closure}}::ha94be15d1e0acf36
[INFO] [stdout]                                at /rustc/82e1608dfa6e0b5569232559e3d385fea5a93112/library/std/src/thread/mod.rs:529:17
[INFO] [stdout]   35:     0x55d1d9c17887 - <core::panic::unwind_safe::AssertUnwindSafe<F> as core::ops::function::FnOnce<()>>::call_once::h9dc6bd6372f16606
[INFO] [stdout]                                at /rustc/82e1608dfa6e0b5569232559e3d385fea5a93112/library/core/src/panic/unwind_safe.rs:272:9
[INFO] [stdout]   36:     0x55d1d9c17887 - std::panicking::try::do_call::h9057517f80303cd4
[INFO] [stdout]                                at /rustc/82e1608dfa6e0b5569232559e3d385fea5a93112/library/std/src/panicking.rs:552:40
[INFO] [stdout]   37:     0x55d1d9c17887 - std::panicking::try::he3a30b11ee45340c
[INFO] [stdout]                                at /rustc/82e1608dfa6e0b5569232559e3d385fea5a93112/library/std/src/panicking.rs:516:19
[INFO] [stdout]   38:     0x55d1d9c17887 - std::panic::catch_unwind::h410458cfd3528b8b
[INFO] [stdout]                                at /rustc/82e1608dfa6e0b5569232559e3d385fea5a93112/library/std/src/panic.rs:142:14
[INFO] [stdout]   39:     0x55d1d9c17887 - std::thread::Builder::spawn_unchecked_::{{closure}}::h72ac3bdb567b737b
[INFO] [stdout]                                at /rustc/82e1608dfa6e0b5569232559e3d385fea5a93112/library/std/src/thread/mod.rs:528:30
[INFO] [stdout]   40:     0x55d1d9c17887 - core::ops::function::FnOnce::call_once{{vtable.shim}}::h38f34da3654a8344
[INFO] [stdout]                                at /rustc/82e1608dfa6e0b5569232559e3d385fea5a93112/library/core/src/ops/function.rs:250:5
[INFO] [stdout]   41:     0x55d1d9c7a845 - <alloc::boxed::Box<F,A> as core::ops::function::FnOnce<Args>>::call_once::hc7eafaff61e32df9
[INFO] [stdout]                                at /rustc/82e1608dfa6e0b5569232559e3d385fea5a93112/library/alloc/src/boxed.rs:2007:9
[INFO] [stdout]   42:     0x55d1d9c7a845 - <alloc::boxed::Box<F,A> as core::ops::function::FnOnce<Args>>::call_once::h6ba4a5de48dd2304
[INFO] [stdout]                                at /rustc/82e1608dfa6e0b5569232559e3d385fea5a93112/library/alloc/src/boxed.rs:2007:9
[INFO] [stdout]   43:     0x55d1d9c7a845 - std::sys::unix::thread::Thread::new::thread_start::he469335aef763e45
[INFO] [stdout]                                at /rustc/82e1608dfa6e0b5569232559e3d385fea5a93112/library/std/src/sys/unix/thread.rs:108:17
[INFO] [stdout]   44:     0x7f6c086d0ac3 - <unknown>
[INFO] [stdout]   45:     0x7f6c08761bf4 - __clone
[INFO] [stdout]   46:                0x0 - <unknown>
[INFO] [stdout] 
[INFO] [stdout] 
[INFO] [stdout] failures:
[INFO] [stdout]     test
[INFO] [stdout] 
[INFO] [stdout] test result: FAILED. 0 passed; 1 failed; 0 ignored; 0 measured; 0 filtered out; finished in 0.02s
[INFO] [stdout] 
[INFO] [stdout] test data_providers::test_runner::test::when_tests_fail_then_failure_status_is_returned ... ok
[INFO] [stdout] test data_providers::test_runner::test::when_tests_succeed_then_success_status_is_returned ... FAILED
[INFO] [stdout] test use_cases::services::coverage_shell::test::coverage_is_not_started_when_change_is_detected ... ok
[INFO] [stdout] 
[INFO] [stdout] failures:
[INFO] [stdout] 
[INFO] [stdout] ---- data_providers::test_runner::test::when_tests_succeed_then_success_status_is_returned stdout ----
[INFO] [stdout] thread 'data_providers::test_runner::test::when_tests_succeed_then_success_status_is_returned' panicked at src/data_providers/test_runner.rs:114:9:
[INFO] [stdout] assertion `left == right` failed
[INFO] [stdout]   left: Failure
[INFO] [stdout]  right: Success
[INFO] [stdout] stack backtrace:
[INFO] [stdout]    0:     0x55fcc2a8d3cc - std::backtrace_rs::backtrace::libunwind::trace::ha637c64ce894333a
[INFO] [stdout]                                at /rustc/82e1608dfa6e0b5569232559e3d385fea5a93112/library/std/src/../../backtrace/src/backtrace/libunwind.rs:104:5
[INFO] [stdout]    1:     0x55fcc2a8d3cc - std::backtrace_rs::backtrace::trace_unsynchronized::h47f62dea28e0c88d
[INFO] [stdout]                                at /rustc/82e1608dfa6e0b5569232559e3d385fea5a93112/library/std/src/../../backtrace/src/backtrace/mod.rs:66:5
[INFO] [stdout]    2:     0x55fcc2a8d3cc - std::sys_common::backtrace::_print_fmt::h9eef0abe20ede486
[INFO] [stdout]                                at /rustc/82e1608dfa6e0b5569232559e3d385fea5a93112/library/std/src/sys_common/backtrace.rs:67:5
[INFO] [stdout]    3:     0x55fcc2a8d3cc - <std::sys_common::backtrace::_print::DisplayBacktrace as core::fmt::Display>::fmt::hed7f999df88cc644
[INFO] [stdout]                                at /rustc/82e1608dfa6e0b5569232559e3d385fea5a93112/library/std/src/sys_common/backtrace.rs:44:22
[INFO] [stdout]    4:     0x55fcc2abd0e0 - core::fmt::rt::Argument::fmt::h1539a9308b8d058d
[INFO] [stdout]                                at /rustc/82e1608dfa6e0b5569232559e3d385fea5a93112/library/core/src/fmt/rt.rs:142:9
[INFO] [stdout]    5:     0x55fcc2abd0e0 - core::fmt::write::h3a39390d8560d9c9
[INFO] [stdout]                                at /rustc/82e1608dfa6e0b5569232559e3d385fea5a93112/library/core/src/fmt/mod.rs:1120:17
[INFO] [stdout]    6:     0x55fcc2a8a6ef - std::io::Write::write_fmt::h040b369f3a0f9cbc
[INFO] [stdout]                                at /rustc/82e1608dfa6e0b5569232559e3d385fea5a93112/library/std/src/io/mod.rs:1762:15
[INFO] [stdout]    7:     0x55fcc2a8d1b4 - std::sys_common::backtrace::_print::h894006fb5c6f3d45
[INFO] [stdout]                                at /rustc/82e1608dfa6e0b5569232559e3d385fea5a93112/library/std/src/sys_common/backtrace.rs:47:5
[INFO] [stdout]    8:     0x55fcc2a8d1b4 - std::sys_common::backtrace::print::h23a2d212c6fff936
[INFO] [stdout]                                at /rustc/82e1608dfa6e0b5569232559e3d385fea5a93112/library/std/src/sys_common/backtrace.rs:34:9
[INFO] [stdout]    9:     0x55fcc2a8ee77 - std::panicking::default_hook::{{closure}}::h8a1d2ee00185001a
[INFO] [stdout]   10:     0x55fcc2a8eb63 - std::panicking::default_hook::h6038f2eba384e475
[INFO] [stdout]                                at /rustc/82e1608dfa6e0b5569232559e3d385fea5a93112/library/std/src/panicking.rs:289:9
[INFO] [stdout]   11:     0x55fcc2135ea7 - <alloc::boxed::Box<F,A> as core::ops::function::Fn<Args>>::call::h0ad024c9bdc6d768
[INFO] [stdout]                                at /rustc/82e1608dfa6e0b5569232559e3d385fea5a93112/library/alloc/src/boxed.rs:2021:9
[INFO] [stdout]   12:     0x55fcc2135ea7 - test::test_main::{{closure}}::h7500b54257359db6
[INFO] [stdout]                                at /rustc/82e1608dfa6e0b5569232559e3d385fea5a93112/library/test/src/lib.rs:138:21
[INFO] [stdout]   13:     0x55fcc2a8f488 - <alloc::boxed::Box<F,A> as core::ops::function::Fn<Args>>::call::h1f8f335eaa9cfaee
[INFO] [stdout]                                at /rustc/82e1608dfa6e0b5569232559e3d385fea5a93112/library/alloc/src/boxed.rs:2021:9
[INFO] [stdout]   14:     0x55fcc2a8f488 - std::panicking::rust_panic_with_hook::h2b5517d590cab22e
[INFO] [stdout]                                at /rustc/82e1608dfa6e0b5569232559e3d385fea5a93112/library/std/src/panicking.rs:783:13
[INFO] [stdout]   15:     0x55fcc2a8f1de - std::panicking::begin_panic_handler::{{closure}}::h233112c06e0ef43e
[INFO] [stdout]                                at /rustc/82e1608dfa6e0b5569232559e3d385fea5a93112/library/std/src/panicking.rs:657:13
[INFO] [stdout]   16:     0x55fcc2a8d896 - std::sys_common::backtrace::__rust_end_short_backtrace::h6e893f24d7ebbff8
[INFO] [stdout]                                at /rustc/82e1608dfa6e0b5569232559e3d385fea5a93112/library/std/src/sys_common/backtrace.rs:170:18
[INFO] [stdout]   17:     0x55fcc2a8ef42 - rust_begin_unwind
[INFO] [stdout]                                at /rustc/82e1608dfa6e0b5569232559e3d385fea5a93112/library/std/src/panicking.rs:645:5
[INFO] [stdout]   18:     0x55fcc1f73995 - core::panicking::panic_fmt::hbf0e066aabfa482c
[INFO] [stdout]                                at /rustc/82e1608dfa6e0b5569232559e3d385fea5a93112/library/core/src/panicking.rs:72:14
[INFO] [stdout]   19:     0x55fcc1f73deb - core::panicking::assert_failed_inner::h0bba8b7c26ee4492
[INFO] [stdout]   20:     0x55fcc20886fe - core::panicking::assert_failed::ha2758e80c0555883
[INFO] [stdout]                                at /rustc/82e1608dfa6e0b5569232559e3d385fea5a93112/library/core/src/panicking.rs:279:5
[INFO] [stdout]   21:     0x55fcc2093948 - chester::data_providers::test_runner::test::when_tests_succeed_then_success_status_is_returned::hbed406de675c23bb
[INFO] [stdout]                                at /opt/rustwide/workdir/src/data_providers/test_runner.rs:114:9
[INFO] [stdout]   22:     0x55fcc2092da7 - chester::data_providers::test_runner::test::when_tests_succeed_then_success_status_is_returned::{{closure}}::h79c961121d650bf2
[INFO] [stdout]                                at /opt/rustwide/workdir/src/data_providers/test_runner.rs:97:64
[INFO] [stdout]   23:     0x55fcc2051126 - core::ops::function::FnOnce::call_once::h48ac3278fed8942b
[INFO] [stdout]                                at /rustc/82e1608dfa6e0b5569232559e3d385fea5a93112/library/core/src/ops/function.rs:250:5
[INFO] [stdout]   24:     0x55fcc213b4ff - core::ops::function::FnOnce::call_once::h2b5d431d5046312d
[INFO] [stdout]                                at /rustc/82e1608dfa6e0b5569232559e3d385fea5a93112/library/core/src/ops/function.rs:250:5
[INFO] [stdout]   25:     0x55fcc213b4ff - test::__rust_begin_short_backtrace::h7714669af176e207
[INFO] [stdout]                                at /rustc/82e1608dfa6e0b5569232559e3d385fea5a93112/library/test/src/lib.rs:628:18
[INFO] [stdout]   26:     0x55fcc213a515 - test::run_test_in_process::{{closure}}::h85218797dcbcec12
[INFO] [stdout]                                at /rustc/82e1608dfa6e0b5569232559e3d385fea5a93112/library/test/src/lib.rs:651:60
[INFO] [stdout]   27:     0x55fcc213a515 - <core::panic::unwind_safe::AssertUnwindSafe<F> as core::ops::function::FnOnce<()>>::call_once::h76c106ea31c14d7b
[INFO] [stdout]                                at /rustc/82e1608dfa6e0b5569232559e3d385fea5a93112/library/core/src/panic/unwind_safe.rs:272:9
[INFO] [stdout]   28:     0x55fcc213a515 - std::panicking::try::do_call::h3bd5d0f6620ee946
[INFO] [stdout]                                at /rustc/82e1608dfa6e0b5569232559e3d385fea5a93112/library/std/src/panicking.rs:552:40
[INFO] [stdout]   29:     0x55fcc213a515 - std::panicking::try::h232e535e4744fe31
[INFO] [stdout]                                at /rustc/82e1608dfa6e0b5569232559e3d385fea5a93112/library/std/src/panicking.rs:516:19
[INFO] [stdout]   30:     0x55fcc213a515 - std::panic::catch_unwind::h3ce3bd6ca8dbac68
[INFO] [stdout]                                at /rustc/82e1608dfa6e0b5569232559e3d385fea5a93112/library/std/src/panic.rs:142:14
[INFO] [stdout]   31:     0x55fcc213a515 - test::run_test_in_process::hc97b257c9621286a
[INFO] [stdout]                                at /rustc/82e1608dfa6e0b5569232559e3d385fea5a93112/library/test/src/lib.rs:651:27
[INFO] [stdout]   32:     0x55fcc213a515 - test::run_test::{{closure}}::h2aa798823a438d38
[INFO] [stdout]                                at /rustc/82e1608dfa6e0b5569232559e3d385fea5a93112/library/test/src/lib.rs:574:43
[INFO] [stdout]   33:     0x55fcc21027d6 - test::run_test::{{closure}}::h87d231c78fb59832
[INFO] [stdout]                                at /rustc/82e1608dfa6e0b5569232559e3d385fea5a93112/library/test/src/lib.rs:602:41
[INFO] [stdout]   34:     0x55fcc21027d6 - std::sys_common::backtrace::__rust_begin_short_backtrace::he6df152596625789
[INFO] [stdout]                                at /rustc/82e1608dfa6e0b5569232559e3d385fea5a93112/library/std/src/sys_common/backtrace.rs:154:18
[INFO] [stdout]   35:     0x55fcc2107887 - std::thread::Builder::spawn_unchecked_::{{closure}}::{{closure}}::ha94be15d1e0acf36
[INFO] [stdout]                                at /rustc/82e1608dfa6e0b5569232559e3d385fea5a93112/library/std/src/thread/mod.rs:529:17
[INFO] [stdout]   36:     0x55fcc2107887 - <core::panic::unwind_safe::AssertUnwindSafe<F> as core::ops::function::FnOnce<()>>::call_once::h9dc6bd6372f16606
[INFO] [stdout]                                at /rustc/82e1608dfa6e0b5569232559e3d385fea5a93112/library/core/src/panic/unwind_safe.rs:272:9
[INFO] [stdout]   37:     0x55fcc2107887 - std::panicking::try::do_call::h9057517f80303cd4
[INFO] [stdout]                                at /rustc/82e1608dfa6e0b5569232559e3d385fea5a93112/library/std/src/panicking.rs:552:40
[INFO] [stdout]   38:     0x55fcc2107887 - std::panicking::try::he3a30b11ee45340c
[INFO] [stdout]                                at /rustc/82e1608dfa6e0b5569232559e3d385fea5a93112/library/std/src/panicking.rs:516:19
[INFO] [stdout]   39:     0x55fcc2107887 - std::panic::catch_unwind::h410458cfd3528b8b
[INFO] [stdout]                                at /rustc/82e1608dfa6e0b5569232559e3d385fea5a93112/library/std/src/panic.rs:142:14
[INFO] [stdout]   40:     0x55fcc2107887 - std::thread::Builder::spawn_unchecked_::{{closure}}::h72ac3bdb567b737b
[INFO] [stdout]                                at /rustc/82e1608dfa6e0b5569232559e3d385fea5a93112/library/std/src/thread/mod.rs:528:30
[INFO] [stdout]   41:     0x55fcc2107887 - core::ops::function::FnOnce::call_once{{vtable.shim}}::h38f34da3654a8344
[INFO] [stdout]                                at /rustc/82e1608dfa6e0b5569232559e3d385fea5a93112/library/core/src/ops/function.rs:250:5
[INFO] [stdout]   42:     0x55fcc2a94e55 - <alloc::boxed::Box<F,A> as core::ops::function::FnOnce<Args>>::call_once::hc7eafaff61e32df9
[INFO] [stdout]                                at /rustc/82e1608dfa6e0b5569232559e3d385fea5a93112/library/alloc/src/boxed.rs:2007:9
[INFO] [stdout]   43:     0x55fcc2a94e55 - <alloc::boxed::Box<F,A> as core::ops::function::FnOnce<Args>>::call_once::h6ba4a5de48dd2304
[INFO] [stdout]                                at /rustc/82e1608dfa6e0b5569232559e3d385fea5a93112/library/alloc/src/boxed.rs:2007:9
[INFO] [stdout]   44:     0x55fcc2a94e55 - std::sys::unix::thread::Thread::new::thread_start::he469335aef763e45
[INFO] [stdout]                                at /rustc/82e1608dfa6e0b5569232559e3d385fea5a93112/library/std/src/sys/unix/thread.rs:108:17
[INFO] [stdout]   45:     0x7f25c5d1cac3 - <unknown>
[INFO] [stdout]   46:     0x7f25c5dadbf4 - __clone
[INFO] [stdout]   47:                0x0 - <unknown>
[INFO] [stdout] 
[INFO] [stdout] 
[INFO] [stdout] failures:
[INFO] [stdout]     data_providers::test_runner::test::when_tests_succeed_then_success_status_is_returned
[INFO] [stdout] 
[INFO] [stdout] test result: FAILED. 79 passed; 1 failed; 0 ignored; 0 measured; 0 filtered out; finished in 4.87s
[INFO] [stdout] 
[INFO] [stderr] error: test failed, to rerun pass `--bin chester`
[INFO] running `Command { std: "docker" "inspect" "c624c02f1461f7898853285ffd1319808d337a632b690bfdab6ebffc4bbce0ee", kill_on_drop: false }`
[INFO] running `Command { std: "docker" "rm" "-f" "c624c02f1461f7898853285ffd1319808d337a632b690bfdab6ebffc4bbce0ee", kill_on_drop: false }`
[INFO] [stdout] c624c02f1461f7898853285ffd1319808d337a632b690bfdab6ebffc4bbce0ee
[INFO] testing devzbysiu/chester against beta-2023-12-22 for beta-1.76-1
[INFO] running `Command { std: "git" "clone" "/workspace/cache/git-repos/https%3A%2F%2Fgithub.com%2Fdevzbysiu%2Fchester" "/workspace/builds/worker-3-tc2/source", kill_on_drop: false }`
[INFO] [stderr] Cloning into '/workspace/builds/worker-3-tc2/source'...
[INFO] [stderr] done.
[INFO] validating manifest of git repo https://github.com/devzbysiu/chester on toolchain beta-2023-12-22
[INFO] running `Command { std: CARGO_HOME="/workspace/cargo-home" RUSTUP_HOME="/workspace/rustup-home" "/workspace/cargo-home/bin/cargo" "+beta-2023-12-22" "metadata" "--manifest-path" "Cargo.toml" "--no-deps", kill_on_drop: false }`
[INFO] started tweaking git repo https://github.com/devzbysiu/chester
[INFO] finished tweaking git repo https://github.com/devzbysiu/chester
[INFO] tweaked toml for git repo https://github.com/devzbysiu/chester written to /workspace/builds/worker-3-tc2/source/Cargo.toml
[INFO] crate git repo https://github.com/devzbysiu/chester already has a lockfile, it will not be regenerated
[INFO] running `Command { std: CARGO_HOME="/workspace/cargo-home" RUSTUP_HOME="/workspace/rustup-home" "/workspace/cargo-home/bin/cargo" "+beta-2023-12-22" "fetch" "--manifest-path" "Cargo.toml", kill_on_drop: false }`
[INFO] running `Command { std: "docker" "create" "-v" "/var/lib/crater-agent-workspace/builds/worker-3-tc2/target:/opt/rustwide/target:rw,Z" "-v" "/var/lib/crater-agent-workspace/builds/worker-3-tc2/source:/opt/rustwide/workdir:ro,Z" "-v" "/var/lib/crater-agent-workspace/cargo-home:/opt/rustwide/cargo-home:ro,Z" "-v" "/var/lib/crater-agent-workspace/rustup-home:/opt/rustwide/rustup-home:ro,Z" "-e" "SOURCE_DIR=/opt/rustwide/workdir" "-e" "CARGO_TARGET_DIR=/opt/rustwide/target" "-e" "CARGO_HOME=/opt/rustwide/cargo-home" "-e" "RUSTUP_HOME=/opt/rustwide/rustup-home" "-w" "/opt/rustwide/workdir" "-m" "1610612736" "--user" "0:0" "--network" "none" "ghcr.io/rust-lang/crates-build-env/linux@sha256:2788e3201cd34a07e3172128adcd8b3090168a8e3bcc40d7c032b9dda1df7d1c" "/opt/rustwide/cargo-home/bin/cargo" "+beta-2023-12-22" "metadata" "--no-deps" "--format-version=1", kill_on_drop: false }`
[INFO] [stdout] 465d2902886ee2cbca884748c1a1151e7ad7395c704a45b836e85f30c97b74ca
[INFO] running `Command { std: "docker" "start" "-a" "465d2902886ee2cbca884748c1a1151e7ad7395c704a45b836e85f30c97b74ca", kill_on_drop: false }`
[INFO] running `Command { std: "docker" "inspect" "465d2902886ee2cbca884748c1a1151e7ad7395c704a45b836e85f30c97b74ca", kill_on_drop: false }`
[INFO] running `Command { std: "docker" "rm" "-f" "465d2902886ee2cbca884748c1a1151e7ad7395c704a45b836e85f30c97b74ca", kill_on_drop: false }`
[INFO] [stdout] 465d2902886ee2cbca884748c1a1151e7ad7395c704a45b836e85f30c97b74ca
[INFO] running `Command { std: "docker" "create" "-v" "/var/lib/crater-agent-workspace/builds/worker-3-tc2/target:/opt/rustwide/target:rw,Z" "-v" "/var/lib/crater-agent-workspace/builds/worker-3-tc2/source:/opt/rustwide/workdir:ro,Z" "-v" "/var/lib/crater-agent-workspace/cargo-home:/opt/rustwide/cargo-home:ro,Z" "-v" "/var/lib/crater-agent-workspace/rustup-home:/opt/rustwide/rustup-home:ro,Z" "-e" "SOURCE_DIR=/opt/rustwide/workdir" "-e" "CARGO_TARGET_DIR=/opt/rustwide/target" "-e" "CARGO_INCREMENTAL=0" "-e" "RUST_BACKTRACE=full" "-e" "RUSTFLAGS=--cap-lints=warn" "-e" "RUSTDOCFLAGS=--cap-lints=warn" "-e" "CARGO_HOME=/opt/rustwide/cargo-home" "-e" "RUSTUP_HOME=/opt/rustwide/rustup-home" "-w" "/opt/rustwide/workdir" "-m" "1610612736" "--user" "0:0" "--network" "none" "ghcr.io/rust-lang/crates-build-env/linux@sha256:2788e3201cd34a07e3172128adcd8b3090168a8e3bcc40d7c032b9dda1df7d1c" "/opt/rustwide/cargo-home/bin/cargo" "+beta-2023-12-22" "build" "--frozen" "--message-format=json", kill_on_drop: false }`
[INFO] [stdout] c38fdc271396082440af60fec0dd4fc55ac41e7ac6c41735e092b85cf16ae67b
[INFO] running `Command { std: "docker" "start" "-a" "c38fdc271396082440af60fec0dd4fc55ac41e7ac6c41735e092b85cf16ae67b", kill_on_drop: false }`
[INFO] [stderr]    Compiling cfg-if v1.0.0
[INFO] [stderr]    Compiling libc v0.2.140
[INFO] [stderr]    Compiling proc-macro2 v1.0.53
[INFO] [stderr]    Compiling quote v1.0.26
[INFO] [stderr]    Compiling unicode-ident v1.0.8
[INFO] [stderr]    Compiling autocfg v1.1.0
[INFO] [stderr]    Compiling syn v1.0.109
[INFO] [stderr]    Compiling pin-project-lite v0.2.9
[INFO] [stderr]    Compiling log v0.4.17
[INFO] [stderr]    Compiling memchr v2.5.0
[INFO] [stderr]    Compiling version_check v0.9.4
[INFO] [stderr]    Compiling once_cell v1.17.1
[INFO] [stderr]    Compiling scopeguard v1.1.0
[INFO] [stderr]    Compiling bytes v1.4.0
[INFO] [stderr]    Compiling fnv v1.0.7
[INFO] [stderr]    Compiling futures-core v0.3.27
[INFO] [stderr]    Compiling itoa v1.0.6
[INFO] [stderr]    Compiling smallvec v1.10.0
[INFO] [stderr]    Compiling lock_api v0.4.9
[INFO] [stderr]    Compiling tracing-core v0.1.30
[INFO] [stderr]    Compiling parking_lot_core v0.9.7
[INFO] [stderr]    Compiling tokio v1.26.0
[INFO] [stderr]    Compiling mio v0.8.6
[INFO] [stderr]    Compiling crossbeam-utils v0.8.15
[INFO] [stderr]    Compiling socket2 v0.4.9
[INFO] [stderr]    Compiling signal-hook-registry v1.4.1
[INFO] [stderr]    Compiling jobserver v0.1.26
[INFO] [stderr]    Compiling typenum v1.16.0
[INFO] [stderr]    Compiling parking_lot v0.12.1
[INFO] [stderr]    Compiling futures-task v0.3.27
[INFO] [stderr]    Compiling regex-syntax v0.6.29
[INFO] [stderr]    Compiling cc v1.0.79
[INFO] [stderr]    Compiling getrandom v0.2.8
[INFO] [stderr]    Compiling syn v2.0.10
[INFO] [stderr]    Compiling http v0.2.9
[INFO] [stderr]    Compiling generic-array v0.14.6
[INFO] [stderr]    Compiling futures-util v0.3.27
[INFO] [stderr]    Compiling pkg-config v0.3.26
[INFO] [stderr]    Compiling aho-corasick v0.7.20
[INFO] [stderr]    Compiling serde_derive v1.0.158
[INFO] [stderr]    Compiling pin-utils v0.1.0
[INFO] [stderr]    Compiling zstd-sys v2.0.7+zstd.1.5.4
[INFO] [stderr]    Compiling paste v1.0.12
[INFO] [stderr]    Compiling futures-sink v0.3.27
[INFO] [stderr]    Compiling percent-encoding v2.2.0
[INFO] [stderr]    Compiling regex v1.7.3
[INFO] [stderr]    Compiling bitflags v1.3.2
[INFO] [stderr]    Compiling serde v1.0.158
[INFO] [stderr]    Compiling bytestring v1.3.0
[INFO] [stderr]    Compiling memoffset v0.8.0
[INFO] [stderr]    Compiling indexmap v1.9.3
[INFO] [stderr]    Compiling slab v0.4.8
[INFO] [stderr]    Compiling tinyvec_macros v0.1.1
[INFO] [stderr]    Compiling crc32fast v1.3.2
[INFO] [stderr]    Compiling strsim v0.10.0
[INFO] [stderr]    Compiling local-waker v0.1.3
[INFO] [stderr]    Compiling time-core v0.1.0
[INFO] [stderr]    Compiling zstd-safe v6.0.4+zstd.1.5.4
[INFO] [stderr]    Compiling ident_case v1.0.1
[INFO] [stderr]    Compiling alloc-no-stdlib v2.0.4
[INFO] [stderr]    Compiling httparse v1.8.0
[INFO] [stderr]    Compiling alloc-stdlib v0.2.2
[INFO] [stderr]    Compiling time-macros v0.2.8
[INFO] [stderr]    Compiling tinyvec v1.6.0
[INFO] [stderr]    Compiling darling_core v0.14.4
[INFO] [stderr]    Compiling block-buffer v0.10.4
[INFO] [stderr]    Compiling crypto-common v0.1.6
[INFO] [stderr]    Compiling rand_core v0.6.4
[INFO] [stderr]    Compiling crossbeam-channel v0.5.7
[INFO] [stderr]    Compiling crossbeam-epoch v0.9.14
[INFO] [stderr]    Compiling ahash v0.8.3
[INFO] [stderr]    Compiling adler v1.0.2
[INFO] [stderr]    Compiling ppv-lite86 v0.2.17
[INFO] [stderr]    Compiling hashbrown v0.12.3
[INFO] [stderr]    Compiling tracing v0.1.37
[INFO] [stderr]    Compiling time v0.3.20
[INFO] [stderr]    Compiling rand_chacha v0.3.1
[INFO] [stderr]    Compiling miniz_oxide v0.6.2
[INFO] [stderr]    Compiling actix-service v2.0.2
[INFO] [stderr]    Compiling unicode-normalization v0.1.22
[INFO] [stderr]    Compiling digest v0.10.6
[INFO] [stderr]    Compiling brotli-decompressor v2.3.4
[INFO] [stderr]    Compiling actix-utils v3.0.1
[INFO] [stderr]    Compiling form_urlencoded v1.1.0
[INFO] [stderr]    Compiling tracing-attributes v0.1.23
[INFO] [stderr]    Compiling tokio-macros v1.8.2
[INFO] [stderr]    Compiling darling_macro v0.14.4
[INFO] [stderr]    Compiling cookie v0.16.2
[INFO] [stderr]    Compiling ahash v0.7.6
[INFO] [stderr]    Compiling serde_json v1.0.94
[INFO] [stderr]    Compiling crossbeam-queue v0.3.8
[INFO] [stderr]    Compiling unicode-bidi v0.3.13
[INFO] [stderr]    Compiling httpdate v1.0.2
[INFO] [stderr]    Compiling ryu v1.0.13
[INFO] [stderr]    Compiling cpufeatures v0.2.6
[INFO] [stderr]    Compiling convert_case v0.4.0
[INFO] [stderr]    Compiling sha1 v0.10.5
[INFO] [stderr]    Compiling idna v0.3.0
[INFO] [stderr]    Compiling derive_more v0.99.17
[INFO] [stderr]    Compiling darling v0.14.4
[INFO] [stderr]    Compiling brotli v3.3.4
[INFO] [stderr]    Compiling flate2 v1.0.25
[INFO] [stderr]    Compiling rand v0.8.5
[INFO] [stderr]    Compiling local-channel v0.1.3
[INFO] [stderr]    Compiling regex-automata v0.1.10
[INFO] [stderr]    Compiling num_cpus v1.15.0
[INFO] [stderr]    Compiling actix-router v0.5.1
[INFO] [stderr]    Compiling inotify-sys v0.1.5
[INFO] [stderr]    Compiling encoding_rs v0.8.32
[INFO] [stderr]    Compiling language-tags v0.3.2
[INFO] [stderr]    Compiling same-file v1.0.6
[INFO] [stderr]    Compiling base64 v0.21.0
[INFO] [stderr]    Compiling futures-channel v0.3.27
[INFO] [stderr]    Compiling mime v0.3.17
[INFO] [stderr]    Compiling overload v0.1.1
[INFO] [stderr]    Compiling anyhow v1.0.70
[INFO] [stderr]    Compiling nu-ansi-term v0.46.0
[INFO] [stderr]    Compiling tokio-util v0.7.7
[INFO] [stderr]    Compiling actix-rt v2.8.0
[INFO] [stderr]    Compiling walkdir v2.3.3
[INFO] [stderr]    Compiling actix-server v2.2.0
[INFO] [stderr]    Compiling actix-codec v0.5.0
[INFO] [stderr]    Compiling h2 v0.3.16
[INFO] [stderr]    Compiling actix-web-codegen v4.2.0
[INFO] [stderr]    Compiling serde_urlencoded v0.7.1
[INFO] [stderr]    Compiling matchers v0.1.0
[INFO] [stderr]    Compiling inotify v0.9.6
[INFO] [stderr]    Compiling crossbeam-deque v0.8.3
[INFO] [stderr]    Compiling url v2.3.1
[INFO] [stderr]    Compiling derive_builder_core v0.12.0
[INFO] [stderr]    Compiling sharded-slab v0.1.4
[INFO] [stderr]    Compiling tracing-log v0.1.3
[INFO] [stderr]    Compiling pin-project-internal v1.0.12
[INFO] [stderr]    Compiling actix-macros v0.2.3
[INFO] [stderr]    Compiling filetime v0.2.20
[INFO] [stderr]    Compiling thread_local v1.1.7
[INFO] [stderr]    Compiling thiserror v1.0.40
[INFO] [stderr]    Compiling option-ext v0.2.0
[INFO] [stderr]    Compiling owned-alloc v0.2.0
[INFO] [stderr]    Compiling try-lock v0.2.4
[INFO] [stderr]    Compiling want v0.3.0
[INFO] [stderr]    Compiling lockfree v0.5.1
[INFO] [stderr]    Compiling dirs-sys v0.4.1
[INFO] [stderr]    Compiling tracing-subscriber v0.3.16
[INFO] [stderr]    Compiling derive_builder_macro v0.12.0
[INFO] [stderr]    Compiling notify v6.0.1
[INFO] [stderr]    Compiling crossbeam v0.8.2
[INFO] [stderr]    Compiling thiserror-impl v1.0.40
[INFO] [stderr]    Compiling http-body v0.4.5
[INFO] [stderr]    Compiling pin-project v1.0.12
[INFO] [stderr]    Compiling uuid v1.3.0
[INFO] [stderr]    Compiling tower-service v0.3.2
[INFO] [stderr]    Compiling hyper v0.14.25
[INFO] [stderr]    Compiling derive_builder v0.12.0
[INFO] [stderr]    Compiling eventador v0.0.18
[INFO] [stderr]    Compiling notify-debouncer-mini v0.3.0
[INFO] [stderr]    Compiling dirs v5.0.1
[INFO] [stderr]    Compiling debug-ignore v1.0.5
[INFO] [stderr]    Compiling tracing-appender v0.2.2
[INFO] [stderr]    Compiling zstd v0.12.3+zstd.1.5.2
[INFO] [stderr]    Compiling actix-http v3.3.1
[INFO] [stderr]    Compiling actix-web v4.3.1
[INFO] [stderr]    Compiling tracing-actix-web v0.7.3
[INFO] [stderr]    Compiling chester v0.1.0 (/opt/rustwide/workdir)
[INFO] [stderr]     Finished dev [unoptimized + debuginfo] target(s) in 1m 20s
[INFO] running `Command { std: "docker" "inspect" "c38fdc271396082440af60fec0dd4fc55ac41e7ac6c41735e092b85cf16ae67b", kill_on_drop: false }`
[INFO] running `Command { std: "docker" "rm" "-f" "c38fdc271396082440af60fec0dd4fc55ac41e7ac6c41735e092b85cf16ae67b", kill_on_drop: false }`
[INFO] [stdout] c38fdc271396082440af60fec0dd4fc55ac41e7ac6c41735e092b85cf16ae67b
[INFO] running `Command { std: "docker" "create" "-v" "/var/lib/crater-agent-workspace/builds/worker-3-tc2/target:/opt/rustwide/target:rw,Z" "-v" "/var/lib/crater-agent-workspace/builds/worker-3-tc2/source:/opt/rustwide/workdir:ro,Z" "-v" "/var/lib/crater-agent-workspace/cargo-home:/opt/rustwide/cargo-home:ro,Z" "-v" "/var/lib/crater-agent-workspace/rustup-home:/opt/rustwide/rustup-home:ro,Z" "-e" "SOURCE_DIR=/opt/rustwide/workdir" "-e" "CARGO_TARGET_DIR=/opt/rustwide/target" "-e" "CARGO_INCREMENTAL=0" "-e" "RUST_BACKTRACE=full" "-e" "RUSTFLAGS=--cap-lints=warn" "-e" "RUSTDOCFLAGS=--cap-lints=warn" "-e" "CARGO_HOME=/opt/rustwide/cargo-home" "-e" "RUSTUP_HOME=/opt/rustwide/rustup-home" "-w" "/opt/rustwide/workdir" "-m" "1610612736" "--user" "0:0" "--network" "none" "ghcr.io/rust-lang/crates-build-env/linux@sha256:2788e3201cd34a07e3172128adcd8b3090168a8e3bcc40d7c032b9dda1df7d1c" "/opt/rustwide/cargo-home/bin/cargo" "+beta-2023-12-22" "test" "--frozen" "--no-run" "--message-format=json", kill_on_drop: false }`
[INFO] [stdout] c2ffe855daf883fea1eb981f8650216d7ab1d2ce4aad3289eb2e938368bddabf
[INFO] running `Command { std: "docker" "start" "-a" "c2ffe855daf883fea1eb981f8650216d7ab1d2ce4aad3289eb2e938368bddabf", kill_on_drop: false }`
[INFO] [stderr]    Compiling libc v0.2.140
[INFO] [stderr]    Compiling proc-macro-error-attr v1.0.4
[INFO] [stderr]    Compiling proc-macro-error v1.0.4
[INFO] [stderr]    Compiling io-lifetimes v1.0.9
[INFO] [stderr]    Compiling rustix v0.36.11
[INFO] [stderr]    Compiling linux-raw-sys v0.1.4
[INFO] [stderr]    Compiling fastrand v1.9.0
[INFO] [stderr]    Compiling jobserver v0.1.26
[INFO] [stderr]    Compiling cc v1.0.79
[INFO] [stderr]    Compiling cmd_lib_macros v1.3.0
[INFO] [stderr]    Compiling mio v0.8.6
[INFO] [stderr]    Compiling parking_lot_core v0.9.7
[INFO] [stderr]    Compiling signal-hook-registry v1.4.1
[INFO] [stderr]    Compiling socket2 v0.4.9
[INFO] [stderr]    Compiling getrandom v0.2.8
[INFO] [stderr]    Compiling num_cpus v1.15.0
[INFO] [stderr]    Compiling zstd-sys v2.0.7+zstd.1.5.4
[INFO] [stderr]    Compiling rand_core v0.6.4
[INFO] [stderr]    Compiling parking_lot v0.12.1
[INFO] [stderr]    Compiling rand_chacha v0.3.1
[INFO] [stderr]    Compiling ahash v0.8.3
[INFO] [stderr]    Compiling tokio v1.26.0
[INFO] [stderr]    Compiling inotify-sys v0.1.5
[INFO] [stderr]    Compiling ahash v0.7.6
[INFO] [stderr]    Compiling rand v0.8.5
[INFO] [stderr]    Compiling inotify v0.9.6
[INFO] [stderr]    Compiling filetime v0.2.20
[INFO] [stderr]    Compiling uuid v1.3.0
[INFO] [stderr]    Compiling faccess v0.2.4
[INFO] [stderr]    Compiling os_pipe v0.9.2
[INFO] [stderr]    Compiling notify v6.0.1
[INFO] [stderr]    Compiling dirs-sys v0.4.1
[INFO] [stderr]    Compiling cmd_lib v1.3.0
[INFO] [stderr]    Compiling dirs v5.0.1
[INFO] [stderr]    Compiling fake v2.5.0
[INFO] [stderr]    Compiling notify-debouncer-mini v0.3.0
[INFO] [stderr]    Compiling tempfile v3.4.0
[INFO] [stderr]    Compiling tokio-util v0.7.7
[INFO] [stderr]    Compiling actix-rt v2.8.0
[INFO] [stderr]    Compiling hyper v0.14.25
[INFO] [stderr]    Compiling actix-server v2.2.0
[INFO] [stderr]    Compiling actix-codec v0.5.0
[INFO] [stderr]    Compiling h2 v0.3.16
[INFO] [stderr]    Compiling zstd-safe v6.0.4+zstd.1.5.4
[INFO] [stderr]    Compiling zstd v0.12.3+zstd.1.5.2
[INFO] [stderr]    Compiling actix-http v3.3.1
[INFO] [stderr]    Compiling actix-web v4.3.1
[INFO] [stderr]    Compiling tracing-actix-web v0.7.3
[INFO] [stderr]    Compiling chester v0.1.0 (/opt/rustwide/workdir)
[INFO] [stderr]     Finished test [unoptimized + debuginfo] target(s) in 35.63s
[INFO] running `Command { std: "docker" "inspect" "c2ffe855daf883fea1eb981f8650216d7ab1d2ce4aad3289eb2e938368bddabf", kill_on_drop: false }`
[INFO] running `Command { std: "docker" "rm" "-f" "c2ffe855daf883fea1eb981f8650216d7ab1d2ce4aad3289eb2e938368bddabf", kill_on_drop: false }`
[INFO] [stdout] c2ffe855daf883fea1eb981f8650216d7ab1d2ce4aad3289eb2e938368bddabf
[INFO] running `Command { std: "docker" "create" "-v" "/var/lib/crater-agent-workspace/builds/worker-3-tc2/target:/opt/rustwide/target:rw,Z" "-v" "/var/lib/crater-agent-workspace/builds/worker-3-tc2/source:/opt/rustwide/workdir:ro,Z" "-v" "/var/lib/crater-agent-workspace/cargo-home:/opt/rustwide/cargo-home:ro,Z" "-v" "/var/lib/crater-agent-workspace/rustup-home:/opt/rustwide/rustup-home:ro,Z" "-e" "SOURCE_DIR=/opt/rustwide/workdir" "-e" "CARGO_TARGET_DIR=/opt/rustwide/target" "-e" "CARGO_INCREMENTAL=0" "-e" "RUST_BACKTRACE=full" "-e" "RUSTFLAGS=--cap-lints=warn" "-e" "RUSTDOCFLAGS=--cap-lints=warn" "-e" "CARGO_HOME=/opt/rustwide/cargo-home" "-e" "RUSTUP_HOME=/opt/rustwide/rustup-home" "-w" "/opt/rustwide/workdir" "-m" "1610612736" "--user" "0:0" "--network" "none" "ghcr.io/rust-lang/crates-build-env/linux@sha256:2788e3201cd34a07e3172128adcd8b3090168a8e3bcc40d7c032b9dda1df7d1c" "/opt/rustwide/cargo-home/bin/cargo" "+beta-2023-12-22" "test" "--frozen", kill_on_drop: false }`
[INFO] [stdout] a8acde9e15d894afd34220791f862b9e23e332d50e61f591f6c7bdb186e7b4a1
[INFO] running `Command { std: "docker" "start" "-a" "a8acde9e15d894afd34220791f862b9e23e332d50e61f591f6c7bdb186e7b4a1", kill_on_drop: false }`
[INFO] [stderr]     Finished test [unoptimized + debuginfo] target(s) in 0.18s
[INFO] [stderr]      Running unittests src/main.rs (/opt/rustwide/target/debug/deps/chester-bff08c68b8df4186)
[INFO] [stdout] 
[INFO] [stdout] running 80 tests
[INFO] [stdout] test configuration::config::test::cfg_works ... ok
[INFO] [stdout] test configuration::factories::test::creating_runtime_works ... ok
[INFO] [stdout] test data_providers::check_runner::test::when_check_command_fail_then_failure_status_is_returned ... ok
[INFO] [stdout] test data_providers::change_watcher::test::write_to_file_is_detected_as_change ... ok
[INFO] [stdout] test data_providers::change_watcher::test::regex_is_accepted_in_ignored_path ... ok
[INFO] [stdout] test data_providers::change_watcher::test::change_in_ignored_file_is_not_detected ... ok
[INFO] [stdout] [2m2024-01-05T23:59:50.609250Z[0m [31mERROR[0m [2mchester::data_providers::coverage_parser[0m[2m:[0m no captures in '50% coverage'
[INFO] [stdout] test data_providers::coverage_parser::test::it_fails_when_there_is_no_decimal_point ... ok
[INFO] [stdout] [2m2024-01-05T23:59:50.609706Z[0m [31mERROR[0m [2mchester::data_providers::coverage_parser[0m[2m:[0m no captures in '50.5% coverage'
[INFO] [stdout] test data_providers::coverage_parser::test::it_fails_when_there_is_single_decimal_point ... ok
[INFO] [stdout] [2m2024-01-05T23:59:50.620306Z[0m [31mERROR[0m [2mchester::data_providers::coverage_parser[0m[2m:[0m no captures in '-0.01% coverage'
[INFO] [stdout] test data_providers::coverage_parser::test::it_fails_with_less_than_zero_value ... ok
[INFO] [stdout] [2m2024-01-05T23:59:50.621055Z[0m [31mERROR[0m [2mchester::data_providers::coverage_parser[0m[2m:[0m no captures in '50.05% value'
[INFO] [stdout] test data_providers::coverage_parser::test::it_fails_when_there_is_no_coverage_word ... ok
[INFO] [stdout] [2m2024-01-05T23:59:50.624158Z[0m [31mERROR[0m [2mchester::data_providers::coverage_parser[0m[2m:[0m no captures in '50.007% coverage'
[INFO] [stdout] test data_providers::coverage_parser::test::it_fails_with_three_digits_after_decimal_point ... ok
[INFO] [stdout] test data_providers::coverage_parser::test::it_fails_with_more_then_hundred_percent ... ok
[INFO] [stdout] test data_providers::coverage_parser::test::it_works_with_hundred_percents ... ok
[INFO] [stdout] test data_providers::coverage_parser::test::it_works_with_single_digit_percentage ... ok
[INFO] [stdout] test data_providers::coverage_parser::test::it_works_when_decimal_digits_are_0 ... ok
[INFO] [stdout] [2m2024-01-05T23:59:50.634061Z[0m [31mERROR[0m [2mchester::data_providers::coverage_parser[0m[2m:[0m no captures in 'no coverage data'
[INFO] [stdout] test data_providers::coverage_parser::test::when_output_does_not_contain_coverage_percentage_it_returns_error ... ok
[INFO] [stdout] test data_providers::coverage_parser::test::with_correct_percentage_output_it_returns_percentage_value ... ok
[INFO] [stdout] [2m2024-01-05T23:59:50.634978Z[0m [31mERROR[0m [2mchester::data_providers::coverage_parser[0m[2m:[0m no last line in command output
[INFO] [stdout] test data_providers::coverage_parser::test::when_output_does_not_contain_last_line_it_return_error ... ok
[INFO] [stdout] [2m2024-01-05T23:59:50.652195Z[0m [31mERROR[0m [2mchester::data_providers::coverage_runner[0m[2m:[0m this command requires output parser
[INFO] [stdout] test data_providers::coverage_runner::test::it_fails_when_coverage_cmd_does_not_have_parser ... ok
[INFO] [stdout] [2m2024-01-05T23:59:50.653447Z[0m [31mERROR[0m [2mchester::data_providers::coverage_runner[0m[2m:[0m failed to parse the output
[INFO] [stdout] test data_providers::coverage_runner::test::it_fails_when_parser_fails ... ok
[INFO] [stdout] [2m2024-01-05T23:59:50.664153Z[0m [31mERROR[0m [2mchester::data_providers::coverage_runner[0m[2m:[0m command failed
[INFO] [stdout] test data_providers::coverage_runner::test::it_fails_with_invalid_cmd ... ok
[INFO] [stdout] test data_providers::server::test::calling_tests_status_endpoint_returns_response_with_status ... ok
[INFO] [stdout] test data_providers::state::test::change_in_repo_root_publishes_change_detected_message ... ok
[INFO] [stdout] test data_providers::coverage_runner::test::it_returns_coverage_value_when_parser_succeeds ... ok
[INFO] [stdout] test data_providers::state::test::check_status_written_to_state_can_be_read ... ok
[INFO] [stdout] test data_providers::state::test::coverage_status_written_to_state_can_be_read ... ok
[INFO] [stdout] test data_providers::state::test::empty_root_is_set_as_default ... ok
[INFO] [stdout] test data_providers::state::test::pending_check_status_is_set_as_default ... ok
[INFO] [stdout] test data_providers::state::test::pending_coverage_status_is_set_as_default ... ok
[INFO] [stdout] test data_providers::change_watcher::test::change_in_ignored_dir_is_not_detected ... ok
[INFO] [stdout] test data_providers::state::test::pending_tests_status_is_set_as_default ... ok
[INFO] [stdout] test data_providers::state::test::repo_root_written_to_state_can_be_read ... ok
[INFO] [stdout] test data_providers::test_runner::test::when_tests_command_fail_then_failure_status_is_returned ... ok
[INFO] [stdout] test data_providers::state::test::tests_status_written_to_state_can_be_read ... ok
[INFO] [stdout] test data_providers::change_watcher::test::multiple_ignored_paths_are_checked ... ok
[INFO] [stdout] test data_providers::tests_index::test::when_list_tests_command_fail_then_failure_status_is_returned ... ok
[INFO] [stdout] test data_providers::tests_index::test::when_initial_tests_set_is_empty_correct_status_is_returned ... ok
[INFO] [stdout] test data_providers::tests_index::test::when_tests_changed_correct_status_is_returned ... ok
[INFO] [stdout] test data_providers::tests_index::test::when_tests_previously_failed_tests_changed_status_is_returned ... ok
[INFO] [stdout] test entities::check::test::check_status_has_display_trait_implemented ... ok
[INFO] [stdout] test entities::check::test::default_check_status_is_pending ... ok
[INFO] [stdout] test entities::coverage::test::default_coverage_status_is_pending ... ok
[INFO] [stdout] test entities::coverage::test::tests_status_has_display_trait_implemented ... ok
[INFO] [stdout] test entities::tests::test::default_status_is_pending ... ok
[INFO] [stdout] test entities::tests::test::tests_status_has_display_trait_implemented ... ok
[INFO] [stdout] test result::test::server_error_implements_response_error ... ok
[INFO] [stdout] test data_providers::tests_index::test::when_tests_did_not_change_correct_status_is_returned ... ok
[INFO] [stdout] test use_cases::services::check_shell::test::check_is_run_when_any_change_is_detected ... ok
[INFO] [stdout] test startup::test::setup_shells_works ... ok
[INFO] [stdout] test use_cases::services::check_shell::test::when_check_fail_state_is_set_to_pending_then_failure ... ok
[INFO] [stdout] test use_cases::services::check_shell::test::when_check_fail_there_is_correct_event_on_the_bus ... ok
[INFO] [stdout] test use_cases::services::check_shell::test::when_check_pass_there_is_correct_event_on_the_bus ... ok
[INFO] [stdout] test use_cases::services::check_shell::test::when_check_runner_fails_status_is_set_to_pending_then_failure ... ok
[INFO] [stdout] test use_cases::services::check_shell::test::when_check_succeeds_state_is_set_to_pending_then_success ... ok
[INFO] [stdout] test data_providers::check_runner::test::when_check_fail_then_failure_status_is_returned ... ok
[INFO] [stdout] test use_cases::services::coverage_shell::test::coverage_is_started_when_tests_changed ... ok
[INFO] [stdout] test use_cases::services::coverage_shell::test::when_coverage_fail_state_is_set_to_pending_then_failure ... ok
[INFO] [stdout] test use_cases::services::coverage_shell::test::when_coverage_pass_state_is_set_to_pending_then_failure ... ok
[INFO] [stdout] test use_cases::services::check_shell::test::when_check_runner_fails_correct_event_is_sent ... ok
[INFO] [stdout] test use_cases::services::tests_index_shell::test::index_is_started_when_tests_passed ... ok
[INFO] [stdout] test use_cases::services::coverage_shell::test::when_coverage_runner_fail_state_is_set_to_pending_then_failure ... ok
[INFO] [stdout] [2m2024-01-05T23:59:51.416187Z[0m [31mERROR[0m [2mchester::use_cases::services::tests_index_shell[0m[2m:[0m index refresh failed
[INFO] [stdout] [2m2024-01-05T23:59:51.424278Z[0m [31mERROR[0m [2mchester::use_cases::services::tests_index_shell[0m[2m:[0m error while running index refresh: Bus(Generic(Failure))
[INFO] [stdout] test use_cases::services::tests_index_shell::test::when_index_fails_to_refresh_nothing_is_on_the_bus ... ok
[INFO] [stdout] test use_cases::services::tests_index_shell::test::when_indexing_command_fails_there_is_no_event_on_the_bus ... ok
[INFO] [stdout] test data_providers::change_watcher::test::when_repo_root_is_set_to_the_same_value_watcher_is_not_reattached ... ok
[INFO] [stdout] test use_cases::services::tests_shell::test::tests_are_started_when_check_passed ... ok
[INFO] [stdout] test use_cases::services::tests_index_shell::test::when_tests_changed_there_is_correct_event_on_the_bus ... ok
[INFO] [stdout] test use_cases::services::tests_shell::test::when_test_runner_fails_state_is_set_to_pending_then_failure ... ok
[INFO] [stdout] test use_cases::services::tests_index_shell::test::when_tests_did_not_change_there_is_correct_event_on_the_bus ... ok
[INFO] [stdout] test use_cases::services::tests_shell::test::when_tests_fail_state_is_set_to_pending_then_failure ... ok
[INFO] [stdout] test data_providers::check_runner::test::when_check_succeed_then_success_status_is_returned ... ok
[INFO] [stdout] test data_providers::change_watcher::test::when_repo_root_is_changed_watcher_is_reattached ... ok
[INFO] [stdout] test use_cases::services::tests_shell::test::when_tests_pass_state_is_set_to_pending_then_success ... ok
[INFO] [stdout] test use_cases::state::test::app_state_reader_has_debug_implemented ... ok
[INFO] [stdout] test use_cases::services::tests_shell::test::when_test_runner_fails_correct_event_is_sent ... ok
[INFO] [stdout] test use_cases::services::tests_shell::test::when_tests_pass_there_is_correct_event_on_the_bus ... ok
[INFO] [stdout] test use_cases::services::tests_shell::test::when_tests_fail_there_is_correct_event_on_the_bus ... ok
[INFO] [stdout] test use_cases::services::watcher_shell::test::any_change_in_watched_repo_triggers_tests ... ok
[INFO] [stdout] 
[INFO] [stdout] running 0 tests
[INFO] [stdout] 
[INFO] [stdout] test result: ok. 0 passed; 0 failed; 0 ignored; 0 measured; 0 filtered out; finished in 0.00s
[INFO] [stdout] 
[INFO] [stdout] test data_providers::test_runner::test::when_tests_succeed_then_success_status_is_returned ... ok
[INFO] [stdout] 
[INFO] [stdout] running 0 tests
[INFO] [stdout] 
[INFO] [stdout] test result: ok. 0 passed; 0 failed; 0 ignored; 0 measured; 0 filtered out; finished in 0.00s
[INFO] [stdout] 
[INFO] [stdout] test data_providers::test_runner::test::when_tests_fail_then_failure_status_is_returned ... FAILED
[INFO] [stdout] test use_cases::services::coverage_shell::test::coverage_is_not_started_when_change_is_detected ... ok
[INFO] [stdout] 
[INFO] [stdout] failures:
[INFO] [stdout] 
[INFO] [stdout] ---- data_providers::test_runner::test::when_tests_fail_then_failure_status_is_returned stdout ----
[INFO] [stdout] thread 'data_providers::test_runner::test::when_tests_fail_then_failure_status_is_returned' panicked at src/data_providers/test_runner.rs:91:9:
[INFO] [stdout] assertion `left == right` failed
[INFO] [stdout]   left: Success
[INFO] [stdout]  right: Failure
[INFO] [stdout] stack backtrace:
[INFO] [stdout]    0:     0x56036297aa66 - std::backtrace_rs::backtrace::libunwind::trace::h261606ad26a499c1
[INFO] [stdout]                                at /rustc/0e09125c6c3c2fd70d7de961bcf0e51575235fad/library/std/src/../../backtrace/src/backtrace/libunwind.rs:104:5
[INFO] [stdout]    1:     0x56036297aa66 - std::backtrace_rs::backtrace::trace_unsynchronized::hd183f0625477fb28
[INFO] [stdout]                                at /rustc/0e09125c6c3c2fd70d7de961bcf0e51575235fad/library/std/src/../../backtrace/src/backtrace/mod.rs:66:5
[INFO] [stdout]    2:     0x56036297aa66 - std::sys_common::backtrace::_print_fmt::hd7f8fef21b4eda67
[INFO] [stdout]                                at /rustc/0e09125c6c3c2fd70d7de961bcf0e51575235fad/library/std/src/sys_common/backtrace.rs:68:5
[INFO] [stdout]    3:     0x56036297aa66 - <std::sys_common::backtrace::_print::DisplayBacktrace as core::fmt::Display>::fmt::h623d9b51f2f453f1
[INFO] [stdout]                                at /rustc/0e09125c6c3c2fd70d7de961bcf0e51575235fad/library/std/src/sys_common/backtrace.rs:44:22
[INFO] [stdout]    4:     0x5603629a9a20 - core::fmt::rt::Argument::fmt::h9f417ac76a86f368
[INFO] [stdout]                                at /rustc/0e09125c6c3c2fd70d7de961bcf0e51575235fad/library/core/src/fmt/rt.rs:142:9
[INFO] [stdout]    5:     0x5603629a9a20 - core::fmt::write::hc9b6faf4ac2aeff7
[INFO] [stdout]                                at /rustc/0e09125c6c3c2fd70d7de961bcf0e51575235fad/library/core/src/fmt/mod.rs:1120:17
[INFO] [stdout]    6:     0x560362977e6f - std::io::Write::write_fmt::he04625a3a989fec3
[INFO] [stdout]                                at /rustc/0e09125c6c3c2fd70d7de961bcf0e51575235fad/library/std/src/io/mod.rs:1810:15
[INFO] [stdout]    7:     0x56036297a844 - std::sys_common::backtrace::_print::hd5d66399c7df88a2
[INFO] [stdout]                                at /rustc/0e09125c6c3c2fd70d7de961bcf0e51575235fad/library/std/src/sys_common/backtrace.rs:47:5
[INFO] [stdout]    8:     0x56036297a844 - std::sys_common::backtrace::print::he81ed2da642d37e5
[INFO] [stdout]                                at /rustc/0e09125c6c3c2fd70d7de961bcf0e51575235fad/library/std/src/sys_common/backtrace.rs:34:9
[INFO] [stdout]    9:     0x56036297c5b7 - std::panicking::default_hook::{{closure}}::h85773f4fa117163d
[INFO] [stdout]   10:     0x56036297c29d - std::panicking::default_hook::h6a1694a91d09b278
[INFO] [stdout]                                at /rustc/0e09125c6c3c2fd70d7de961bcf0e51575235fad/library/std/src/panicking.rs:289:9
[INFO] [stdout]   11:     0x5603620273e7 - <alloc::boxed::Box<F,A> as core::ops::function::Fn<Args>>::call::h616ac37fa3cd6c8f
[INFO] [stdout]                                at /rustc/0e09125c6c3c2fd70d7de961bcf0e51575235fad/library/alloc/src/boxed.rs:2029:9
[INFO] [stdout]   12:     0x5603620273e7 - test::test_main::{{closure}}::h00d84697cefdcbb6
[INFO] [stdout]                                at /rustc/0e09125c6c3c2fd70d7de961bcf0e51575235fad/library/test/src/lib.rs:138:21
[INFO] [stdout]   13:     0x56036297cbd6 - <alloc::boxed::Box<F,A> as core::ops::function::Fn<Args>>::call::hcb3fe3b9bb537ba8
[INFO] [stdout]                                at /rustc/0e09125c6c3c2fd70d7de961bcf0e51575235fad/library/alloc/src/boxed.rs:2029:9
[INFO] [stdout]   14:     0x56036297cbd6 - std::panicking::rust_panic_with_hook::h0a7ad96e90f7145b
[INFO] [stdout]                                at /rustc/0e09125c6c3c2fd70d7de961bcf0e51575235fad/library/std/src/panicking.rs:783:13
[INFO] [stdout]   15:     0x56036297c922 - std::panicking::begin_panic_handler::{{closure}}::h7919090525c6485e
[INFO] [stdout]                                at /rustc/0e09125c6c3c2fd70d7de961bcf0e51575235fad/library/std/src/panicking.rs:657:13
[INFO] [stdout]   16:     0x56036297af66 - std::sys_common::backtrace::__rust_end_short_backtrace::hf3289479464f7dfe
[INFO] [stdout]                                at /rustc/0e09125c6c3c2fd70d7de961bcf0e51575235fad/library/std/src/sys_common/backtrace.rs:171:18
[INFO] [stdout]   17:     0x56036297c680 - rust_begin_unwind
[INFO] [stdout]                                at /rustc/0e09125c6c3c2fd70d7de961bcf0e51575235fad/library/std/src/panicking.rs:645:5
[INFO] [stdout]   18:     0x560361e629a5 - core::panicking::panic_fmt::hcc9f77c5c132af55
[INFO] [stdout]                                at /rustc/0e09125c6c3c2fd70d7de961bcf0e51575235fad/library/core/src/panicking.rs:72:14
[INFO] [stdout]   19:     0x560361e62e1b - core::panicking::assert_failed_inner::h9f13e27dd63c3a08
[INFO] [stdout]                                at /rustc/0e09125c6c3c2fd70d7de961bcf0e51575235fad/library/core/src/panicking.rs:342:17
[INFO] [stdout]   20:     0x560361f5ef5e - core::panicking::assert_failed::h12097b4830d94013
[INFO] [stdout]                                at /rustc/0e09125c6c3c2fd70d7de961bcf0e51575235fad/library/core/src/panicking.rs:297:5
[INFO] [stdout]   21:     0x560361f4fcd5 - chester::data_providers::test_runner::test::when_tests_fail_then_failure_status_is_returned::h7412dd9e2ec7eff1
[INFO] [stdout]                                at /opt/rustwide/workdir/src/data_providers/test_runner.rs:91:9
[INFO] [stdout]   22:     0x560361f4ebc7 - chester::data_providers::test_runner::test::when_tests_fail_then_failure_status_is_returned::{{closure}}::h9eff6e87edc35975
[INFO] [stdout]                                at /opt/rustwide/workdir/src/data_providers/test_runner.rs:70:61
[INFO] [stdout]   23:     0x560361e8ea16 - core::ops::function::FnOnce::call_once::h311ad310b998d438
[INFO] [stdout]                                at /rustc/0e09125c6c3c2fd70d7de961bcf0e51575235fad/library/core/src/ops/function.rs:250:5
[INFO] [stdout]   24:     0x56036202ccbf - core::ops::function::FnOnce::call_once::hd64d26f405258157
[INFO] [stdout]                                at /rustc/0e09125c6c3c2fd70d7de961bcf0e51575235fad/library/core/src/ops/function.rs:250:5
[INFO] [stdout]   25:     0x56036202ccbf - test::__rust_begin_short_backtrace::he21b0b7a6d731bf9
[INFO] [stdout]                                at /rustc/0e09125c6c3c2fd70d7de961bcf0e51575235fad/library/test/src/lib.rs:627:18
[INFO] [stdout]   26:     0x56036202ba41 - test::run_test_in_process::{{closure}}::hf5c73986d7bdfde2
[INFO] [stdout]                                at /rustc/0e09125c6c3c2fd70d7de961bcf0e51575235fad/library/test/src/lib.rs:650:60
[INFO] [stdout]   27:     0x56036202ba41 - <core::panic::unwind_safe::AssertUnwindSafe<F> as core::ops::function::FnOnce<()>>::call_once::h330011ad032aadc0
[INFO] [stdout]                                at /rustc/0e09125c6c3c2fd70d7de961bcf0e51575235fad/library/core/src/panic/unwind_safe.rs:272:9
[INFO] [stdout]   28:     0x56036202ba41 - std::panicking::try::do_call::he61b0a958b795a41
[INFO] [stdout]                                at /rustc/0e09125c6c3c2fd70d7de961bcf0e51575235fad/library/std/src/panicking.rs:552:40
[INFO] [stdout]   29:     0x56036202ba41 - std::panicking::try::h7309da130f906eb7
[INFO] [stdout]                                at /rustc/0e09125c6c3c2fd70d7de961bcf0e51575235fad/library/std/src/panicking.rs:516:19
[INFO] [stdout]   30:     0x56036202ba41 - std::panic::catch_unwind::hc5c3a06fdaf0a92a
[INFO] [stdout]                                at /rustc/0e09125c6c3c2fd70d7de961bcf0e51575235fad/library/std/src/panic.rs:142:14
[INFO] [stdout]   31:     0x56036202ba41 - test::run_test_in_process::h7e7b7c71c3324e0f
[INFO] [stdout]                                at /rustc/0e09125c6c3c2fd70d7de961bcf0e51575235fad/library/test/src/lib.rs:650:27
[INFO] [stdout]   32:     0x56036202ba41 - test::run_test::{{closure}}::h1f509f28f5cf20b1
[INFO] [stdout]                                at /rustc/0e09125c6c3c2fd70d7de961bcf0e51575235fad/library/test/src/lib.rs:573:43
[INFO] [stdout]   33:     0x560361ff2d76 - test::run_test::{{closure}}::h1754218abf443f6d
[INFO] [stdout]                                at /rustc/0e09125c6c3c2fd70d7de961bcf0e51575235fad/library/test/src/lib.rs:601:41
[INFO] [stdout]   34:     0x560361ff2d76 - std::sys_common::backtrace::__rust_begin_short_backtrace::h2ee174b9d5954948
[INFO] [stdout]                                at /rustc/0e09125c6c3c2fd70d7de961bcf0e51575235fad/library/std/src/sys_common/backtrace.rs:155:18
[INFO] [stdout]   35:     0x560361ff7dd7 - std::thread::Builder::spawn_unchecked_::{{closure}}::{{closure}}::hf60bee9c1a17ef09
[INFO] [stdout]                                at /rustc/0e09125c6c3c2fd70d7de961bcf0e51575235fad/library/std/src/thread/mod.rs:529:17
[INFO] [stdout]   36:     0x560361ff7dd7 - <core::panic::unwind_safe::AssertUnwindSafe<F> as core::ops::function::FnOnce<()>>::call_once::h33d0dddec5216160
[INFO] [stdout]                                at /rustc/0e09125c6c3c2fd70d7de961bcf0e51575235fad/library/core/src/panic/unwind_safe.rs:272:9
[INFO] [stdout]   37:     0x560361ff7dd7 - std::panicking::try::do_call::h144b3048b546f835
[INFO] [stdout]                                at /rustc/0e09125c6c3c2fd70d7de961bcf0e51575235fad/library/std/src/panicking.rs:552:40
[INFO] [stdout]   38:     0x560361ff7dd7 - std::panicking::try::h978244d04646189f
[INFO] [stdout]                                at /rustc/0e09125c6c3c2fd70d7de961bcf0e51575235fad/library/std/src/panicking.rs:516:19
[INFO] [stdout]   39:     0x560361ff7dd7 - std::panic::catch_unwind::hdf436369d188fe86
[INFO] [stdout]                                at /rustc/0e09125c6c3c2fd70d7de961bcf0e51575235fad/library/std/src/panic.rs:142:14
[INFO] [stdout]   40:     0x560361ff7dd7 - std::thread::Builder::spawn_unchecked_::{{closure}}::h87329cbdd33c79ec
[INFO] [stdout]                                at /rustc/0e09125c6c3c2fd70d7de961bcf0e51575235fad/library/std/src/thread/mod.rs:528:30
[INFO] [stdout]   41:     0x560361ff7dd7 - core::ops::function::FnOnce::call_once{{vtable.shim}}::h401abbe67897d450
[INFO] [stdout]                                at /rustc/0e09125c6c3c2fd70d7de961bcf0e51575235fad/library/core/src/ops/function.rs:250:5
[INFO] [stdout]   42:     0x5603629825b5 - <alloc::boxed::Box<F,A> as core::ops::function::FnOnce<Args>>::call_once::h5d7c8f150ab9c84c
[INFO] [stdout]                                at /rustc/0e09125c6c3c2fd70d7de961bcf0e51575235fad/library/alloc/src/boxed.rs:2015:9
[INFO] [stdout]   43:     0x5603629825b5 - <alloc::boxed::Box<F,A> as core::ops::function::FnOnce<Args>>::call_once::h570d5b005c242c15
[INFO] [stdout]                                at /rustc/0e09125c6c3c2fd70d7de961bcf0e51575235fad/library/alloc/src/boxed.rs:2015:9
[INFO] [stdout]   44:     0x5603629825b5 - std::sys::unix::thread::Thread::new::thread_start::h36b0a20c0b2361ad
[INFO] [stdout]                                at /rustc/0e09125c6c3c2fd70d7de961bcf0e51575235fad/library/std/src/sys/unix/thread.rs:108:17
[INFO] [stdout]   45:     0x7fc0b571fac3 - <unknown>
[INFO] [stdout]   46:     0x7fc0b57b0bf4 - __clone
[INFO] [stdout]   47:                0x0 - <unknown>
[INFO] [stdout] 
[INFO] [stdout] 
[INFO] [stdout] failures:
[INFO] [stdout]     data_providers::test_runner::test::when_tests_fail_then_failure_status_is_returned
[INFO] [stdout] 
[INFO] [stdout] test result: FAILED. 79 passed; 1 failed; 0 ignored; 0 measured; 0 filtered out; finished in 4.69s
[INFO] [stdout] 
[INFO] [stderr] error: test failed, to rerun pass `--bin chester`
[INFO] running `Command { std: "docker" "inspect" "a8acde9e15d894afd34220791f862b9e23e332d50e61f591f6c7bdb186e7b4a1", kill_on_drop: false }`
[INFO] running `Command { std: "docker" "rm" "-f" "a8acde9e15d894afd34220791f862b9e23e332d50e61f591f6c7bdb186e7b4a1", kill_on_drop: false }`
[INFO] [stdout] a8acde9e15d894afd34220791f862b9e23e332d50e61f591f6c7bdb186e7b4a1
